[INFO] fetching crate astro-rs 0.1.0...
[INFO] testing astro-rs-0.1.0 against 1.69.0 for beta-1.70-1
[INFO] extracting crate astro-rs 0.1.0 into /workspace/builds/worker-3-tc1/source
[INFO] validating manifest of crates.io crate astro-rs 0.1.0 on toolchain 1.69.0
[INFO] running `Command { std: CARGO_HOME="/workspace/cargo-home" RUSTUP_HOME="/workspace/rustup-home" "/workspace/cargo-home/bin/cargo" "+1.69.0" "metadata" "--manifest-path" "Cargo.toml" "--no-deps", kill_on_drop: false }`
[INFO] started tweaking crates.io crate astro-rs 0.1.0
[INFO] finished tweaking crates.io crate astro-rs 0.1.0
[INFO] tweaked toml for crates.io crate astro-rs 0.1.0 written to /workspace/builds/worker-3-tc1/source/Cargo.toml
[INFO] running `Command { std: CARGO_HOME="/workspace/cargo-home" RUSTUP_HOME="/workspace/rustup-home" __CARGO_TEST_CHANNEL_OVERRIDE_DO_NOT_USE_THIS="nightly" "/workspace/cargo-home/bin/cargo" "+1.69.0" "generate-lockfile" "--manifest-path" "Cargo.toml" "-Zno-index-update", kill_on_drop: false }`
[INFO] running `Command { std: CARGO_HOME="/workspace/cargo-home" RUSTUP_HOME="/workspace/rustup-home" "/workspace/cargo-home/bin/cargo" "+1.69.0" "fetch" "--manifest-path" "Cargo.toml", kill_on_drop: false }`
[INFO] [stderr]  Downloading crates ...
[INFO] [stderr]   Downloaded urlencoding v2.1.2
[INFO] [stderr]   Downloaded async-stream-impl v0.3.5
[INFO] [stderr]   Downloaded async-stream v0.3.5
[INFO] [stderr]   Downloaded tokio-test v0.4.2
[INFO] [stderr]   Downloaded measurements v0.11.0
[INFO] running `Command { std: "docker" "create" "-v" "/var/lib/crater-agent-workspace/builds/worker-3-tc1/target:/opt/rustwide/target:rw,Z" "-v" "/var/lib/crater-agent-workspace/builds/worker-3-tc1/source:/opt/rustwide/workdir:ro,Z" "-v" "/var/lib/crater-agent-workspace/cargo-home:/opt/rustwide/cargo-home:ro,Z" "-v" "/var/lib/crater-agent-workspace/rustup-home:/opt/rustwide/rustup-home:ro,Z" "-e" "SOURCE_DIR=/opt/rustwide/workdir" "-e" "CARGO_TARGET_DIR=/opt/rustwide/target" "-e" "CARGO_HOME=/opt/rustwide/cargo-home" "-e" "RUSTUP_HOME=/opt/rustwide/rustup-home" "-w" "/opt/rustwide/workdir" "-m" "1610612736" "--user" "0:0" "--network" "none" "ghcr.io/rust-lang/crates-build-env/linux@sha256:5ff2268d62e97bff2cde7d5815dd6ed5b47097566f13b8d0ca110b04b60e07ed" "/opt/rustwide/cargo-home/bin/cargo" "+1.69.0" "metadata" "--no-deps" "--format-version=1", kill_on_drop: false }`
[INFO] [stdout] 9cb9dbd6a94802496119c5b721cb1dd5deb3458dd5a5f59e02876aa99dda2b18
[INFO] running `Command { std: "docker" "start" "-a" "9cb9dbd6a94802496119c5b721cb1dd5deb3458dd5a5f59e02876aa99dda2b18", kill_on_drop: false }`
[INFO] running `Command { std: "docker" "inspect" "9cb9dbd6a94802496119c5b721cb1dd5deb3458dd5a5f59e02876aa99dda2b18", kill_on_drop: false }`
[INFO] running `Command { std: "docker" "rm" "-f" "9cb9dbd6a94802496119c5b721cb1dd5deb3458dd5a5f59e02876aa99dda2b18", kill_on_drop: false }`
[INFO] [stdout] 9cb9dbd6a94802496119c5b721cb1dd5deb3458dd5a5f59e02876aa99dda2b18
[INFO] running `Command { std: "docker" "create" "-v" "/var/lib/crater-agent-workspace/builds/worker-3-tc1/target:/opt/rustwide/target:rw,Z" "-v" "/var/lib/crater-agent-workspace/builds/worker-3-tc1/source:/opt/rustwide/workdir:ro,Z" "-v" "/var/lib/crater-agent-workspace/cargo-home:/opt/rustwide/cargo-home:ro,Z" "-v" "/var/lib/crater-agent-workspace/rustup-home:/opt/rustwide/rustup-home:ro,Z" "-e" "SOURCE_DIR=/opt/rustwide/workdir" "-e" "CARGO_TARGET_DIR=/opt/rustwide/target" "-e" "CARGO_INCREMENTAL=0" "-e" "RUST_BACKTRACE=full" "-e" "RUSTFLAGS=--cap-lints=warn" "-e" "RUSTDOCFLAGS=--cap-lints=warn" "-e" "CARGO_HOME=/opt/rustwide/cargo-home" "-e" "RUSTUP_HOME=/opt/rustwide/rustup-home" "-w" "/opt/rustwide/workdir" "-m" "1610612736" "--user" "0:0" "--network" "none" "ghcr.io/rust-lang/crates-build-env/linux@sha256:5ff2268d62e97bff2cde7d5815dd6ed5b47097566f13b8d0ca110b04b60e07ed" "/opt/rustwide/cargo-home/bin/cargo" "+1.69.0" "build" "--frozen" "--message-format=json", kill_on_drop: false }`
[INFO] [stdout] ce570e47112fe59b37ade7ba4e197057db0499412badc3969d5a32a23d6d93f4
[INFO] running `Command { std: "docker" "start" "-a" "ce570e47112fe59b37ade7ba4e197057db0499412badc3969d5a32a23d6d93f4", kill_on_drop: false }`
[INFO] [stderr]    Compiling proc-macro2 v1.0.56
[INFO] [stderr]    Compiling unicode-ident v1.0.8
[INFO] [stderr]    Compiling quote v1.0.26
[INFO] [stderr]    Compiling thiserror v1.0.40
[INFO] [stderr]    Compiling syn v2.0.15
[INFO] [stderr]    Compiling thiserror-impl v1.0.40
[INFO] [stderr]    Compiling astro-rs v0.1.0 (/opt/rustwide/workdir)
[INFO] [stderr]     Finished dev [unoptimized + debuginfo] target(s) in 3.83s
[INFO] running `Command { std: "docker" "inspect" "ce570e47112fe59b37ade7ba4e197057db0499412badc3969d5a32a23d6d93f4", kill_on_drop: false }`
[INFO] running `Command { std: "docker" "rm" "-f" "ce570e47112fe59b37ade7ba4e197057db0499412badc3969d5a32a23d6d93f4", kill_on_drop: false }`
[INFO] [stdout] ce570e47112fe59b37ade7ba4e197057db0499412badc3969d5a32a23d6d93f4
[INFO] running `Command { std: "docker" "create" "-v" "/var/lib/crater-agent-workspace/builds/worker-3-tc1/target:/opt/rustwide/target:rw,Z" "-v" "/var/lib/crater-agent-workspace/builds/worker-3-tc1/source:/opt/rustwide/workdir:ro,Z" "-v" "/var/lib/crater-agent-workspace/cargo-home:/opt/rustwide/cargo-home:ro,Z" "-v" "/var/lib/crater-agent-workspace/rustup-home:/opt/rustwide/rustup-home:ro,Z" "-e" "SOURCE_DIR=/opt/rustwide/workdir" "-e" "CARGO_TARGET_DIR=/opt/rustwide/target" "-e" "CARGO_INCREMENTAL=0" "-e" "RUST_BACKTRACE=full" "-e" "RUSTFLAGS=--cap-lints=warn" "-e" "RUSTDOCFLAGS=--cap-lints=warn" "-e" "CARGO_HOME=/opt/rustwide/cargo-home" "-e" "RUSTUP_HOME=/opt/rustwide/rustup-home" "-w" "/opt/rustwide/workdir" "-m" "1610612736" "--user" "0:0" "--network" "none" "ghcr.io/rust-lang/crates-build-env/linux@sha256:5ff2268d62e97bff2cde7d5815dd6ed5b47097566f13b8d0ca110b04b60e07ed" "/opt/rustwide/cargo-home/bin/cargo" "+1.69.0" "test" "--frozen" "--no-run" "--message-format=json", kill_on_drop: false }`
[INFO] [stdout] ae5c844561782cb87d056b06708c69a6371e5c029dbb4deee8296b3bf417f6ba
[INFO] running `Command { std: "docker" "start" "-a" "ae5c844561782cb87d056b06708c69a6371e5c029dbb4deee8296b3bf417f6ba", kill_on_drop: false }`
[INFO] [stderr]    Compiling crossbeam-utils v0.8.15
[INFO] [stderr]    Compiling memoffset v0.8.0
[INFO] [stderr]    Compiling num-traits v0.2.15
[INFO] [stderr]    Compiling libc v0.2.142
[INFO] [stderr]    Compiling serde v1.0.160
[INFO] [stderr]    Compiling crossbeam-epoch v0.9.14
[INFO] [stderr]    Compiling memchr v2.5.0
[INFO] [stderr]    Compiling futures-core v0.3.28
[INFO] [stderr]    Compiling num-integer v0.1.45
[INFO] [stderr]    Compiling tokio v1.28.0
[INFO] [stderr]    Compiling serde_json v1.0.96
[INFO] [stderr]    Compiling rayon-core v1.11.0
[INFO] [stderr]    Compiling itoa v1.0.6
[INFO] [stderr]    Compiling ryu v1.0.13
[INFO] [stderr]    Compiling either v1.8.1
[INFO] [stderr]    Compiling syn v2.0.15
[INFO] [stderr]    Compiling num-rational v0.4.1
[INFO] [stderr]    Compiling serde_derive v1.0.160
[INFO] [stderr]    Compiling unicode-width v0.1.10
[INFO] [stderr]    Compiling plotters-backend v0.3.4
[INFO] [stderr]    Compiling itertools v0.10.5
[INFO] [stderr]    Compiling textwrap v0.11.0
[INFO] [stderr]    Compiling regex-syntax v0.7.1
[INFO] [stderr]    Compiling cast v0.3.0
[INFO] [stderr]    Compiling half v1.8.2
[INFO] [stderr]    Compiling same-file v1.0.6
[INFO] [stderr]    Compiling plotters-svg v0.3.3
[INFO] [stderr]    Compiling clap v2.34.0
[INFO] [stderr]    Compiling csv-core v0.1.10
[INFO] [stderr]    Compiling walkdir v2.3.3
[INFO] [stderr]    Compiling crossbeam-channel v0.5.8
[INFO] [stderr]    Compiling bytemuck v1.13.1
[INFO] [stderr]    Compiling crossbeam-deque v0.8.3
[INFO] [stderr]    Compiling color_quant v1.1.0
[INFO] [stderr]    Compiling oorandom v11.1.3
[INFO] [stderr]    Compiling byteorder v1.4.3
[INFO] [stderr]    Compiling num_cpus v1.15.0
[INFO] [stderr]    Compiling atty v0.2.14
[INFO] [stderr]    Compiling jpeg-decoder v0.3.0
[INFO] [stderr]    Compiling bytes v1.4.0
[INFO] [stderr]    Compiling plotters v0.3.4
[INFO] [stderr]    Compiling regex v1.8.1
[INFO] [stderr]    Compiling criterion-plot v0.4.5
[INFO] [stderr]    Compiling rayon v1.7.0
[INFO] [stderr]    Compiling tokio-stream v0.1.14
[INFO] [stderr]    Compiling image v0.24.6
[INFO] [stderr]    Compiling thiserror-impl v1.0.40
[INFO] [stderr]    Compiling async-stream-impl v0.3.5
[INFO] [stderr]    Compiling serde_cbor v0.11.2
[INFO] [stderr]    Compiling csv v1.2.1
[INFO] [stderr]    Compiling async-stream v0.3.5
[INFO] [stderr]    Compiling tokio-test v0.4.2
[INFO] [stderr]    Compiling tinytemplate v1.2.1
[INFO] [stderr]    Compiling thiserror v1.0.40
[INFO] [stderr]    Compiling astro-rs v0.1.0 (/opt/rustwide/workdir)
[INFO] [stderr]    Compiling criterion v0.3.6
[INFO] [stderr]     Finished test [unoptimized + debuginfo] target(s) in 12.28s
[INFO] running `Command { std: "docker" "inspect" "ae5c844561782cb87d056b06708c69a6371e5c029dbb4deee8296b3bf417f6ba", kill_on_drop: false }`
[INFO] running `Command { std: "docker" "rm" "-f" "ae5c844561782cb87d056b06708c69a6371e5c029dbb4deee8296b3bf417f6ba", kill_on_drop: false }`
[INFO] [stdout] ae5c844561782cb87d056b06708c69a6371e5c029dbb4deee8296b3bf417f6ba
[INFO] running `Command { std: "docker" "create" "-v" "/var/lib/crater-agent-workspace/builds/worker-3-tc1/target:/opt/rustwide/target:rw,Z" "-v" "/var/lib/crater-agent-workspace/builds/worker-3-tc1/source:/opt/rustwide/workdir:ro,Z" "-v" "/var/lib/crater-agent-workspace/cargo-home:/opt/rustwide/cargo-home:ro,Z" "-v" "/var/lib/crater-agent-workspace/rustup-home:/opt/rustwide/rustup-home:ro,Z" "-e" "SOURCE_DIR=/opt/rustwide/workdir" "-e" "CARGO_TARGET_DIR=/opt/rustwide/target" "-e" "CARGO_INCREMENTAL=0" "-e" "RUST_BACKTRACE=full" "-e" "RUSTFLAGS=--cap-lints=warn" "-e" "RUSTDOCFLAGS=--cap-lints=warn" "-e" "CARGO_HOME=/opt/rustwide/cargo-home" "-e" "RUSTUP_HOME=/opt/rustwide/rustup-home" "-w" "/opt/rustwide/workdir" "-m" "1610612736" "--user" "0:0" "--network" "none" "ghcr.io/rust-lang/crates-build-env/linux@sha256:5ff2268d62e97bff2cde7d5815dd6ed5b47097566f13b8d0ca110b04b60e07ed" "/opt/rustwide/cargo-home/bin/cargo" "+1.69.0" "test" "--frozen", kill_on_drop: false }`
[INFO] [stdout] b770266005af7a1782a49df4659e6b4b4b4488e75b3981cce5abb34b2d9297ca
[INFO] running `Command { std: "docker" "start" "-a" "b770266005af7a1782a49df4659e6b4b4b4488e75b3981cce5abb34b2d9297ca", kill_on_drop: false }`
[INFO] [stderr]     Finished test [unoptimized + debuginfo] target(s) in 0.06s
[INFO] [stderr]      Running unittests src/lib.rs (/opt/rustwide/target/debug/deps/astro_rs-af2fd209e6a9844c)
[INFO] [stdout] 
[INFO] [stdout] running 0 tests
[INFO] [stdout] 
[INFO] [stdout] test result: ok. 0 passed; 0 failed; 0 ignored; 0 measured; 0 filtered out; finished in 0.00s
[INFO] [stdout] 
[INFO] [stderr]      Running tests/coordinates.rs (/opt/rustwide/target/debug/deps/coordinates-ae0e850792ec4ec0)
[INFO] [stdout] 
[INFO] [stdout] running 0 tests
[INFO] [stdout] 
[INFO] [stdout] test result: ok. 0 passed; 0 failed; 0 ignored; 0 measured; 0 filtered out; finished in 0.00s
[INFO] [stdout] 
[INFO] [stderr]      Running tests/fits.rs (/opt/rustwide/target/debug/deps/fits-58a5aedde05efd6b)
[INFO] [stdout] 
[INFO] [stdout] running 5 tests
[INFO] [stdout] test fits_tests::test_hdu_list_from_bytes ... FAILED
[INFO] [stdout] test fits_tests::test_hdu_image ... FAILED
[INFO] [stdout] test fits_tests::test_hdu_list_new ... ok
[INFO] [stdout] test fits_tests::test_image_to_hdu ... FAILED
[INFO] [stdout] test fits_tests::test_hdu_table_column ... FAILED
[INFO] [stdout] 
[INFO] [stdout] failures:
[INFO] [stdout] 
[INFO] [stdout] ---- fits_tests::test_hdu_list_from_bytes stdout ----
[INFO] [stdout] Error: Os { code: 2, kind: NotFound, message: "No such file or directory" }
[INFO] [stdout] 
[INFO] [stdout] ---- fits_tests::test_hdu_image stdout ----
[INFO] [stdout] Error: Os { code: 2, kind: NotFound, message: "No such file or directory" }
[INFO] [stdout] 
[INFO] [stdout] ---- fits_tests::test_image_to_hdu stdout ----
[INFO] [stdout] Error: IoError(Os { code: 2, kind: NotFound, message: "No such file or directory" })
[INFO] [stdout] 
[INFO] [stdout] ---- fits_tests::test_hdu_table_column stdout ----
[INFO] [stdout] Error: Os { code: 2, kind: NotFound, message: "No such file or directory" }
[INFO] [stdout] 
[INFO] [stdout] 
[INFO] [stdout] failures:
[INFO] [stdout]     fits_tests::test_hdu_image
[INFO] [stdout]     fits_tests::test_hdu_list_from_bytes
[INFO] [stdout]     fits_tests::test_hdu_table_column
[INFO] [stdout]     fits_tests::test_image_to_hdu
[INFO] [stdout] 
[INFO] [stdout] test result: FAILED. 1 passed; 4 failed; 0 ignored; 0 measured; 0 filtered out; finished in 0.00s
[INFO] [stdout] 
[INFO] [stderr] error: test failed, to rerun pass `--test fits`
[INFO] running `Command { std: "docker" "inspect" "b770266005af7a1782a49df4659e6b4b4b4488e75b3981cce5abb34b2d9297ca", kill_on_drop: false }`
[INFO] running `Command { std: "docker" "rm" "-f" "b770266005af7a1782a49df4659e6b4b4b4488e75b3981cce5abb34b2d9297ca", kill_on_drop: false }`
[INFO] [stdout] b770266005af7a1782a49df4659e6b4b4b4488e75b3981cce5abb34b2d9297ca
