[INFO] fetching crate ast-description-lang 0.4.0...
[INFO] testing ast-description-lang-0.4.0 against 1.69.0 for beta-1.70-1
[INFO] extracting crate ast-description-lang 0.4.0 into /workspace/builds/worker-0-tc1/source
[INFO] validating manifest of crates.io crate ast-description-lang 0.4.0 on toolchain 1.69.0
[INFO] running `Command { std: CARGO_HOME="/workspace/cargo-home" RUSTUP_HOME="/workspace/rustup-home" "/workspace/cargo-home/bin/cargo" "+1.69.0" "metadata" "--manifest-path" "Cargo.toml" "--no-deps", kill_on_drop: false }`
[INFO] started tweaking crates.io crate ast-description-lang 0.4.0
[INFO] removed 0 missing tests
[INFO] finished tweaking crates.io crate ast-description-lang 0.4.0
[INFO] tweaked toml for crates.io crate ast-description-lang 0.4.0 written to /workspace/builds/worker-0-tc1/source/Cargo.toml
[INFO] running `Command { std: CARGO_HOME="/workspace/cargo-home" RUSTUP_HOME="/workspace/rustup-home" __CARGO_TEST_CHANNEL_OVERRIDE_DO_NOT_USE_THIS="nightly" "/workspace/cargo-home/bin/cargo" "+1.69.0" "generate-lockfile" "--manifest-path" "Cargo.toml" "-Zno-index-update", kill_on_drop: false }`
[INFO] running `Command { std: CARGO_HOME="/workspace/cargo-home" RUSTUP_HOME="/workspace/rustup-home" "/workspace/cargo-home/bin/cargo" "+1.69.0" "fetch" "--manifest-path" "Cargo.toml", kill_on_drop: false }`
[INFO] [stderr]  Downloading crates ...
[INFO] [stderr]   Downloaded console v0.15.5
[INFO] [stderr]   Downloaded similar v2.2.1
[INFO] [stderr]   Downloaded escargot v0.5.7
[INFO] [stderr]   Downloaded insta v1.29.0
[INFO] running `Command { std: "docker" "create" "-v" "/var/lib/crater-agent-workspace/builds/worker-0-tc1/target:/opt/rustwide/target:rw,Z" "-v" "/var/lib/crater-agent-workspace/builds/worker-0-tc1/source:/opt/rustwide/workdir:ro,Z" "-v" "/var/lib/crater-agent-workspace/cargo-home:/opt/rustwide/cargo-home:ro,Z" "-v" "/var/lib/crater-agent-workspace/rustup-home:/opt/rustwide/rustup-home:ro,Z" "-e" "SOURCE_DIR=/opt/rustwide/workdir" "-e" "CARGO_TARGET_DIR=/opt/rustwide/target" "-e" "CARGO_HOME=/opt/rustwide/cargo-home" "-e" "RUSTUP_HOME=/opt/rustwide/rustup-home" "-w" "/opt/rustwide/workdir" "-m" "1610612736" "--user" "0:0" "--network" "none" "ghcr.io/rust-lang/crates-build-env/linux@sha256:5ff2268d62e97bff2cde7d5815dd6ed5b47097566f13b8d0ca110b04b60e07ed" "/opt/rustwide/cargo-home/bin/cargo" "+1.69.0" "metadata" "--no-deps" "--format-version=1", kill_on_drop: false }`
[INFO] [stdout] f8d1c094cc98496b50f55d2215063f32923a3cf3cbca218d313d4f03f1bc4e80
[INFO] running `Command { std: "docker" "start" "-a" "f8d1c094cc98496b50f55d2215063f32923a3cf3cbca218d313d4f03f1bc4e80", kill_on_drop: false }`
[INFO] running `Command { std: "docker" "inspect" "f8d1c094cc98496b50f55d2215063f32923a3cf3cbca218d313d4f03f1bc4e80", kill_on_drop: false }`
[INFO] running `Command { std: "docker" "rm" "-f" "f8d1c094cc98496b50f55d2215063f32923a3cf3cbca218d313d4f03f1bc4e80", kill_on_drop: false }`
[INFO] [stdout] f8d1c094cc98496b50f55d2215063f32923a3cf3cbca218d313d4f03f1bc4e80
[INFO] running `Command { std: "docker" "create" "-v" "/var/lib/crater-agent-workspace/builds/worker-0-tc1/target:/opt/rustwide/target:rw,Z" "-v" "/var/lib/crater-agent-workspace/builds/worker-0-tc1/source:/opt/rustwide/workdir:ro,Z" "-v" "/var/lib/crater-agent-workspace/cargo-home:/opt/rustwide/cargo-home:ro,Z" "-v" "/var/lib/crater-agent-workspace/rustup-home:/opt/rustwide/rustup-home:ro,Z" "-e" "SOURCE_DIR=/opt/rustwide/workdir" "-e" "CARGO_TARGET_DIR=/opt/rustwide/target" "-e" "CARGO_INCREMENTAL=0" "-e" "RUST_BACKTRACE=full" "-e" "RUSTFLAGS=--cap-lints=warn" "-e" "RUSTDOCFLAGS=--cap-lints=warn" "-e" "CARGO_HOME=/opt/rustwide/cargo-home" "-e" "RUSTUP_HOME=/opt/rustwide/rustup-home" "-w" "/opt/rustwide/workdir" "-m" "1610612736" "--user" "0:0" "--network" "none" "ghcr.io/rust-lang/crates-build-env/linux@sha256:5ff2268d62e97bff2cde7d5815dd6ed5b47097566f13b8d0ca110b04b60e07ed" "/opt/rustwide/cargo-home/bin/cargo" "+1.69.0" "build" "--frozen" "--message-format=json", kill_on_drop: false }`
[INFO] [stdout] 0c8bed6ee5116570dffc7238709016d1b177a060585aacb68888a49f1765568f
[INFO] running `Command { std: "docker" "start" "-a" "0c8bed6ee5116570dffc7238709016d1b177a060585aacb68888a49f1765568f", kill_on_drop: false }`
[INFO] [stderr]    Compiling thiserror v1.0.40
[INFO] [stderr]    Compiling anyhow v1.0.71
[INFO] [stderr]    Compiling indexmap v1.9.3
[INFO] [stderr]    Compiling hashbrown v0.12.3
[INFO] [stderr]    Compiling heck v0.4.1
[INFO] [stderr]    Compiling syn v2.0.15
[INFO] [stderr]    Compiling serde_derive v1.0.160
[INFO] [stderr]    Compiling thiserror-impl v1.0.40
[INFO] [stderr]    Compiling serde v1.0.160
[INFO] [stderr]    Compiling ast-description-lang v0.4.0 (/opt/rustwide/workdir)
[INFO] [stderr]     Finished dev [unoptimized + debuginfo] target(s) in 15.11s
[INFO] running `Command { std: "docker" "inspect" "0c8bed6ee5116570dffc7238709016d1b177a060585aacb68888a49f1765568f", kill_on_drop: false }`
[INFO] running `Command { std: "docker" "rm" "-f" "0c8bed6ee5116570dffc7238709016d1b177a060585aacb68888a49f1765568f", kill_on_drop: false }`
[INFO] [stdout] 0c8bed6ee5116570dffc7238709016d1b177a060585aacb68888a49f1765568f
[INFO] running `Command { std: "docker" "create" "-v" "/var/lib/crater-agent-workspace/builds/worker-0-tc1/target:/opt/rustwide/target:rw,Z" "-v" "/var/lib/crater-agent-workspace/builds/worker-0-tc1/source:/opt/rustwide/workdir:ro,Z" "-v" "/var/lib/crater-agent-workspace/cargo-home:/opt/rustwide/cargo-home:ro,Z" "-v" "/var/lib/crater-agent-workspace/rustup-home:/opt/rustwide/rustup-home:ro,Z" "-e" "SOURCE_DIR=/opt/rustwide/workdir" "-e" "CARGO_TARGET_DIR=/opt/rustwide/target" "-e" "CARGO_INCREMENTAL=0" "-e" "RUST_BACKTRACE=full" "-e" "RUSTFLAGS=--cap-lints=warn" "-e" "RUSTDOCFLAGS=--cap-lints=warn" "-e" "CARGO_HOME=/opt/rustwide/cargo-home" "-e" "RUSTUP_HOME=/opt/rustwide/rustup-home" "-w" "/opt/rustwide/workdir" "-m" "1610612736" "--user" "0:0" "--network" "none" "ghcr.io/rust-lang/crates-build-env/linux@sha256:5ff2268d62e97bff2cde7d5815dd6ed5b47097566f13b8d0ca110b04b60e07ed" "/opt/rustwide/cargo-home/bin/cargo" "+1.69.0" "test" "--frozen" "--no-run" "--message-format=json", kill_on_drop: false }`
[INFO] [stdout] e35877e4d8b4ea1747e34819147252405ce57c4ca6021824c3f91033a2fd7bd8
[INFO] running `Command { std: "docker" "start" "-a" "e35877e4d8b4ea1747e34819147252405ce57c4ca6021824c3f91033a2fd7bd8", kill_on_drop: false }`
[INFO] [stderr]    Compiling libc v0.2.142
[INFO] [stderr]    Compiling log v0.4.17
[INFO] [stderr]    Compiling serde_json v1.0.96
[INFO] [stderr]    Compiling linked-hash-map v0.5.6
[INFO] [stderr]    Compiling ryu v1.0.13
[INFO] [stderr]    Compiling itoa v1.0.6
[INFO] [stderr]    Compiling escargot v0.5.7
[INFO] [stderr]    Compiling similar v2.2.1
[INFO] [stderr]    Compiling once_cell v1.17.1
[INFO] [stderr]    Compiling toml v0.5.11
[INFO] [stderr]    Compiling yaml-rust v0.4.5
[INFO] [stderr]    Compiling console v0.15.5
[INFO] [stderr]    Compiling insta v1.29.0
[INFO] [stderr]    Compiling ast-description-lang v0.4.0 (/opt/rustwide/workdir)
[INFO] [stderr] error: could not compile `ast-description-lang` due to 2 previous errors
[INFO] [stdout] error[E0277]: the trait bound `Option<PathBuf>: AsRef<Path>` is not satisfied
[INFO] [stdout]   --> tests/e2e.rs:29:35
[INFO] [stdout]    |
[INFO] [stdout] 29 |     with_settings!({input_file => Some(path), snapshot_suffix => name}, {
[INFO] [stdout]    |                     ----------    ^^^^^^^^^^ the trait `AsRef<Path>` is not implemented for `Option<PathBuf>`
[INFO] [stdout]    |                     |
[INFO] [stdout]    |                     required by a bound introduced by this call
[INFO] [stdout]    |
[INFO] [stdout] note: required by a bound in `insta::settings::ActualSettings::input_file`
[INFO] [stdout]   --> /opt/rustwide/cargo-home/registry/src/github.com-1ecc6299db9ec823/insta-1.29.0/src/settings.rs:92:26
[INFO] [stdout]    |
[INFO] [stdout] 92 |     pub fn input_file<P: AsRef<Path>>(&mut self, p: P) {
[INFO] [stdout]    |                          ^^^^^^^^^^^ required by this bound in `ActualSettings::input_file`
[INFO] [stdout] 
[INFO] [stdout] 
[INFO] [stderr] warning: build failed, waiting for other jobs to finish...
[INFO] [stdout] error: aborting due to previous error
[INFO] [stdout] 
[INFO] [stdout] 
[INFO] [stdout] For more information about this error, try `rustc --explain E0277`.
[INFO] [stdout] 
[INFO] [stdout] error[E0277]: the trait bound `std::option::Option<PathBuf>: AsRef<Path>` is not satisfied
[INFO] [stdout]    --> src/ast/collapsed/mod.rs:224:35
[INFO] [stdout]     |
[INFO] [stdout] 224 |     with_settings!({input_file => Some(path)}, {
[INFO] [stdout]     |                     ----------    ^^^^^^^^^^ the trait `AsRef<Path>` is not implemented for `std::option::Option<PathBuf>`
[INFO] [stdout]     |                     |
[INFO] [stdout]     |                     required by a bound introduced by this call
[INFO] [stdout]     |
[INFO] [stdout] note: required by a bound in `insta::settings::ActualSettings::input_file`
[INFO] [stdout]    --> /opt/rustwide/cargo-home/registry/src/github.com-1ecc6299db9ec823/insta-1.29.0/src/settings.rs:92:26
[INFO] [stdout]     |
[INFO] [stdout] 92  |     pub fn input_file<P: AsRef<Path>>(&mut self, p: P) {
[INFO] [stdout]     |                          ^^^^^^^^^^^ required by this bound in `ActualSettings::input_file`
[INFO] [stdout] 
[INFO] [stdout] 
[INFO] [stdout] error[E0277]: the trait bound `std::option::Option<PathBuf>: AsRef<Path>` is not satisfied
[INFO] [stdout]    --> src/ast/parsed/mod.rs:171:35
[INFO] [stdout]     |
[INFO] [stdout] 171 |     with_settings!({input_file => Some(path)}, {
[INFO] [stdout]     |                     ----------    ^^^^^^^^^^ the trait `AsRef<Path>` is not implemented for `std::option::Option<PathBuf>`
[INFO] [stdout]     |                     |
[INFO] [stdout]     |                     required by a bound introduced by this call
[INFO] [stdout]     |
[INFO] [stdout] note: required by a bound in `insta::settings::ActualSettings::input_file`
[INFO] [stdout]    --> /opt/rustwide/cargo-home/registry/src/github.com-1ecc6299db9ec823/insta-1.29.0/src/settings.rs:92:26
[INFO] [stdout]     |
[INFO] [stdout] 92  |     pub fn input_file<P: AsRef<Path>>(&mut self, p: P) {
[INFO] [stdout]     |                          ^^^^^^^^^^^ required by this bound in `ActualSettings::input_file`
[INFO] [stdout] 
[INFO] [stdout] 
[INFO] [stdout] error[E0277]: the trait bound `std::option::Option<PathBuf>: AsRef<Path>` is not satisfied
[INFO] [stdout]    --> src/ast/print.rs:822:35
[INFO] [stdout]     |
[INFO] [stdout] 822 |     with_settings!({input_file => Some(path)}, {
[INFO] [stdout]     |                     ----------    ^^^^^^^^^^ the trait `AsRef<Path>` is not implemented for `std::option::Option<PathBuf>`
[INFO] [stdout]     |                     |
[INFO] [stdout]     |                     required by a bound introduced by this call
[INFO] [stdout]     |
[INFO] [stdout] note: required by a bound in `insta::settings::ActualSettings::input_file`
[INFO] [stdout]    --> /opt/rustwide/cargo-home/registry/src/github.com-1ecc6299db9ec823/insta-1.29.0/src/settings.rs:92:26
[INFO] [stdout]     |
[INFO] [stdout] 92  |     pub fn input_file<P: AsRef<Path>>(&mut self, p: P) {
[INFO] [stdout]     |                          ^^^^^^^^^^^ required by this bound in `ActualSettings::input_file`
[INFO] [stdout] 
[INFO] [stdout] 
[INFO] [stdout] error[E0277]: the trait bound `std::option::Option<PathBuf>: AsRef<Path>` is not satisfied
[INFO] [stdout]    --> src/ast/raw.rs:464:35
[INFO] [stdout]     |
[INFO] [stdout] 464 |     with_settings!({input_file => Some(path)}, {
[INFO] [stdout]     |                     ----------    ^^^^^^^^^^ the trait `AsRef<Path>` is not implemented for `std::option::Option<PathBuf>`
[INFO] [stdout]     |                     |
[INFO] [stdout]     |                     required by a bound introduced by this call
[INFO] [stdout]     |
[INFO] [stdout] note: required by a bound in `insta::settings::ActualSettings::input_file`
[INFO] [stdout]    --> /opt/rustwide/cargo-home/registry/src/github.com-1ecc6299db9ec823/insta-1.29.0/src/settings.rs:92:26
[INFO] [stdout]     |
[INFO] [stdout] 92  |     pub fn input_file<P: AsRef<Path>>(&mut self, p: P) {
[INFO] [stdout]     |                          ^^^^^^^^^^^ required by this bound in `ActualSettings::input_file`
[INFO] [stdout] 
[INFO] [stdout] 
[INFO] [stdout] error: aborting due to 4 previous errors
[INFO] [stdout] 
[INFO] [stdout] 
[INFO] [stdout] For more information about this error, try `rustc --explain E0277`.
[INFO] [stdout] 
[INFO] [stderr] error: could not compile `ast-description-lang` due to 5 previous errors
[INFO] running `Command { std: "docker" "inspect" "e35877e4d8b4ea1747e34819147252405ce57c4ca6021824c3f91033a2fd7bd8", kill_on_drop: false }`
[INFO] running `Command { std: "docker" "rm" "-f" "e35877e4d8b4ea1747e34819147252405ce57c4ca6021824c3f91033a2fd7bd8", kill_on_drop: false }`
[INFO] [stdout] e35877e4d8b4ea1747e34819147252405ce57c4ca6021824c3f91033a2fd7bd8
