[INFO] fetching crate assemblage_view 0.1.0...
[INFO] testing assemblage_view-0.1.0 against 1.69.0 for beta-1.70-1
[INFO] extracting crate assemblage_view 0.1.0 into /workspace/builds/worker-7-tc1/source
[INFO] validating manifest of crates.io crate assemblage_view 0.1.0 on toolchain 1.69.0
[INFO] running `Command { std: CARGO_HOME="/workspace/cargo-home" RUSTUP_HOME="/workspace/rustup-home" "/workspace/cargo-home/bin/cargo" "+1.69.0" "metadata" "--manifest-path" "Cargo.toml" "--no-deps", kill_on_drop: false }`
[INFO] started tweaking crates.io crate assemblage_view 0.1.0
[INFO] finished tweaking crates.io crate assemblage_view 0.1.0
[INFO] tweaked toml for crates.io crate assemblage_view 0.1.0 written to /workspace/builds/worker-7-tc1/source/Cargo.toml
[INFO] running `Command { std: CARGO_HOME="/workspace/cargo-home" RUSTUP_HOME="/workspace/rustup-home" __CARGO_TEST_CHANNEL_OVERRIDE_DO_NOT_USE_THIS="nightly" "/workspace/cargo-home/bin/cargo" "+1.69.0" "generate-lockfile" "--manifest-path" "Cargo.toml" "-Zno-index-update", kill_on_drop: false }`
[INFO] running `Command { std: CARGO_HOME="/workspace/cargo-home" RUSTUP_HOME="/workspace/rustup-home" "/workspace/cargo-home/bin/cargo" "+1.69.0" "fetch" "--manifest-path" "Cargo.toml", kill_on_drop: false }`
[INFO] [stderr]  Downloading crates ...
[INFO] [stderr]   Downloaded memory_units v0.4.0
[INFO] [stderr]   Downloaded wasm-bindgen-test v0.3.34
[INFO] [stderr]   Downloaded wasm-bindgen-test-macro v0.3.34
[INFO] [stderr]   Downloaded console_log v0.2.2
[INFO] [stderr]   Downloaded async-recursion v0.3.2
[INFO] [stderr]   Downloaded env_logger v0.8.4
[INFO] [stderr]   Downloaded rmp-serde v0.15.5
[INFO] [stderr]   Downloaded wee_alloc v0.4.5
[INFO] [stderr]   Downloaded assemblage_kv v0.1.0
[INFO] [stderr]   Downloaded assemblage_db v0.1.0
[INFO] running `Command { std: "docker" "create" "-v" "/var/lib/crater-agent-workspace/builds/worker-7-tc1/target:/opt/rustwide/target:rw,Z" "-v" "/var/lib/crater-agent-workspace/builds/worker-7-tc1/source:/opt/rustwide/workdir:ro,Z" "-v" "/var/lib/crater-agent-workspace/cargo-home:/opt/rustwide/cargo-home:ro,Z" "-v" "/var/lib/crater-agent-workspace/rustup-home:/opt/rustwide/rustup-home:ro,Z" "-e" "SOURCE_DIR=/opt/rustwide/workdir" "-e" "CARGO_TARGET_DIR=/opt/rustwide/target" "-e" "CARGO_HOME=/opt/rustwide/cargo-home" "-e" "RUSTUP_HOME=/opt/rustwide/rustup-home" "-w" "/opt/rustwide/workdir" "-m" "1610612736" "--user" "0:0" "--network" "none" "ghcr.io/rust-lang/crates-build-env/linux@sha256:97d61d7686bf65f8ecb15491ab51835e82dc9176a96a831f143a431b191fc501" "/opt/rustwide/cargo-home/bin/cargo" "+1.69.0" "metadata" "--no-deps" "--format-version=1", kill_on_drop: false }`
[INFO] [stdout] 209a1136579b506c164074c5f0b6556fe302d3a71182b43b29679729dfa72ebd
[INFO] running `Command { std: "docker" "start" "-a" "209a1136579b506c164074c5f0b6556fe302d3a71182b43b29679729dfa72ebd", kill_on_drop: false }`
[INFO] running `Command { std: "docker" "inspect" "209a1136579b506c164074c5f0b6556fe302d3a71182b43b29679729dfa72ebd", kill_on_drop: false }`
[INFO] running `Command { std: "docker" "rm" "-f" "209a1136579b506c164074c5f0b6556fe302d3a71182b43b29679729dfa72ebd", kill_on_drop: false }`
[INFO] [stdout] 209a1136579b506c164074c5f0b6556fe302d3a71182b43b29679729dfa72ebd
[INFO] running `Command { std: "docker" "create" "-v" "/var/lib/crater-agent-workspace/builds/worker-7-tc1/target:/opt/rustwide/target:rw,Z" "-v" "/var/lib/crater-agent-workspace/builds/worker-7-tc1/source:/opt/rustwide/workdir:ro,Z" "-v" "/var/lib/crater-agent-workspace/cargo-home:/opt/rustwide/cargo-home:ro,Z" "-v" "/var/lib/crater-agent-workspace/rustup-home:/opt/rustwide/rustup-home:ro,Z" "-e" "SOURCE_DIR=/opt/rustwide/workdir" "-e" "CARGO_TARGET_DIR=/opt/rustwide/target" "-e" "CARGO_INCREMENTAL=0" "-e" "RUST_BACKTRACE=full" "-e" "RUSTFLAGS=--cap-lints=warn" "-e" "RUSTDOCFLAGS=--cap-lints=warn" "-e" "CARGO_HOME=/opt/rustwide/cargo-home" "-e" "RUSTUP_HOME=/opt/rustwide/rustup-home" "-w" "/opt/rustwide/workdir" "-m" "1610612736" "--user" "0:0" "--network" "none" "ghcr.io/rust-lang/crates-build-env/linux@sha256:97d61d7686bf65f8ecb15491ab51835e82dc9176a96a831f143a431b191fc501" "/opt/rustwide/cargo-home/bin/cargo" "+1.69.0" "build" "--frozen" "--message-format=json", kill_on_drop: false }`
[INFO] [stdout] e623790f43dc24939b494d0fff0521150df00231142d3184325571b8b44a6ce2
[INFO] running `Command { std: "docker" "start" "-a" "e623790f43dc24939b494d0fff0521150df00231142d3184325571b8b44a6ce2", kill_on_drop: false }`
[INFO] [stderr]    Compiling tokio v1.28.0
[INFO] [stderr]    Compiling syn v2.0.15
[INFO] [stderr]    Compiling mio v0.8.6
[INFO] [stderr]    Compiling openssl-sys v0.9.87
[INFO] [stderr]    Compiling num-traits v0.2.15
[INFO] [stderr]    Compiling want v0.3.0
[INFO] [stderr]    Compiling getrandom v0.2.9
[INFO] [stderr]    Compiling syn v1.0.109
[INFO] [stderr]    Compiling regex v1.8.1
[INFO] [stderr]    Compiling humantime v2.1.0
[INFO] [stderr]    Compiling env_logger v0.8.4
[INFO] [stderr]    Compiling rmp v0.8.11
[INFO] [stderr]    Compiling async-recursion v0.3.2
[INFO] [stderr]    Compiling futures-macro v0.3.28
[INFO] [stderr]    Compiling serde_derive v1.0.160
[INFO] [stderr]    Compiling openssl-macros v0.1.1
[INFO] [stderr]    Compiling async-trait v0.1.68
[INFO] [stderr]    Compiling openssl v0.10.52
[INFO] [stderr]    Compiling tokio-util v0.7.8
[INFO] [stderr]    Compiling futures-util v0.3.28
[INFO] [stderr]    Compiling native-tls v0.2.11
[INFO] [stderr]    Compiling tokio-native-tls v0.3.1
[INFO] [stderr]    Compiling serde v1.0.160
[INFO] [stderr]    Compiling h2 v0.3.18
[INFO] [stderr]    Compiling futures-executor v0.3.28
[INFO] [stderr]    Compiling futures v0.3.28
[INFO] [stderr]    Compiling hyper v0.14.26
[INFO] [stderr]    Compiling serde_urlencoded v0.7.1
[INFO] [stderr]    Compiling rmp-serde v0.15.5
[INFO] [stderr]    Compiling serde_json v1.0.96
[INFO] [stderr]    Compiling uuid v0.8.2
[INFO] [stderr]    Compiling assemblage_kv v0.1.0
[INFO] [stderr]    Compiling hyper-tls v0.5.0
[INFO] [stderr]    Compiling reqwest v0.11.17
[INFO] [stderr]    Compiling assemblage_db v0.1.0
[INFO] [stderr]    Compiling assemblage_view v0.1.0 (/opt/rustwide/workdir)
[INFO] [stderr]     Finished dev [unoptimized + debuginfo] target(s) in 39.52s
[INFO] running `Command { std: "docker" "inspect" "e623790f43dc24939b494d0fff0521150df00231142d3184325571b8b44a6ce2", kill_on_drop: false }`
[INFO] running `Command { std: "docker" "rm" "-f" "e623790f43dc24939b494d0fff0521150df00231142d3184325571b8b44a6ce2", kill_on_drop: false }`
[INFO] [stdout] e623790f43dc24939b494d0fff0521150df00231142d3184325571b8b44a6ce2
[INFO] running `Command { std: "docker" "create" "-v" "/var/lib/crater-agent-workspace/builds/worker-7-tc1/target:/opt/rustwide/target:rw,Z" "-v" "/var/lib/crater-agent-workspace/builds/worker-7-tc1/source:/opt/rustwide/workdir:ro,Z" "-v" "/var/lib/crater-agent-workspace/cargo-home:/opt/rustwide/cargo-home:ro,Z" "-v" "/var/lib/crater-agent-workspace/rustup-home:/opt/rustwide/rustup-home:ro,Z" "-e" "SOURCE_DIR=/opt/rustwide/workdir" "-e" "CARGO_TARGET_DIR=/opt/rustwide/target" "-e" "CARGO_INCREMENTAL=0" "-e" "RUST_BACKTRACE=full" "-e" "RUSTFLAGS=--cap-lints=warn" "-e" "RUSTDOCFLAGS=--cap-lints=warn" "-e" "CARGO_HOME=/opt/rustwide/cargo-home" "-e" "RUSTUP_HOME=/opt/rustwide/rustup-home" "-w" "/opt/rustwide/workdir" "-m" "1610612736" "--user" "0:0" "--network" "none" "ghcr.io/rust-lang/crates-build-env/linux@sha256:97d61d7686bf65f8ecb15491ab51835e82dc9176a96a831f143a431b191fc501" "/opt/rustwide/cargo-home/bin/cargo" "+1.69.0" "test" "--frozen" "--no-run" "--message-format=json", kill_on_drop: false }`
[INFO] [stdout] 1e2000c7c2585cc26d87c5455568dc963cb3ee2470d0c43361e531fa0c10beae
[INFO] running `Command { std: "docker" "start" "-a" "1e2000c7c2585cc26d87c5455568dc963cb3ee2470d0c43361e531fa0c10beae", kill_on_drop: false }`
[INFO] [stderr]    Compiling tokio v1.28.0
[INFO] [stderr]    Compiling tokio-util v0.7.8
[INFO] [stderr]    Compiling tokio-native-tls v0.3.1
[INFO] [stderr]    Compiling h2 v0.3.18
[INFO] [stderr]    Compiling assemblage_kv v0.1.0
[INFO] [stderr]    Compiling hyper v0.14.26
[INFO] [stderr]    Compiling hyper-tls v0.5.0
[INFO] [stderr]    Compiling reqwest v0.11.17
[INFO] [stderr]    Compiling assemblage_db v0.1.0
[INFO] [stderr]    Compiling assemblage_view v0.1.0 (/opt/rustwide/workdir)
[INFO] [stderr]     Finished test [unoptimized + debuginfo] target(s) in 30.82s
[INFO] running `Command { std: "docker" "inspect" "1e2000c7c2585cc26d87c5455568dc963cb3ee2470d0c43361e531fa0c10beae", kill_on_drop: false }`
[INFO] running `Command { std: "docker" "rm" "-f" "1e2000c7c2585cc26d87c5455568dc963cb3ee2470d0c43361e531fa0c10beae", kill_on_drop: false }`
[INFO] [stdout] 1e2000c7c2585cc26d87c5455568dc963cb3ee2470d0c43361e531fa0c10beae
[INFO] running `Command { std: "docker" "create" "-v" "/var/lib/crater-agent-workspace/builds/worker-7-tc1/target:/opt/rustwide/target:rw,Z" "-v" "/var/lib/crater-agent-workspace/builds/worker-7-tc1/source:/opt/rustwide/workdir:ro,Z" "-v" "/var/lib/crater-agent-workspace/cargo-home:/opt/rustwide/cargo-home:ro,Z" "-v" "/var/lib/crater-agent-workspace/rustup-home:/opt/rustwide/rustup-home:ro,Z" "-e" "SOURCE_DIR=/opt/rustwide/workdir" "-e" "CARGO_TARGET_DIR=/opt/rustwide/target" "-e" "CARGO_INCREMENTAL=0" "-e" "RUST_BACKTRACE=full" "-e" "RUSTFLAGS=--cap-lints=warn" "-e" "RUSTDOCFLAGS=--cap-lints=warn" "-e" "CARGO_HOME=/opt/rustwide/cargo-home" "-e" "RUSTUP_HOME=/opt/rustwide/rustup-home" "-w" "/opt/rustwide/workdir" "-m" "1610612736" "--user" "0:0" "--network" "none" "ghcr.io/rust-lang/crates-build-env/linux@sha256:97d61d7686bf65f8ecb15491ab51835e82dc9176a96a831f143a431b191fc501" "/opt/rustwide/cargo-home/bin/cargo" "+1.69.0" "test" "--frozen", kill_on_drop: false }`
[INFO] [stdout] b1b6e7ddc9b30b4005d1ab12fe161b50b356845bdc6314eee854c886d05c6f6b
[INFO] running `Command { std: "docker" "start" "-a" "b1b6e7ddc9b30b4005d1ab12fe161b50b356845bdc6314eee854c886d05c6f6b", kill_on_drop: false }`
[INFO] [stderr]     Finished test [unoptimized + debuginfo] target(s) in 0.15s
[INFO] [stderr]      Running unittests src/lib.rs (/opt/rustwide/target/debug/deps/assemblage_view-3847fe4ef2a4347d)
[INFO] [stdout] 
[INFO] [stdout] running 0 tests
[INFO] [stdout] 
[INFO] [stdout] test result: ok. 0 passed; 0 failed; 0 ignored; 0 measured; 0 filtered out; finished in 0.00s
[INFO] [stdout] 
[INFO] [stderr]      Running tests/bindings.rs (/opt/rustwide/target/debug/deps/bindings-02513d207c427a78)
[INFO] [stdout] 
[INFO] [stdout] running 0 tests
[INFO] [stdout] 
[INFO] [stdout] test result: ok. 0 passed; 0 failed; 0 ignored; 0 measured; 0 filtered out; finished in 0.00s
[INFO] [stdout] 
[INFO] [stderr]      Running tests/broadcast.rs (/opt/rustwide/target/debug/deps/broadcast-4b8126c9411b995c)
[INFO] [stdout] 
[INFO] [stdout] running 0 tests
[INFO] [stdout] 
[INFO] [stdout] test result: ok. 0 passed; 0 failed; 0 ignored; 0 measured; 0 filtered out; finished in 0.00s
[INFO] [stdout] 
[INFO] [stderr]      Running tests/markup.rs (/opt/rustwide/target/debug/deps/markup-d5b2efadb335a828)
[INFO] [stdout] 
[INFO] [stdout] running 9 tests
[INFO] [stdout] test parse_block_with_escaped_span_markup ... ok
[INFO] [stdout] test parse_block_with_block_markup ... ok
[INFO] [stdout] test parse_block_with_incomplete_span_markup ... ok
[INFO] [stdout] test parse_block_with_empty_inline_markup ... ok
[INFO] [stdout] test parse_block_with_escaped_block_markup ... ok
[INFO] [stdout] test parse_markup_to_node ... ok
[INFO] [stdout] test parse_block_without_markup ... ok
[INFO] [stdout] test parse_block_with_overlapping_span_markup ... ok
[INFO] [stdout] test parse_block_with_span_markup ... ok
[INFO] [stdout] 
[INFO] [stdout] test result: ok. 9 passed; 0 failed; 0 ignored; 0 measured; 0 filtered out; finished in 0.04s
[INFO] [stdout] 
[INFO] [stderr]      Running tests/sections.rs (/opt/rustwide/target/debug/deps/sections-b6c0c205f4ec3d57)
[INFO] [stdout] 
[INFO] [stdout] running 7 tests
[INFO] [stdout] test sections_of_list ... FAILED
[INFO] [stdout] test sections_of_list_of_pages_of_text ... FAILED
[INFO] [stdout] test sections_of_text ... FAILED
[INFO] [stdout] test sections_of_list_of_chains_of_text ... FAILED
[INFO] [stdout] test sections_of_styled_pages_of_text ... FAILED
[INFO] [stdout] test sections_of_children_with_multiple_parents ... FAILED
[INFO] [stdout] test sections_of_descendants_with_multiple_parents ... FAILED
[INFO] [stdout] 
[INFO] [stdout] failures:
[INFO] [stdout] 
[INFO] [stdout] ---- sections_of_list stdout ----
[INFO] [stdout] Error: DbError(StoreError { err: StorageError(IoError(Os { code: 30, kind: ReadOnlyFilesystem, message: "Read-only file system" })), operation: "", context: "" })
[INFO] [stdout] 
[INFO] [stdout] ---- sections_of_list_of_pages_of_text stdout ----
[INFO] [stdout] Error: DbError(StoreError { err: StorageError(IoError(Os { code: 30, kind: ReadOnlyFilesystem, message: "Read-only file system" })), operation: "", context: "" })
[INFO] [stdout] 
[INFO] [stdout] ---- sections_of_text stdout ----
[INFO] [stdout] Error: DbError(StoreError { err: StorageError(IoError(Os { code: 30, kind: ReadOnlyFilesystem, message: "Read-only file system" })), operation: "", context: "" })
[INFO] [stdout] 
[INFO] [stdout] ---- sections_of_list_of_chains_of_text stdout ----
[INFO] [stdout] Error: DbError(StoreError { err: StorageError(IoError(Os { code: 30, kind: ReadOnlyFilesystem, message: "Read-only file system" })), operation: "", context: "" })
[INFO] [stdout] 
[INFO] [stdout] ---- sections_of_styled_pages_of_text stdout ----
[INFO] [stdout] Error: DbError(StoreError { err: StorageError(IoError(Os { code: 30, kind: ReadOnlyFilesystem, message: "Read-only file system" })), operation: "", context: "" })
[INFO] [stdout] 
[INFO] [stdout] ---- sections_of_children_with_multiple_parents stdout ----
[INFO] [stdout] Error: DbError(StoreError { err: StorageError(IoError(Os { code: 30, kind: ReadOnlyFilesystem, message: "Read-only file system" })), operation: "", context: "" })
[INFO] [stdout] 
[INFO] [stdout] ---- sections_of_descendants_with_multiple_parents stdout ----
[INFO] [stdout] Error: DbError(StoreError { err: StorageError(IoError(Os { code: 30, kind: ReadOnlyFilesystem, message: "Read-only file system" })), operation: "", context: "" })
[INFO] [stdout] 
[INFO] [stdout] 
[INFO] [stdout] failures:
[INFO] [stdout]     sections_of_children_with_multiple_parents
[INFO] [stdout]     sections_of_descendants_with_multiple_parents
[INFO] [stdout]     sections_of_list
[INFO] [stdout]     sections_of_list_of_chains_of_text
[INFO] [stdout]     sections_of_list_of_pages_of_text
[INFO] [stdout]     sections_of_styled_pages_of_text
[INFO] [stdout]     sections_of_text
[INFO] [stdout] 
[INFO] [stdout] test result: FAILED. 0 passed; 7 failed; 0 ignored; 0 measured; 0 filtered out; finished in 0.18s
[INFO] [stdout] 
[INFO] [stderr] error: test failed, to rerun pass `--test sections`
[INFO] running `Command { std: "docker" "inspect" "b1b6e7ddc9b30b4005d1ab12fe161b50b356845bdc6314eee854c886d05c6f6b", kill_on_drop: false }`
[INFO] running `Command { std: "docker" "rm" "-f" "b1b6e7ddc9b30b4005d1ab12fe161b50b356845bdc6314eee854c886d05c6f6b", kill_on_drop: false }`
[INFO] [stdout] b1b6e7ddc9b30b4005d1ab12fe161b50b356845bdc6314eee854c886d05c6f6b
