[INFO] fetching crate aseprite-reader2 0.1.0...
[INFO] testing aseprite-reader2-0.1.0 against 1.69.0 for beta-1.70-1
[INFO] extracting crate aseprite-reader2 0.1.0 into /workspace/builds/worker-5-tc1/source
[INFO] validating manifest of crates.io crate aseprite-reader2 0.1.0 on toolchain 1.69.0
[INFO] running `Command { std: CARGO_HOME="/workspace/cargo-home" RUSTUP_HOME="/workspace/rustup-home" "/workspace/cargo-home/bin/cargo" "+1.69.0" "metadata" "--manifest-path" "Cargo.toml" "--no-deps", kill_on_drop: false }`
[INFO] started tweaking crates.io crate aseprite-reader2 0.1.0
[INFO] finished tweaking crates.io crate aseprite-reader2 0.1.0
[INFO] tweaked toml for crates.io crate aseprite-reader2 0.1.0 written to /workspace/builds/worker-5-tc1/source/Cargo.toml
[INFO] running `Command { std: CARGO_HOME="/workspace/cargo-home" RUSTUP_HOME="/workspace/rustup-home" __CARGO_TEST_CHANNEL_OVERRIDE_DO_NOT_USE_THIS="nightly" "/workspace/cargo-home/bin/cargo" "+1.69.0" "generate-lockfile" "--manifest-path" "Cargo.toml" "-Zno-index-update", kill_on_drop: false }`
[INFO] running `Command { std: CARGO_HOME="/workspace/cargo-home" RUSTUP_HOME="/workspace/rustup-home" "/workspace/cargo-home/bin/cargo" "+1.69.0" "fetch" "--manifest-path" "Cargo.toml", kill_on_drop: false }`
[INFO] running `Command { std: "docker" "create" "-v" "/var/lib/crater-agent-workspace/builds/worker-5-tc1/target:/opt/rustwide/target:rw,Z" "-v" "/var/lib/crater-agent-workspace/builds/worker-5-tc1/source:/opt/rustwide/workdir:ro,Z" "-v" "/var/lib/crater-agent-workspace/cargo-home:/opt/rustwide/cargo-home:ro,Z" "-v" "/var/lib/crater-agent-workspace/rustup-home:/opt/rustwide/rustup-home:ro,Z" "-e" "SOURCE_DIR=/opt/rustwide/workdir" "-e" "CARGO_TARGET_DIR=/opt/rustwide/target" "-e" "CARGO_HOME=/opt/rustwide/cargo-home" "-e" "RUSTUP_HOME=/opt/rustwide/rustup-home" "-w" "/opt/rustwide/workdir" "-m" "1610612736" "--user" "0:0" "--network" "none" "ghcr.io/rust-lang/crates-build-env/linux@sha256:5ff2268d62e97bff2cde7d5815dd6ed5b47097566f13b8d0ca110b04b60e07ed" "/opt/rustwide/cargo-home/bin/cargo" "+1.69.0" "metadata" "--no-deps" "--format-version=1", kill_on_drop: false }`
[INFO] [stdout] b0de47fab4de1d239074a7a97426a3e1aeec9a75afcbd88995010e538e15542f
[INFO] running `Command { std: "docker" "start" "-a" "b0de47fab4de1d239074a7a97426a3e1aeec9a75afcbd88995010e538e15542f", kill_on_drop: false }`
[INFO] running `Command { std: "docker" "inspect" "b0de47fab4de1d239074a7a97426a3e1aeec9a75afcbd88995010e538e15542f", kill_on_drop: false }`
[INFO] running `Command { std: "docker" "rm" "-f" "b0de47fab4de1d239074a7a97426a3e1aeec9a75afcbd88995010e538e15542f", kill_on_drop: false }`
[INFO] [stdout] b0de47fab4de1d239074a7a97426a3e1aeec9a75afcbd88995010e538e15542f
[INFO] running `Command { std: "docker" "create" "-v" "/var/lib/crater-agent-workspace/builds/worker-5-tc1/target:/opt/rustwide/target:rw,Z" "-v" "/var/lib/crater-agent-workspace/builds/worker-5-tc1/source:/opt/rustwide/workdir:ro,Z" "-v" "/var/lib/crater-agent-workspace/cargo-home:/opt/rustwide/cargo-home:ro,Z" "-v" "/var/lib/crater-agent-workspace/rustup-home:/opt/rustwide/rustup-home:ro,Z" "-e" "SOURCE_DIR=/opt/rustwide/workdir" "-e" "CARGO_TARGET_DIR=/opt/rustwide/target" "-e" "CARGO_INCREMENTAL=0" "-e" "RUST_BACKTRACE=full" "-e" "RUSTFLAGS=--cap-lints=warn" "-e" "RUSTDOCFLAGS=--cap-lints=warn" "-e" "CARGO_HOME=/opt/rustwide/cargo-home" "-e" "RUSTUP_HOME=/opt/rustwide/rustup-home" "-w" "/opt/rustwide/workdir" "-m" "1610612736" "--user" "0:0" "--network" "none" "ghcr.io/rust-lang/crates-build-env/linux@sha256:5ff2268d62e97bff2cde7d5815dd6ed5b47097566f13b8d0ca110b04b60e07ed" "/opt/rustwide/cargo-home/bin/cargo" "+1.69.0" "build" "--frozen" "--message-format=json", kill_on_drop: false }`
[INFO] [stdout] fe3a6295259bd929b2b780022b9f7b93ad14252f43038f744fd8eac7ea0f5fcc
[INFO] running `Command { std: "docker" "start" "-a" "fe3a6295259bd929b2b780022b9f7b93ad14252f43038f744fd8eac7ea0f5fcc", kill_on_drop: false }`
[INFO] [stderr]    Compiling num-traits v0.2.15
[INFO] [stderr]    Compiling num-integer v0.1.45
[INFO] [stderr]    Compiling num-rational v0.3.2
[INFO] [stderr]    Compiling num-iter v0.1.43
[INFO] [stderr]    Compiling crc32fast v1.3.2
[INFO] [stderr]    Compiling memchr v2.5.0
[INFO] [stderr]    Compiling once_cell v1.17.1
[INFO] [stderr]    Compiling syn v2.0.15
[INFO] [stderr]    Compiling thiserror v1.0.40
[INFO] [stderr]    Compiling adler v1.0.2
[INFO] [stderr]    Compiling tracing-core v0.1.30
[INFO] [stderr]    Compiling miniz_oxide v0.7.1
[INFO] [stderr]    Compiling minimal-lexical v0.2.1
[INFO] [stderr]    Compiling color_quant v1.1.0
[INFO] [stderr]    Compiling byteorder v1.4.3
[INFO] [stderr]    Compiling bytemuck v1.13.1
[INFO] [stderr]    Compiling flate2 v1.0.26
[INFO] [stderr]    Compiling nom v7.1.3
[INFO] [stderr]    Compiling image v0.23.14
[INFO] [stderr]    Compiling tracing-attributes v0.1.24
[INFO] [stderr]    Compiling thiserror-impl v1.0.40
[INFO] [stderr]    Compiling tracing v0.1.37
[INFO] [stderr]    Compiling aseprite-reader2 v0.1.0 (/opt/rustwide/workdir)
[INFO] [stdout] warning: unused variable: `flags`
[INFO] [stdout]    --> src/computed.rs:119:25
[INFO] [stdout]     |
[INFO] [stdout] 119 |                         flags,
[INFO] [stdout]     |                         ^^^^^ help: try ignoring the field: `flags: _`
[INFO] [stdout]     |
[INFO] [stdout]     = note: `#[warn(unused_variables)]` on by default
[INFO] [stdout] 
[INFO] [stdout] 
[INFO] [stdout] warning: unused variable: `x`
[INFO] [stdout]    --> src/computed.rs:120:25
[INFO] [stdout]     |
[INFO] [stdout] 120 |                         x,
[INFO] [stdout]     |                         ^ help: try ignoring the field: `x: _`
[INFO] [stdout] 
[INFO] [stdout] 
[INFO] [stdout] warning: unused variable: `y`
[INFO] [stdout]    --> src/computed.rs:121:25
[INFO] [stdout]     |
[INFO] [stdout] 121 |                         y,
[INFO] [stdout]     |                         ^ help: try ignoring the field: `y: _`
[INFO] [stdout] 
[INFO] [stdout] 
[INFO] [stdout] warning: unused variable: `width`
[INFO] [stdout]    --> src/computed.rs:122:25
[INFO] [stdout]     |
[INFO] [stdout] 122 |                         width,
[INFO] [stdout]     |                         ^^^^^ help: try ignoring the field: `width: _`
[INFO] [stdout] 
[INFO] [stdout] 
[INFO] [stdout] warning: unused variable: `height`
[INFO] [stdout]    --> src/computed.rs:123:25
[INFO] [stdout]     |
[INFO] [stdout] 123 |                         height,
[INFO] [stdout]     |                         ^^^^^^ help: try ignoring the field: `height: _`
[INFO] [stdout] 
[INFO] [stdout] 
[INFO] [stdout] warning: unused variable: `data`
[INFO] [stdout]    --> src/computed.rs:146:62
[INFO] [stdout]     |
[INFO] [stdout] 146 |                     crate::raw::RawAsepriteChunk::UserData { data } => {
[INFO] [stdout]     |                                                              ^^^^ help: try ignoring the field: `data: _`
[INFO] [stdout] 
[INFO] [stdout] 
[INFO] [stdout] warning: unused variable: `flags`
[INFO] [stdout]    --> src/computed.rs:150:25
[INFO] [stdout]     |
[INFO] [stdout] 150 |                         flags,
[INFO] [stdout]     |                         ^^^^^ help: try ignoring the field: `flags: _`
[INFO] [stdout] 
[INFO] [stdout] 
[INFO] [stdout] warning: unused variable: `profile_type`
[INFO] [stdout]    --> src/computed.rs:178:25
[INFO] [stdout]     |
[INFO] [stdout] 178 |                         profile_type,
[INFO] [stdout]     |                         ^^^^^^^^^^^^ help: try ignoring the field: `profile_type: _`
[INFO] [stdout] 
[INFO] [stdout] 
[INFO] [stdout] warning: unused variable: `flags`
[INFO] [stdout]    --> src/computed.rs:179:25
[INFO] [stdout]     |
[INFO] [stdout] 179 |                         flags,
[INFO] [stdout]     |                         ^^^^^ help: try ignoring the field: `flags: _`
[INFO] [stdout] 
[INFO] [stdout] 
[INFO] [stdout] warning: unused variable: `gamma`
[INFO] [stdout]    --> src/computed.rs:180:25
[INFO] [stdout]     |
[INFO] [stdout] 180 |                         gamma,
[INFO] [stdout]     |                         ^^^^^ help: try ignoring the field: `gamma: _`
[INFO] [stdout] 
[INFO] [stdout] 
[INFO] [stdout] warning: unused variable: `icc_profile`
[INFO] [stdout]    --> src/computed.rs:181:25
[INFO] [stdout]     |
[INFO] [stdout] 181 |                         icc_profile,
[INFO] [stdout]     |                         ^^^^^^^^^^^ help: try ignoring the field: `icc_profile: _`
[INFO] [stdout] 
[INFO] [stdout] 
[INFO] [stdout] warning: unused variable: `pivot`
[INFO] [stdout]    --> src/computed.rs:161:30
[INFO] [stdout]     |
[INFO] [stdout] 161 | ...                   pivot,
[INFO] [stdout]     |                       ^^^^^ help: try ignoring the field: `pivot: _`
[INFO] [stdout] 
[INFO] [stdout] 
[INFO] [stdout] warning: field `opacity` is never read
[INFO] [stdout]    --> src/computed.rs:453:5
[INFO] [stdout]     |
[INFO] [stdout] 450 | pub struct AsepriteCel {
[INFO] [stdout]     |            ----------- field in this struct
[INFO] [stdout] ...
[INFO] [stdout] 453 |     opacity: u8,
[INFO] [stdout]     |     ^^^^^^^
[INFO] [stdout]     |
[INFO] [stdout]     = note: `AsepriteCel` has derived impls for the traits `Clone` and `Debug`, but these are intentionally ignored during dead code analysis
[INFO] [stdout]     = note: `#[warn(dead_code)]` on by default
[INFO] [stdout] 
[INFO] [stdout] 
[INFO] [stdout] warning: method `cel_count` is never used
[INFO] [stdout]    --> src/computed.rs:414:8
[INFO] [stdout]     |
[INFO] [stdout] 414 |     fn cel_count(&self) -> usize {
[INFO] [stdout]     |        ^^^^^^^^^
[INFO] [stdout] 
[INFO] [stdout] 
[INFO] [stdout] warning: 14 warnings emitted
[INFO] [stdout] 
[INFO] [stdout] 
[INFO] [stderr]     Finished dev [unoptimized + debuginfo] target(s) in 15.29s
[INFO] running `Command { std: "docker" "inspect" "fe3a6295259bd929b2b780022b9f7b93ad14252f43038f744fd8eac7ea0f5fcc", kill_on_drop: false }`
[INFO] running `Command { std: "docker" "rm" "-f" "fe3a6295259bd929b2b780022b9f7b93ad14252f43038f744fd8eac7ea0f5fcc", kill_on_drop: false }`
[INFO] [stdout] fe3a6295259bd929b2b780022b9f7b93ad14252f43038f744fd8eac7ea0f5fcc
[INFO] running `Command { std: "docker" "create" "-v" "/var/lib/crater-agent-workspace/builds/worker-5-tc1/target:/opt/rustwide/target:rw,Z" "-v" "/var/lib/crater-agent-workspace/builds/worker-5-tc1/source:/opt/rustwide/workdir:ro,Z" "-v" "/var/lib/crater-agent-workspace/cargo-home:/opt/rustwide/cargo-home:ro,Z" "-v" "/var/lib/crater-agent-workspace/rustup-home:/opt/rustwide/rustup-home:ro,Z" "-e" "SOURCE_DIR=/opt/rustwide/workdir" "-e" "CARGO_TARGET_DIR=/opt/rustwide/target" "-e" "CARGO_INCREMENTAL=0" "-e" "RUST_BACKTRACE=full" "-e" "RUSTFLAGS=--cap-lints=warn" "-e" "RUSTDOCFLAGS=--cap-lints=warn" "-e" "CARGO_HOME=/opt/rustwide/cargo-home" "-e" "RUSTUP_HOME=/opt/rustwide/rustup-home" "-w" "/opt/rustwide/workdir" "-m" "1610612736" "--user" "0:0" "--network" "none" "ghcr.io/rust-lang/crates-build-env/linux@sha256:5ff2268d62e97bff2cde7d5815dd6ed5b47097566f13b8d0ca110b04b60e07ed" "/opt/rustwide/cargo-home/bin/cargo" "+1.69.0" "test" "--frozen" "--no-run" "--message-format=json", kill_on_drop: false }`
[INFO] [stdout] 75e66809c063225aebb1b78116ccc05375f4bb6ae7747ba3ad2789704c309f4d
[INFO] running `Command { std: "docker" "start" "-a" "75e66809c063225aebb1b78116ccc05375f4bb6ae7747ba3ad2789704c309f4d", kill_on_drop: false }`
[INFO] [stdout] warning: unused variable: `flags`
[INFO] [stdout]    --> src/computed.rs:119:25
[INFO] [stdout]     |
[INFO] [stdout] 119 |                         flags,
[INFO] [stdout]     |                         ^^^^^ help: try ignoring the field: `flags: _`
[INFO] [stdout]     |
[INFO] [stdout]     = note: `#[warn(unused_variables)]` on by default
[INFO] [stdout] 
[INFO] [stdout] 
[INFO] [stdout] warning: unused variable: `x`
[INFO] [stdout]    --> src/computed.rs:120:25
[INFO] [stdout]     |
[INFO] [stdout] 120 |                         x,
[INFO] [stdout]     |                         ^ help: try ignoring the field: `x: _`
[INFO] [stdout] 
[INFO] [stdout] 
[INFO] [stdout] warning: unused variable: `y`
[INFO] [stdout]    --> src/computed.rs:121:25
[INFO] [stdout]     |
[INFO] [stdout] 121 |                         y,
[INFO] [stdout]     |                         ^ help: try ignoring the field: `y: _`
[INFO] [stdout] 
[INFO] [stdout] 
[INFO] [stdout] warning: unused variable: `width`
[INFO] [stdout]    --> src/computed.rs:122:25
[INFO] [stdout]     |
[INFO] [stdout] 122 |                         width,
[INFO] [stdout]     |                         ^^^^^ help: try ignoring the field: `width: _`
[INFO] [stdout] 
[INFO] [stdout] 
[INFO] [stdout] warning: unused variable: `height`
[INFO] [stdout]    --> src/computed.rs:123:25
[INFO] [stdout]     |
[INFO] [stdout] 123 |                         height,
[INFO] [stdout]     |                         ^^^^^^ help: try ignoring the field: `height: _`
[INFO] [stdout] 
[INFO] [stdout] 
[INFO] [stdout] warning: unused variable: `data`
[INFO] [stdout]    --> src/computed.rs:146:62
[INFO] [stdout]     |
[INFO] [stdout] 146 |                     crate::raw::RawAsepriteChunk::UserData { data } => {
[INFO] [stdout]     |                                                              ^^^^ help: try ignoring the field: `data: _`
[INFO] [stdout] 
[INFO] [stdout] 
[INFO] [stdout] warning: unused variable: `flags`
[INFO] [stdout]    --> src/computed.rs:150:25
[INFO] [stdout]     |
[INFO] [stdout] 150 |                         flags,
[INFO] [stdout]     |                         ^^^^^ help: try ignoring the field: `flags: _`
[INFO] [stdout] 
[INFO] [stdout] 
[INFO] [stdout] warning: unused variable: `profile_type`
[INFO] [stdout]    --> src/computed.rs:178:25
[INFO] [stdout]     |
[INFO] [stdout] 178 |                         profile_type,
[INFO] [stdout]     |                         ^^^^^^^^^^^^ help: try ignoring the field: `profile_type: _`
[INFO] [stdout] 
[INFO] [stdout] 
[INFO] [stdout] warning: unused variable: `flags`
[INFO] [stdout]    --> src/computed.rs:179:25
[INFO] [stdout]     |
[INFO] [stdout] 179 |                         flags,
[INFO] [stdout]     |                         ^^^^^ help: try ignoring the field: `flags: _`
[INFO] [stdout] 
[INFO] [stdout] 
[INFO] [stdout] warning: unused variable: `gamma`
[INFO] [stdout]    --> src/computed.rs:180:25
[INFO] [stdout]     |
[INFO] [stdout] 180 |                         gamma,
[INFO] [stdout]     |                         ^^^^^ help: try ignoring the field: `gamma: _`
[INFO] [stdout] 
[INFO] [stdout] 
[INFO] [stdout] warning: unused variable: `icc_profile`
[INFO] [stdout]    --> src/computed.rs:181:25
[INFO] [stdout]     |
[INFO] [stdout] 181 |                         icc_profile,
[INFO] [stdout]     |                         ^^^^^^^^^^^ help: try ignoring the field: `icc_profile: _`
[INFO] [stdout] 
[INFO] [stdout] 
[INFO] [stdout] warning: unused variable: `pivot`
[INFO] [stdout]    --> src/computed.rs:161:30
[INFO] [stdout]     |
[INFO] [stdout] 161 | ...                   pivot,
[INFO] [stdout]     |                       ^^^^^ help: try ignoring the field: `pivot: _`
[INFO] [stdout] 
[INFO] [stdout] 
[INFO] [stdout] warning: field `opacity` is never read
[INFO] [stdout]    --> src/computed.rs:453:5
[INFO] [stdout]     |
[INFO] [stdout] 450 | pub struct AsepriteCel {
[INFO] [stdout]     |            ----------- field in this struct
[INFO] [stdout] ...
[INFO] [stdout] 453 |     opacity: u8,
[INFO] [stdout]     |     ^^^^^^^
[INFO] [stdout]     |
[INFO] [stdout]     = note: `AsepriteCel` has derived impls for the traits `Clone` and `Debug`, but these are intentionally ignored during dead code analysis
[INFO] [stdout]     = note: `#[warn(dead_code)]` on by default
[INFO] [stdout] 
[INFO] [stdout] 
[INFO] [stdout] warning: method `cel_count` is never used
[INFO] [stdout]    --> src/computed.rs:414:8
[INFO] [stdout]     |
[INFO] [stdout] 414 |     fn cel_count(&self) -> usize {
[INFO] [stdout]     |        ^^^^^^^^^
[INFO] [stdout] 
[INFO] [stdout] 
[INFO] [stdout] warning: 14 warnings emitted
[INFO] [stdout] 
[INFO] [stdout] 
[INFO] [stderr]    Compiling aseprite-reader2 v0.1.0 (/opt/rustwide/workdir)
[INFO] [stdout] warning: unused variable: `flags`
[INFO] [stdout]    --> src/computed.rs:119:25
[INFO] [stdout]     |
[INFO] [stdout] 119 |                         flags,
[INFO] [stdout]     |                         ^^^^^ help: try ignoring the field: `flags: _`
[INFO] [stdout]     |
[INFO] [stdout]     = note: `#[warn(unused_variables)]` on by default
[INFO] [stdout] 
[INFO] [stdout] 
[INFO] [stdout] warning: unused variable: `x`
[INFO] [stdout]    --> src/computed.rs:120:25
[INFO] [stdout]     |
[INFO] [stdout] 120 |                         x,
[INFO] [stdout]     |                         ^ help: try ignoring the field: `x: _`
[INFO] [stdout] 
[INFO] [stdout] 
[INFO] [stdout] warning: unused variable: `y`
[INFO] [stdout]    --> src/computed.rs:121:25
[INFO] [stdout]     |
[INFO] [stdout] 121 |                         y,
[INFO] [stdout]     |                         ^ help: try ignoring the field: `y: _`
[INFO] [stdout] 
[INFO] [stdout] 
[INFO] [stdout] warning: unused variable: `width`
[INFO] [stdout]    --> src/computed.rs:122:25
[INFO] [stdout]     |
[INFO] [stdout] 122 |                         width,
[INFO] [stdout]     |                         ^^^^^ help: try ignoring the field: `width: _`
[INFO] [stdout] 
[INFO] [stdout] 
[INFO] [stdout] warning: unused variable: `height`
[INFO] [stdout]    --> src/computed.rs:123:25
[INFO] [stdout]     |
[INFO] [stdout] 123 |                         height,
[INFO] [stdout]     |                         ^^^^^^ help: try ignoring the field: `height: _`
[INFO] [stdout] 
[INFO] [stdout] 
[INFO] [stdout] warning: unused variable: `data`
[INFO] [stdout]    --> src/computed.rs:146:62
[INFO] [stdout]     |
[INFO] [stdout] 146 |                     crate::raw::RawAsepriteChunk::UserData { data } => {
[INFO] [stdout]     |                                                              ^^^^ help: try ignoring the field: `data: _`
[INFO] [stdout] 
[INFO] [stdout] 
[INFO] [stdout] warning: unused variable: `flags`
[INFO] [stdout]    --> src/computed.rs:150:25
[INFO] [stdout]     |
[INFO] [stdout] 150 |                         flags,
[INFO] [stdout]     |                         ^^^^^ help: try ignoring the field: `flags: _`
[INFO] [stdout] 
[INFO] [stdout] 
[INFO] [stdout] warning: unused variable: `profile_type`
[INFO] [stdout]    --> src/computed.rs:178:25
[INFO] [stdout]     |
[INFO] [stdout] 178 |                         profile_type,
[INFO] [stdout]     |                         ^^^^^^^^^^^^ help: try ignoring the field: `profile_type: _`
[INFO] [stdout] 
[INFO] [stdout] 
[INFO] [stdout] warning: unused variable: `flags`
[INFO] [stdout]    --> src/computed.rs:179:25
[INFO] [stdout]     |
[INFO] [stdout] 179 |                         flags,
[INFO] [stdout]     |                         ^^^^^ help: try ignoring the field: `flags: _`
[INFO] [stdout] 
[INFO] [stdout] 
[INFO] [stdout] warning: unused variable: `gamma`
[INFO] [stdout]    --> src/computed.rs:180:25
[INFO] [stdout]     |
[INFO] [stdout] 180 |                         gamma,
[INFO] [stdout]     |                         ^^^^^ help: try ignoring the field: `gamma: _`
[INFO] [stdout] 
[INFO] [stdout] 
[INFO] [stdout] warning: unused variable: `icc_profile`
[INFO] [stdout]    --> src/computed.rs:181:25
[INFO] [stdout]     |
[INFO] [stdout] 181 |                         icc_profile,
[INFO] [stdout]     |                         ^^^^^^^^^^^ help: try ignoring the field: `icc_profile: _`
[INFO] [stdout] 
[INFO] [stdout] 
[INFO] [stdout] warning: unused variable: `pivot`
[INFO] [stdout]    --> src/computed.rs:161:30
[INFO] [stdout]     |
[INFO] [stdout] 161 | ...                   pivot,
[INFO] [stdout]     |                       ^^^^^ help: try ignoring the field: `pivot: _`
[INFO] [stdout] 
[INFO] [stdout] 
[INFO] [stdout] warning: field `opacity` is never read
[INFO] [stdout]    --> src/computed.rs:453:5
[INFO] [stdout]     |
[INFO] [stdout] 450 | pub struct AsepriteCel {
[INFO] [stdout]     |            ----------- field in this struct
[INFO] [stdout] ...
[INFO] [stdout] 453 |     opacity: u8,
[INFO] [stdout]     |     ^^^^^^^
[INFO] [stdout]     |
[INFO] [stdout]     = note: `AsepriteCel` has derived impls for the traits `Clone` and `Debug`, but these are intentionally ignored during dead code analysis
[INFO] [stdout]     = note: `#[warn(dead_code)]` on by default
[INFO] [stdout] 
[INFO] [stdout] 
[INFO] [stdout] warning: method `cel_count` is never used
[INFO] [stdout]    --> src/computed.rs:414:8
[INFO] [stdout]     |
[INFO] [stdout] 414 |     fn cel_count(&self) -> usize {
[INFO] [stdout]     |        ^^^^^^^^^
[INFO] [stdout] 
[INFO] [stdout] 
[INFO] [stdout] warning: 14 warnings emitted
[INFO] [stdout] 
[INFO] [stdout] 
[INFO] [stderr]     Finished test [unoptimized + debuginfo] target(s) in 1.21s
[INFO] running `Command { std: "docker" "inspect" "75e66809c063225aebb1b78116ccc05375f4bb6ae7747ba3ad2789704c309f4d", kill_on_drop: false }`
[INFO] running `Command { std: "docker" "rm" "-f" "75e66809c063225aebb1b78116ccc05375f4bb6ae7747ba3ad2789704c309f4d", kill_on_drop: false }`
[INFO] [stdout] 75e66809c063225aebb1b78116ccc05375f4bb6ae7747ba3ad2789704c309f4d
[INFO] running `Command { std: "docker" "create" "-v" "/var/lib/crater-agent-workspace/builds/worker-5-tc1/target:/opt/rustwide/target:rw,Z" "-v" "/var/lib/crater-agent-workspace/builds/worker-5-tc1/source:/opt/rustwide/workdir:ro,Z" "-v" "/var/lib/crater-agent-workspace/cargo-home:/opt/rustwide/cargo-home:ro,Z" "-v" "/var/lib/crater-agent-workspace/rustup-home:/opt/rustwide/rustup-home:ro,Z" "-e" "SOURCE_DIR=/opt/rustwide/workdir" "-e" "CARGO_TARGET_DIR=/opt/rustwide/target" "-e" "CARGO_INCREMENTAL=0" "-e" "RUST_BACKTRACE=full" "-e" "RUSTFLAGS=--cap-lints=warn" "-e" "RUSTDOCFLAGS=--cap-lints=warn" "-e" "CARGO_HOME=/opt/rustwide/cargo-home" "-e" "RUSTUP_HOME=/opt/rustwide/rustup-home" "-w" "/opt/rustwide/workdir" "-m" "1610612736" "--user" "0:0" "--network" "none" "ghcr.io/rust-lang/crates-build-env/linux@sha256:5ff2268d62e97bff2cde7d5815dd6ed5b47097566f13b8d0ca110b04b60e07ed" "/opt/rustwide/cargo-home/bin/cargo" "+1.69.0" "test" "--frozen", kill_on_drop: false }`
[INFO] [stdout] 1f21a8635eccf38d972d86ee5090754557640b5f47897dd854ee959c09ef2e3e
[INFO] running `Command { std: "docker" "start" "-a" "1f21a8635eccf38d972d86ee5090754557640b5f47897dd854ee959c09ef2e3e", kill_on_drop: false }`
[INFO] [stderr] warning: unused variable: `flags`
[INFO] [stderr]    --> src/computed.rs:119:25
[INFO] [stderr]     |
[INFO] [stderr] 119 |                         flags,
[INFO] [stderr]     |                         ^^^^^ help: try ignoring the field: `flags: _`
[INFO] [stderr]     |
[INFO] [stderr]     = note: `#[warn(unused_variables)]` on by default
[INFO] [stderr] 
[INFO] [stderr] warning: unused variable: `x`
[INFO] [stderr]    --> src/computed.rs:120:25
[INFO] [stderr]     |
[INFO] [stderr] 120 |                         x,
[INFO] [stderr]     |                         ^ help: try ignoring the field: `x: _`
[INFO] [stderr] 
[INFO] [stderr] warning: unused variable: `y`
[INFO] [stderr]    --> src/computed.rs:121:25
[INFO] [stderr]     |
[INFO] [stderr] 121 |                         y,
[INFO] [stderr]     |                         ^ help: try ignoring the field: `y: _`
[INFO] [stderr] 
[INFO] [stderr] warning: unused variable: `width`
[INFO] [stderr]    --> src/computed.rs:122:25
[INFO] [stderr]     |
[INFO] [stderr] 122 |                         width,
[INFO] [stderr]     |                         ^^^^^ help: try ignoring the field: `width: _`
[INFO] [stderr] 
[INFO] [stderr] warning: unused variable: `height`
[INFO] [stderr]    --> src/computed.rs:123:25
[INFO] [stderr]     |
[INFO] [stderr] 123 |                         height,
[INFO] [stderr]     |                         ^^^^^^ help: try ignoring the field: `height: _`
[INFO] [stderr] 
[INFO] [stderr] warning: unused variable: `data`
[INFO] [stderr]    --> src/computed.rs:146:62
[INFO] [stderr]     |
[INFO] [stderr] 146 |                     crate::raw::RawAsepriteChunk::UserData { data } => {
[INFO] [stderr]     |                                                              ^^^^ help: try ignoring the field: `data: _`
[INFO] [stderr] 
[INFO] [stderr] warning: unused variable: `flags`
[INFO] [stderr]    --> src/computed.rs:150:25
[INFO] [stderr]     |
[INFO] [stderr] 150 |                         flags,
[INFO] [stderr]     |                         ^^^^^ help: try ignoring the field: `flags: _`
[INFO] [stderr] 
[INFO] [stderr] warning: unused variable: `profile_type`
[INFO] [stderr]    --> src/computed.rs:178:25
[INFO] [stderr]     |
[INFO] [stderr] 178 |                         profile_type,
[INFO] [stderr]     |                         ^^^^^^^^^^^^ help: try ignoring the field: `profile_type: _`
[INFO] [stderr] 
[INFO] [stderr] warning: unused variable: `flags`
[INFO] [stderr]    --> src/computed.rs:179:25
[INFO] [stderr]     |
[INFO] [stderr] 179 |                         flags,
[INFO] [stderr]     |                         ^^^^^ help: try ignoring the field: `flags: _`
[INFO] [stderr] 
[INFO] [stderr] warning: unused variable: `gamma`
[INFO] [stderr]    --> src/computed.rs:180:25
[INFO] [stderr]     |
[INFO] [stderr] 180 |                         gamma,
[INFO] [stderr]     |                         ^^^^^ help: try ignoring the field: `gamma: _`
[INFO] [stderr] 
[INFO] [stderr] warning: unused variable: `icc_profile`
[INFO] [stderr]    --> src/computed.rs:181:25
[INFO] [stderr]     |
[INFO] [stderr] 181 |                         icc_profile,
[INFO] [stderr]     |                         ^^^^^^^^^^^ help: try ignoring the field: `icc_profile: _`
[INFO] [stderr] 
[INFO] [stderr] warning: unused variable: `pivot`
[INFO] [stderr]    --> src/computed.rs:161:30
[INFO] [stderr]     |
[INFO] [stderr] 161 | ...                   pivot,
[INFO] [stderr]     |                       ^^^^^ help: try ignoring the field: `pivot: _`
[INFO] [stderr] 
[INFO] [stderr] warning: field `opacity` is never read
[INFO] [stderr]    --> src/computed.rs:453:5
[INFO] [stderr]     |
[INFO] [stderr] 450 | pub struct AsepriteCel {
[INFO] [stderr]     |            ----------- field in this struct
[INFO] [stderr] ...
[INFO] [stderr] 453 |     opacity: u8,
[INFO] [stderr]     |     ^^^^^^^
[INFO] [stderr]     |
[INFO] [stderr]     = note: `AsepriteCel` has derived impls for the traits `Clone` and `Debug`, but these are intentionally ignored during dead code analysis
[INFO] [stderr]     = note: `#[warn(dead_code)]` on by default
[INFO] [stderr] 
[INFO] [stderr] warning: method `cel_count` is never used
[INFO] [stderr]    --> src/computed.rs:414:8
[INFO] [stderr]     |
[INFO] [stderr] 414 |     fn cel_count(&self) -> usize {
[INFO] [stderr]     |        ^^^^^^^^^
[INFO] [stderr] 
[INFO] [stderr] warning: `aseprite-reader2` (lib) generated 14 warnings (run `cargo fix --lib -p aseprite-reader2` to apply 12 suggestions)
[INFO] [stderr] warning: `aseprite-reader2` (lib test) generated 14 warnings (14 duplicates)
[INFO] [stderr]     Finished test [unoptimized + debuginfo] target(s) in 0.02s
[INFO] [stderr]      Running unittests src/lib.rs (/opt/rustwide/target/debug/deps/aseprite_reader2-e1929121ed3153b7)
[INFO] [stdout] 
[INFO] [stdout] running 2 tests
[INFO] [stdout] test raw::test::check_valid_file_header ... ok
[INFO] [stdout] test raw::test::check_valid_file ... ok
[INFO] [stdout] 
[INFO] [stdout] test result: ok. 2 passed; 0 failed; 0 ignored; 0 measured; 0 filtered out; finished in 0.04s
[INFO] [stdout] 
[INFO] [stderr]    Doc-tests aseprite-reader2
[INFO] [stdout] 
[INFO] [stdout] running 1 test
[INFO] [stdout] test src/lib.rs - (line 38) ... FAILED
[INFO] [stdout] 
[INFO] [stdout] failures:
[INFO] [stdout] 
[INFO] [stdout] ---- src/lib.rs - (line 38) stdout ----
[INFO] [stdout] error[E0432]: unresolved import `aseprite_reader`
[INFO] [stdout]  --> src/lib.rs:39:5
[INFO] [stdout]   |
[INFO] [stdout] 3 | use aseprite_reader::Aseprite;
[INFO] [stdout]   |     ^^^^^^^^^^^^^^^ use of undeclared crate or module `aseprite_reader`
[INFO] [stdout]   |
[INFO] [stdout] help: there is a crate or module with a similar name
[INFO] [stdout]   |
[INFO] [stdout] 3 | use aseprite_reader2::Aseprite;
[INFO] [stdout]   |     ~~~~~~~~~~~~~~~~
[INFO] [stdout] 
[INFO] [stdout] error: aborting due to previous error
[INFO] [stdout] 
[INFO] [stdout] For more information about this error, try `rustc --explain E0432`.
[INFO] [stdout] Couldn't compile the test.
[INFO] [stdout] 
[INFO] [stdout] failures:
[INFO] [stdout]     src/lib.rs - (line 38)
[INFO] [stdout] 
[INFO] [stdout] test result: FAILED. 0 passed; 1 failed; 0 ignored; 0 measured; 0 filtered out; finished in 0.06s
[INFO] [stdout] 
[INFO] [stderr] error: doctest failed, to rerun pass `--doc`
[INFO] running `Command { std: "docker" "inspect" "1f21a8635eccf38d972d86ee5090754557640b5f47897dd854ee959c09ef2e3e", kill_on_drop: false }`
[INFO] running `Command { std: "docker" "rm" "-f" "1f21a8635eccf38d972d86ee5090754557640b5f47897dd854ee959c09ef2e3e", kill_on_drop: false }`
[INFO] [stdout] 1f21a8635eccf38d972d86ee5090754557640b5f47897dd854ee959c09ef2e3e
