[INFO] fetching crate arrow-ord 38.0.0...
[INFO] testing arrow-ord-38.0.0 against 1.69.0 for beta-1.70-1
[INFO] extracting crate arrow-ord 38.0.0 into /workspace/builds/worker-5-tc1/source
[INFO] validating manifest of crates.io crate arrow-ord 38.0.0 on toolchain 1.69.0
[INFO] running `Command { std: CARGO_HOME="/workspace/cargo-home" RUSTUP_HOME="/workspace/rustup-home" "/workspace/cargo-home/bin/cargo" "+1.69.0" "metadata" "--manifest-path" "Cargo.toml" "--no-deps", kill_on_drop: false }`
[INFO] started tweaking crates.io crate arrow-ord 38.0.0
[INFO] finished tweaking crates.io crate arrow-ord 38.0.0
[INFO] tweaked toml for crates.io crate arrow-ord 38.0.0 written to /workspace/builds/worker-5-tc1/source/Cargo.toml
[INFO] running `Command { std: CARGO_HOME="/workspace/cargo-home" RUSTUP_HOME="/workspace/rustup-home" __CARGO_TEST_CHANNEL_OVERRIDE_DO_NOT_USE_THIS="nightly" "/workspace/cargo-home/bin/cargo" "+1.69.0" "generate-lockfile" "--manifest-path" "Cargo.toml" "-Zno-index-update", kill_on_drop: false }`
[INFO] running `Command { std: CARGO_HOME="/workspace/cargo-home" RUSTUP_HOME="/workspace/rustup-home" "/workspace/cargo-home/bin/cargo" "+1.69.0" "fetch" "--manifest-path" "Cargo.toml", kill_on_drop: false }`
[INFO] [stderr]  Downloading crates ...
[INFO] [stderr]   Downloaded libm v0.1.4
[INFO] [stderr]   Downloaded proc-macro-hack v0.5.20+deprecated
[INFO] [stderr]   Downloaded num v0.4.0
[INFO] [stderr]   Downloaded arrow-schema v38.0.0
[INFO] [stderr]   Downloaded arrow-select v38.0.0
[INFO] [stderr]   Downloaded arrow-buffer v38.0.0
[INFO] [stderr]   Downloaded arrow-data v38.0.0
[INFO] [stderr]   Downloaded packed_simd_2 v0.3.8
[INFO] [stderr]   Downloaded hashbrown v0.13.2
[INFO] [stderr]   Downloaded arrow-array v38.0.0
[INFO] running `Command { std: "docker" "create" "-v" "/var/lib/crater-agent-workspace/builds/worker-5-tc1/target:/opt/rustwide/target:rw,Z" "-v" "/var/lib/crater-agent-workspace/builds/worker-5-tc1/source:/opt/rustwide/workdir:ro,Z" "-v" "/var/lib/crater-agent-workspace/cargo-home:/opt/rustwide/cargo-home:ro,Z" "-v" "/var/lib/crater-agent-workspace/rustup-home:/opt/rustwide/rustup-home:ro,Z" "-e" "SOURCE_DIR=/opt/rustwide/workdir" "-e" "CARGO_TARGET_DIR=/opt/rustwide/target" "-e" "CARGO_HOME=/opt/rustwide/cargo-home" "-e" "RUSTUP_HOME=/opt/rustwide/rustup-home" "-w" "/opt/rustwide/workdir" "-m" "1610612736" "--user" "0:0" "--network" "none" "ghcr.io/rust-lang/crates-build-env/linux@sha256:5ff2268d62e97bff2cde7d5815dd6ed5b47097566f13b8d0ca110b04b60e07ed" "/opt/rustwide/cargo-home/bin/cargo" "+1.69.0" "metadata" "--no-deps" "--format-version=1", kill_on_drop: false }`
[INFO] [stdout] 0778bfb8b10e5215cec576a424fa6c69cc6c3859be6c505ca774e6b9b6e1f3a5
[INFO] running `Command { std: "docker" "start" "-a" "0778bfb8b10e5215cec576a424fa6c69cc6c3859be6c505ca774e6b9b6e1f3a5", kill_on_drop: false }`
[INFO] running `Command { std: "docker" "inspect" "0778bfb8b10e5215cec576a424fa6c69cc6c3859be6c505ca774e6b9b6e1f3a5", kill_on_drop: false }`
[INFO] running `Command { std: "docker" "rm" "-f" "0778bfb8b10e5215cec576a424fa6c69cc6c3859be6c505ca774e6b9b6e1f3a5", kill_on_drop: false }`
[INFO] [stdout] 0778bfb8b10e5215cec576a424fa6c69cc6c3859be6c505ca774e6b9b6e1f3a5
[INFO] running `Command { std: "docker" "create" "-v" "/var/lib/crater-agent-workspace/builds/worker-5-tc1/target:/opt/rustwide/target:rw,Z" "-v" "/var/lib/crater-agent-workspace/builds/worker-5-tc1/source:/opt/rustwide/workdir:ro,Z" "-v" "/var/lib/crater-agent-workspace/cargo-home:/opt/rustwide/cargo-home:ro,Z" "-v" "/var/lib/crater-agent-workspace/rustup-home:/opt/rustwide/rustup-home:ro,Z" "-e" "SOURCE_DIR=/opt/rustwide/workdir" "-e" "CARGO_TARGET_DIR=/opt/rustwide/target" "-e" "CARGO_INCREMENTAL=0" "-e" "RUST_BACKTRACE=full" "-e" "RUSTFLAGS=--cap-lints=warn" "-e" "RUSTDOCFLAGS=--cap-lints=warn" "-e" "CARGO_HOME=/opt/rustwide/cargo-home" "-e" "RUSTUP_HOME=/opt/rustwide/rustup-home" "-w" "/opt/rustwide/workdir" "-m" "1610612736" "--user" "0:0" "--network" "none" "ghcr.io/rust-lang/crates-build-env/linux@sha256:5ff2268d62e97bff2cde7d5815dd6ed5b47097566f13b8d0ca110b04b60e07ed" "/opt/rustwide/cargo-home/bin/cargo" "+1.69.0" "build" "--frozen" "--message-format=json", kill_on_drop: false }`
[INFO] [stdout] bce4a0090e14e8ef0466f4c49d7a703a33348a20c82bf2cd760ee6339a903a3a
[INFO] running `Command { std: "docker" "start" "-a" "bce4a0090e14e8ef0466f4c49d7a703a33348a20c82bf2cd760ee6339a903a3a", kill_on_drop: false }`
[INFO] [stderr]    Compiling libm v0.2.6
[INFO] [stderr]    Compiling num-traits v0.2.15
[INFO] [stderr]    Compiling num-integer v0.1.45
[INFO] [stderr]    Compiling num-bigint v0.4.3
[INFO] [stderr]    Compiling num-rational v0.4.1
[INFO] [stderr]    Compiling num-iter v0.1.43
[INFO] [stderr]    Compiling libc v0.2.142
[INFO] [stderr]    Compiling ahash v0.8.3
[INFO] [stderr]    Compiling once_cell v1.17.1
[INFO] [stderr]    Compiling arrow-schema v38.0.0
[INFO] [stderr]    Compiling hashbrown v0.13.2
[INFO] [stderr]    Compiling getrandom v0.2.9
[INFO] [stderr]    Compiling num-complex v0.4.3
[INFO] [stderr]    Compiling half v2.2.1
[INFO] [stderr]    Compiling chrono v0.4.24
[INFO] [stderr]    Compiling num v0.4.0
[INFO] [stderr]    Compiling arrow-buffer v38.0.0
[INFO] [stderr]    Compiling arrow-data v38.0.0
[INFO] [stderr]    Compiling arrow-array v38.0.0
[INFO] [stderr]    Compiling arrow-select v38.0.0
[INFO] [stderr]    Compiling arrow-ord v38.0.0 (/opt/rustwide/workdir)
[INFO] [stderr]     Finished dev [unoptimized + debuginfo] target(s) in 28.79s
[INFO] running `Command { std: "docker" "inspect" "bce4a0090e14e8ef0466f4c49d7a703a33348a20c82bf2cd760ee6339a903a3a", kill_on_drop: false }`
[INFO] running `Command { std: "docker" "rm" "-f" "bce4a0090e14e8ef0466f4c49d7a703a33348a20c82bf2cd760ee6339a903a3a", kill_on_drop: false }`
[INFO] [stdout] bce4a0090e14e8ef0466f4c49d7a703a33348a20c82bf2cd760ee6339a903a3a
[INFO] running `Command { std: "docker" "create" "-v" "/var/lib/crater-agent-workspace/builds/worker-5-tc1/target:/opt/rustwide/target:rw,Z" "-v" "/var/lib/crater-agent-workspace/builds/worker-5-tc1/source:/opt/rustwide/workdir:ro,Z" "-v" "/var/lib/crater-agent-workspace/cargo-home:/opt/rustwide/cargo-home:ro,Z" "-v" "/var/lib/crater-agent-workspace/rustup-home:/opt/rustwide/rustup-home:ro,Z" "-e" "SOURCE_DIR=/opt/rustwide/workdir" "-e" "CARGO_TARGET_DIR=/opt/rustwide/target" "-e" "CARGO_INCREMENTAL=0" "-e" "RUST_BACKTRACE=full" "-e" "RUSTFLAGS=--cap-lints=warn" "-e" "RUSTDOCFLAGS=--cap-lints=warn" "-e" "CARGO_HOME=/opt/rustwide/cargo-home" "-e" "RUSTUP_HOME=/opt/rustwide/rustup-home" "-w" "/opt/rustwide/workdir" "-m" "1610612736" "--user" "0:0" "--network" "none" "ghcr.io/rust-lang/crates-build-env/linux@sha256:5ff2268d62e97bff2cde7d5815dd6ed5b47097566f13b8d0ca110b04b60e07ed" "/opt/rustwide/cargo-home/bin/cargo" "+1.69.0" "test" "--frozen" "--no-run" "--message-format=json", kill_on_drop: false }`
[INFO] [stdout] 4b45f78c67406dda23dcc540c4af256e5d3fa0940fc6d06dc9d9060b01372986
[INFO] running `Command { std: "docker" "start" "-a" "4b45f78c67406dda23dcc540c4af256e5d3fa0940fc6d06dc9d9060b01372986", kill_on_drop: false }`
[INFO] [stderr]    Compiling getrandom v0.2.9
[INFO] [stderr]    Compiling ahash v0.8.3
[INFO] [stderr]    Compiling rand_core v0.6.4
[INFO] [stderr]    Compiling rand_chacha v0.3.1
[INFO] [stderr]    Compiling arrow-array v38.0.0
[INFO] [stderr]    Compiling rand v0.8.5
[INFO] [stderr]    Compiling arrow-select v38.0.0
[INFO] [stderr]    Compiling arrow-ord v38.0.0 (/opt/rustwide/workdir)
[INFO] [stderr]     Finished test [unoptimized + debuginfo] target(s) in 45.40s
[INFO] running `Command { std: "docker" "inspect" "4b45f78c67406dda23dcc540c4af256e5d3fa0940fc6d06dc9d9060b01372986", kill_on_drop: false }`
[INFO] running `Command { std: "docker" "rm" "-f" "4b45f78c67406dda23dcc540c4af256e5d3fa0940fc6d06dc9d9060b01372986", kill_on_drop: false }`
[INFO] [stdout] 4b45f78c67406dda23dcc540c4af256e5d3fa0940fc6d06dc9d9060b01372986
[INFO] running `Command { std: "docker" "create" "-v" "/var/lib/crater-agent-workspace/builds/worker-5-tc1/target:/opt/rustwide/target:rw,Z" "-v" "/var/lib/crater-agent-workspace/builds/worker-5-tc1/source:/opt/rustwide/workdir:ro,Z" "-v" "/var/lib/crater-agent-workspace/cargo-home:/opt/rustwide/cargo-home:ro,Z" "-v" "/var/lib/crater-agent-workspace/rustup-home:/opt/rustwide/rustup-home:ro,Z" "-e" "SOURCE_DIR=/opt/rustwide/workdir" "-e" "CARGO_TARGET_DIR=/opt/rustwide/target" "-e" "CARGO_INCREMENTAL=0" "-e" "RUST_BACKTRACE=full" "-e" "RUSTFLAGS=--cap-lints=warn" "-e" "RUSTDOCFLAGS=--cap-lints=warn" "-e" "CARGO_HOME=/opt/rustwide/cargo-home" "-e" "RUSTUP_HOME=/opt/rustwide/rustup-home" "-w" "/opt/rustwide/workdir" "-m" "1610612736" "--user" "0:0" "--network" "none" "ghcr.io/rust-lang/crates-build-env/linux@sha256:5ff2268d62e97bff2cde7d5815dd6ed5b47097566f13b8d0ca110b04b60e07ed" "/opt/rustwide/cargo-home/bin/cargo" "+1.69.0" "test" "--frozen", kill_on_drop: false }`
[INFO] [stdout] c2826e061bdb6f2f8fc885d16314c83a1223a58802005bfe23e2221e3ed21f06
[INFO] running `Command { std: "docker" "start" "-a" "c2826e061bdb6f2f8fc885d16314c83a1223a58802005bfe23e2221e3ed21f06", kill_on_drop: false }`
[INFO] [stderr]     Finished test [unoptimized + debuginfo] target(s) in 0.08s
[INFO] [stderr]      Running unittests src/lib.rs (/opt/rustwide/target/debug/deps/arrow_ord-8c2d59dc83a4e786)
[INFO] [stdout] 
[INFO] [stdout] running 182 tests
[INFO] [stdout] test comparison::tests::test_binary_array_eq ... ok
[INFO] [stdout] test comparison::tests::test_binary_array_gt ... ok
[INFO] [stdout] test comparison::tests::test_binary_array_lt ... ok
[INFO] [stdout] test comparison::tests::test_binary_array_lt_eq_scalar ... ok
[INFO] [stdout] test comparison::tests::test_binary_array_eq_scalar ... ok
[INFO] [stdout] test comparison::tests::test_binary_array_gt_scalar ... ok
[INFO] [stdout] test comparison::tests::test_binary_array_neq_scalar ... ok
[INFO] [stdout] test comparison::tests::test_binary_array_lt_eq ... ok
[INFO] [stdout] test comparison::tests::test_binary_array_gt_eq ... ok
[INFO] [stdout] test comparison::tests::test_binary_array_neq ... ok
[INFO] [stdout] test comparison::tests::test_binary_array_lt_scalar ... ok
[INFO] [stdout] test comparison::tests::test_binary_array_gt_eq_scalar ... ok
[INFO] [stdout] test comparison::tests::test_binary_eq_scalar_on_slice ... ok
[INFO] [stdout] test comparison::tests::test_boolean_array_eq ... ok
[INFO] [stdout] test comparison::tests::test_boolean_array_gt_eq ... ok
[INFO] [stdout] test comparison::tests::test_boolean_array_gt_eq_scalar ... ok
[INFO] [stdout] test comparison::tests::test_boolean_array_lt ... ok
[INFO] [stdout] test comparison::tests::test_boolean_array_lt_eq_scalar ... ok
[INFO] [stdout] test comparison::tests::test_boolean_array_lt_eq ... ok
[INFO] [stdout] test comparison::tests::test_boolean_array_lt_scalar ... ok
[INFO] [stdout] test comparison::tests::test_boolean_array_gt ... ok
[INFO] [stdout] test comparison::tests::test_boolean_array_gt_scalar ... ok
[INFO] [stdout] test comparison::tests::test_boolean_array_eq_scalar ... ok
[INFO] [stdout] test comparison::tests::test_boolean_array_neq ... ok
[INFO] [stdout] test comparison::tests::test_contains ... ok
[INFO] [stdout] test comparison::tests::test_contains_utf8 ... ok
[INFO] [stdout] test comparison::tests::test_decimal128_scalar ... ok
[INFO] [stdout] test comparison::tests::test_decimal256 ... ok
[INFO] [stdout] test comparison::tests::test_boolean_array_neq_scalar ... ok
[INFO] [stdout] test comparison::tests::test_duration_dyn_scalar ... ok
[INFO] [stdout] test comparison::tests::test_eq_dyn_binary_scalar ... ok
[INFO] [stdout] test comparison::tests::test_eq_dyn_neq_dyn_float_nan ... ok
[INFO] [stdout] test comparison::tests::test_eq_dyn_scalar ... ok
[INFO] [stdout] test comparison::tests::test_decimal256_scalar_i256 ... ok
[INFO] [stdout] test comparison::tests::test_eq_dyn_bool_scalar ... ok
[INFO] [stdout] test comparison::tests::test_eq_dyn_scalar_float ... ok
[INFO] [stdout] test comparison::tests::test_decimal256_scalar_i128 ... ok
[INFO] [stdout] test comparison::tests::test_eq_dyn_utf8_scalar_with_dict ... ok
[INFO] [stdout] test comparison::tests::test_floating_zeros ... ok
[INFO] [stdout] test comparison::tests::test_eq_dyn_utf8_scalar ... ok
[INFO] [stdout] test comparison::tests::test_date32_dyn_scalar ... ok
[INFO] [stdout] test comparison::tests::test_gt_dyn_binary_scalar ... ok
[INFO] [stdout] test comparison::tests::test_eq_dyn_scalar_neq_dyn_scalar_float_nan ... ok
[INFO] [stdout] test comparison::tests::test_eq_dyn_neq_dyn_fixed_size_binary ... ok
[INFO] [stdout] test comparison::tests::test_decimal128 ... ok
[INFO] [stdout] test comparison::tests::test_date64_dyn_scalar ... ok
[INFO] [stdout] test comparison::tests::test_gt_dyn_scalar_gt_eq_dyn_scalar_float_nan ... ok
[INFO] [stdout] test comparison::tests::test_eq_dyn_scalar_with_dict ... ok
[INFO] [stdout] test comparison::tests::test_gt_dyn_bool_scalar ... ok
[INFO] [stdout] test comparison::tests::test_gt_dyn_scalar ... ok
[INFO] [stdout] test comparison::tests::test_gt_dyn_scalar_with_dict ... ok
[INFO] [stdout] test comparison::tests::test_gt_dyn_scalar_float ... ok
[INFO] [stdout] test comparison::tests::test_gt_dyn_utf8_scalar ... ok
[INFO] [stdout] test comparison::tests::test_gt_dyn_gt_eq_dyn_float_nan ... ok
[INFO] [stdout] test comparison::tests::test_gt_eq_dyn_scalar ... ok
[INFO] [stdout] test comparison::tests::test_gt_eq_dyn_utf8_scalar ... ok
[INFO] [stdout] test comparison::tests::test_gt_eq_dyn_binary_scalar ... ok
[INFO] [stdout] test comparison::tests::test_gt_eq_dyn_utf8_scalar_with_dict ... ok
[INFO] [stdout] test comparison::tests::test_interval_array ... ok
[INFO] [stdout] test comparison::tests::test_interval_dyn_scalar ... ok
[INFO] [stdout] test comparison::tests::test_gt_eq_dyn_bool_scalar ... ok
[INFO] [stdout] test comparison::tests::test_length_of_result_buffer ... ok
[INFO] [stdout] test comparison::tests::test_gt_eq_dyn_scalar_float ... ok
[INFO] [stdout] test comparison::tests::test_gt_eq_dyn_scalar_with_dict ... ok
[INFO] [stdout] test comparison::tests::test_lt_dyn_binary_scalar ... ok
[INFO] [stdout] test comparison::tests::test_lt_dyn_bool_scalar ... ok
[INFO] [stdout] test comparison::tests::test_lt_dyn_lt_eq_dyn_float_nan ... ok
[INFO] [stdout] test comparison::tests::test_lt_dyn_scalar ... ok
[INFO] [stdout] test comparison::tests::test_lt_dyn_utf8_scalar_with_dict ... ok
[INFO] [stdout] test comparison::tests::test_lt_eq_dyn_binary_scalar ... ok
[INFO] [stdout] test comparison::tests::test_lt_eq_dyn_scalar ... ok
[INFO] [stdout] test comparison::tests::test_lt_eq_dyn_scalar_float ... ok
[INFO] [stdout] test comparison::tests::test_lt_dyn_utf8_scalar ... ok
[INFO] [stdout] test comparison::tests::test_lt_dyn_scalar_float ... ok
[INFO] [stdout] test comparison::tests::test_lt_dyn_scalar_with_dict ... ok
[INFO] [stdout] test comparison::tests::test_lt_eq_dyn_bool_scalar ... ok
[INFO] [stdout] test comparison::tests::test_lt_dyn_scalar_lt_eq_dyn_scalar_float_nan ... ok
[INFO] [stdout] test comparison::tests::test_lt_eq_dyn_utf8_scalar ... ok
[INFO] [stdout] test comparison::tests::test_lt_eq_dyn_scalar_with_dict ... ok
[INFO] [stdout] test comparison::tests::test_gt_dyn_utf8_scalar_with_dict ... ok
[INFO] [stdout] test comparison::tests::test_neq_dyn_scalar_float ... ok
[INFO] [stdout] test comparison::tests::test_lt_eq_dyn_utf8_scalar_with_dict ... ok
[INFO] [stdout] test comparison::tests::test_neq_dyn_scalar_with_dict ... ok
[INFO] [stdout] test comparison::tests::test_neq_dyn_utf8_scalar_with_dict ... ok
[INFO] [stdout] test comparison::tests::test_primitive_array_eq_scalar ... ok
[INFO] [stdout] test comparison::tests::test_primitive_array_eq ... ok
[INFO] [stdout] test comparison::tests::test_neq_dyn_scalar ... ok
[INFO] [stdout] test comparison::tests::test_primitive_array_compare_slice ... ok
[INFO] [stdout] test comparison::tests::test_primitive_array_compare_scalar_slice ... ok
[INFO] [stdout] test comparison::tests::test_primitive_array_eq_scalar_with_slice ... ok
[INFO] [stdout] test comparison::tests::test_neq_dyn_binary_scalar ... ok
[INFO] [stdout] test comparison::tests::test_neq_dyn_utf8_scalar ... ok
[INFO] [stdout] test comparison::tests::test_neq_dyn_bool_scalar ... ok
[INFO] [stdout] test comparison::tests::test_primitive_array_gt_eq_scalar_nulls ... ok
[INFO] [stdout] test comparison::tests::test_primitive_array_gt_nulls ... ok
[INFO] [stdout] test comparison::tests::test_primitive_array_gt_scalar ... ok
[INFO] [stdout] test comparison::tests::test_primitive_array_gt_eq ... ok
[INFO] [stdout] test comparison::tests::test_primitive_array_gt_eq_nulls ... ok
[INFO] [stdout] test comparison::tests::test_primitive_array_lt_eq_nulls ... ok
[INFO] [stdout] test comparison::tests::test_primitive_array_lt_eq_scalar ... ok
[INFO] [stdout] test comparison::tests::test_primitive_array_eq_with_slice ... ok
[INFO] [stdout] test comparison::tests::test_primitive_array_gt_eq_scalar ... ok
[INFO] [stdout] test comparison::tests::test_primitive_array_gt_scalar_nulls ... ok
[INFO] [stdout] test comparison::tests::test_primitive_array_gt ... ok
[INFO] [stdout] test comparison::tests::test_primitive_array_lt ... ok
[INFO] [stdout] test comparison::tests::test_primitive_array_lt_eq ... ok
[INFO] [stdout] test comparison::tests::test_primitive_array_lt_nulls ... ok
[INFO] [stdout] test comparison::tests::test_primitive_array_lt_eq_scalar_nulls ... ok
[INFO] [stdout] test comparison::tests::test_primitive_array_lt_scalar ... ok
[INFO] [stdout] test comparison::tests::test_primitive_array_neq_scalar ... ok
[INFO] [stdout] test comparison::tests::test_time64_dyn_scalar ... ok
[INFO] [stdout] test comparison::tests::test_timestamp_dyn_scalar ... ok
[INFO] [stdout] test comparison::tests::test_try_to_type ... ok
[INFO] [stdout] test comparison::tests::test_utf8_array_eq ... ok
[INFO] [stdout] test comparison::tests::test_utf8_array_eq_scalar ... ok
[INFO] [stdout] test comparison::tests::test_utf8_array_gt ... ok
[INFO] [stdout] test comparison::tests::test_utf8_array_gt_eq ... ok
[INFO] [stdout] test comparison::tests::test_utf8_array_lt ... ok
[INFO] [stdout] test comparison::tests::test_utf8_array_lt_eq ... ok
[INFO] [stdout] test comparison::tests::test_unary_cmp ... ok
[INFO] [stdout] test comparison::tests::test_utf8_array_lt_eq_scalar ... ok
[INFO] [stdout] test comparison::tests::test_utf8_array_lt_scalar ... ok
[INFO] [stdout] test comparison::tests::test_utf8_array_neq_scalar ... ok
[INFO] [stdout] test comparison::tests::test_utf8_eq_scalar_on_slice ... ok
[INFO] [stdout] test comparison::tests::test_time32_dyn_scalar ... ok
[INFO] [stdout] test ord::tests::test_decimal256_dict ... ok
[INFO] [stdout] test ord::tests::test_decimali256 ... ok
[INFO] [stdout] test ord::tests::test_dict ... ok
[INFO] [stdout] test ord::tests::test_duration_dict ... ok
[INFO] [stdout] test ord::tests::test_f16 ... ok
[INFO] [stdout] test comparison::tests::test_primitive_array_lt_scalar_nulls ... ok
[INFO] [stdout] test comparison::tests::test_primitive_array_neq ... ok
[INFO] [stdout] test ord::tests::test_f64 ... ok
[INFO] [stdout] test ord::tests::test_f64_nan ... ok
[INFO] [stdout] test ord::tests::test_fixed_size_binary ... ok
[INFO] [stdout] test ord::tests::test_f64_zeros ... ok
[INFO] [stdout] test ord::tests::test_decimal ... ok
[INFO] [stdout] test ord::tests::test_fixed_size_binary_fixed_size_binary ... ok
[INFO] [stdout] test ord::tests::test_float_dict ... ok
[INFO] [stdout] test ord::tests::test_interval_dict ... ok
[INFO] [stdout] test ord::tests::test_i32 ... ok
[INFO] [stdout] test ord::tests::test_timestamp_dict ... ok
[INFO] [stdout] test ord::tests::test_multiple_dict ... ok
[INFO] [stdout] test ord::tests::test_i32_i32 ... ok
[INFO] [stdout] test ord::tests::test_primitive_dict ... ok
[INFO] [stdout] test partition::tests::test_lexicographical_partition_all_equal_values ... ok
[INFO] [stdout] test partition::tests::test_lexicographical_partition_ranges_empty ... ok
[INFO] [stdout] test partition::tests::test_lexicographical_partition_all_null_values ... ok
[INFO] [stdout] test partition::tests::test_lexicographical_partition_ranges_unaligned_rows ... ok
[INFO] [stdout] test partition::tests::test_lexicographical_partition_non_unique_column_1 ... ok
[INFO] [stdout] test partition::tests::test_lexicographical_partition_single_column ... ok
[INFO] [stdout] test partition::tests::test_lexicographical_partition_unique_column_1 ... ok
[INFO] [stdout] test partition::tests::test_partition_point ... ok
[INFO] [stdout] test partition::tests::test_lexicographical_partition_unique_column_2 ... ok
[INFO] [stdout] test sort::tests::test_lex_sort_unaligned_rows ... ok
[INFO] [stdout] test sort::tests::test_lex_sort_mixed_types ... ok
[INFO] [stdout] test sort::tests::test_lex_sort_single_column ... ok
[INFO] [stdout] test comparison::tests::test_utf8_array_gt_eq_scalar ... ok
[INFO] [stdout] test comparison::tests::test_utf8_array_neq ... ok
[INFO] [stdout] test comparison::tests::test_utf8_array_gt_scalar ... ok
[INFO] [stdout] test sort::tests::test_partial_rand_sort ... ok
[INFO] [stdout] test sort::tests::test_partial_sort ... ok
[INFO] [stdout] test sort::tests::test_sort_boolean ... ok
[INFO] [stdout] test sort::tests::test_sort_decimal256_max_min ... ok
[INFO] [stdout] test sort::tests::test_sort_decimal128 ... ok
[INFO] [stdout] test sort::tests::test_sort_indices_decimal256 ... ok
[INFO] [stdout] test sort::tests::test_sort_binary ... ok
[INFO] [stdout] test sort::tests::test_sort_indices_decimal256_max_min ... ok
[INFO] [stdout] test sort::tests::test_sort_indices_decimal128 ... ok
[INFO] [stdout] test ord::tests::test_decimal_dict ... ok
[INFO] [stdout] test sort::tests::test_sort_decimal256 ... ok
[INFO] [stdout] test sort::tests::test_sort_f32_dicts ... ok
[INFO] [stdout] test sort::tests::test_sort_int8_dicts ... ok
[INFO] [stdout] test sort::tests::test_sort_to_indices_primitive_more_nulls_than_limit ... ok
[INFO] [stdout] test sort::tests::test_sort_to_indices_primitives ... ok
[INFO] [stdout] test sort::tests::test_sort_primitives ... ok
[INFO] [stdout] test sort::tests::test_sort_strings ... ok
[INFO] [stdout] test sort::tests::test_sort_string_dicts ... ok
[INFO] [stdout] test sort::tests::test_sort_list ... ok
[INFO] [stdout] test sort::tests::test_sort_run_to_run ... ok
[INFO] [stdout] test sort::tests::test_sort_to_indices_strings ... ok
[INFO] [stdout] test sort::tests::test_sort_run_to_indices ... ok
[INFO] [stdout] 
[INFO] [stdout] test result: ok. 182 passed; 0 failed; 0 ignored; 0 measured; 0 filtered out; finished in 0.16s
[INFO] [stdout] 
[INFO] [stderr]    Doc-tests arrow_ord
[INFO] [stdout] 
[INFO] [stdout] running 10 tests
[INFO] [stdout] test src/ord.rs - ord::build_compare (line 138) ... FAILED
[INFO] [stdout] test src/sort.rs - sort::lexsort (line 1026) ... FAILED
[INFO] [stdout] test src/sort.rs - sort::sort (line 48) ... FAILED
[INFO] [stdout] test src/comparison.rs - comparison::neq_dyn (line 2193) ... ok
[INFO] [stdout] test src/comparison.rs - comparison::lt_dyn (line 2240) ... ok
[INFO] [stdout] test src/comparison.rs - comparison::eq_dyn (line 2148) ... ok
[INFO] [stdout] test src/comparison.rs - comparison::gt_eq_dyn (line 2382) ... ok
[INFO] [stdout] test src/comparison.rs - comparison::lt_eq_dyn (line 2287) ... ok
[INFO] [stdout] test src/comparison.rs - comparison::gt_dyn (line 2336) ... ok
[INFO] [stdout] test src/sort.rs - sort::sort_limit (line 77) ... ok
[INFO] [stdout] 
[INFO] [stdout] failures:
[INFO] [stdout] 
[INFO] [stdout] ---- src/ord.rs - ord::build_compare (line 138) stdout ----
[INFO] [stdout] error: linking with `cc` failed: exit status: 1
[INFO] [stdout]   |
[INFO] [stdout]   = note: LC_ALL="C" PATH="/opt/rustwide/rustup-home/toolchains/1.69.0-x86_64-unknown-linux-gnu/lib/rustlib/x86_64-unknown-linux-gnu/bin:/opt/rustwide/cargo-home/bin:/usr/local/sbin:/usr/local/bin:/usr/sbin:/usr/bin:/sbin:/bin" VSLANG="1033" "cc" "-m64" "/tmp/rustc4azHjZ/symbols.o" "/tmp/rustdoctestHDBsUo/rust_out.rust_out.5bfee551-cgu.0.rcgu.o" "/tmp/rustdoctestHDBsUo/rust_out.j00p4ncf7xg64kg.rcgu.o" "-Wl,--as-needed" "-L" "/opt/rustwide/target/debug/deps" "-L" "/opt/rustwide/target/debug/deps" "-L" "/opt/rustwide/rustup-home/toolchains/1.69.0-x86_64-unknown-linux-gnu/lib/rustlib/x86_64-unknown-linux-gnu/lib" "-Wl,-Bstatic" "/opt/rustwide/target/debug/deps/libarrow_ord-9c9f9bb987b93cab.rlib" "/opt/rustwide/target/debug/deps/libarrow_select-f1c7a570944e8ed2.rlib" "/opt/rustwide/target/debug/deps/libarrow_array-40cfb0ea6811ac1e.rlib" "/opt/rustwide/target/debug/deps/libahash-ade9dcd45be091ae.rlib" "/opt/rustwide/target/debug/deps/libgetrandom-78a03d6cafbc6a2f.rlib" "/opt/rustwide/target/debug/deps/liblibc-9b7f1aaa310b684d.rlib" "/opt/rustwide/target/debug/deps/libonce_cell-48e4d437e5697f8e.rlib" "/opt/rustwide/target/debug/deps/libcfg_if-e5e118dd7d121aaa.rlib" "/opt/rustwide/target/debug/deps/libhashbrown-c7bf753f55b65fca.rlib" "/opt/rustwide/target/debug/deps/libchrono-8f8ff7d52f7574b6.rlib" "/opt/rustwide/target/debug/deps/libiana_time_zone-bf2c4c30343f4ef7.rlib" "/opt/rustwide/target/debug/deps/libarrow_data-ad4051d27e436c12.rlib" "/opt/rustwide/target/debug/deps/libarrow_schema-85787ed16f1fce46.rlib" "/opt/rustwide/target/debug/deps/libarrow_buffer-462e666c12b8e0d9.rlib" "/opt/rustwide/target/debug/deps/libhalf-7482ad6c20620c32.rlib" "/opt/rustwide/target/debug/deps/libnum-e2418feedf86140a.rlib" "/opt/rustwide/target/debug/deps/libnum_iter-9531399e8c4916c3.rlib" "/opt/rustwide/target/debug/deps/libnum_rational-914c513d2ada28c5.rlib" "/opt/rustwide/target/debug/deps/libnum_complex-3fd4444e70a93002.rlib" "/opt/rustwide/target/debug/deps/libnum_bigint-515a6adb8f7d71bf.rlib" "/opt/rustwide/target/debug/deps/libnum_integer-0bdd22a0100db6c1.rlib" "/opt/rustwide/target/debug/deps/libnum_traits-3d4054e4fd15acaf.rlib" "/opt/rustwide/rustup-home/toolchains/1.69.0-x86_64-unknown-linux-gnu/lib/rustlib/x86_64-unknown-linux-gnu/lib/libstd-89bc084783fdc439.rlib" "/opt/rustwide/rustup-home/toolchains/1.69.0-x86_64-unknown-linux-gnu/lib/rustlib/x86_64-unknown-linux-gnu/lib/libpanic_unwind-8bee4b287d4367c1.rlib" "/opt/rustwide/rustup-home/toolchains/1.69.0-x86_64-unknown-linux-gnu/lib/rustlib/x86_64-unknown-linux-gnu/lib/libobject-d61707aed80694c0.rlib" "/opt/rustwide/rustup-home/toolchains/1.69.0-x86_64-unknown-linux-gnu/lib/rustlib/x86_64-unknown-linux-gnu/lib/libmemchr-d85366256f22345b.rlib" "/opt/rustwide/rustup-home/toolchains/1.69.0-x86_64-unknown-linux-gnu/lib/rustlib/x86_64-unknown-linux-gnu/lib/libaddr2line-96069b86b8a8cae9.rlib" "/opt/rustwide/rustup-home/toolchains/1.69.0-x86_64-unknown-linux-gnu/lib/rustlib/x86_64-unknown-linux-gnu/lib/libgimli-d19d53abf68dfa6c.rlib" "/opt/rustwide/rustup-home/toolchains/1.69.0-x86_64-unknown-linux-gnu/lib/rustlib/x86_64-unknown-linux-gnu/lib/librustc_demangle-787cbccd19d64ac6.rlib" "/opt/rustwide/rustup-home/toolchains/1.69.0-x86_64-unknown-linux-gnu/lib/rustlib/x86_64-unknown-linux-gnu/lib/libstd_detect-b3837a36b830e0d0.rlib" "/opt/rustwide/rustup-home/toolchains/1.69.0-x86_64-unknown-linux-gnu/lib/rustlib/x86_64-unknown-linux-gnu/lib/libhashbrown-e3deb0e7e3f04966.rlib" "/opt/rustwide/rustup-home/toolchains/1.69.0-x86_64-unknown-linux-gnu/lib/rustlib/x86_64-unknown-linux-gnu/lib/libminiz_oxide-dabbb79c9815def4.rlib" "/opt/rustwide/rustup-home/toolchains/1.69.0-x86_64-unknown-linux-gnu/lib/rustlib/x86_64-unknown-linux-gnu/lib/libadler-305b01f34c9409f2.rlib" "/opt/rustwide/rustup-home/toolchains/1.69.0-x86_64-unknown-linux-gnu/lib/rustlib/x86_64-unknown-linux-gnu/lib/librustc_std_workspace_alloc-f833521df6074e73.rlib" "/opt/rustwide/rustup-home/toolchains/1.69.0-x86_64-unknown-linux-gnu/lib/rustlib/x86_64-unknown-linux-gnu/lib/libunwind-9ac333113350d171.rlib" "/opt/rustwide/rustup-home/toolchains/1.69.0-x86_64-unknown-linux-gnu/lib/rustlib/x86_64-unknown-linux-gnu/lib/libcfg_if-1c126114322d0eee.rlib" "/opt/rustwide/rustup-home/toolchains/1.69.0-x86_64-unknown-linux-gnu/lib/rustlib/x86_64-unknown-linux-gnu/lib/liblibc-bad9164fdeeecf92.rlib" "/opt/rustwide/rustup-home/toolchains/1.69.0-x86_64-unknown-linux-gnu/lib/rustlib/x86_64-unknown-linux-gnu/lib/liballoc-f9374b1e480fa681.rlib" "/opt/rustwide/rustup-home/toolchains/1.69.0-x86_64-unknown-linux-gnu/lib/rustlib/x86_64-unknown-linux-gnu/lib/librustc_std_workspace_core-207f06e41d9603af.rlib" "/opt/rustwide/rustup-home/toolchains/1.69.0-x86_64-unknown-linux-gnu/lib/rustlib/x86_64-unknown-linux-gnu/lib/libcore-7e2768e66e984e85.rlib" "/opt/rustwide/rustup-home/toolchains/1.69.0-x86_64-unknown-linux-gnu/lib/rustlib/x86_64-unknown-linux-gnu/lib/libcompiler_builtins-957b4aff41f8cd46.rlib" "-Wl,-Bdynamic" "-lc" "-lm" "-lrt" "-lpthread" "-lgcc_s" "-lutil" "-lrt" "-lpthread" "-lm" "-ldl" "-lc" "-Wl,--eh-frame-hdr" "-Wl,-z,noexecstack" "-L" "/opt/rustwide/rustup-home/toolchains/1.69.0-x86_64-unknown-linux-gnu/lib/rustlib/x86_64-unknown-linux-gnu/lib" "-o" "/tmp/rustdoctestHDBsUo/rust_out" "-Wl,--gc-sections" "-pie" "-Wl,-z,relro,-z,now" "-nodefaultlibs"
[INFO] [stdout]   = note: collect2: fatal error: ld terminated with signal 9 [Killed]
[INFO] [stdout]           compilation terminated.
[INFO] [stdout]           
[INFO] [stdout] 
[INFO] [stdout] error: aborting due to previous error
[INFO] [stdout] 
[INFO] [stdout] Couldn't compile the test.
[INFO] [stdout] ---- src/sort.rs - sort::lexsort (line 1026) stdout ----
[INFO] [stdout] error: linking with `cc` failed: exit status: 1
[INFO] [stdout]   |
[INFO] [stdout]   = note: LC_ALL="C" PATH="/opt/rustwide/rustup-home/toolchains/1.69.0-x86_64-unknown-linux-gnu/lib/rustlib/x86_64-unknown-linux-gnu/bin:/opt/rustwide/cargo-home/bin:/usr/local/sbin:/usr/local/bin:/usr/sbin:/usr/bin:/sbin:/bin" VSLANG="1033" "cc" "-m64" "/tmp/rustcwNM7vK/symbols.o" "/tmp/rustdoctestzNzCr9/rust_out.rust_out.5bfee551-cgu.0.rcgu.o" "/tmp/rustdoctestzNzCr9/rust_out.j00p4ncf7xg64kg.rcgu.o" "-Wl,--as-needed" "-L" "/opt/rustwide/target/debug/deps" "-L" "/opt/rustwide/target/debug/deps" "-L" "/opt/rustwide/rustup-home/toolchains/1.69.0-x86_64-unknown-linux-gnu/lib/rustlib/x86_64-unknown-linux-gnu/lib" "-Wl,-Bstatic" "/opt/rustwide/target/debug/deps/libarrow_ord-9c9f9bb987b93cab.rlib" "/opt/rustwide/target/debug/deps/libarrow_select-f1c7a570944e8ed2.rlib" "/opt/rustwide/target/debug/deps/libarrow_array-40cfb0ea6811ac1e.rlib" "/opt/rustwide/target/debug/deps/libahash-ade9dcd45be091ae.rlib" "/opt/rustwide/target/debug/deps/libgetrandom-78a03d6cafbc6a2f.rlib" "/opt/rustwide/target/debug/deps/liblibc-9b7f1aaa310b684d.rlib" "/opt/rustwide/target/debug/deps/libonce_cell-48e4d437e5697f8e.rlib" "/opt/rustwide/target/debug/deps/libcfg_if-e5e118dd7d121aaa.rlib" "/opt/rustwide/target/debug/deps/libhashbrown-c7bf753f55b65fca.rlib" "/opt/rustwide/target/debug/deps/libchrono-8f8ff7d52f7574b6.rlib" "/opt/rustwide/target/debug/deps/libiana_time_zone-bf2c4c30343f4ef7.rlib" "/opt/rustwide/target/debug/deps/libarrow_data-ad4051d27e436c12.rlib" "/opt/rustwide/target/debug/deps/libarrow_schema-85787ed16f1fce46.rlib" "/opt/rustwide/target/debug/deps/libarrow_buffer-462e666c12b8e0d9.rlib" "/opt/rustwide/target/debug/deps/libhalf-7482ad6c20620c32.rlib" "/opt/rustwide/target/debug/deps/libnum-e2418feedf86140a.rlib" "/opt/rustwide/target/debug/deps/libnum_iter-9531399e8c4916c3.rlib" "/opt/rustwide/target/debug/deps/libnum_rational-914c513d2ada28c5.rlib" "/opt/rustwide/target/debug/deps/libnum_complex-3fd4444e70a93002.rlib" "/opt/rustwide/target/debug/deps/libnum_bigint-515a6adb8f7d71bf.rlib" "/opt/rustwide/target/debug/deps/libnum_integer-0bdd22a0100db6c1.rlib" "/opt/rustwide/target/debug/deps/libnum_traits-3d4054e4fd15acaf.rlib" "/opt/rustwide/rustup-home/toolchains/1.69.0-x86_64-unknown-linux-gnu/lib/rustlib/x86_64-unknown-linux-gnu/lib/libstd-89bc084783fdc439.rlib" "/opt/rustwide/rustup-home/toolchains/1.69.0-x86_64-unknown-linux-gnu/lib/rustlib/x86_64-unknown-linux-gnu/lib/libpanic_unwind-8bee4b287d4367c1.rlib" "/opt/rustwide/rustup-home/toolchains/1.69.0-x86_64-unknown-linux-gnu/lib/rustlib/x86_64-unknown-linux-gnu/lib/libobject-d61707aed80694c0.rlib" "/opt/rustwide/rustup-home/toolchains/1.69.0-x86_64-unknown-linux-gnu/lib/rustlib/x86_64-unknown-linux-gnu/lib/libmemchr-d85366256f22345b.rlib" "/opt/rustwide/rustup-home/toolchains/1.69.0-x86_64-unknown-linux-gnu/lib/rustlib/x86_64-unknown-linux-gnu/lib/libaddr2line-96069b86b8a8cae9.rlib" "/opt/rustwide/rustup-home/toolchains/1.69.0-x86_64-unknown-linux-gnu/lib/rustlib/x86_64-unknown-linux-gnu/lib/libgimli-d19d53abf68dfa6c.rlib" "/opt/rustwide/rustup-home/toolchains/1.69.0-x86_64-unknown-linux-gnu/lib/rustlib/x86_64-unknown-linux-gnu/lib/librustc_demangle-787cbccd19d64ac6.rlib" "/opt/rustwide/rustup-home/toolchains/1.69.0-x86_64-unknown-linux-gnu/lib/rustlib/x86_64-unknown-linux-gnu/lib/libstd_detect-b3837a36b830e0d0.rlib" "/opt/rustwide/rustup-home/toolchains/1.69.0-x86_64-unknown-linux-gnu/lib/rustlib/x86_64-unknown-linux-gnu/lib/libhashbrown-e3deb0e7e3f04966.rlib" "/opt/rustwide/rustup-home/toolchains/1.69.0-x86_64-unknown-linux-gnu/lib/rustlib/x86_64-unknown-linux-gnu/lib/libminiz_oxide-dabbb79c9815def4.rlib" "/opt/rustwide/rustup-home/toolchains/1.69.0-x86_64-unknown-linux-gnu/lib/rustlib/x86_64-unknown-linux-gnu/lib/libadler-305b01f34c9409f2.rlib" "/opt/rustwide/rustup-home/toolchains/1.69.0-x86_64-unknown-linux-gnu/lib/rustlib/x86_64-unknown-linux-gnu/lib/librustc_std_workspace_alloc-f833521df6074e73.rlib" "/opt/rustwide/rustup-home/toolchains/1.69.0-x86_64-unknown-linux-gnu/lib/rustlib/x86_64-unknown-linux-gnu/lib/libunwind-9ac333113350d171.rlib" "/opt/rustwide/rustup-home/toolchains/1.69.0-x86_64-unknown-linux-gnu/lib/rustlib/x86_64-unknown-linux-gnu/lib/libcfg_if-1c126114322d0eee.rlib" "/opt/rustwide/rustup-home/toolchains/1.69.0-x86_64-unknown-linux-gnu/lib/rustlib/x86_64-unknown-linux-gnu/lib/liblibc-bad9164fdeeecf92.rlib" "/opt/rustwide/rustup-home/toolchains/1.69.0-x86_64-unknown-linux-gnu/lib/rustlib/x86_64-unknown-linux-gnu/lib/liballoc-f9374b1e480fa681.rlib" "/opt/rustwide/rustup-home/toolchains/1.69.0-x86_64-unknown-linux-gnu/lib/rustlib/x86_64-unknown-linux-gnu/lib/librustc_std_workspace_core-207f06e41d9603af.rlib" "/opt/rustwide/rustup-home/toolchains/1.69.0-x86_64-unknown-linux-gnu/lib/rustlib/x86_64-unknown-linux-gnu/lib/libcore-7e2768e66e984e85.rlib" "/opt/rustwide/rustup-home/toolchains/1.69.0-x86_64-unknown-linux-gnu/lib/rustlib/x86_64-unknown-linux-gnu/lib/libcompiler_builtins-957b4aff41f8cd46.rlib" "-Wl,-Bdynamic" "-lc" "-lm" "-lrt" "-lpthread" "-lgcc_s" "-lutil" "-lrt" "-lpthread" "-lm" "-ldl" "-lc" "-Wl,--eh-frame-hdr" "-Wl,-z,noexecstack" "-L" "/opt/rustwide/rustup-home/toolchains/1.69.0-x86_64-unknown-linux-gnu/lib/rustlib/x86_64-unknown-linux-gnu/lib" "-o" "/tmp/rustdoctestzNzCr9/rust_out" "-Wl,--gc-sections" "-pie" "-Wl,-z,relro,-z,now" "-nodefaultlibs"
[INFO] [stdout]   = note: collect2: fatal error: ld terminated with signal 9 [Killed]
[INFO] [stdout]           compilation terminated.
[INFO] [stdout]           
[INFO] [stdout] 
[INFO] [stdout] error: aborting due to previous error
[INFO] [stdout] 
[INFO] [stdout] Couldn't compile the test.
[INFO] [stdout] ---- src/sort.rs - sort::sort (line 48) stdout ----
[INFO] [stdout] error: linking with `cc` failed: exit status: 1
[INFO] [stdout]   |
[INFO] [stdout]   = note: LC_ALL="C" PATH="/opt/rustwide/rustup-home/toolchains/1.69.0-x86_64-unknown-linux-gnu/lib/rustlib/x86_64-unknown-linux-gnu/bin:/opt/rustwide/cargo-home/bin:/usr/local/sbin:/usr/local/bin:/usr/sbin:/usr/bin:/sbin:/bin" VSLANG="1033" "cc" "-m64" "/tmp/rustc8Nt0nb/symbols.o" "/tmp/rustdoctestgYgYFM/rust_out.rust_out.5bfee551-cgu.0.rcgu.o" "/tmp/rustdoctestgYgYFM/rust_out.j00p4ncf7xg64kg.rcgu.o" "-Wl,--as-needed" "-L" "/opt/rustwide/target/debug/deps" "-L" "/opt/rustwide/target/debug/deps" "-L" "/opt/rustwide/rustup-home/toolchains/1.69.0-x86_64-unknown-linux-gnu/lib/rustlib/x86_64-unknown-linux-gnu/lib" "-Wl,-Bstatic" "/opt/rustwide/target/debug/deps/libarrow_ord-9c9f9bb987b93cab.rlib" "/opt/rustwide/target/debug/deps/libarrow_select-f1c7a570944e8ed2.rlib" "/opt/rustwide/target/debug/deps/libarrow_array-40cfb0ea6811ac1e.rlib" "/opt/rustwide/target/debug/deps/libahash-ade9dcd45be091ae.rlib" "/opt/rustwide/target/debug/deps/libgetrandom-78a03d6cafbc6a2f.rlib" "/opt/rustwide/target/debug/deps/liblibc-9b7f1aaa310b684d.rlib" "/opt/rustwide/target/debug/deps/libonce_cell-48e4d437e5697f8e.rlib" "/opt/rustwide/target/debug/deps/libcfg_if-e5e118dd7d121aaa.rlib" "/opt/rustwide/target/debug/deps/libhashbrown-c7bf753f55b65fca.rlib" "/opt/rustwide/target/debug/deps/libchrono-8f8ff7d52f7574b6.rlib" "/opt/rustwide/target/debug/deps/libiana_time_zone-bf2c4c30343f4ef7.rlib" "/opt/rustwide/target/debug/deps/libarrow_data-ad4051d27e436c12.rlib" "/opt/rustwide/target/debug/deps/libarrow_schema-85787ed16f1fce46.rlib" "/opt/rustwide/target/debug/deps/libarrow_buffer-462e666c12b8e0d9.rlib" "/opt/rustwide/target/debug/deps/libhalf-7482ad6c20620c32.rlib" "/opt/rustwide/target/debug/deps/libnum-e2418feedf86140a.rlib" "/opt/rustwide/target/debug/deps/libnum_iter-9531399e8c4916c3.rlib" "/opt/rustwide/target/debug/deps/libnum_rational-914c513d2ada28c5.rlib" "/opt/rustwide/target/debug/deps/libnum_complex-3fd4444e70a93002.rlib" "/opt/rustwide/target/debug/deps/libnum_bigint-515a6adb8f7d71bf.rlib" "/opt/rustwide/target/debug/deps/libnum_integer-0bdd22a0100db6c1.rlib" "/opt/rustwide/target/debug/deps/libnum_traits-3d4054e4fd15acaf.rlib" "/opt/rustwide/rustup-home/toolchains/1.69.0-x86_64-unknown-linux-gnu/lib/rustlib/x86_64-unknown-linux-gnu/lib/libstd-89bc084783fdc439.rlib" "/opt/rustwide/rustup-home/toolchains/1.69.0-x86_64-unknown-linux-gnu/lib/rustlib/x86_64-unknown-linux-gnu/lib/libpanic_unwind-8bee4b287d4367c1.rlib" "/opt/rustwide/rustup-home/toolchains/1.69.0-x86_64-unknown-linux-gnu/lib/rustlib/x86_64-unknown-linux-gnu/lib/libobject-d61707aed80694c0.rlib" "/opt/rustwide/rustup-home/toolchains/1.69.0-x86_64-unknown-linux-gnu/lib/rustlib/x86_64-unknown-linux-gnu/lib/libmemchr-d85366256f22345b.rlib" "/opt/rustwide/rustup-home/toolchains/1.69.0-x86_64-unknown-linux-gnu/lib/rustlib/x86_64-unknown-linux-gnu/lib/libaddr2line-96069b86b8a8cae9.rlib" "/opt/rustwide/rustup-home/toolchains/1.69.0-x86_64-unknown-linux-gnu/lib/rustlib/x86_64-unknown-linux-gnu/lib/libgimli-d19d53abf68dfa6c.rlib" "/opt/rustwide/rustup-home/toolchains/1.69.0-x86_64-unknown-linux-gnu/lib/rustlib/x86_64-unknown-linux-gnu/lib/librustc_demangle-787cbccd19d64ac6.rlib" "/opt/rustwide/rustup-home/toolchains/1.69.0-x86_64-unknown-linux-gnu/lib/rustlib/x86_64-unknown-linux-gnu/lib/libstd_detect-b3837a36b830e0d0.rlib" "/opt/rustwide/rustup-home/toolchains/1.69.0-x86_64-unknown-linux-gnu/lib/rustlib/x86_64-unknown-linux-gnu/lib/libhashbrown-e3deb0e7e3f04966.rlib" "/opt/rustwide/rustup-home/toolchains/1.69.0-x86_64-unknown-linux-gnu/lib/rustlib/x86_64-unknown-linux-gnu/lib/libminiz_oxide-dabbb79c9815def4.rlib" "/opt/rustwide/rustup-home/toolchains/1.69.0-x86_64-unknown-linux-gnu/lib/rustlib/x86_64-unknown-linux-gnu/lib/libadler-305b01f34c9409f2.rlib" "/opt/rustwide/rustup-home/toolchains/1.69.0-x86_64-unknown-linux-gnu/lib/rustlib/x86_64-unknown-linux-gnu/lib/librustc_std_workspace_alloc-f833521df6074e73.rlib" "/opt/rustwide/rustup-home/toolchains/1.69.0-x86_64-unknown-linux-gnu/lib/rustlib/x86_64-unknown-linux-gnu/lib/libunwind-9ac333113350d171.rlib" "/opt/rustwide/rustup-home/toolchains/1.69.0-x86_64-unknown-linux-gnu/lib/rustlib/x86_64-unknown-linux-gnu/lib/libcfg_if-1c126114322d0eee.rlib" "/opt/rustwide/rustup-home/toolchains/1.69.0-x86_64-unknown-linux-gnu/lib/rustlib/x86_64-unknown-linux-gnu/lib/liblibc-bad9164fdeeecf92.rlib" "/opt/rustwide/rustup-home/toolchains/1.69.0-x86_64-unknown-linux-gnu/lib/rustlib/x86_64-unknown-linux-gnu/lib/liballoc-f9374b1e480fa681.rlib" "/opt/rustwide/rustup-home/toolchains/1.69.0-x86_64-unknown-linux-gnu/lib/rustlib/x86_64-unknown-linux-gnu/lib/librustc_std_workspace_core-207f06e41d9603af.rlib" "/opt/rustwide/rustup-home/toolchains/1.69.0-x86_64-unknown-linux-gnu/lib/rustlib/x86_64-unknown-linux-gnu/lib/libcore-7e2768e66e984e85.rlib" "/opt/rustwide/rustup-home/toolchains/1.69.0-x86_64-unknown-linux-gnu/lib/rustlib/x86_64-unknown-linux-gnu/lib/libcompiler_builtins-957b4aff41f8cd46.rlib" "-Wl,-Bdynamic" "-lc" "-lm" "-lrt" "-lpthread" "-lgcc_s" "-lutil" "-lrt" "-lpthread" "-lm" "-ldl" "-lc" "-Wl,--eh-frame-hdr" "-Wl,-z,noexecstack" "-L" "/opt/rustwide/rustup-home/toolchains/1.69.0-x86_64-unknown-linux-gnu/lib/rustlib/x86_64-unknown-linux-gnu/lib" "-o" "/tmp/rustdoctestgYgYFM/rust_out" "-Wl,--gc-sections" "-pie" "-Wl,-z,relro,-z,now" "-nodefaultlibs"
[INFO] [stdout]   = note: collect2: fatal error: ld terminated with signal 9 [Killed]
[INFO] [stdout]           compilation terminated.
[INFO] [stdout]           
[INFO] [stdout] 
[INFO] [stdout] error: aborting due to previous error
[INFO] [stdout] 
[INFO] [stdout] Couldn't compile the test.
[INFO] [stdout] 
[INFO] [stdout] failures:
[INFO] [stdout]     src/ord.rs - ord::build_compare (line 138)
[INFO] [stdout]     src/sort.rs - sort::lexsort (line 1026)
[INFO] [stdout]     src/sort.rs - sort::sort (line 48)
[INFO] [stdout] 
[INFO] [stdout] test result: FAILED. 7 passed; 3 failed; 0 ignored; 0 measured; 0 filtered out; finished in 10.43s
[INFO] [stdout] 
[INFO] [stderr] error: doctest failed, to rerun pass `--doc`
[INFO] running `Command { std: "docker" "inspect" "c2826e061bdb6f2f8fc885d16314c83a1223a58802005bfe23e2221e3ed21f06", kill_on_drop: false }`
[INFO] running `Command { std: "docker" "rm" "-f" "c2826e061bdb6f2f8fc885d16314c83a1223a58802005bfe23e2221e3ed21f06", kill_on_drop: false }`
[INFO] [stdout] c2826e061bdb6f2f8fc885d16314c83a1223a58802005bfe23e2221e3ed21f06
