[INFO] fetching crate arranged 0.1.2...
[INFO] testing arranged-0.1.2 against 1.69.0 for beta-1.70-1
[INFO] extracting crate arranged 0.1.2 into /workspace/builds/worker-1-tc1/source
[INFO] validating manifest of crates.io crate arranged 0.1.2 on toolchain 1.69.0
[INFO] running `Command { std: CARGO_HOME="/workspace/cargo-home" RUSTUP_HOME="/workspace/rustup-home" "/workspace/cargo-home/bin/cargo" "+1.69.0" "metadata" "--manifest-path" "Cargo.toml" "--no-deps", kill_on_drop: false }`
[INFO] removed /workspace/builds/worker-1-tc1/source/rust-toolchain.toml
[INFO] started tweaking crates.io crate arranged 0.1.2
[INFO] finished tweaking crates.io crate arranged 0.1.2
[INFO] tweaked toml for crates.io crate arranged 0.1.2 written to /workspace/builds/worker-1-tc1/source/Cargo.toml
[INFO] running `Command { std: CARGO_HOME="/workspace/cargo-home" RUSTUP_HOME="/workspace/rustup-home" __CARGO_TEST_CHANNEL_OVERRIDE_DO_NOT_USE_THIS="nightly" "/workspace/cargo-home/bin/cargo" "+1.69.0" "generate-lockfile" "--manifest-path" "Cargo.toml" "-Zno-index-update", kill_on_drop: false }`
[INFO] running `Command { std: CARGO_HOME="/workspace/cargo-home" RUSTUP_HOME="/workspace/rustup-home" "/workspace/cargo-home/bin/cargo" "+1.69.0" "fetch" "--manifest-path" "Cargo.toml", kill_on_drop: false }`
[INFO] [stderr]  Downloading crates ...
[INFO] [stderr]   Downloaded arith_traits v0.2.0
[INFO] running `Command { std: "docker" "create" "-v" "/var/lib/crater-agent-workspace/builds/worker-1-tc1/target:/opt/rustwide/target:rw,Z" "-v" "/var/lib/crater-agent-workspace/builds/worker-1-tc1/source:/opt/rustwide/workdir:ro,Z" "-v" "/var/lib/crater-agent-workspace/cargo-home:/opt/rustwide/cargo-home:ro,Z" "-v" "/var/lib/crater-agent-workspace/rustup-home:/opt/rustwide/rustup-home:ro,Z" "-e" "SOURCE_DIR=/opt/rustwide/workdir" "-e" "CARGO_TARGET_DIR=/opt/rustwide/target" "-e" "CARGO_HOME=/opt/rustwide/cargo-home" "-e" "RUSTUP_HOME=/opt/rustwide/rustup-home" "-w" "/opt/rustwide/workdir" "-m" "1610612736" "--user" "0:0" "--network" "none" "ghcr.io/rust-lang/crates-build-env/linux@sha256:5ff2268d62e97bff2cde7d5815dd6ed5b47097566f13b8d0ca110b04b60e07ed" "/opt/rustwide/cargo-home/bin/cargo" "+1.69.0" "metadata" "--no-deps" "--format-version=1", kill_on_drop: false }`
[INFO] [stdout] 40f416f26a7a1a3a55921b67d3db7be5f6654fd8e4061c1c86aba138ae5f6fe1
[INFO] running `Command { std: "docker" "start" "-a" "40f416f26a7a1a3a55921b67d3db7be5f6654fd8e4061c1c86aba138ae5f6fe1", kill_on_drop: false }`
[INFO] running `Command { std: "docker" "inspect" "40f416f26a7a1a3a55921b67d3db7be5f6654fd8e4061c1c86aba138ae5f6fe1", kill_on_drop: false }`
[INFO] running `Command { std: "docker" "rm" "-f" "40f416f26a7a1a3a55921b67d3db7be5f6654fd8e4061c1c86aba138ae5f6fe1", kill_on_drop: false }`
[INFO] [stdout] 40f416f26a7a1a3a55921b67d3db7be5f6654fd8e4061c1c86aba138ae5f6fe1
[INFO] running `Command { std: "docker" "create" "-v" "/var/lib/crater-agent-workspace/builds/worker-1-tc1/target:/opt/rustwide/target:rw,Z" "-v" "/var/lib/crater-agent-workspace/builds/worker-1-tc1/source:/opt/rustwide/workdir:ro,Z" "-v" "/var/lib/crater-agent-workspace/cargo-home:/opt/rustwide/cargo-home:ro,Z" "-v" "/var/lib/crater-agent-workspace/rustup-home:/opt/rustwide/rustup-home:ro,Z" "-e" "SOURCE_DIR=/opt/rustwide/workdir" "-e" "CARGO_TARGET_DIR=/opt/rustwide/target" "-e" "CARGO_INCREMENTAL=0" "-e" "RUST_BACKTRACE=full" "-e" "RUSTFLAGS=--cap-lints=warn" "-e" "RUSTDOCFLAGS=--cap-lints=warn" "-e" "CARGO_HOME=/opt/rustwide/cargo-home" "-e" "RUSTUP_HOME=/opt/rustwide/rustup-home" "-w" "/opt/rustwide/workdir" "-m" "1610612736" "--user" "0:0" "--network" "none" "ghcr.io/rust-lang/crates-build-env/linux@sha256:5ff2268d62e97bff2cde7d5815dd6ed5b47097566f13b8d0ca110b04b60e07ed" "/opt/rustwide/cargo-home/bin/cargo" "+1.69.0" "build" "--frozen" "--message-format=json", kill_on_drop: false }`
[INFO] [stdout] 319a72c005547cd44cff9872a3c24b1c988a861ab0a5421f3d381d818ae00be4
[INFO] running `Command { std: "docker" "start" "-a" "319a72c005547cd44cff9872a3c24b1c988a861ab0a5421f3d381d818ae00be4", kill_on_drop: false }`
[INFO] [stderr]    Compiling num-traits v0.2.15
[INFO] [stderr]    Compiling num-integer v0.1.45
[INFO] [stderr]    Compiling num-bigint v0.4.3
[INFO] [stderr]    Compiling num-iter v0.1.43
[INFO] [stderr]    Compiling num-rational v0.4.1
[INFO] [stderr]    Compiling static_assertions v1.1.0
[INFO] [stderr]    Compiling thiserror-impl v1.0.40
[INFO] [stderr]    Compiling thiserror v1.0.40
[INFO] [stderr]    Compiling num-complex v0.4.3
[INFO] [stderr]    Compiling num v0.4.0
[INFO] [stderr]    Compiling arith_traits v0.2.0
[INFO] [stderr]    Compiling arranged v0.1.2 (/opt/rustwide/workdir)
[INFO] [stdout] error[E0554]: `#![feature]` may not be used on the stable release channel
[INFO] [stdout]   --> src/lib.rs:1:1
[INFO] [stdout]    |
[INFO] [stdout] 1  | / #![feature(
[INFO] [stdout] 2  | |     associated_type_bounds,
[INFO] [stdout] 3  | |     backtrace,
[INFO] [stdout] 4  | |     const_convert,
[INFO] [stdout] ...  |
[INFO] [stdout] 13 | |     unchecked_math
[INFO] [stdout] 14 | | )]
[INFO] [stdout]    | |__^
[INFO] [stdout]    |
[INFO] [stdout]    = help: the feature `generic_associated_types` has been stable since `1.65.0` and no longer requires an attribute to enable
[INFO] [stdout] 
[INFO] [stdout] 
[INFO] [stdout] warning: the feature `generic_associated_types` has been stable since 1.65.0 and no longer requires an attribute to enable
[INFO] [stdout]   --> src/lib.rs:11:5
[INFO] [stdout]    |
[INFO] [stdout] 11 |     generic_associated_types,
[INFO] [stdout]    |     ^^^^^^^^^^^^^^^^^^^^^^^^
[INFO] [stdout]    |
[INFO] [stdout]    = note: `#[warn(stable_features)]` on by default
[INFO] [stdout] 
[INFO] [stdout] 
[INFO] [stdout] error[E0554]: `#![feature]` may not be used on the stable release channel
[INFO] [stdout]  --> src/lib.rs:3:5
[INFO] [stdout]   |
[INFO] [stdout] 3 |     backtrace,
[INFO] [stdout]   |     ^^^^^^^^^
[INFO] [stdout] 
[INFO] [stdout] 
[INFO] [stdout] error[E0554]: `#![feature]` may not be used on the stable release channel
[INFO] [stdout]  --> src/lib.rs:4:5
[INFO] [stdout]   |
[INFO] [stdout] 4 |     const_convert,
[INFO] [stdout]   |     ^^^^^^^^^^^^^
[INFO] [stdout] 
[INFO] [stdout] 
[INFO] [stdout] error[E0554]: `#![feature]` may not be used on the stable release channel
[INFO] [stdout]  --> src/lib.rs:6:5
[INFO] [stdout]   |
[INFO] [stdout] 6 |     const_num_from_num,
[INFO] [stdout]   |     ^^^^^^^^^^^^^^^^^^
[INFO] [stdout] 
[INFO] [stdout] 
[INFO] [stdout] error[E0554]: `#![feature]` may not be used on the stable release channel
[INFO] [stdout]  --> src/lib.rs:7:5
[INFO] [stdout]   |
[INFO] [stdout] 7 |     const_option,
[INFO] [stdout]   |     ^^^^^^^^^^^^
[INFO] [stdout] 
[INFO] [stdout] 
[INFO] [stdout] error[E0554]: `#![feature]` may not be used on the stable release channel
[INFO] [stdout]   --> src/lib.rs:10:5
[INFO] [stdout]    |
[INFO] [stdout] 10 |     const_type_id,
[INFO] [stdout]    |     ^^^^^^^^^^^^^
[INFO] [stdout] 
[INFO] [stdout] 
[INFO] [stdout] error[E0554]: `#![feature]` may not be used on the stable release channel
[INFO] [stdout]   --> src/lib.rs:12:5
[INFO] [stdout]    |
[INFO] [stdout] 12 |     step_trait,
[INFO] [stdout]    |     ^^^^^^^^^^
[INFO] [stdout] 
[INFO] [stdout] 
[INFO] [stdout] error[E0554]: `#![feature]` may not be used on the stable release channel
[INFO] [stdout]   --> src/lib.rs:13:5
[INFO] [stdout]    |
[INFO] [stdout] 13 |     unchecked_math
[INFO] [stdout]    |     ^^^^^^^^^^^^^^
[INFO] [stdout] 
[INFO] [stdout] 
[INFO] [stdout] warning: the feature `backtrace` has been stable since 1.65.0 and no longer requires an attribute to enable
[INFO] [stdout]  --> src/lib.rs:3:5
[INFO] [stdout]   |
[INFO] [stdout] 3 |     backtrace,
[INFO] [stdout]   |     ^^^^^^^^^
[INFO] [stdout] 
[INFO] [stdout] 
[INFO] [stdout] error: const `impl` for trait `ErrIntPrimIntExt` which is not marked with `#[const_trait]`
[INFO] [stdout]   --> src/error/err_int.rs:22:28
[INFO] [stdout]    |
[INFO] [stdout] 22 |                   impl const ErrIntPrimIntExt for $SrcTL {
[INFO] [stdout]    |                              ^^^^^^^^^^^^^^^^
[INFO] [stdout] ...
[INFO] [stdout] 38 | / impl_from_for_err_int!(
[INFO] [stdout] 39 | |     Signed:   i8 I8, i16 I16, i32 I32, i64 I64, i128 I128, isize Isize;
[INFO] [stdout] 40 | |     Unsigned: u8 U8, u16 U16, u32 U32, u64 U64, u128 U128, usize Usize
[INFO] [stdout] 41 | | );
[INFO] [stdout]    | |_- in this macro invocation
[INFO] [stdout]    |
[INFO] [stdout]   ::: src/error/err_int/prim_int_ext.rs:3:1
[INFO] [stdout]    |
[INFO] [stdout] 3  |   pub trait ErrIntPrimIntExt {
[INFO] [stdout]    |   - help: mark `ErrIntPrimIntExt` as const: `#[const_trait]`
[INFO] [stdout]    |
[INFO] [stdout]    = note: marking a trait with `#[const_trait]` ensures all default method bodies are `const`
[INFO] [stdout]    = note: adding a non-const method body in the future would be a breaking change
[INFO] [stdout]    = note: this error originates in the macro `impl_from_for_err_int` (in Nightly builds, run with -Z macro-backtrace for more info)
[INFO] [stdout] 
[INFO] [stdout] 
[INFO] [stdout] error: const `impl` for trait `IMinMax` which is not marked with `#[const_trait]`
[INFO] [stdout]    --> src/range/inclusive.rs:40:72
[INFO] [stdout]     |
[INFO] [stdout] 40  |               impl<const START: $ValueType, const END: $ValueType> const IMinMax<$ValueType> for $RangeName<START, END> {
[INFO] [stdout]     |                                                                          ^^^^^^^^^^^^^^^^^^^
[INFO] [stdout] ...
[INFO] [stdout] 119 | / impl_range_inclusive!(
[INFO] [stdout] 120 | |     i8    u8    i16             RiI8,
[INFO] [stdout] 121 | |     i16   u16   i32             RiI16,
[INFO] [stdout] 122 | |     i32   u32   i64             RiI32,
[INFO] [stdout] ...   |
[INFO] [stdout] 131 | |     usize usize BigInt          RiUsize,
[INFO] [stdout] 132 | | );
[INFO] [stdout]     | |_- in this macro invocation
[INFO] [stdout]     |
[INFO] [stdout]     = note: marking a trait with `#[const_trait]` ensures all default method bodies are `const`
[INFO] [stdout]     = note: adding a non-const method body in the future would be a breaking change
[INFO] [stdout]     = note: this error originates in the macro `impl_range_inclusive` (in Nightly builds, run with -Z macro-backtrace for more info)
[INFO] [stdout] 
[INFO] [stdout] 
[INFO] [stdout] error: const `impl` for trait `IRange` which is not marked with `#[const_trait]`
[INFO] [stdout]    --> src/range/inclusive.rs:46:72
[INFO] [stdout]     |
[INFO] [stdout] 46  |               impl<const START: $ValueType, const END: $ValueType> const IRange for $RangeName<START, END> {
[INFO] [stdout]     |                                                                          ^^^^^^
[INFO] [stdout] ...
[INFO] [stdout] 119 | / impl_range_inclusive!(
[INFO] [stdout] 120 | |     i8    u8    i16             RiI8,
[INFO] [stdout] 121 | |     i16   u16   i32             RiI16,
[INFO] [stdout] 122 | |     i32   u32   i64             RiI32,
[INFO] [stdout] ...   |
[INFO] [stdout] 131 | |     usize usize BigInt          RiUsize,
[INFO] [stdout] 132 | | );
[INFO] [stdout]     | |_- in this macro invocation
[INFO] [stdout]     |
[INFO] [stdout]    ::: src/traits/i_range.rs:8:1
[INFO] [stdout]     |
[INFO] [stdout] 8   |   pub trait IRange {
[INFO] [stdout]     |   - help: mark `IRange` as const: `#[const_trait]`
[INFO] [stdout]     |
[INFO] [stdout]     = note: marking a trait with `#[const_trait]` ensures all default method bodies are `const`
[INFO] [stdout]     = note: adding a non-const method body in the future would be a breaking change
[INFO] [stdout]     = note: this error originates in the macro `impl_range_inclusive` (in Nightly builds, run with -Z macro-backtrace for more info)
[INFO] [stdout] 
[INFO] [stdout] 
[INFO] [stdout] error: const `impl` for trait `IRangeFinite` which is not marked with `#[const_trait]`
[INFO] [stdout]    --> src/range/inclusive.rs:55:72
[INFO] [stdout]     |
[INFO] [stdout] 55  |               impl<const START: $ValueType, const END: $ValueType> const IRangeFinite<$ValueType> for $RangeName<START, END>
[INFO] [stdout]     |                                                                          ^^^^^^^^^^^^^^^^^^^^^^^^
[INFO] [stdout] ...
[INFO] [stdout] 119 | / impl_range_inclusive!(
[INFO] [stdout] 120 | |     i8    u8    i16             RiI8,
[INFO] [stdout] 121 | |     i16   u16   i32             RiI16,
[INFO] [stdout] 122 | |     i32   u32   i64             RiI32,
[INFO] [stdout] ...   |
[INFO] [stdout] 131 | |     usize usize BigInt          RiUsize,
[INFO] [stdout] 132 | | );
[INFO] [stdout]     | |_- in this macro invocation
[INFO] [stdout]     |
[INFO] [stdout]    ::: src/traits/i_range.rs:18:1
[INFO] [stdout]     |
[INFO] [stdout] 18  |   pub trait IRangeFinite<TValue>: IRange + IRangeFrom + IRangeTo
[INFO] [stdout]     |   - help: mark `IRangeFinite` as const: `#[const_trait]`
[INFO] [stdout]     |
[INFO] [stdout]     = note: marking a trait with `#[const_trait]` ensures all default method bodies are `const`
[INFO] [stdout]     = note: adding a non-const method body in the future would be a breaking change
[INFO] [stdout]     = note: this error originates in the macro `impl_range_inclusive` (in Nightly builds, run with -Z macro-backtrace for more info)
[INFO] [stdout] 
[INFO] [stdout] 
[INFO] [stdout] error: const `impl` for trait `IRangeFrom` which is not marked with `#[const_trait]`
[INFO] [stdout]    --> src/range/inclusive.rs:98:72
[INFO] [stdout]     |
[INFO] [stdout] 98  |               impl<const START: $ValueType, const END: $ValueType> const IRangeFrom for $RangeName<START, END> {
[INFO] [stdout]     |                                                                          ^^^^^^^^^^
[INFO] [stdout] ...
[INFO] [stdout] 119 | / impl_range_inclusive!(
[INFO] [stdout] 120 | |     i8    u8    i16             RiI8,
[INFO] [stdout] 121 | |     i16   u16   i32             RiI16,
[INFO] [stdout] 122 | |     i32   u32   i64             RiI32,
[INFO] [stdout] ...   |
[INFO] [stdout] 131 | |     usize usize BigInt          RiUsize,
[INFO] [stdout] 132 | | );
[INFO] [stdout]     | |_- in this macro invocation
[INFO] [stdout]     |
[INFO] [stdout]    ::: src/traits/i_range.rs:26:1
[INFO] [stdout]     |
[INFO] [stdout] 26  |   pub trait IRangeFrom: IRange {
[INFO] [stdout]     |   - help: mark `IRangeFrom` as const: `#[const_trait]`
[INFO] [stdout]     |
[INFO] [stdout]     = note: marking a trait with `#[const_trait]` ensures all default method bodies are `const`
[INFO] [stdout]     = note: adding a non-const method body in the future would be a breaking change
[INFO] [stdout]     = note: this error originates in the macro `impl_range_inclusive` (in Nightly builds, run with -Z macro-backtrace for more info)
[INFO] [stdout] 
[INFO] [stdout] 
[INFO] [stdout] error: const `impl` for trait `IRangeTo` which is not marked with `#[const_trait]`
[INFO] [stdout]    --> src/range/inclusive.rs:110:72
[INFO] [stdout]     |
[INFO] [stdout] 110 |               impl<const START: $ValueType, const END: $ValueType> const IRangeTo for $RangeName<START, END> {
[INFO] [stdout]     |                                                                          ^^^^^^^^
[INFO] [stdout] ...
[INFO] [stdout] 119 | / impl_range_inclusive!(
[INFO] [stdout] 120 | |     i8    u8    i16             RiI8,
[INFO] [stdout] 121 | |     i16   u16   i32             RiI16,
[INFO] [stdout] 122 | |     i32   u32   i64             RiI32,
[INFO] [stdout] ...   |
[INFO] [stdout] 131 | |     usize usize BigInt          RiUsize,
[INFO] [stdout] 132 | | );
[INFO] [stdout]     | |_- in this macro invocation
[INFO] [stdout]     |
[INFO] [stdout]    ::: src/traits/i_range.rs:35:1
[INFO] [stdout]     |
[INFO] [stdout] 35  |   pub trait IRangeTo: IRange {
[INFO] [stdout]     |   - help: mark `IRangeTo` as const: `#[const_trait]`
[INFO] [stdout]     |
[INFO] [stdout]     = note: marking a trait with `#[const_trait]` ensures all default method bodies are `const`
[INFO] [stdout]     = note: adding a non-const method body in the future would be a breaking change
[INFO] [stdout]     = note: this error originates in the macro `impl_range_inclusive` (in Nightly builds, run with -Z macro-backtrace for more info)
[INFO] [stdout] 
[INFO] [stdout] 
[INFO] [stdout] error: const `impl` for trait `IRanged` which is not marked with `#[const_trait]`
[INFO] [stdout]   --> src/ranged.rs:96:20
[INFO] [stdout]    |
[INFO] [stdout] 96 | impl<TRange> const IRanged<TRange> for Ranged<TRange>
[INFO] [stdout]    |                    ^^^^^^^^^^^^^^^
[INFO] [stdout]    |
[INFO] [stdout]   ::: src/traits/i_ranged.rs:3:1
[INFO] [stdout]    |
[INFO] [stdout] 3  | pub trait IRanged<TRange>
[INFO] [stdout]    | - help: mark `IRanged` as const: `#[const_trait]`
[INFO] [stdout]    |
[INFO] [stdout]    = note: marking a trait with `#[const_trait]` ensures all default method bodies are `const`
[INFO] [stdout]    = note: adding a non-const method body in the future would be a breaking change
[INFO] [stdout] 
[INFO] [stdout] 
[INFO] [stdout] error: ~const can only be applied to `#[const_trait]` traits
[INFO] [stdout]   --> src/ranged.rs:98:20
[INFO] [stdout]    |
[INFO] [stdout] 98 |     TRange: ~const IRange + ~const IRangeFrom + ~const IRangeTo + ~const IRangeToInclusive,
[INFO] [stdout]    |                    ^^^^^^
[INFO] [stdout] 
[INFO] [stdout] 
[INFO] [stdout] error: ~const can only be applied to `#[const_trait]` traits
[INFO] [stdout]   --> src/ranged.rs:98:36
[INFO] [stdout]    |
[INFO] [stdout] 98 |     TRange: ~const IRange + ~const IRangeFrom + ~const IRangeTo + ~const IRangeToInclusive,
[INFO] [stdout]    |                                    ^^^^^^^^^^
[INFO] [stdout] 
[INFO] [stdout] 
[INFO] [stdout] error: ~const can only be applied to `#[const_trait]` traits
[INFO] [stdout]   --> src/ranged.rs:98:56
[INFO] [stdout]    |
[INFO] [stdout] 98 |     TRange: ~const IRange + ~const IRangeFrom + ~const IRangeTo + ~const IRangeToInclusive,
[INFO] [stdout]    |                                                        ^^^^^^^^
[INFO] [stdout] 
[INFO] [stdout] 
[INFO] [stdout] error: ~const can only be applied to `#[const_trait]` traits
[INFO] [stdout]   --> src/ranged.rs:98:74
[INFO] [stdout]    |
[INFO] [stdout] 98 |     TRange: ~const IRange + ~const IRangeFrom + ~const IRangeTo + ~const IRangeToInclusive,
[INFO] [stdout]    |                                                                          ^^^^^^^^^^^^^^^^^
[INFO] [stdout] 
[INFO] [stdout] 
[INFO] [stdout] error: ~const can only be applied to `#[const_trait]` traits
[INFO] [stdout]   --> src/ranged.rs:48:24
[INFO] [stdout]    |
[INFO] [stdout] 48 |         TRange: ~const IRange + ~const IRangeFrom + ~const IRangeTo, {
[INFO] [stdout]    |                        ^^^^^^
[INFO] [stdout] 
[INFO] [stdout] 
[INFO] [stdout] error: ~const can only be applied to `#[const_trait]` traits
[INFO] [stdout]   --> src/ranged.rs:48:40
[INFO] [stdout]    |
[INFO] [stdout] 48 |         TRange: ~const IRange + ~const IRangeFrom + ~const IRangeTo, {
[INFO] [stdout]    |                                        ^^^^^^^^^^
[INFO] [stdout] 
[INFO] [stdout] 
[INFO] [stdout] error: ~const can only be applied to `#[const_trait]` traits
[INFO] [stdout]   --> src/ranged.rs:48:60
[INFO] [stdout]    |
[INFO] [stdout] 48 |         TRange: ~const IRange + ~const IRangeFrom + ~const IRangeTo, {
[INFO] [stdout]    |                                                            ^^^^^^^^
[INFO] [stdout] 
[INFO] [stdout] 
[INFO] [stdout] error: ~const can only be applied to `#[const_trait]` traits
[INFO] [stdout]   --> src/ranged.rs:64:24
[INFO] [stdout]    |
[INFO] [stdout] 64 |         TRange: ~const IRange + ~const IRangeFrom + ~const IRangeTo, {
[INFO] [stdout]    |                        ^^^^^^
[INFO] [stdout] 
[INFO] [stdout] 
[INFO] [stdout] error: ~const can only be applied to `#[const_trait]` traits
[INFO] [stdout]   --> src/ranged.rs:64:40
[INFO] [stdout]    |
[INFO] [stdout] 64 |         TRange: ~const IRange + ~const IRangeFrom + ~const IRangeTo, {
[INFO] [stdout]    |                                        ^^^^^^^^^^
[INFO] [stdout] 
[INFO] [stdout] 
[INFO] [stdout] error: ~const can only be applied to `#[const_trait]` traits
[INFO] [stdout]   --> src/ranged.rs:64:60
[INFO] [stdout]    |
[INFO] [stdout] 64 |         TRange: ~const IRange + ~const IRangeFrom + ~const IRangeTo, {
[INFO] [stdout]    |                                                            ^^^^^^^^
[INFO] [stdout] 
[INFO] [stdout] 
[INFO] [stdout] error: const `impl` for trait `IMinMax` which is not marked with `#[const_trait]`
[INFO] [stdout]  --> src/ranged/i_min_max.rs:4:20
[INFO] [stdout]   |
[INFO] [stdout] 4 | impl<TRange> const IMinMax for Ranged<TRange>
[INFO] [stdout]   |                    ^^^^^^^
[INFO] [stdout]   |
[INFO] [stdout]   = note: marking a trait with `#[const_trait]` ensures all default method bodies are `const`
[INFO] [stdout]   = note: adding a non-const method body in the future would be a breaking change
[INFO] [stdout] 
[INFO] [stdout] 
[INFO] [stdout] error: ~const can only be applied to `#[const_trait]` traits
[INFO] [stdout]  --> src/ranged/i_min_max.rs:7:20
[INFO] [stdout]   |
[INFO] [stdout] 7 |     TRange: ~const IRangeFrom + ~const IRangeTo + ~const IRangeToInclusive,
[INFO] [stdout]   |                    ^^^^^^^^^^
[INFO] [stdout] 
[INFO] [stdout] 
[INFO] [stdout] error: ~const can only be applied to `#[const_trait]` traits
[INFO] [stdout]  --> src/ranged/i_min_max.rs:7:40
[INFO] [stdout]   |
[INFO] [stdout] 7 |     TRange: ~const IRangeFrom + ~const IRangeTo + ~const IRangeToInclusive,
[INFO] [stdout]   |                                        ^^^^^^^^
[INFO] [stdout] 
[INFO] [stdout] 
[INFO] [stdout] error: ~const can only be applied to `#[const_trait]` traits
[INFO] [stdout]  --> src/ranged/i_min_max.rs:7:58
[INFO] [stdout]   |
[INFO] [stdout] 7 |     TRange: ~const IRangeFrom + ~const IRangeTo + ~const IRangeToInclusive,
[INFO] [stdout]   |                                                          ^^^^^^^^^^^^^^^^^
[INFO] [stdout] 
[INFO] [stdout] 
[INFO] [stdout] error: aborting due to 29 previous errors; 2 warnings emitted
[INFO] [stdout] 
[INFO] [stdout] 
[INFO] [stdout] For more information about this error, try `rustc --explain E0554`.
[INFO] [stdout] 
[INFO] [stderr] error: could not compile `arranged` due to 30 previous errors; 2 warnings emitted
[INFO] [stderr] warning: build failed, waiting for other jobs to finish...
[INFO] running `Command { std: "docker" "inspect" "319a72c005547cd44cff9872a3c24b1c988a861ab0a5421f3d381d818ae00be4", kill_on_drop: false }`
[INFO] running `Command { std: "docker" "rm" "-f" "319a72c005547cd44cff9872a3c24b1c988a861ab0a5421f3d381d818ae00be4", kill_on_drop: false }`
[INFO] [stdout] 319a72c005547cd44cff9872a3c24b1c988a861ab0a5421f3d381d818ae00be4
