[INFO] fetching crate arma_preset_parser 0.3.0...
[INFO] testing arma_preset_parser-0.3.0 against 1.69.0 for beta-1.70-1
[INFO] extracting crate arma_preset_parser 0.3.0 into /workspace/builds/worker-2-tc1/source
[INFO] validating manifest of crates.io crate arma_preset_parser 0.3.0 on toolchain 1.69.0
[INFO] running `Command { std: CARGO_HOME="/workspace/cargo-home" RUSTUP_HOME="/workspace/rustup-home" "/workspace/cargo-home/bin/cargo" "+1.69.0" "metadata" "--manifest-path" "Cargo.toml" "--no-deps", kill_on_drop: false }`
[INFO] started tweaking crates.io crate arma_preset_parser 0.3.0
[INFO] finished tweaking crates.io crate arma_preset_parser 0.3.0
[INFO] tweaked toml for crates.io crate arma_preset_parser 0.3.0 written to /workspace/builds/worker-2-tc1/source/Cargo.toml
[INFO] running `Command { std: CARGO_HOME="/workspace/cargo-home" RUSTUP_HOME="/workspace/rustup-home" __CARGO_TEST_CHANNEL_OVERRIDE_DO_NOT_USE_THIS="nightly" "/workspace/cargo-home/bin/cargo" "+1.69.0" "generate-lockfile" "--manifest-path" "Cargo.toml" "-Zno-index-update", kill_on_drop: false }`
[INFO] running `Command { std: CARGO_HOME="/workspace/cargo-home" RUSTUP_HOME="/workspace/rustup-home" "/workspace/cargo-home/bin/cargo" "+1.69.0" "fetch" "--manifest-path" "Cargo.toml", kill_on_drop: false }`
[INFO] [stderr]  Downloading crates ...
[INFO] [stderr]   Downloaded custom_error v1.9.2
[INFO] [stderr]   Downloaded roxmltree v0.13.1
[INFO] running `Command { std: "docker" "create" "-v" "/var/lib/crater-agent-workspace/builds/worker-2-tc1/target:/opt/rustwide/target:rw,Z" "-v" "/var/lib/crater-agent-workspace/builds/worker-2-tc1/source:/opt/rustwide/workdir:ro,Z" "-v" "/var/lib/crater-agent-workspace/cargo-home:/opt/rustwide/cargo-home:ro,Z" "-v" "/var/lib/crater-agent-workspace/rustup-home:/opt/rustwide/rustup-home:ro,Z" "-e" "SOURCE_DIR=/opt/rustwide/workdir" "-e" "CARGO_TARGET_DIR=/opt/rustwide/target" "-e" "CARGO_HOME=/opt/rustwide/cargo-home" "-e" "RUSTUP_HOME=/opt/rustwide/rustup-home" "-w" "/opt/rustwide/workdir" "-m" "1610612736" "--user" "0:0" "--network" "none" "ghcr.io/rust-lang/crates-build-env/linux@sha256:5ff2268d62e97bff2cde7d5815dd6ed5b47097566f13b8d0ca110b04b60e07ed" "/opt/rustwide/cargo-home/bin/cargo" "+1.69.0" "metadata" "--no-deps" "--format-version=1", kill_on_drop: false }`
[INFO] [stdout] c308d523603b81d3ed2d6e840fd1fa71a243fd94489ce4b0a996aa172be0fed3
[INFO] running `Command { std: "docker" "start" "-a" "c308d523603b81d3ed2d6e840fd1fa71a243fd94489ce4b0a996aa172be0fed3", kill_on_drop: false }`
[INFO] running `Command { std: "docker" "inspect" "c308d523603b81d3ed2d6e840fd1fa71a243fd94489ce4b0a996aa172be0fed3", kill_on_drop: false }`
[INFO] running `Command { std: "docker" "rm" "-f" "c308d523603b81d3ed2d6e840fd1fa71a243fd94489ce4b0a996aa172be0fed3", kill_on_drop: false }`
[INFO] [stdout] c308d523603b81d3ed2d6e840fd1fa71a243fd94489ce4b0a996aa172be0fed3
[INFO] running `Command { std: "docker" "create" "-v" "/var/lib/crater-agent-workspace/builds/worker-2-tc1/target:/opt/rustwide/target:rw,Z" "-v" "/var/lib/crater-agent-workspace/builds/worker-2-tc1/source:/opt/rustwide/workdir:ro,Z" "-v" "/var/lib/crater-agent-workspace/cargo-home:/opt/rustwide/cargo-home:ro,Z" "-v" "/var/lib/crater-agent-workspace/rustup-home:/opt/rustwide/rustup-home:ro,Z" "-e" "SOURCE_DIR=/opt/rustwide/workdir" "-e" "CARGO_TARGET_DIR=/opt/rustwide/target" "-e" "CARGO_INCREMENTAL=0" "-e" "RUST_BACKTRACE=full" "-e" "RUSTFLAGS=--cap-lints=warn" "-e" "RUSTDOCFLAGS=--cap-lints=warn" "-e" "CARGO_HOME=/opt/rustwide/cargo-home" "-e" "RUSTUP_HOME=/opt/rustwide/rustup-home" "-w" "/opt/rustwide/workdir" "-m" "1610612736" "--user" "0:0" "--network" "none" "ghcr.io/rust-lang/crates-build-env/linux@sha256:5ff2268d62e97bff2cde7d5815dd6ed5b47097566f13b8d0ca110b04b60e07ed" "/opt/rustwide/cargo-home/bin/cargo" "+1.69.0" "build" "--frozen" "--message-format=json", kill_on_drop: false }`
[INFO] [stdout] 51ddb98b10dcf6df7f5aee1f55d1dfa6cfdc0fa6379a0e5d8290e5780b450425
[INFO] running `Command { std: "docker" "start" "-a" "51ddb98b10dcf6df7f5aee1f55d1dfa6cfdc0fa6379a0e5d8290e5780b450425", kill_on_drop: false }`
[INFO] [stderr]    Compiling xmlparser v0.13.5
[INFO] [stderr]    Compiling custom_error v1.9.2
[INFO] [stderr]    Compiling roxmltree v0.13.1
[INFO] [stderr]    Compiling arma_preset_parser v0.3.0 (/opt/rustwide/workdir)
[INFO] [stderr]     Finished dev [unoptimized + debuginfo] target(s) in 0.71s
[INFO] running `Command { std: "docker" "inspect" "51ddb98b10dcf6df7f5aee1f55d1dfa6cfdc0fa6379a0e5d8290e5780b450425", kill_on_drop: false }`
[INFO] running `Command { std: "docker" "rm" "-f" "51ddb98b10dcf6df7f5aee1f55d1dfa6cfdc0fa6379a0e5d8290e5780b450425", kill_on_drop: false }`
[INFO] [stdout] 51ddb98b10dcf6df7f5aee1f55d1dfa6cfdc0fa6379a0e5d8290e5780b450425
[INFO] running `Command { std: "docker" "create" "-v" "/var/lib/crater-agent-workspace/builds/worker-2-tc1/target:/opt/rustwide/target:rw,Z" "-v" "/var/lib/crater-agent-workspace/builds/worker-2-tc1/source:/opt/rustwide/workdir:ro,Z" "-v" "/var/lib/crater-agent-workspace/cargo-home:/opt/rustwide/cargo-home:ro,Z" "-v" "/var/lib/crater-agent-workspace/rustup-home:/opt/rustwide/rustup-home:ro,Z" "-e" "SOURCE_DIR=/opt/rustwide/workdir" "-e" "CARGO_TARGET_DIR=/opt/rustwide/target" "-e" "CARGO_INCREMENTAL=0" "-e" "RUST_BACKTRACE=full" "-e" "RUSTFLAGS=--cap-lints=warn" "-e" "RUSTDOCFLAGS=--cap-lints=warn" "-e" "CARGO_HOME=/opt/rustwide/cargo-home" "-e" "RUSTUP_HOME=/opt/rustwide/rustup-home" "-w" "/opt/rustwide/workdir" "-m" "1610612736" "--user" "0:0" "--network" "none" "ghcr.io/rust-lang/crates-build-env/linux@sha256:5ff2268d62e97bff2cde7d5815dd6ed5b47097566f13b8d0ca110b04b60e07ed" "/opt/rustwide/cargo-home/bin/cargo" "+1.69.0" "test" "--frozen" "--no-run" "--message-format=json", kill_on_drop: false }`
[INFO] [stdout] cc93bf032e856c7c431c9dbcb4b0a5f209b6883e47e72fabbba150bdd53b8092
[INFO] running `Command { std: "docker" "start" "-a" "cc93bf032e856c7c431c9dbcb4b0a5f209b6883e47e72fabbba150bdd53b8092", kill_on_drop: false }`
[INFO] [stderr]    Compiling arma_preset_parser v0.3.0 (/opt/rustwide/workdir)
[INFO] [stderr]     Finished test [unoptimized + debuginfo] target(s) in 0.39s
[INFO] running `Command { std: "docker" "inspect" "cc93bf032e856c7c431c9dbcb4b0a5f209b6883e47e72fabbba150bdd53b8092", kill_on_drop: false }`
[INFO] running `Command { std: "docker" "rm" "-f" "cc93bf032e856c7c431c9dbcb4b0a5f209b6883e47e72fabbba150bdd53b8092", kill_on_drop: false }`
[INFO] [stdout] cc93bf032e856c7c431c9dbcb4b0a5f209b6883e47e72fabbba150bdd53b8092
[INFO] running `Command { std: "docker" "create" "-v" "/var/lib/crater-agent-workspace/builds/worker-2-tc1/target:/opt/rustwide/target:rw,Z" "-v" "/var/lib/crater-agent-workspace/builds/worker-2-tc1/source:/opt/rustwide/workdir:ro,Z" "-v" "/var/lib/crater-agent-workspace/cargo-home:/opt/rustwide/cargo-home:ro,Z" "-v" "/var/lib/crater-agent-workspace/rustup-home:/opt/rustwide/rustup-home:ro,Z" "-e" "SOURCE_DIR=/opt/rustwide/workdir" "-e" "CARGO_TARGET_DIR=/opt/rustwide/target" "-e" "CARGO_INCREMENTAL=0" "-e" "RUST_BACKTRACE=full" "-e" "RUSTFLAGS=--cap-lints=warn" "-e" "RUSTDOCFLAGS=--cap-lints=warn" "-e" "CARGO_HOME=/opt/rustwide/cargo-home" "-e" "RUSTUP_HOME=/opt/rustwide/rustup-home" "-w" "/opt/rustwide/workdir" "-m" "1610612736" "--user" "0:0" "--network" "none" "ghcr.io/rust-lang/crates-build-env/linux@sha256:5ff2268d62e97bff2cde7d5815dd6ed5b47097566f13b8d0ca110b04b60e07ed" "/opt/rustwide/cargo-home/bin/cargo" "+1.69.0" "test" "--frozen", kill_on_drop: false }`
[INFO] [stdout] e9651cde57b3573e0dd8bbc0f6d0ac45af5b00781ab5c50f279124f3bbe606e6
[INFO] running `Command { std: "docker" "start" "-a" "e9651cde57b3573e0dd8bbc0f6d0ac45af5b00781ab5c50f279124f3bbe606e6", kill_on_drop: false }`
[INFO] [stderr]     Finished test [unoptimized + debuginfo] target(s) in 0.00s
[INFO] [stderr]      Running unittests src/lib.rs (/opt/rustwide/target/debug/deps/arma_preset_parser-34a8e4179cbc7c01)
[INFO] [stdout] 
[INFO] [stdout] running 3 tests
[INFO] [stdout] test tests::parse_from_file ... ok
[INFO] [stdout] test tests::parse_file ... ok
[INFO] [stdout] test tests::parse_from_fs ... ok
[INFO] [stdout] 
[INFO] [stdout] test result: ok. 3 passed; 0 failed; 0 ignored; 0 measured; 0 filtered out; finished in 0.00s
[INFO] [stdout] 
[INFO] [stderr]    Doc-tests arma_preset_parser
[INFO] [stdout] 
[INFO] [stdout] running 6 tests
[INFO] [stdout] test src/lib.rs - Preset::from_file (line 44) ... FAILED
[INFO] [stdout] test src/lib.rs - Preset::as_ids (line 99) ... ok
[INFO] [stdout] test src/lib.rs - Preset::as_mods (line 81) ... ok
[INFO] [stdout] test src/lib.rs - Preset::as_names (line 117) ... ok
[INFO] [stdout] test src/lib.rs - Preset::from_fs (line 63) ... ok
[INFO] [stdout] test src/lib.rs - Preset::as_links (line 135) ... ok
[INFO] [stdout] 
[INFO] [stdout] failures:
[INFO] [stdout] 
[INFO] [stdout] ---- src/lib.rs - Preset::from_file (line 44) stdout ----
[INFO] [stdout] error[E0425]: cannot find value `some_path` in this scope
[INFO] [stdout]  --> src/lib.rs:45:27
[INFO] [stdout]   |
[INFO] [stdout] 4 | match std::fs::File::open(some_path) {
[INFO] [stdout]   |                           ^^^^^^^^^ not found in this scope
[INFO] [stdout] 
[INFO] [stdout] error: aborting due to previous error
[INFO] [stdout] 
[INFO] [stdout] For more information about this error, try `rustc --explain E0425`.
[INFO] [stdout] Couldn't compile the test.
[INFO] [stdout] 
[INFO] [stdout] failures:
[INFO] [stdout]     src/lib.rs - Preset::from_file (line 44)
[INFO] [stdout] 
[INFO] [stdout] test result: FAILED. 5 passed; 1 failed; 0 ignored; 0 measured; 0 filtered out; finished in 0.25s
[INFO] [stdout] 
[INFO] [stderr] error: doctest failed, to rerun pass `--doc`
[INFO] running `Command { std: "docker" "inspect" "e9651cde57b3573e0dd8bbc0f6d0ac45af5b00781ab5c50f279124f3bbe606e6", kill_on_drop: false }`
[INFO] running `Command { std: "docker" "rm" "-f" "e9651cde57b3573e0dd8bbc0f6d0ac45af5b00781ab5c50f279124f3bbe606e6", kill_on_drop: false }`
[INFO] [stdout] e9651cde57b3573e0dd8bbc0f6d0ac45af5b00781ab5c50f279124f3bbe606e6
