[INFO] fetching crate ark-serialize 0.4.2...
[INFO] testing ark-serialize-0.4.2 against 1.69.0 for beta-1.70-1
[INFO] extracting crate ark-serialize 0.4.2 into /workspace/builds/worker-3-tc1/source
[INFO] validating manifest of crates.io crate ark-serialize 0.4.2 on toolchain 1.69.0
[INFO] running `Command { std: CARGO_HOME="/workspace/cargo-home" RUSTUP_HOME="/workspace/rustup-home" "/workspace/cargo-home/bin/cargo" "+1.69.0" "metadata" "--manifest-path" "Cargo.toml" "--no-deps", kill_on_drop: false }`
[INFO] started tweaking crates.io crate ark-serialize 0.4.2
[INFO] finished tweaking crates.io crate ark-serialize 0.4.2
[INFO] tweaked toml for crates.io crate ark-serialize 0.4.2 written to /workspace/builds/worker-3-tc1/source/Cargo.toml
[INFO] running `Command { std: CARGO_HOME="/workspace/cargo-home" RUSTUP_HOME="/workspace/rustup-home" __CARGO_TEST_CHANNEL_OVERRIDE_DO_NOT_USE_THIS="nightly" "/workspace/cargo-home/bin/cargo" "+1.69.0" "generate-lockfile" "--manifest-path" "Cargo.toml" "-Zno-index-update", kill_on_drop: false }`
[INFO] running `Command { std: CARGO_HOME="/workspace/cargo-home" RUSTUP_HOME="/workspace/rustup-home" "/workspace/cargo-home/bin/cargo" "+1.69.0" "fetch" "--manifest-path" "Cargo.toml", kill_on_drop: false }`
[INFO] [stderr]  Downloading crates ...
[INFO] [stderr]   Downloaded ark-ec v0.4.2
[INFO] [stderr]   Downloaded ark-ff-asm v0.4.2
[INFO] [stderr]   Downloaded ark-poly v0.4.2
[INFO] [stderr]   Downloaded ark-serialize v0.4.2
[INFO] [stderr]   Downloaded ark-ff-macros v0.4.2
[INFO] [stderr]   Downloaded ark-std v0.4.0
[INFO] [stderr]   Downloaded ark-test-curves v0.4.2
[INFO] [stderr]   Downloaded ark-serialize-derive v0.4.2
[INFO] [stderr]   Downloaded ark-ff v0.4.2
[INFO] running `Command { std: "docker" "create" "-v" "/var/lib/crater-agent-workspace/builds/worker-3-tc1/target:/opt/rustwide/target:rw,Z" "-v" "/var/lib/crater-agent-workspace/builds/worker-3-tc1/source:/opt/rustwide/workdir:ro,Z" "-v" "/var/lib/crater-agent-workspace/cargo-home:/opt/rustwide/cargo-home:ro,Z" "-v" "/var/lib/crater-agent-workspace/rustup-home:/opt/rustwide/rustup-home:ro,Z" "-e" "SOURCE_DIR=/opt/rustwide/workdir" "-e" "CARGO_TARGET_DIR=/opt/rustwide/target" "-e" "CARGO_HOME=/opt/rustwide/cargo-home" "-e" "RUSTUP_HOME=/opt/rustwide/rustup-home" "-w" "/opt/rustwide/workdir" "-m" "1610612736" "--user" "0:0" "--network" "none" "ghcr.io/rust-lang/crates-build-env/linux@sha256:5ff2268d62e97bff2cde7d5815dd6ed5b47097566f13b8d0ca110b04b60e07ed" "/opt/rustwide/cargo-home/bin/cargo" "+1.69.0" "metadata" "--no-deps" "--format-version=1", kill_on_drop: false }`
[INFO] [stdout] 7da6bf0676fb1d839c7f0d115f17c4d39f83578ca449c3b86e740d7c9975dfe0
[INFO] running `Command { std: "docker" "start" "-a" "7da6bf0676fb1d839c7f0d115f17c4d39f83578ca449c3b86e740d7c9975dfe0", kill_on_drop: false }`
[INFO] running `Command { std: "docker" "inspect" "7da6bf0676fb1d839c7f0d115f17c4d39f83578ca449c3b86e740d7c9975dfe0", kill_on_drop: false }`
[INFO] running `Command { std: "docker" "rm" "-f" "7da6bf0676fb1d839c7f0d115f17c4d39f83578ca449c3b86e740d7c9975dfe0", kill_on_drop: false }`
[INFO] [stdout] 7da6bf0676fb1d839c7f0d115f17c4d39f83578ca449c3b86e740d7c9975dfe0
[INFO] running `Command { std: "docker" "create" "-v" "/var/lib/crater-agent-workspace/builds/worker-3-tc1/target:/opt/rustwide/target:rw,Z" "-v" "/var/lib/crater-agent-workspace/builds/worker-3-tc1/source:/opt/rustwide/workdir:ro,Z" "-v" "/var/lib/crater-agent-workspace/cargo-home:/opt/rustwide/cargo-home:ro,Z" "-v" "/var/lib/crater-agent-workspace/rustup-home:/opt/rustwide/rustup-home:ro,Z" "-e" "SOURCE_DIR=/opt/rustwide/workdir" "-e" "CARGO_TARGET_DIR=/opt/rustwide/target" "-e" "CARGO_INCREMENTAL=0" "-e" "RUST_BACKTRACE=full" "-e" "RUSTFLAGS=--cap-lints=warn" "-e" "RUSTDOCFLAGS=--cap-lints=warn" "-e" "CARGO_HOME=/opt/rustwide/cargo-home" "-e" "RUSTUP_HOME=/opt/rustwide/rustup-home" "-w" "/opt/rustwide/workdir" "-m" "1610612736" "--user" "0:0" "--network" "none" "ghcr.io/rust-lang/crates-build-env/linux@sha256:5ff2268d62e97bff2cde7d5815dd6ed5b47097566f13b8d0ca110b04b60e07ed" "/opt/rustwide/cargo-home/bin/cargo" "+1.69.0" "build" "--frozen" "--message-format=json", kill_on_drop: false }`
[INFO] [stdout] 84d6bf7eeb45d89ec831dbb6925de25dd7eeb9099b814eb887329f50b2c8645f
[INFO] running `Command { std: "docker" "start" "-a" "84d6bf7eeb45d89ec831dbb6925de25dd7eeb9099b814eb887329f50b2c8645f", kill_on_drop: false }`
[INFO] [stderr]    Compiling rand_core v0.6.4
[INFO] [stderr]    Compiling ppv-lite86 v0.2.17
[INFO] [stderr]    Compiling num-traits v0.2.15
[INFO] [stderr]    Compiling num-integer v0.1.45
[INFO] [stderr]    Compiling num-bigint v0.4.3
[INFO] [stderr]    Compiling crypto-common v0.1.6
[INFO] [stderr]    Compiling digest v0.10.6
[INFO] [stderr]    Compiling rand_chacha v0.3.1
[INFO] [stderr]    Compiling rand v0.8.5
[INFO] [stderr]    Compiling ark-std v0.4.0
[INFO] [stderr]    Compiling ark-serialize v0.4.2 (/opt/rustwide/workdir)
[INFO] [stderr]     Finished dev [unoptimized + debuginfo] target(s) in 5.50s
[INFO] running `Command { std: "docker" "inspect" "84d6bf7eeb45d89ec831dbb6925de25dd7eeb9099b814eb887329f50b2c8645f", kill_on_drop: false }`
[INFO] running `Command { std: "docker" "rm" "-f" "84d6bf7eeb45d89ec831dbb6925de25dd7eeb9099b814eb887329f50b2c8645f", kill_on_drop: false }`
[INFO] [stdout] 84d6bf7eeb45d89ec831dbb6925de25dd7eeb9099b814eb887329f50b2c8645f
[INFO] running `Command { std: "docker" "create" "-v" "/var/lib/crater-agent-workspace/builds/worker-3-tc1/target:/opt/rustwide/target:rw,Z" "-v" "/var/lib/crater-agent-workspace/builds/worker-3-tc1/source:/opt/rustwide/workdir:ro,Z" "-v" "/var/lib/crater-agent-workspace/cargo-home:/opt/rustwide/cargo-home:ro,Z" "-v" "/var/lib/crater-agent-workspace/rustup-home:/opt/rustwide/rustup-home:ro,Z" "-e" "SOURCE_DIR=/opt/rustwide/workdir" "-e" "CARGO_TARGET_DIR=/opt/rustwide/target" "-e" "CARGO_INCREMENTAL=0" "-e" "RUST_BACKTRACE=full" "-e" "RUSTFLAGS=--cap-lints=warn" "-e" "RUSTDOCFLAGS=--cap-lints=warn" "-e" "CARGO_HOME=/opt/rustwide/cargo-home" "-e" "RUSTUP_HOME=/opt/rustwide/rustup-home" "-w" "/opt/rustwide/workdir" "-m" "1610612736" "--user" "0:0" "--network" "none" "ghcr.io/rust-lang/crates-build-env/linux@sha256:5ff2268d62e97bff2cde7d5815dd6ed5b47097566f13b8d0ca110b04b60e07ed" "/opt/rustwide/cargo-home/bin/cargo" "+1.69.0" "test" "--frozen" "--no-run" "--message-format=json", kill_on_drop: false }`
[INFO] [stdout] 62bfade08299851e6e14106f80f70c00715a8c70a23a555250aeed1819fc8041
[INFO] running `Command { std: "docker" "start" "-a" "62bfade08299851e6e14106f80f70c00715a8c70a23a555250aeed1819fc8041", kill_on_drop: false }`
[INFO] [stderr]    Compiling syn v1.0.109
[INFO] [stderr]    Compiling ahash v0.8.3
[INFO] [stderr]    Compiling either v1.8.1
[INFO] [stderr]    Compiling once_cell v1.17.1
[INFO] [stderr]    Compiling zeroize v1.6.0
[INFO] [stderr]    Compiling sha3 v0.10.7
[INFO] [stderr]    Compiling sha2 v0.10.6
[INFO] [stderr]    Compiling blake2 v0.10.6
[INFO] [stderr]    Compiling itertools v0.10.5
[INFO] [stderr]    Compiling hashbrown v0.13.2
[INFO] [stderr]    Compiling ark-serialize-derive v0.4.2
[INFO] [stderr]    Compiling ark-ff-macros v0.4.2
[INFO] [stderr]    Compiling ark-ff-asm v0.4.2
[INFO] [stderr]    Compiling derivative v2.2.0
[INFO] [stderr]    Compiling ark-serialize v0.4.2
[INFO] [stderr]    Compiling ark-ff v0.4.2
[INFO] [stderr]    Compiling ark-poly v0.4.2
[INFO] [stderr]    Compiling ark-ec v0.4.2
[INFO] [stderr]    Compiling ark-test-curves v0.4.2
[INFO] [stderr]    Compiling ark-serialize v0.4.2 (/opt/rustwide/workdir)
[INFO] [stderr]     Finished test [unoptimized + debuginfo] target(s) in 29.73s
[INFO] running `Command { std: "docker" "inspect" "62bfade08299851e6e14106f80f70c00715a8c70a23a555250aeed1819fc8041", kill_on_drop: false }`
[INFO] running `Command { std: "docker" "rm" "-f" "62bfade08299851e6e14106f80f70c00715a8c70a23a555250aeed1819fc8041", kill_on_drop: false }`
[INFO] [stdout] 62bfade08299851e6e14106f80f70c00715a8c70a23a555250aeed1819fc8041
[INFO] running `Command { std: "docker" "create" "-v" "/var/lib/crater-agent-workspace/builds/worker-3-tc1/target:/opt/rustwide/target:rw,Z" "-v" "/var/lib/crater-agent-workspace/builds/worker-3-tc1/source:/opt/rustwide/workdir:ro,Z" "-v" "/var/lib/crater-agent-workspace/cargo-home:/opt/rustwide/cargo-home:ro,Z" "-v" "/var/lib/crater-agent-workspace/rustup-home:/opt/rustwide/rustup-home:ro,Z" "-e" "SOURCE_DIR=/opt/rustwide/workdir" "-e" "CARGO_TARGET_DIR=/opt/rustwide/target" "-e" "CARGO_INCREMENTAL=0" "-e" "RUST_BACKTRACE=full" "-e" "RUSTFLAGS=--cap-lints=warn" "-e" "RUSTDOCFLAGS=--cap-lints=warn" "-e" "CARGO_HOME=/opt/rustwide/cargo-home" "-e" "RUSTUP_HOME=/opt/rustwide/rustup-home" "-w" "/opt/rustwide/workdir" "-m" "1610612736" "--user" "0:0" "--network" "none" "ghcr.io/rust-lang/crates-build-env/linux@sha256:5ff2268d62e97bff2cde7d5815dd6ed5b47097566f13b8d0ca110b04b60e07ed" "/opt/rustwide/cargo-home/bin/cargo" "+1.69.0" "test" "--frozen", kill_on_drop: false }`
[INFO] [stdout] e520e84d9654e208ca30beddc0e043e89c817317dc2ee728f50eb9075d0c793d
[INFO] running `Command { std: "docker" "start" "-a" "e520e84d9654e208ca30beddc0e043e89c817317dc2ee728f50eb9075d0c793d", kill_on_drop: false }`
[INFO] [stderr]     Finished test [unoptimized + debuginfo] target(s) in 0.07s
[INFO] [stderr]      Running unittests src/lib.rs (/opt/rustwide/target/debug/deps/ark_serialize-c55bc9e619e32c77)
[INFO] [stdout] 
[INFO] [stdout] running 15 tests
[INFO] [stdout] test test::test_array ... ok
[INFO] [stdout] test test::test_phantomdata ... ok
[INFO] [stdout] test test::test_btreeset ... ok
[INFO] [stdout] test test::test_btreemap ... ok
[INFO] [stdout] test test::test_bool ... ok
[INFO] [stdout] test test::test_tuple ... ok
[INFO] [stdout] test test::test_sha3 ... ok
[INFO] [stdout] test test::test_string ... ok
[INFO] [stdout] test test::test_option ... ok
[INFO] [stdout] test test::test_sha2 ... ok
[INFO] [stdout] test test::test_biguint ... ok
[INFO] [stdout] test test::test_tuple_vec ... ok
[INFO] [stdout] test test::test_vec ... ok
[INFO] [stdout] test test::test_blake2 ... ok
[INFO] [stdout] test test::test_uint ... ok
[INFO] [stderr]    Doc-tests ark-serialize
[INFO] [stdout] 
[INFO] [stdout] test result: ok. 15 passed; 0 failed; 0 ignored; 0 measured; 0 filtered out; finished in 0.03s
[INFO] [stdout] 
[INFO] [stdout] 
[INFO] [stdout] running 5 tests
[INFO] [stdout] test src/lib.rs - (line 39) ... FAILED
[INFO] [stdout] test src/lib.rs - (line 77) ... FAILED
[INFO] [stdout] test src/lib.rs - (line 90) ... FAILED
[INFO] [stdout] test src/lib.rs - CanonicalDeserialize (line 115) ... ok
[INFO] [stderr] error: doctest failed, to rerun pass `--doc`
[INFO] [stdout] test src/lib.rs - CanonicalSerialize (line 72) ... ok
[INFO] [stdout] 
[INFO] [stdout] failures:
[INFO] [stdout] 
[INFO] [stdout] ---- src/lib.rs - (line 39) stdout ----
[INFO] [stdout] error[E0599]: no method named `serialize_compressed` found for struct `ark_test_curves::short_weierstrass::Affine` in the current scope
[INFO] [stdout]   --> src/lib.rs:52:3
[INFO] [stdout]    |
[INFO] [stdout] 16 | a.serialize_compressed(&mut compressed_bytes).unwrap();
[INFO] [stdout]    |   ^^^^^^^^^^^^^^^^^^^^ method not found in `Affine<Config>`
[INFO] [stdout]    |
[INFO] [stdout]   ::: /opt/rustwide/cargo-home/registry/src/github.com-1ecc6299db9ec823/ark-serialize-0.4.2/src/lib.rs:93:8
[INFO] [stdout]    |
[INFO] [stdout] 93 |     fn serialize_compressed<W: Write>(&self, writer: W) -> Result<(), SerializationError> {
[INFO] [stdout]    |        -------------------- the method is available for `ark_test_curves::short_weierstrass::Affine<ark_test_curves::bls12_381::g1::Config>` here
[INFO] [stdout]    |
[INFO] [stdout]    = help: items from traits can only be used if the trait is in scope
[INFO] [stdout] help: one of the expressions' fields has a method of the same name
[INFO] [stdout]    |
[INFO] [stdout] 16 | a.infinity.serialize_compressed(&mut compressed_bytes).unwrap();
[INFO] [stdout]    |   +++++++++
[INFO] [stdout] help: the following trait is implemented but not in scope; perhaps add a `use` for it:
[INFO] [stdout]    |
[INFO] [stdout] 3  | use ark_serialize::CanonicalSerialize;
[INFO] [stdout]    |
[INFO] [stdout] 
[INFO] [stdout] error[E0599]: no method named `serialize_uncompressed` found for struct `ark_test_curves::short_weierstrass::Affine` in the current scope
[INFO] [stdout]    --> src/lib.rs:55:3
[INFO] [stdout]     |
[INFO] [stdout] 19  | a.serialize_uncompressed(&mut uncompressed_bytes).unwrap();
[INFO] [stdout]     |   ^^^^^^^^^^^^^^^^^^^^^^ method not found in `Affine<Config>`
[INFO] [stdout]     |
[INFO] [stdout]    ::: /opt/rustwide/cargo-home/registry/src/github.com-1ecc6299db9ec823/ark-serialize-0.4.2/src/lib.rs:101:8
[INFO] [stdout]     |
[INFO] [stdout] 101 |     fn serialize_uncompressed<W: Write>(&self, writer: W) -> Result<(), SerializationError> {
[INFO] [stdout]     |        ---------------------- the method is available for `ark_test_curves::short_weierstrass::Affine<ark_test_curves::bls12_381::g1::Config>` here
[INFO] [stdout]     |
[INFO] [stdout]     = help: items from traits can only be used if the trait is in scope
[INFO] [stdout] help: one of the expressions' fields has a method of the same name
[INFO] [stdout]     |
[INFO] [stdout] 19  | a.infinity.serialize_uncompressed(&mut uncompressed_bytes).unwrap();
[INFO] [stdout]     |   +++++++++
[INFO] [stdout] help: the following trait is implemented but not in scope; perhaps add a `use` for it:
[INFO] [stdout]     |
[INFO] [stdout] 3   | use ark_serialize::CanonicalSerialize;
[INFO] [stdout]     |
[INFO] [stdout] 
[INFO] [stdout] error[E0599]: no function or associated item named `deserialize_compressed` found for struct `ark_test_curves::short_weierstrass::Affine` in the current scope
[INFO] [stdout]   --> src/lib.rs:58:30
[INFO] [stdout]    |
[INFO] [stdout] 22 | let a_compressed = G1Affine::deserialize_compressed(&*compressed_bytes).unwrap();
[INFO] [stdout]    |                              ^^^^^^^^^^^^^^^^^^^^^^ function or associated item not found in `Affine<Config>`
[INFO] [stdout]    |
[INFO] [stdout]    = help: items from traits can only be used if the trait is in scope
[INFO] [stdout] help: the following trait is implemented but not in scope; perhaps add a `use` for it:
[INFO] [stdout]    |
[INFO] [stdout] 3  | use ark_serialize::CanonicalDeserialize;
[INFO] [stdout]    |
[INFO] [stdout] 
[INFO] [stdout] error[E0599]: no function or associated item named `deserialize_uncompressed` found for struct `ark_test_curves::short_weierstrass::Affine` in the current scope
[INFO] [stdout]   --> src/lib.rs:61:32
[INFO] [stdout]    |
[INFO] [stdout] 25 | let a_uncompressed = G1Affine::deserialize_uncompressed(&*uncompressed_bytes).unwrap();
[INFO] [stdout]    |                                ^^^^^^^^^^^^^^^^^^^^^^^^ function or associated item not found in `Affine<Config>`
[INFO] [stdout]    |
[INFO] [stdout]    = help: items from traits can only be used if the trait is in scope
[INFO] [stdout] help: the following trait is implemented but not in scope; perhaps add a `use` for it:
[INFO] [stdout]    |
[INFO] [stdout] 3  | use ark_serialize::CanonicalDeserialize;
[INFO] [stdout]    |
[INFO] [stdout] 
[INFO] [stdout] error[E0599]: no function or associated item named `deserialize_uncompressed_unchecked` found for struct `ark_test_curves::short_weierstrass::Affine` in the current scope
[INFO] [stdout]   --> src/lib.rs:69:42
[INFO] [stdout]    |
[INFO] [stdout] 33 | let a_uncompressed_unchecked = G1Affine::deserialize_uncompressed_unchecked(&*uncompressed_bytes).unwrap();
[INFO] [stdout]    |                                          ^^^^^^^^^^^^^^^^^^^^^^^^^^^^^^^^^^ function or associated item not found in `Affine<Config>`
[INFO] [stdout]    |
[INFO] [stdout]    = help: items from traits can only be used if the trait is in scope
[INFO] [stdout] help: the following trait is implemented but not in scope; perhaps add a `use` for it:
[INFO] [stdout]    |
[INFO] [stdout] 3  | use ark_serialize::CanonicalDeserialize;
[INFO] [stdout]    |
[INFO] [stdout] 
[INFO] [stdout] error[E0599]: no function or associated item named `deserialize_compressed_unchecked` found for struct `ark_test_curves::short_weierstrass::Affine` in the current scope
[INFO] [stdout]   --> src/lib.rs:70:40
[INFO] [stdout]    |
[INFO] [stdout] 34 | let a_compressed_unchecked = G1Affine::deserialize_compressed_unchecked(&*compressed_bytes).unwrap();
[INFO] [stdout]    |                                        ^^^^^^^^^^^^^^^^^^^^^^^^^^^^^^^^ function or associated item not found in `Affine<Config>`
[INFO] [stdout]    |
[INFO] [stdout]    = help: items from traits can only be used if the trait is in scope
[INFO] [stdout] help: the following trait is implemented but not in scope; perhaps add a `use` for it:
[INFO] [stdout]    |
[INFO] [stdout] 3  | use ark_serialize::CanonicalDeserialize;
[INFO] [stdout]    |
[INFO] [stdout] 
[INFO] [stdout] error: aborting due to 6 previous errors
[INFO] [stdout] 
[INFO] [stdout] For more information about this error, try `rustc --explain E0599`.
[INFO] [stdout] Couldn't compile the test.
[INFO] [stdout] ---- src/lib.rs - (line 77) stdout ----
[INFO] [stdout] error: cannot find derive macro `CanonicalSerialize` in this scope
[INFO] [stdout]  --> src/lib.rs:81:10
[INFO] [stdout]   |
[INFO] [stdout] 7 | #[derive(CanonicalSerialize, CanonicalDeserialize)]
[INFO] [stdout]   |          ^^^^^^^^^^^^^^^^^^
[INFO] [stdout]   |
[INFO] [stdout] note: `CanonicalSerialize` is imported here, but it is only a trait, without a derive macro
[INFO] [stdout]  --> src/lib.rs:79:21
[INFO] [stdout]   |
[INFO] [stdout] 5 | use ark_serialize::{CanonicalSerialize, CanonicalDeserialize};
[INFO] [stdout]   |                     ^^^^^^^^^^^^^^^^^^
[INFO] [stdout] 
[INFO] [stdout] error: cannot find derive macro `CanonicalDeserialize` in this scope
[INFO] [stdout]  --> src/lib.rs:81:30
[INFO] [stdout]   |
[INFO] [stdout] 7 | #[derive(CanonicalSerialize, CanonicalDeserialize)]
[INFO] [stdout]   |                              ^^^^^^^^^^^^^^^^^^^^
[INFO] [stdout]   |
[INFO] [stdout] note: `CanonicalDeserialize` is imported here, but it is only a trait, without a derive macro
[INFO] [stdout]  --> src/lib.rs:79:41
[INFO] [stdout]   |
[INFO] [stdout] 5 | use ark_serialize::{CanonicalSerialize, CanonicalDeserialize};
[INFO] [stdout]   |                                         ^^^^^^^^^^^^^^^^^^^^
[INFO] [stdout] 
[INFO] [stdout] error: aborting due to 2 previous errors
[INFO] [stdout] 
[INFO] [stdout] Couldn't compile the test.
[INFO] [stdout] ---- src/lib.rs - (line 90) stdout ----
[INFO] [stdout] error[E0599]: no method named `serialize_with_mode` found for struct `ark_test_curves::short_weierstrass::Affine` in the current scope
[INFO] [stdout]   --> src/lib.rs:107:16
[INFO] [stdout]    |
[INFO] [stdout] 20 |         self.a.serialize_with_mode(&mut writer, mode)?;
[INFO] [stdout]    |                ^^^^^^^^^^^^^^^^^^^ method not found in `Affine<Config>`
[INFO] [stdout]    |
[INFO] [stdout]   ::: /opt/rustwide/cargo-home/registry/src/github.com-1ecc6299db9ec823/ark-serialize-0.4.2/src/lib.rs:85:8
[INFO] [stdout]    |
[INFO] [stdout] 85 |     fn serialize_with_mode<W: Write>(
[INFO] [stdout]    |        ------------------- the method is available for `ark_test_curves::short_weierstrass::Affine<ark_test_curves::bls12_381::g1::Config>` here
[INFO] [stdout]    |
[INFO] [stdout]    = help: items from traits can only be used if the trait is in scope
[INFO] [stdout] help: one of the expressions' fields has a method of the same name
[INFO] [stdout]    |
[INFO] [stdout] 20 |         self.a.infinity.serialize_with_mode(&mut writer, mode)?;
[INFO] [stdout]    |                +++++++++
[INFO] [stdout] help: the following trait is implemented but not in scope; perhaps add a `use` for it:
[INFO] [stdout]    |
[INFO] [stdout] 2  | use ark_serialize::CanonicalSerialize;
[INFO] [stdout]    |
[INFO] [stdout] 
[INFO] [stdout] error[E0599]: no method named `serialize_with_mode` found for struct `ark_test_curves::short_weierstrass::Affine` in the current scope
[INFO] [stdout]   --> src/lib.rs:108:16
[INFO] [stdout]    |
[INFO] [stdout] 21 |         self.b.serialize_with_mode(&mut writer, mode)?;
[INFO] [stdout]    |                ^^^^^^^^^^^^^^^^^^^ method not found in `Affine<Config>`
[INFO] [stdout]    |
[INFO] [stdout]   ::: /opt/rustwide/cargo-home/registry/src/github.com-1ecc6299db9ec823/ark-serialize-0.4.2/src/lib.rs:85:8
[INFO] [stdout]    |
[INFO] [stdout] 85 |     fn serialize_with_mode<W: Write>(
[INFO] [stdout]    |        ------------------- the method is available for `ark_test_curves::short_weierstrass::Affine<ark_test_curves::bls12_381::g2::Config>` here
[INFO] [stdout]    |
[INFO] [stdout]    = help: items from traits can only be used if the trait is in scope
[INFO] [stdout] help: one of the expressions' fields has a method of the same name
[INFO] [stdout]    |
[INFO] [stdout] 21 |         self.b.infinity.serialize_with_mode(&mut writer, mode)?;
[INFO] [stdout]    |                +++++++++
[INFO] [stdout] help: the following trait is implemented but not in scope; perhaps add a `use` for it:
[INFO] [stdout]    |
[INFO] [stdout] 2  | use ark_serialize::CanonicalSerialize;
[INFO] [stdout]    |
[INFO] [stdout] 
[INFO] [stdout] error[E0599]: no method named `serialized_size` found for struct `ark_test_curves::short_weierstrass::Affine` in the current scope
[INFO] [stdout]   --> src/lib.rs:113:16
[INFO] [stdout]    |
[INFO] [stdout] 26 |         self.a.serialized_size(mode) + self.b.serialized_size(mode)
[INFO] [stdout]    |                ^^^^^^^^^^^^^^^ method not found in `Affine<Config>`
[INFO] [stdout]    |
[INFO] [stdout]   ::: /opt/rustwide/cargo-home/registry/src/github.com-1ecc6299db9ec823/ark-serialize-0.4.2/src/lib.rs:91:8
[INFO] [stdout]    |
[INFO] [stdout] 91 |     fn serialized_size(&self, compress: Compress) -> usize;
[INFO] [stdout]    |        --------------- the method is available for `ark_test_curves::short_weierstrass::Affine<ark_test_curves::bls12_381::g1::Config>` here
[INFO] [stdout]    |
[INFO] [stdout]    = help: items from traits can only be used if the trait is in scope
[INFO] [stdout] help: one of the expressions' fields has a method of the same name
[INFO] [stdout]    |
[INFO] [stdout] 26 |         self.a.infinity.serialized_size(mode) + self.b.serialized_size(mode)
[INFO] [stdout]    |                +++++++++
[INFO] [stdout] help: the following trait is implemented but not in scope; perhaps add a `use` for it:
[INFO] [stdout]    |
[INFO] [stdout] 2  | use ark_serialize::CanonicalSerialize;
[INFO] [stdout]    |
[INFO] [stdout] 
[INFO] [stdout] error[E0599]: no method named `serialized_size` found for struct `ark_test_curves::short_weierstrass::Affine` in the current scope
[INFO] [stdout]   --> src/lib.rs:113:47
[INFO] [stdout]    |
[INFO] [stdout] 26 |         self.a.serialized_size(mode) + self.b.serialized_size(mode)
[INFO] [stdout]    |                                               ^^^^^^^^^^^^^^^ method not found in `Affine<Config>`
[INFO] [stdout]    |
[INFO] [stdout]   ::: /opt/rustwide/cargo-home/registry/src/github.com-1ecc6299db9ec823/ark-serialize-0.4.2/src/lib.rs:91:8
[INFO] [stdout]    |
[INFO] [stdout] 91 |     fn serialized_size(&self, compress: Compress) -> usize;
[INFO] [stdout]    |        --------------- the method is available for `ark_test_curves::short_weierstrass::Affine<ark_test_curves::bls12_381::g2::Config>` here
[INFO] [stdout]    |
[INFO] [stdout]    = help: items from traits can only be used if the trait is in scope
[INFO] [stdout] help: one of the expressions' fields has a method of the same name
[INFO] [stdout]    |
[INFO] [stdout] 26 |         self.a.serialized_size(mode) + self.b.infinity.serialized_size(mode)
[INFO] [stdout]    |                                               +++++++++
[INFO] [stdout] help: the following trait is implemented but not in scope; perhaps add a `use` for it:
[INFO] [stdout]    |
[INFO] [stdout] 2  | use ark_serialize::CanonicalSerialize;
[INFO] [stdout]    |
[INFO] [stdout] 
[INFO] [stdout] error[E0599]: no function or associated item named `deserialize_with_mode` found for struct `ark_test_curves::short_weierstrass::Affine` in the current scope
[INFO] [stdout]   --> src/lib.rs:121:27
[INFO] [stdout]    |
[INFO] [stdout] 34 |         let a = G1Affine::deserialize_with_mode(&mut reader, compress, validate)?;
[INFO] [stdout]    |                           ^^^^^^^^^^^^^^^^^^^^^ function or associated item not found in `Affine<Config>`
[INFO] [stdout]    |
[INFO] [stdout]    = help: items from traits can only be used if the trait is in scope
[INFO] [stdout] help: the following trait is implemented but not in scope; perhaps add a `use` for it:
[INFO] [stdout]    |
[INFO] [stdout] 2  | use ark_serialize::CanonicalDeserialize;
[INFO] [stdout]    |
[INFO] [stdout] 
[INFO] [stdout] error[E0599]: no function or associated item named `deserialize_with_mode` found for struct `ark_test_curves::short_weierstrass::Affine` in the current scope
[INFO] [stdout]   --> src/lib.rs:122:27
[INFO] [stdout]    |
[INFO] [stdout] 35 |         let b = G2Affine::deserialize_with_mode(&mut reader, compress, validate)?;
[INFO] [stdout]    |                           ^^^^^^^^^^^^^^^^^^^^^ function or associated item not found in `Affine<Config>`
[INFO] [stdout]    |
[INFO] [stdout]    = help: items from traits can only be used if the trait is in scope
[INFO] [stdout] help: the following trait is implemented but not in scope; perhaps add a `use` for it:
[INFO] [stdout]    |
[INFO] [stdout] 2  | use ark_serialize::CanonicalDeserialize;
[INFO] [stdout]    |
[INFO] [stdout] 
[INFO] [stdout] error[E0599]: no method named `check` found for struct `ark_test_curves::short_weierstrass::Affine` in the current scope
[INFO] [stdout]   --> src/lib.rs:132:16
[INFO] [stdout]    |
[INFO] [stdout] 45 |         self.a.check()?;
[INFO] [stdout]    |                ^^^^^ method not found in `Affine<Config>`
[INFO] [stdout]    |
[INFO] [stdout]   ::: /opt/rustwide/cargo-home/registry/src/github.com-1ecc6299db9ec823/ark-serialize-0.4.2/src/lib.rs:44:8
[INFO] [stdout]    |
[INFO] [stdout] 44 |     fn check(&self) -> Result<(), SerializationError>;
[INFO] [stdout]    |        ----- the method is available for `ark_test_curves::short_weierstrass::Affine<ark_test_curves::bls12_381::g1::Config>` here
[INFO] [stdout]    |
[INFO] [stdout]    = help: items from traits can only be used if the trait is in scope
[INFO] [stdout] help: one of the expressions' fields has a method of the same name
[INFO] [stdout]    |
[INFO] [stdout] 45 |         self.a.infinity.check()?;
[INFO] [stdout]    |                +++++++++
[INFO] [stdout] help: the following trait is implemented but not in scope; perhaps add a `use` for it:
[INFO] [stdout]    |
[INFO] [stdout] 2  | use ark_serialize::Valid;
[INFO] [stdout]    |
[INFO] [stdout] 
[INFO] [stdout] error[E0599]: no method named `check` found for struct `ark_test_curves::short_weierstrass::Affine` in the current scope
[INFO] [stdout]   --> src/lib.rs:133:16
[INFO] [stdout]    |
[INFO] [stdout] 46 |         self.b.check()?;
[INFO] [stdout]    |                ^^^^^ method not found in `Affine<Config>`
[INFO] [stdout]    |
[INFO] [stdout]   ::: /opt/rustwide/cargo-home/registry/src/github.com-1ecc6299db9ec823/ark-serialize-0.4.2/src/lib.rs:44:8
[INFO] [stdout]    |
[INFO] [stdout] 44 |     fn check(&self) -> Result<(), SerializationError>;
[INFO] [stdout]    |        ----- the method is available for `ark_test_curves::short_weierstrass::Affine<ark_test_curves::bls12_381::g2::Config>` here
[INFO] [stdout]    |
[INFO] [stdout]    = help: items from traits can only be used if the trait is in scope
[INFO] [stdout] help: one of the expressions' fields has a method of the same name
[INFO] [stdout]    |
[INFO] [stdout] 46 |         self.b.infinity.check()?;
[INFO] [stdout]    |                +++++++++
[INFO] [stdout] help: the following trait is implemented but not in scope; perhaps add a `use` for it:
[INFO] [stdout]    |
[INFO] [stdout] 2  | use ark_serialize::Valid;
[INFO] [stdout]    |
[INFO] [stdout] 
[INFO] [stdout] error: aborting due to 8 previous errors
[INFO] [stdout] 
[INFO] [stdout] For more information about this error, try `rustc --explain E0599`.
[INFO] [stdout] Couldn't compile the test.
[INFO] [stdout] 
[INFO] [stdout] failures:
[INFO] [stdout]     src/lib.rs - (line 39)
[INFO] [stdout]     src/lib.rs - (line 77)
[INFO] [stdout]     src/lib.rs - (line 90)
[INFO] [stdout] 
[INFO] [stdout] test result: FAILED. 2 passed; 3 failed; 0 ignored; 0 measured; 0 filtered out; finished in 0.41s
[INFO] [stdout] 
[INFO] running `Command { std: "docker" "inspect" "e520e84d9654e208ca30beddc0e043e89c817317dc2ee728f50eb9075d0c793d", kill_on_drop: false }`
[INFO] running `Command { std: "docker" "rm" "-f" "e520e84d9654e208ca30beddc0e043e89c817317dc2ee728f50eb9075d0c793d", kill_on_drop: false }`
[INFO] [stdout] e520e84d9654e208ca30beddc0e043e89c817317dc2ee728f50eb9075d0c793d
