[INFO] fetching crate ark-r1cs-std 0.4.0...
[INFO] testing ark-r1cs-std-0.4.0 against 1.69.0 for beta-1.70-1
[INFO] extracting crate ark-r1cs-std 0.4.0 into /workspace/builds/worker-4-tc1/source
[INFO] validating manifest of crates.io crate ark-r1cs-std 0.4.0 on toolchain 1.69.0
[INFO] running `Command { std: CARGO_HOME="/workspace/cargo-home" RUSTUP_HOME="/workspace/rustup-home" "/workspace/cargo-home/bin/cargo" "+1.69.0" "metadata" "--manifest-path" "Cargo.toml" "--no-deps", kill_on_drop: false }`
[INFO] started tweaking crates.io crate ark-r1cs-std 0.4.0
[INFO] finished tweaking crates.io crate ark-r1cs-std 0.4.0
[INFO] tweaked toml for crates.io crate ark-r1cs-std 0.4.0 written to /workspace/builds/worker-4-tc1/source/Cargo.toml
[INFO] running `Command { std: CARGO_HOME="/workspace/cargo-home" RUSTUP_HOME="/workspace/rustup-home" __CARGO_TEST_CHANNEL_OVERRIDE_DO_NOT_USE_THIS="nightly" "/workspace/cargo-home/bin/cargo" "+1.69.0" "generate-lockfile" "--manifest-path" "Cargo.toml" "-Zno-index-update", kill_on_drop: false }`
[INFO] running `Command { std: CARGO_HOME="/workspace/cargo-home" RUSTUP_HOME="/workspace/rustup-home" "/workspace/cargo-home/bin/cargo" "+1.69.0" "fetch" "--manifest-path" "Cargo.toml", kill_on_drop: false }`
[INFO] [stderr]  Downloading crates ...
[INFO] [stderr]   Downloaded ark-serialize-derive v0.4.2
[INFO] [stderr]   Downloaded ark-ec v0.4.2
[INFO] [stderr]   Downloaded ark-ff-macros v0.4.2
[INFO] [stderr]   Downloaded ark-poly v0.4.2
[INFO] [stderr]   Downloaded ark-ff-asm v0.4.2
[INFO] [stderr]   Downloaded ark-relations v0.4.0
[INFO] [stderr]   Downloaded ark-serialize v0.4.2
[INFO] [stderr]   Downloaded ark-ff v0.4.2
[INFO] [stderr]   Downloaded ark-std v0.4.0
[INFO] running `Command { std: "docker" "create" "-v" "/var/lib/crater-agent-workspace/builds/worker-4-tc1/target:/opt/rustwide/target:rw,Z" "-v" "/var/lib/crater-agent-workspace/builds/worker-4-tc1/source:/opt/rustwide/workdir:ro,Z" "-v" "/var/lib/crater-agent-workspace/cargo-home:/opt/rustwide/cargo-home:ro,Z" "-v" "/var/lib/crater-agent-workspace/rustup-home:/opt/rustwide/rustup-home:ro,Z" "-e" "SOURCE_DIR=/opt/rustwide/workdir" "-e" "CARGO_TARGET_DIR=/opt/rustwide/target" "-e" "CARGO_HOME=/opt/rustwide/cargo-home" "-e" "RUSTUP_HOME=/opt/rustwide/rustup-home" "-w" "/opt/rustwide/workdir" "-m" "1610612736" "--user" "0:0" "--network" "none" "ghcr.io/rust-lang/crates-build-env/linux@sha256:5ff2268d62e97bff2cde7d5815dd6ed5b47097566f13b8d0ca110b04b60e07ed" "/opt/rustwide/cargo-home/bin/cargo" "+1.69.0" "metadata" "--no-deps" "--format-version=1", kill_on_drop: false }`
[INFO] [stdout] 47f46f0e53bfae2619813afda5bc1fbf5269231c16abe0217413947e32a19282
[INFO] running `Command { std: "docker" "start" "-a" "47f46f0e53bfae2619813afda5bc1fbf5269231c16abe0217413947e32a19282", kill_on_drop: false }`
[INFO] running `Command { std: "docker" "inspect" "47f46f0e53bfae2619813afda5bc1fbf5269231c16abe0217413947e32a19282", kill_on_drop: false }`
[INFO] running `Command { std: "docker" "rm" "-f" "47f46f0e53bfae2619813afda5bc1fbf5269231c16abe0217413947e32a19282", kill_on_drop: false }`
[INFO] [stdout] 47f46f0e53bfae2619813afda5bc1fbf5269231c16abe0217413947e32a19282
[INFO] running `Command { std: "docker" "create" "-v" "/var/lib/crater-agent-workspace/builds/worker-4-tc1/target:/opt/rustwide/target:rw,Z" "-v" "/var/lib/crater-agent-workspace/builds/worker-4-tc1/source:/opt/rustwide/workdir:ro,Z" "-v" "/var/lib/crater-agent-workspace/cargo-home:/opt/rustwide/cargo-home:ro,Z" "-v" "/var/lib/crater-agent-workspace/rustup-home:/opt/rustwide/rustup-home:ro,Z" "-e" "SOURCE_DIR=/opt/rustwide/workdir" "-e" "CARGO_TARGET_DIR=/opt/rustwide/target" "-e" "CARGO_INCREMENTAL=0" "-e" "RUST_BACKTRACE=full" "-e" "RUSTFLAGS=--cap-lints=warn" "-e" "RUSTDOCFLAGS=--cap-lints=warn" "-e" "CARGO_HOME=/opt/rustwide/cargo-home" "-e" "RUSTUP_HOME=/opt/rustwide/rustup-home" "-w" "/opt/rustwide/workdir" "-m" "1610612736" "--user" "0:0" "--network" "none" "ghcr.io/rust-lang/crates-build-env/linux@sha256:5ff2268d62e97bff2cde7d5815dd6ed5b47097566f13b8d0ca110b04b60e07ed" "/opt/rustwide/cargo-home/bin/cargo" "+1.69.0" "build" "--frozen" "--message-format=json", kill_on_drop: false }`
[INFO] [stdout] 11ab293c07d3bb26cdf2932ac7384857693dcafda00b58322e6fc316b18f7e2c
[INFO] running `Command { std: "docker" "start" "-a" "11ab293c07d3bb26cdf2932ac7384857693dcafda00b58322e6fc316b18f7e2c", kill_on_drop: false }`
[INFO] [stderr]    Compiling num-traits v0.2.15
[INFO] [stderr]    Compiling num-integer v0.1.45
[INFO] [stderr]    Compiling syn v1.0.109
[INFO] [stderr]    Compiling num-bigint v0.4.3
[INFO] [stderr]    Compiling once_cell v1.17.1
[INFO] [stderr]    Compiling rand_core v0.6.4
[INFO] [stderr]    Compiling ppv-lite86 v0.2.17
[INFO] [stderr]    Compiling cfg-if v1.0.0
[INFO] [stderr]    Compiling paste v1.0.12
[INFO] [stderr]    Compiling generic-array v0.14.7
[INFO] [stderr]    Compiling ahash v0.8.3
[INFO] [stderr]    Compiling either v1.8.1
[INFO] [stderr]    Compiling pin-project-lite v0.2.9
[INFO] [stderr]    Compiling typenum v1.16.0
[INFO] [stderr]    Compiling syn v2.0.15
[INFO] [stderr]    Compiling itertools v0.10.5
[INFO] [stderr]    Compiling tracing-core v0.1.30
[INFO] [stderr]    Compiling rand_chacha v0.3.1
[INFO] [stderr]    Compiling rand v0.8.5
[INFO] [stderr]    Compiling hashbrown v0.13.2
[INFO] [stderr]    Compiling tracing-subscriber v0.2.25
[INFO] [stderr]    Compiling crypto-common v0.1.6
[INFO] [stderr]    Compiling digest v0.10.6
[INFO] [stderr]    Compiling ark-std v0.4.0
[INFO] [stderr]    Compiling zeroize_derive v1.4.2
[INFO] [stderr]    Compiling tracing-attributes v0.1.24
[INFO] [stderr]    Compiling ark-serialize-derive v0.4.2
[INFO] [stderr]    Compiling ark-ff-macros v0.4.2
[INFO] [stderr]    Compiling derivative v2.2.0
[INFO] [stderr]    Compiling ark-ff-asm v0.4.2
[INFO] [stderr]    Compiling zeroize v1.6.0
[INFO] [stderr]    Compiling ark-serialize v0.4.2
[INFO] [stderr]    Compiling tracing v0.1.37
[INFO] [stderr]    Compiling ark-ff v0.4.2
[INFO] [stderr]    Compiling ark-poly v0.4.2
[INFO] [stderr]    Compiling ark-relations v0.4.0
[INFO] [stderr]    Compiling ark-ec v0.4.2
[INFO] [stderr]    Compiling ark-r1cs-std v0.4.0 (/opt/rustwide/workdir)
[INFO] [stderr]     Finished dev [unoptimized + debuginfo] target(s) in 28.94s
[INFO] running `Command { std: "docker" "inspect" "11ab293c07d3bb26cdf2932ac7384857693dcafda00b58322e6fc316b18f7e2c", kill_on_drop: false }`
[INFO] running `Command { std: "docker" "rm" "-f" "11ab293c07d3bb26cdf2932ac7384857693dcafda00b58322e6fc316b18f7e2c", kill_on_drop: false }`
[INFO] [stdout] 11ab293c07d3bb26cdf2932ac7384857693dcafda00b58322e6fc316b18f7e2c
[INFO] running `Command { std: "docker" "create" "-v" "/var/lib/crater-agent-workspace/builds/worker-4-tc1/target:/opt/rustwide/target:rw,Z" "-v" "/var/lib/crater-agent-workspace/builds/worker-4-tc1/source:/opt/rustwide/workdir:ro,Z" "-v" "/var/lib/crater-agent-workspace/cargo-home:/opt/rustwide/cargo-home:ro,Z" "-v" "/var/lib/crater-agent-workspace/rustup-home:/opt/rustwide/rustup-home:ro,Z" "-e" "SOURCE_DIR=/opt/rustwide/workdir" "-e" "CARGO_TARGET_DIR=/opt/rustwide/target" "-e" "CARGO_INCREMENTAL=0" "-e" "RUST_BACKTRACE=full" "-e" "RUSTFLAGS=--cap-lints=warn" "-e" "RUSTDOCFLAGS=--cap-lints=warn" "-e" "CARGO_HOME=/opt/rustwide/cargo-home" "-e" "RUSTUP_HOME=/opt/rustwide/rustup-home" "-w" "/opt/rustwide/workdir" "-m" "1610612736" "--user" "0:0" "--network" "none" "ghcr.io/rust-lang/crates-build-env/linux@sha256:5ff2268d62e97bff2cde7d5815dd6ed5b47097566f13b8d0ca110b04b60e07ed" "/opt/rustwide/cargo-home/bin/cargo" "+1.69.0" "test" "--frozen" "--no-run" "--message-format=json", kill_on_drop: false }`
[INFO] [stdout] 3f9d18be929198f98aa8beefd6f17c9b596d17029de20a738d3a957173f45dae
[INFO] running `Command { std: "docker" "start" "-a" "3f9d18be929198f98aa8beefd6f17c9b596d17029de20a738d3a957173f45dae", kill_on_drop: false }`
[INFO] [stderr]    Compiling autocfg v1.1.0
[INFO] [stderr]    Compiling proc-macro2 v1.0.56
[INFO] [stderr]    Compiling unicode-ident v1.0.8
[INFO] [stderr]    Compiling quote v1.0.26
[INFO] [stderr]    Compiling version_check v0.9.4
[INFO] [stderr]    Compiling syn v1.0.109
[INFO] [stderr]    Compiling typenum v1.16.0
[INFO] [stderr]    Compiling rand_core v0.6.4
[INFO] [stderr]    Compiling ppv-lite86 v0.2.17
[INFO] [stderr]    Compiling once_cell v1.17.1
[INFO] [stderr]    Compiling paste v1.0.12
[INFO] [stderr]    Compiling cfg-if v1.0.0
[INFO] [stderr]    Compiling either v1.8.1
[INFO] [stderr]    Compiling pin-project-lite v0.2.9
[INFO] [stderr]    Compiling tracing-core v0.1.30
[INFO] [stderr]    Compiling itertools v0.10.5
[INFO] [stderr]    Compiling generic-array v0.14.7
[INFO] [stderr]    Compiling ahash v0.8.3
[INFO] [stderr]    Compiling num-traits v0.2.15
[INFO] [stderr]    Compiling num-integer v0.1.45
[INFO] [stderr]    Compiling num-bigint v0.4.3
[INFO] [stderr]    Compiling rand_chacha v0.3.1
[INFO] [stderr]    Compiling tracing-subscriber v0.2.25
[INFO] [stderr]    Compiling rand v0.8.5
[INFO] [stderr]    Compiling syn v2.0.15
[INFO] [stderr]    Compiling hashbrown v0.13.2
[INFO] [stderr]    Compiling crypto-common v0.1.6
[INFO] [stderr]    Compiling digest v0.10.6
[INFO] [stderr]    Compiling ark-std v0.4.0
[INFO] [stderr]    Compiling ark-serialize-derive v0.4.2
[INFO] [stderr]    Compiling derivative v2.2.0
[INFO] [stderr]    Compiling ark-ff-asm v0.4.2
[INFO] [stderr]    Compiling ark-ff-macros v0.4.2
[INFO] [stderr]    Compiling zeroize_derive v1.4.2
[INFO] [stderr]    Compiling tracing-attributes v0.1.24
[INFO] [stderr]    Compiling ark-serialize v0.4.2
[INFO] [stderr]    Compiling zeroize v1.6.0
[INFO] [stderr]    Compiling tracing v0.1.37
[INFO] [stderr]    Compiling ark-ff v0.4.2
[INFO] [stderr]    Compiling ark-poly v0.4.2
[INFO] [stderr]    Compiling ark-relations v0.4.0
[INFO] [stderr]    Compiling ark-ec v0.4.2
[INFO] [stderr]    Compiling ark-r1cs-std v0.4.0 (/opt/rustwide/workdir)
[INFO] [stdout] error[E0433]: failed to resolve: use of undeclared crate or module `ark_test_curves`
[INFO] [stdout]    --> src/bits/boolean.rs:961:9
[INFO] [stdout]     |
[INFO] [stdout] 961 |     use ark_test_curves::bls12_381::Fr;
[INFO] [stdout]     |         ^^^^^^^^^^^^^^^ use of undeclared crate or module `ark_test_curves`
[INFO] [stdout] 
[INFO] [stdout] 
[INFO] [stdout] error[E0433]: failed to resolve: use of undeclared crate or module `ark_test_curves`
[INFO] [stdout]    --> src/bits/uint8.rs:377:9
[INFO] [stdout]     |
[INFO] [stdout] 377 |     use ark_test_curves::bls12_381::Fr;
[INFO] [stdout]     |         ^^^^^^^^^^^^^^^ use of undeclared crate or module `ark_test_curves`
[INFO] [stdout] 
[INFO] [stdout] 
[INFO] [stdout] error[E0433]: failed to resolve: use of undeclared crate or module `ark_test_curves`
[INFO] [stdout]    --> src/fields/fp/cmp.rs:161:9
[INFO] [stdout]     |
[INFO] [stdout] 161 |     use ark_test_curves::bls12_381::Fr;
[INFO] [stdout]     |         ^^^^^^^^^^^^^^^ use of undeclared crate or module `ark_test_curves`
[INFO] [stdout] 
[INFO] [stdout] 
[INFO] [stdout] error[E0433]: failed to resolve: use of undeclared crate or module `ark_test_curves`
[INFO] [stdout]     --> src/fields/fp/mod.rs:1076:9
[INFO] [stdout]      |
[INFO] [stdout] 1076 |     use ark_test_curves::bls12_381::Fr;
[INFO] [stdout]      |         ^^^^^^^^^^^^^^^ use of undeclared crate or module `ark_test_curves`
[INFO] [stdout] 
[INFO] [stdout] 
[INFO] [stdout] error[E0433]: failed to resolve: use of undeclared crate or module `ark_test_curves`
[INFO] [stdout]    --> src/groups/curves/short_weierstrass/non_zero_affine.rs:245:9
[INFO] [stdout]     |
[INFO] [stdout] 245 |     use ark_test_curves::bls12_381::{g1::Config as G1Config, Fq};
[INFO] [stdout]     |         ^^^^^^^^^^^^^^^ use of undeclared crate or module `ark_test_curves`
[INFO] [stdout] 
[INFO] [stdout] 
[INFO] [stdout] error[E0433]: failed to resolve: use of undeclared crate or module `ark_test_curves`
[INFO] [stdout]   --> src/poly/domain/vanishing_poly.rs:64:9
[INFO] [stdout]    |
[INFO] [stdout] 64 |     use ark_test_curves::bls12_381::Fr;
[INFO] [stdout]    |         ^^^^^^^^^^^^^^^ use of undeclared crate or module `ark_test_curves`
[INFO] [stdout] 
[INFO] [stdout] 
[INFO] [stdout] error[E0433]: failed to resolve: use of undeclared crate or module `ark_poly`
[INFO] [stdout]    --> src/poly/evaluations/univariate/lagrange_interpolator.rs:106:9
[INFO] [stdout]     |
[INFO] [stdout] 106 |     use ark_poly::{univariate::DensePolynomial, DenseUVPolynomial, Polynomial};
[INFO] [stdout]     |         ^^^^^^^^ use of undeclared crate or module `ark_poly`
[INFO] [stdout] 
[INFO] [stdout] 
[INFO] [stdout] error[E0433]: failed to resolve: use of undeclared crate or module `ark_test_curves`
[INFO] [stdout]    --> src/poly/evaluations/univariate/lagrange_interpolator.rs:108:9
[INFO] [stdout]     |
[INFO] [stdout] 108 |     use ark_test_curves::bls12_381::Fr;
[INFO] [stdout]     |         ^^^^^^^^^^^^^^^ use of undeclared crate or module `ark_test_curves`
[INFO] [stdout] 
[INFO] [stdout] 
[INFO] [stdout] error[E0433]: failed to resolve: use of undeclared crate or module `ark_poly`
[INFO] [stdout]    --> src/poly/evaluations/univariate/mod.rs:374:9
[INFO] [stdout]     |
[INFO] [stdout] 374 |     use ark_poly::{polynomial::univariate::DensePolynomial, DenseUVPolynomial, Polynomial};
[INFO] [stdout]     |         ^^^^^^^^ use of undeclared crate or module `ark_poly`
[INFO] [stdout] 
[INFO] [stdout] 
[INFO] [stdout] error[E0432]: unresolved import `ark_poly`
[INFO] [stdout]    --> src/poly/evaluations/univariate/lagrange_interpolator.rs:106:9
[INFO] [stdout]     |
[INFO] [stdout] 106 |     use ark_poly::{univariate::DensePolynomial, DenseUVPolynomial, Polynomial};
[INFO] [stdout]     |         ^^^^^^^^ use of undeclared crate or module `ark_poly`
[INFO] [stdout] 
[INFO] [stdout] 
[INFO] [stdout] error[E0433]: failed to resolve: use of undeclared crate or module `ark_test_curves`
[INFO] [stdout]    --> src/poly/evaluations/univariate/mod.rs:377:9
[INFO] [stdout]     |
[INFO] [stdout] 377 |     use ark_test_curves::bls12_381::Fr;
[INFO] [stdout]     |         ^^^^^^^^^^^^^^^ use of undeclared crate or module `ark_test_curves`
[INFO] [stdout] 
[INFO] [stdout] 
[INFO] [stdout] error[E0433]: failed to resolve: use of undeclared crate or module `ark_poly`
[INFO] [stdout]   --> src/poly/polynomial/univariate/dense.rs:48:9
[INFO] [stdout]    |
[INFO] [stdout] 48 |     use ark_poly::{polynomial::univariate::DensePolynomial, DenseUVPolynomial, Polynomial};
[INFO] [stdout]    |         ^^^^^^^^ use of undeclared crate or module `ark_poly`
[INFO] [stdout] 
[INFO] [stdout] 
[INFO] [stdout] error[E0432]: unresolved import `ark_poly`
[INFO] [stdout]    --> src/poly/evaluations/univariate/mod.rs:374:9
[INFO] [stdout]     |
[INFO] [stdout] 374 |     use ark_poly::{polynomial::univariate::DensePolynomial, DenseUVPolynomial, Polynomial};
[INFO] [stdout]     |         ^^^^^^^^ use of undeclared crate or module `ark_poly`
[INFO] [stdout] 
[INFO] [stdout] 
[INFO] [stdout] error[E0433]: failed to resolve: use of undeclared crate or module `ark_test_curves`
[INFO] [stdout]   --> src/poly/polynomial/univariate/dense.rs:51:9
[INFO] [stdout]    |
[INFO] [stdout] 51 |     use ark_test_curves::bls12_381::Fr;
[INFO] [stdout]    |         ^^^^^^^^^^^^^^^ use of undeclared crate or module `ark_test_curves`
[INFO] [stdout] 
[INFO] [stdout] 
[INFO] [stdout] error[E0433]: failed to resolve: use of undeclared crate or module `ark_test_curves`
[INFO] [stdout]    --> src/bits/uint.rs:392:21
[INFO] [stdout]     |
[INFO] [stdout] 392 |                 use ark_test_curves::mnt4_753::Fr;
[INFO] [stdout]     |                     ^^^^^^^^^^^^^^^ use of undeclared crate or module `ark_test_curves`
[INFO] [stdout]     |
[INFO] [stdout]    ::: src/bits/mod.rs:17:1
[INFO] [stdout]     |
[INFO] [stdout] 17  | make_uint!(UInt16, 16, u16, uint16, "`U16`", "`u16`", "16");
[INFO] [stdout]     | ----------------------------------------------------------- in this macro invocation
[INFO] [stdout]     |
[INFO] [stdout]     = note: this error originates in the macro `make_uint` (in Nightly builds, run with -Z macro-backtrace for more info)
[INFO] [stdout] 
[INFO] [stdout] 
[INFO] [stdout] error[E0433]: failed to resolve: use of undeclared crate or module `ark_test_curves`
[INFO] [stdout]    --> src/bits/uint.rs:392:21
[INFO] [stdout]     |
[INFO] [stdout] 392 |                 use ark_test_curves::mnt4_753::Fr;
[INFO] [stdout]     |                     ^^^^^^^^^^^^^^^ use of undeclared crate or module `ark_test_curves`
[INFO] [stdout]     |
[INFO] [stdout]    ::: src/bits/mod.rs:18:1
[INFO] [stdout]     |
[INFO] [stdout] 18  | make_uint!(UInt32, 32, u32, uint32, "`U32`", "`u32`", "32");
[INFO] [stdout]     | ----------------------------------------------------------- in this macro invocation
[INFO] [stdout]     |
[INFO] [stdout]     = note: this error originates in the macro `make_uint` (in Nightly builds, run with -Z macro-backtrace for more info)
[INFO] [stdout] 
[INFO] [stdout] 
[INFO] [stdout] error[E0433]: failed to resolve: use of undeclared crate or module `ark_test_curves`
[INFO] [stdout]    --> src/bits/uint.rs:392:21
[INFO] [stdout]     |
[INFO] [stdout] 392 |                 use ark_test_curves::mnt4_753::Fr;
[INFO] [stdout]     |                     ^^^^^^^^^^^^^^^ use of undeclared crate or module `ark_test_curves`
[INFO] [stdout]     |
[INFO] [stdout]    ::: src/bits/mod.rs:19:1
[INFO] [stdout]     |
[INFO] [stdout] 19  | make_uint!(UInt64, 64, u64, uint64, "`U64`", "`u64`", "64");
[INFO] [stdout]     | ----------------------------------------------------------- in this macro invocation
[INFO] [stdout]     |
[INFO] [stdout]     = note: this error originates in the macro `make_uint` (in Nightly builds, run with -Z macro-backtrace for more info)
[INFO] [stdout] 
[INFO] [stdout] 
[INFO] [stdout] error[E0433]: failed to resolve: use of undeclared crate or module `ark_test_curves`
[INFO] [stdout]    --> src/bits/uint.rs:392:21
[INFO] [stdout]     |
[INFO] [stdout] 392 |                 use ark_test_curves::mnt4_753::Fr;
[INFO] [stdout]     |                     ^^^^^^^^^^^^^^^ use of undeclared crate or module `ark_test_curves`
[INFO] [stdout]     |
[INFO] [stdout]    ::: src/bits/mod.rs:20:1
[INFO] [stdout]     |
[INFO] [stdout] 20  | make_uint!(UInt128, 128, u128, uint128, "`U128`", "`u128`", "128");
[INFO] [stdout]     | ------------------------------------------------------------------ in this macro invocation
[INFO] [stdout]     |
[INFO] [stdout]     = note: this error originates in the macro `make_uint` (in Nightly builds, run with -Z macro-backtrace for more info)
[INFO] [stdout] 
[INFO] [stdout] 
[INFO] [stdout] error[E0432]: unresolved import `ark_poly`
[INFO] [stdout]   --> src/poly/polynomial/univariate/dense.rs:48:9
[INFO] [stdout]    |
[INFO] [stdout] 48 |     use ark_poly::{polynomial::univariate::DensePolynomial, DenseUVPolynomial, Polynomial};
[INFO] [stdout]    |         ^^^^^^^^ use of undeclared crate or module `ark_poly`
[INFO] [stdout] 
[INFO] [stdout] 
[INFO] [stdout] error[E0433]: failed to resolve: use of undeclared crate or module `ark_bls12_381`
[INFO] [stdout]    --> src/poly/domain/mod.rs:179:37
[INFO] [stdout]     |
[INFO] [stdout] 179 |         test_query_coset_template::<ark_bls12_381::Fr>();
[INFO] [stdout]     |                                     ^^^^^^^^^^^^^ use of undeclared crate or module `ark_bls12_381`
[INFO] [stdout] 
[INFO] [stdout] 
[INFO] [stdout] error[E0433]: failed to resolve: use of undeclared crate or module `ark_bls12_377`
[INFO] [stdout]    --> src/poly/domain/mod.rs:184:37
[INFO] [stdout]     |
[INFO] [stdout] 184 |         test_query_coset_template::<ark_bls12_377::Fr>();
[INFO] [stdout]     |                                     ^^^^^^^^^^^^^ use of undeclared crate or module `ark_bls12_377`
[INFO] [stdout] 
[INFO] [stdout] 
[INFO] [stdout] warning: unused imports: `One`, `Zero`
[INFO] [stdout]    --> src/bits/boolean.rs:959:55
[INFO] [stdout]     |
[INFO] [stdout] 959 |     use ark_ff::{BitIteratorBE, BitIteratorLE, Field, One, PrimeField, UniformRand, Zero};
[INFO] [stdout]     |                                                       ^^^                           ^^^^
[INFO] [stdout]     |
[INFO] [stdout] note: the lint level is defined here
[INFO] [stdout]    --> src/lib.rs:6:5
[INFO] [stdout]     |
[INFO] [stdout] 6   |     unused,
[INFO] [stdout]     |     ^^^^^^
[INFO] [stdout]     = note: `#[warn(unused_imports)]` implied by `#[warn(unused)]`
[INFO] [stdout] 
[INFO] [stdout] 
[INFO] [stdout] warning: unused imports: `PrimeField`, `UniformRand`
[INFO] [stdout]    --> src/fields/fp/cmp.rs:159:18
[INFO] [stdout]     |
[INFO] [stdout] 159 |     use ark_ff::{PrimeField, UniformRand};
[INFO] [stdout]     |                  ^^^^^^^^^^  ^^^^^^^^^^^
[INFO] [stdout] 
[INFO] [stdout] 
[INFO] [stdout] warning: unused imports: `UniformRand`, `Zero`
[INFO] [stdout]     --> src/fields/fp/mod.rs:1075:19
[INFO] [stdout]      |
[INFO] [stdout] 1075 |     use ark_std::{UniformRand, Zero};
[INFO] [stdout]      |                   ^^^^^^^^^^^  ^^^^
[INFO] [stdout] 
[INFO] [stdout] 
[INFO] [stdout] warning: unused import: `models::short_weierstrass::SWCurveConfig`
[INFO] [stdout]    --> src/groups/curves/short_weierstrass/non_zero_affine.rs:242:18
[INFO] [stdout]     |
[INFO] [stdout] 242 |     use ark_ec::{models::short_weierstrass::SWCurveConfig, CurveGroup};
[INFO] [stdout]     |                  ^^^^^^^^^^^^^^^^^^^^^^^^^^^^^^^^^^^^^^^^
[INFO] [stdout] 
[INFO] [stdout] 
[INFO] [stdout] warning: unused import: `One`
[INFO] [stdout]    --> src/groups/curves/short_weierstrass/non_zero_affine.rs:244:29
[INFO] [stdout]     |
[INFO] [stdout] 244 |     use ark_std::{vec::Vec, One};
[INFO] [stdout]     |                             ^^^
[INFO] [stdout] 
[INFO] [stdout] 
[INFO] [stdout] warning: unused import: `UniformRand`
[INFO] [stdout]   --> src/poly/domain/vanishing_poly.rs:63:29
[INFO] [stdout]    |
[INFO] [stdout] 63 |     use ark_std::{test_rng, UniformRand};
[INFO] [stdout]    |                             ^^^^^^^^^^^
[INFO] [stdout] 
[INFO] [stdout] 
[INFO] [stdout] warning: unused imports: `FftField`, `One`
[INFO] [stdout]    --> src/poly/evaluations/univariate/lagrange_interpolator.rs:105:18
[INFO] [stdout]     |
[INFO] [stdout] 105 |     use ark_ff::{FftField, Field, One};
[INFO] [stdout]     |                  ^^^^^^^^         ^^^
[INFO] [stdout] 
[INFO] [stdout] 
[INFO] [stdout] warning: unused import: `UniformRand`
[INFO] [stdout]    --> src/poly/evaluations/univariate/lagrange_interpolator.rs:107:29
[INFO] [stdout]     |
[INFO] [stdout] 107 |     use ark_std::{test_rng, UniformRand};
[INFO] [stdout]     |                             ^^^^^^^^^^^
[INFO] [stdout] 
[INFO] [stdout] 
[INFO] [stdout] warning: unused imports: `FftField`, `One`, `UniformRand`
[INFO] [stdout]    --> src/poly/evaluations/univariate/mod.rs:373:18
[INFO] [stdout]     |
[INFO] [stdout] 373 |     use ark_ff::{FftField, Field, One, UniformRand};
[INFO] [stdout]     |                  ^^^^^^^^         ^^^  ^^^^^^^^^^^
[INFO] [stdout] 
[INFO] [stdout] 
[INFO] [stdout] warning: unused import: `UniformRand`
[INFO] [stdout]   --> src/poly/polynomial/univariate/dense.rs:50:39
[INFO] [stdout]    |
[INFO] [stdout] 50 |     use ark_std::{test_rng, vec::Vec, UniformRand};
[INFO] [stdout]    |                                       ^^^^^^^^^^^
[INFO] [stdout] 
[INFO] [stdout] 
[INFO] [stdout] error[E0614]: type `bool` cannot be dereferenced
[INFO] [stdout]    --> src/bits/uint.rs:553:68
[INFO] [stdout]     |
[INFO] [stdout] 553 | ...                   Boolean::Constant(b) => assert_eq!(*b, tmp & 1 == 1),
[INFO] [stdout]     |                                                          ^^
[INFO] [stdout]     |
[INFO] [stdout]    ::: src/bits/mod.rs:17:1
[INFO] [stdout]     |
[INFO] [stdout] 17  | make_uint!(UInt16, 16, u16, uint16, "`U16`", "`u16`", "16");
[INFO] [stdout]     | ----------------------------------------------------------- in this macro invocation
[INFO] [stdout]     |
[INFO] [stdout]     = note: this error originates in the macro `make_uint` (in Nightly builds, run with -Z macro-backtrace for more info)
[INFO] [stdout] 
[INFO] [stdout] 
[INFO] [stdout] error[E0614]: type `bool` cannot be dereferenced
[INFO] [stdout]    --> src/bits/uint.rs:553:68
[INFO] [stdout]     |
[INFO] [stdout] 553 | ...                   Boolean::Constant(b) => assert_eq!(*b, tmp & 1 == 1),
[INFO] [stdout]     |                                                          ^^
[INFO] [stdout]     |
[INFO] [stdout]    ::: src/bits/mod.rs:18:1
[INFO] [stdout]     |
[INFO] [stdout] 18  | make_uint!(UInt32, 32, u32, uint32, "`U32`", "`u32`", "32");
[INFO] [stdout]     | ----------------------------------------------------------- in this macro invocation
[INFO] [stdout]     |
[INFO] [stdout]     = note: this error originates in the macro `make_uint` (in Nightly builds, run with -Z macro-backtrace for more info)
[INFO] [stdout] 
[INFO] [stdout] 
[INFO] [stdout] error[E0614]: type `bool` cannot be dereferenced
[INFO] [stdout]    --> src/bits/uint.rs:553:68
[INFO] [stdout]     |
[INFO] [stdout] 553 | ...                   Boolean::Constant(b) => assert_eq!(*b, tmp & 1 == 1),
[INFO] [stdout]     |                                                          ^^
[INFO] [stdout]     |
[INFO] [stdout]    ::: src/bits/mod.rs:19:1
[INFO] [stdout]     |
[INFO] [stdout] 19  | make_uint!(UInt64, 64, u64, uint64, "`U64`", "`u64`", "64");
[INFO] [stdout]     | ----------------------------------------------------------- in this macro invocation
[INFO] [stdout]     |
[INFO] [stdout]     = note: this error originates in the macro `make_uint` (in Nightly builds, run with -Z macro-backtrace for more info)
[INFO] [stdout] 
[INFO] [stdout] 
[INFO] [stdout] error[E0614]: type `bool` cannot be dereferenced
[INFO] [stdout]    --> src/bits/uint.rs:553:68
[INFO] [stdout]     |
[INFO] [stdout] 553 | ...                   Boolean::Constant(b) => assert_eq!(*b, tmp & 1 == 1),
[INFO] [stdout]     |                                                          ^^
[INFO] [stdout]     |
[INFO] [stdout]    ::: src/bits/mod.rs:20:1
[INFO] [stdout]     |
[INFO] [stdout] 20  | make_uint!(UInt128, 128, u128, uint128, "`U128`", "`u128`", "128");
[INFO] [stdout]     | ------------------------------------------------------------------ in this macro invocation
[INFO] [stdout]     |
[INFO] [stdout]     = note: this error originates in the macro `make_uint` (in Nightly builds, run with -Z macro-backtrace for more info)
[INFO] [stdout] 
[INFO] [stdout] 
[INFO] [stdout] warning: unused import: `PrimeField`
[INFO] [stdout]    --> src/bits/boolean.rs:959:60
[INFO] [stdout]     |
[INFO] [stdout] 959 |     use ark_ff::{BitIteratorBE, BitIteratorLE, Field, One, PrimeField, UniformRand, Zero};
[INFO] [stdout]     |                                                            ^^^^^^^^^^
[INFO] [stdout] 
[INFO] [stdout] 
[INFO] [stdout] warning: unused import: `Field`
[INFO] [stdout]    --> src/poly/evaluations/univariate/mod.rs:373:28
[INFO] [stdout]     |
[INFO] [stdout] 373 |     use ark_ff::{FftField, Field, One, UniformRand};
[INFO] [stdout]     |                            ^^^^^
[INFO] [stdout] 
[INFO] [stdout] 
[INFO] [stdout] warning: unused import: `Field`
[INFO] [stdout]    --> src/poly/evaluations/univariate/lagrange_interpolator.rs:105:28
[INFO] [stdout]     |
[INFO] [stdout] 105 |     use ark_ff::{FftField, Field, One};
[INFO] [stdout]     |                            ^^^^^
[INFO] [stdout] 
[INFO] [stdout] 
[INFO] [stdout] warning: unused import: `R1CSVar`
[INFO] [stdout]    --> src/poly/evaluations/univariate/lagrange_interpolator.rs:103:9
[INFO] [stdout]     |
[INFO] [stdout] 103 |         R1CSVar,
[INFO] [stdout]     |         ^^^^^^^
[INFO] [stdout] 
[INFO] [stdout] 
[INFO] [stdout] warning: unused import: `alloc::AllocVar`
[INFO] [stdout]    --> src/fields/fp/cmp.rs:158:17
[INFO] [stdout]     |
[INFO] [stdout] 158 |     use crate::{alloc::AllocVar, fields::fp::FpVar};
[INFO] [stdout]     |                 ^^^^^^^^^^^^^^^
[INFO] [stdout] 
[INFO] [stdout] 
[INFO] [stdout] warning: unused import: `AllocVar`
[INFO] [stdout]     --> src/fields/fp/mod.rs:1069:17
[INFO] [stdout]      |
[INFO] [stdout] 1069 |         alloc::{AllocVar, AllocationMode},
[INFO] [stdout]      |                 ^^^^^^^^
[INFO] [stdout] 
[INFO] [stdout] 
[INFO] [stdout] warning: unused import: `eq::EqGadget`
[INFO] [stdout]     --> src/fields/fp/mod.rs:1070:9
[INFO] [stdout]      |
[INFO] [stdout] 1070 |         eq::EqGadget,
[INFO] [stdout]      |         ^^^^^^^^^^^^
[INFO] [stdout] 
[INFO] [stdout] 
[INFO] [stdout] warning: unused import: `R1CSVar`
[INFO] [stdout]     --> src/fields/fp/mod.rs:1072:9
[INFO] [stdout]      |
[INFO] [stdout] 1072 |         R1CSVar,
[INFO] [stdout]      |         ^^^^^^^
[INFO] [stdout] 
[INFO] [stdout] 
[INFO] [stdout] warning: unused import: `R1CSVar`
[INFO] [stdout]   --> src/poly/domain/vanishing_poly.rs:60:9
[INFO] [stdout]    |
[INFO] [stdout] 60 |         R1CSVar,
[INFO] [stdout]    |         ^^^^^^^
[INFO] [stdout] 
[INFO] [stdout] 
[INFO] [stdout] warning: unused import: `alloc::AllocVar`
[INFO] [stdout]    --> src/groups/curves/short_weierstrass/non_zero_affine.rs:233:9
[INFO] [stdout]     |
[INFO] [stdout] 233 |         alloc::AllocVar,
[INFO] [stdout]     |         ^^^^^^^^^^^^^^^
[INFO] [stdout] 
[INFO] [stdout] 
[INFO] [stdout] warning: unused import: `CurveVar`
[INFO] [stdout]    --> src/groups/curves/short_weierstrass/non_zero_affine.rs:238:13
[INFO] [stdout]     |
[INFO] [stdout] 238 |             CurveVar,
[INFO] [stdout]     |             ^^^^^^^^
[INFO] [stdout] 
[INFO] [stdout] 
[INFO] [stdout] warning: unused import: `CurveGroup`
[INFO] [stdout]    --> src/groups/curves/short_weierstrass/non_zero_affine.rs:242:60
[INFO] [stdout]     |
[INFO] [stdout] 242 |     use ark_ec::{models::short_weierstrass::SWCurveConfig, CurveGroup};
[INFO] [stdout]     |                                                            ^^^^^^^^^^
[INFO] [stdout] 
[INFO] [stdout] 
[INFO] [stdout] warning: unused import: `R1CSVar`
[INFO] [stdout]    --> src/groups/curves/short_weierstrass/non_zero_affine.rs:240:9
[INFO] [stdout]     |
[INFO] [stdout] 240 |         R1CSVar,
[INFO] [stdout]     |         ^^^^^^^
[INFO] [stdout] 
[INFO] [stdout] 
[INFO] [stdout] warning: unused import: `eq::EqGadget`
[INFO] [stdout]    --> src/groups/curves/short_weierstrass/non_zero_affine.rs:234:9
[INFO] [stdout]     |
[INFO] [stdout] 234 |         eq::EqGadget,
[INFO] [stdout]     |         ^^^^^^^^^^^^
[INFO] [stdout] 
[INFO] [stdout] 
[INFO] [stdout] error: aborting due to 25 previous errors; 24 warnings emitted
[INFO] [stdout] 
[INFO] [stdout] 
[INFO] [stdout] Some errors have detailed explanations: E0432, E0433, E0614.
[INFO] [stdout] 
[INFO] [stdout] For more information about an error, try `rustc --explain E0432`.
[INFO] [stdout] 
[INFO] [stderr] error: could not compile `ark-r1cs-std` due to 26 previous errors; 24 warnings emitted
[INFO] [stderr] warning: build failed, waiting for other jobs to finish...
[INFO] running `Command { std: "docker" "inspect" "3f9d18be929198f98aa8beefd6f17c9b596d17029de20a738d3a957173f45dae", kill_on_drop: false }`
[INFO] running `Command { std: "docker" "rm" "-f" "3f9d18be929198f98aa8beefd6f17c9b596d17029de20a738d3a957173f45dae", kill_on_drop: false }`
[INFO] [stdout] 3f9d18be929198f98aa8beefd6f17c9b596d17029de20a738d3a957173f45dae
