[INFO] fetching crate arel 0.1.1...
[INFO] testing arel-0.1.1 against 1.69.0 for beta-1.70-1
[INFO] extracting crate arel 0.1.1 into /workspace/builds/worker-5-tc1/source
[INFO] validating manifest of crates.io crate arel 0.1.1 on toolchain 1.69.0
[INFO] running `Command { std: CARGO_HOME="/workspace/cargo-home" RUSTUP_HOME="/workspace/rustup-home" "/workspace/cargo-home/bin/cargo" "+1.69.0" "metadata" "--manifest-path" "Cargo.toml" "--no-deps", kill_on_drop: false }`
[INFO] started tweaking crates.io crate arel 0.1.1
[INFO] finished tweaking crates.io crate arel 0.1.1
[INFO] tweaked toml for crates.io crate arel 0.1.1 written to /workspace/builds/worker-5-tc1/source/Cargo.toml
[INFO] running `Command { std: CARGO_HOME="/workspace/cargo-home" RUSTUP_HOME="/workspace/rustup-home" __CARGO_TEST_CHANNEL_OVERRIDE_DO_NOT_USE_THIS="nightly" "/workspace/cargo-home/bin/cargo" "+1.69.0" "generate-lockfile" "--manifest-path" "Cargo.toml" "-Zno-index-update", kill_on_drop: false }`
[INFO] running `Command { std: CARGO_HOME="/workspace/cargo-home" RUSTUP_HOME="/workspace/rustup-home" "/workspace/cargo-home/bin/cargo" "+1.69.0" "fetch" "--manifest-path" "Cargo.toml", kill_on_drop: false }`
[INFO] [stderr]  Downloading crates ...
[INFO] [stderr]   Downloaded num-bigint-dig v0.8.2
[INFO] [stderr]   Downloaded md-5 v0.10.5
[INFO] [stderr]   Downloaded async-stream-impl v0.3.5
[INFO] [stderr]   Downloaded cxxbridge-flags v1.0.94
[INFO] [stderr]   Downloaded cxxbridge-macro v1.0.94
[INFO] [stderr]   Downloaded cxx-build v1.0.94
[INFO] [stderr]   Downloaded chrono v0.4.24
[INFO] [stderr]   Downloaded cxx v1.0.94
[INFO] [stderr]   Downloaded link-cplusplus v1.0.8
[INFO] [stderr]   Downloaded async-io v1.13.0
[INFO] [stderr]   Downloaded scratch v1.0.5
[INFO] [stderr]   Downloaded expansion v0.0.4
[INFO] [stderr]   Downloaded arel_macro v0.0.9
[INFO] [stderr]   Downloaded whoami v1.4.0
[INFO] [stderr]   Downloaded async-channel v1.8.0
[INFO] [stderr]   Downloaded async-task v4.4.0
[INFO] [stderr]   Downloaded sha-1 v0.10.1
[INFO] [stderr]   Downloaded base64ct v1.6.0
[INFO] [stderr]   Downloaded zeroize v1.6.0
[INFO] [stderr]   Downloaded async-global-executor v2.3.1
[INFO] [stderr]   Downloaded concurrent-queue v2.2.0
[INFO] [stderr]   Downloaded async-std v1.12.0
[INFO] [stderr]   Downloaded async-stream v0.3.5
[INFO] [stderr]   Downloaded async-native-tls v0.3.3
[INFO] [stderr]   Downloaded async-rustls v0.2.0
[INFO] [stderr]   Downloaded async-executor v1.5.1
[INFO] [stderr]   Downloaded blocking v1.3.1
[INFO] [stderr]   Downloaded polling v2.8.0
[INFO] [stderr]   Downloaded iana-time-zone v0.1.56
[INFO] [stderr]   Downloaded windows v0.48.0
[INFO] [stderr]   Downloaded async-lock v2.7.0
[INFO] [stderr]   Downloaded atomic-waker v1.1.1
[INFO] [stderr]   Downloaded signal-hook v0.3.15
[INFO] [stderr]   Downloaded async-process v1.7.0
[INFO] [stderr]   Downloaded gloo-timers v0.2.6
[INFO] [stderr]   Downloaded kv-log-macro v1.0.7
[INFO] [stderr]   Downloaded ctor v0.1.26
[INFO] [stderr]   Downloaded value-bag v1.0.0-alpha.9
[INFO] [stderr]   Downloaded parking v2.1.0
[INFO] [stderr]   Downloaded waker-fn v1.1.0
[INFO] [stderr]   Downloaded futures-lite v1.13.0
[INFO] [stderr]   Downloaded crossbeam-queue v0.3.8
[INFO] [stderr]   Downloaded parking_lot_core v0.8.6
[INFO] running `Command { std: "docker" "create" "-v" "/var/lib/crater-agent-workspace/builds/worker-5-tc1/target:/opt/rustwide/target:rw,Z" "-v" "/var/lib/crater-agent-workspace/builds/worker-5-tc1/source:/opt/rustwide/workdir:ro,Z" "-v" "/var/lib/crater-agent-workspace/cargo-home:/opt/rustwide/cargo-home:ro,Z" "-v" "/var/lib/crater-agent-workspace/rustup-home:/opt/rustwide/rustup-home:ro,Z" "-e" "SOURCE_DIR=/opt/rustwide/workdir" "-e" "CARGO_TARGET_DIR=/opt/rustwide/target" "-e" "CARGO_HOME=/opt/rustwide/cargo-home" "-e" "RUSTUP_HOME=/opt/rustwide/rustup-home" "-w" "/opt/rustwide/workdir" "-m" "1610612736" "--user" "0:0" "--network" "none" "ghcr.io/rust-lang/crates-build-env/linux@sha256:5ff2268d62e97bff2cde7d5815dd6ed5b47097566f13b8d0ca110b04b60e07ed" "/opt/rustwide/cargo-home/bin/cargo" "+1.69.0" "metadata" "--no-deps" "--format-version=1", kill_on_drop: false }`
[INFO] [stdout] 542eb88401944cef6622b5fd74a5d7c0f78869def521e40a9694ae0853a12b41
[INFO] running `Command { std: "docker" "start" "-a" "542eb88401944cef6622b5fd74a5d7c0f78869def521e40a9694ae0853a12b41", kill_on_drop: false }`
[INFO] running `Command { std: "docker" "inspect" "542eb88401944cef6622b5fd74a5d7c0f78869def521e40a9694ae0853a12b41", kill_on_drop: false }`
[INFO] running `Command { std: "docker" "rm" "-f" "542eb88401944cef6622b5fd74a5d7c0f78869def521e40a9694ae0853a12b41", kill_on_drop: false }`
[INFO] [stdout] 542eb88401944cef6622b5fd74a5d7c0f78869def521e40a9694ae0853a12b41
[INFO] running `Command { std: "docker" "create" "-v" "/var/lib/crater-agent-workspace/builds/worker-5-tc1/target:/opt/rustwide/target:rw,Z" "-v" "/var/lib/crater-agent-workspace/builds/worker-5-tc1/source:/opt/rustwide/workdir:ro,Z" "-v" "/var/lib/crater-agent-workspace/cargo-home:/opt/rustwide/cargo-home:ro,Z" "-v" "/var/lib/crater-agent-workspace/rustup-home:/opt/rustwide/rustup-home:ro,Z" "-e" "SOURCE_DIR=/opt/rustwide/workdir" "-e" "CARGO_TARGET_DIR=/opt/rustwide/target" "-e" "CARGO_INCREMENTAL=0" "-e" "RUST_BACKTRACE=full" "-e" "RUSTFLAGS=--cap-lints=warn" "-e" "RUSTDOCFLAGS=--cap-lints=warn" "-e" "CARGO_HOME=/opt/rustwide/cargo-home" "-e" "RUSTUP_HOME=/opt/rustwide/rustup-home" "-w" "/opt/rustwide/workdir" "-m" "1610612736" "--user" "0:0" "--network" "none" "ghcr.io/rust-lang/crates-build-env/linux@sha256:5ff2268d62e97bff2cde7d5815dd6ed5b47097566f13b8d0ca110b04b60e07ed" "/opt/rustwide/cargo-home/bin/cargo" "+1.69.0" "build" "--frozen" "--message-format=json", kill_on_drop: false }`
[INFO] [stdout] 705d2c11831030b5e15e19f131d1e8800cfbbc41bc4dfe5ed0dcb996d8be8322
[INFO] running `Command { std: "docker" "start" "-a" "705d2c11831030b5e15e19f131d1e8800cfbbc41bc4dfe5ed0dcb996d8be8322", kill_on_drop: false }`
[INFO] [stderr]    Compiling version_check v0.9.4
[INFO] [stderr]    Compiling typenum v1.16.0
[INFO] [stderr]    Compiling syn v2.0.15
[INFO] [stderr]    Compiling tokio v1.28.0
[INFO] [stderr]    Compiling num-integer v0.1.45
[INFO] [stderr]    Compiling parking_lot_core v0.8.6
[INFO] [stderr]    Compiling getrandom v0.2.9
[INFO] [stderr]    Compiling instant v0.1.12
[INFO] [stderr]    Compiling futures-task v0.3.28
[INFO] [stderr]    Compiling crossbeam-utils v0.8.15
[INFO] [stderr]    Compiling generic-array v0.14.7
[INFO] [stderr]    Compiling ahash v0.7.6
[INFO] [stderr]    Compiling indexmap v1.9.3
[INFO] [stderr]    Compiling futures-sink v0.3.28
[INFO] [stderr]    Compiling futures-util v0.3.28
[INFO] [stderr]    Compiling paste v1.0.12
[INFO] [stderr]    Compiling minimal-lexical v0.2.1
[INFO] [stderr]    Compiling crossbeam-queue v0.3.8
[INFO] [stderr]    Compiling either v1.8.1
[INFO] [stderr]    Compiling futures-channel v0.3.28
[INFO] [stderr]    Compiling syn v1.0.109
[INFO] [stderr]    Compiling cpufeatures v0.2.7
[INFO] [stderr]    Compiling iana-time-zone v0.1.56
[INFO] [stderr]    Compiling itertools v0.10.5
[INFO] [stderr]    Compiling nom v7.1.3
[INFO] [stderr]    Compiling hashbrown v0.11.2
[INFO] [stderr]    Compiling block-buffer v0.10.4
[INFO] [stderr]    Compiling crypto-common v0.1.6
[INFO] [stderr]    Compiling parking_lot v0.11.2
[INFO] [stderr]    Compiling crc-catalog v1.1.1
[INFO] [stderr]    Compiling unicode_categories v0.1.1
[INFO] [stderr]    Compiling futures-intrusive v0.4.2
[INFO] [stderr]    Compiling crc v2.1.0
[INFO] [stderr]    Compiling url v2.3.1
[INFO] [stderr]    Compiling digest v0.10.6
[INFO] [stderr]    Compiling hashlink v0.7.0
[INFO] [stderr]    Compiling stringprep v0.1.2
[INFO] [stderr]    Compiling atoi v0.4.0
[INFO] [stderr]    Compiling sqlformat v0.1.8
[INFO] [stderr]    Compiling byteorder v1.4.3
[INFO] [stderr]    Compiling event-listener v2.5.3
[INFO] [stderr]    Compiling sha2 v0.10.6
[INFO] [stderr]    Compiling chrono v0.4.24
[INFO] [stderr]    Compiling tokio-stream v0.1.14
[INFO] [stderr]    Compiling time v0.1.45
[INFO] [stderr]    Compiling regex-syntax v0.7.1
[INFO] [stderr]    Compiling unicode-segmentation v1.10.1
[INFO] [stderr]    Compiling heck v0.4.1
[INFO] [stderr]    Compiling openssl-macros v0.1.1
[INFO] [stderr]    Compiling thiserror-impl v1.0.40
[INFO] [stderr]    Compiling anyhow v1.0.71
[INFO] [stderr]    Compiling openssl v0.10.52
[INFO] [stderr]    Compiling dotenv v0.15.0
[INFO] [stderr]    Compiling expansion v0.0.4
[INFO] [stderr]    Compiling serde_json v1.0.96
[INFO] [stderr]    Compiling async-trait v0.1.68
[INFO] [stderr]    Compiling thiserror v1.0.40
[INFO] [stderr]    Compiling regex v1.8.1
[INFO] [stderr]    Compiling Inflector v0.11.4
[INFO] [stderr]    Compiling native-tls v0.2.11
[INFO] [stderr]    Compiling tokio-native-tls v0.3.1
[INFO] [stderr]    Compiling sqlx-rt v0.5.13
[INFO] [stderr]    Compiling sqlx-core v0.5.13
[INFO] [stderr]    Compiling arel_macro v0.0.9
[INFO] [stderr]    Compiling sqlx-macros v0.5.13
[INFO] [stderr]    Compiling sqlx v0.5.13
[INFO] [stderr]    Compiling arel v0.1.1 (/opt/rustwide/workdir)
[INFO] [stderr]     Finished dev [unoptimized + debuginfo] target(s) in 38.43s
[INFO] running `Command { std: "docker" "inspect" "705d2c11831030b5e15e19f131d1e8800cfbbc41bc4dfe5ed0dcb996d8be8322", kill_on_drop: false }`
[INFO] running `Command { std: "docker" "rm" "-f" "705d2c11831030b5e15e19f131d1e8800cfbbc41bc4dfe5ed0dcb996d8be8322", kill_on_drop: false }`
[INFO] [stdout] 705d2c11831030b5e15e19f131d1e8800cfbbc41bc4dfe5ed0dcb996d8be8322
[INFO] running `Command { std: "docker" "create" "-v" "/var/lib/crater-agent-workspace/builds/worker-5-tc1/target:/opt/rustwide/target:rw,Z" "-v" "/var/lib/crater-agent-workspace/builds/worker-5-tc1/source:/opt/rustwide/workdir:ro,Z" "-v" "/var/lib/crater-agent-workspace/cargo-home:/opt/rustwide/cargo-home:ro,Z" "-v" "/var/lib/crater-agent-workspace/rustup-home:/opt/rustwide/rustup-home:ro,Z" "-e" "SOURCE_DIR=/opt/rustwide/workdir" "-e" "CARGO_TARGET_DIR=/opt/rustwide/target" "-e" "CARGO_INCREMENTAL=0" "-e" "RUST_BACKTRACE=full" "-e" "RUSTFLAGS=--cap-lints=warn" "-e" "RUSTDOCFLAGS=--cap-lints=warn" "-e" "CARGO_HOME=/opt/rustwide/cargo-home" "-e" "RUSTUP_HOME=/opt/rustwide/rustup-home" "-w" "/opt/rustwide/workdir" "-m" "1610612736" "--user" "0:0" "--network" "none" "ghcr.io/rust-lang/crates-build-env/linux@sha256:5ff2268d62e97bff2cde7d5815dd6ed5b47097566f13b8d0ca110b04b60e07ed" "/opt/rustwide/cargo-home/bin/cargo" "+1.69.0" "test" "--frozen" "--no-run" "--message-format=json", kill_on_drop: false }`
[INFO] [stdout] a3fe989a04d213fb9e9304ee38378b36a8e27570c3750fc86ec58af71a28bb6d
[INFO] running `Command { std: "docker" "start" "-a" "a3fe989a04d213fb9e9304ee38378b36a8e27570c3750fc86ec58af71a28bb6d", kill_on_drop: false }`
[INFO] [stderr]    Compiling tokio v1.28.0
[INFO] [stderr]    Compiling async-stream-impl v0.3.5
[INFO] [stderr]    Compiling async-stream v0.3.5
[INFO] [stderr]    Compiling tokio-native-tls v0.3.1
[INFO] [stderr]    Compiling tokio-stream v0.1.14
[INFO] [stderr]    Compiling sqlx-rt v0.5.13
[INFO] [stderr]    Compiling sqlx-core v0.5.13
[INFO] [stderr]    Compiling tokio-test v0.4.2
[INFO] [stderr]    Compiling sqlx-macros v0.5.13
[INFO] [stderr]    Compiling sqlx v0.5.13
[INFO] [stderr]    Compiling arel v0.1.1 (/opt/rustwide/workdir)
[INFO] [stdout] error[E0433]: failed to resolve: could not find `row` in `collectors`
[INFO] [stdout]  --> tests/insert.rs:5:5
[INFO] [stdout]   |
[INFO] [stdout] 5 |     #[arel::arel]
[INFO] [stdout]   |     ^^^^^^^^^^^^^ could not find `row` in `collectors`
[INFO] [stdout]   |
[INFO] [stdout]   = note: this error originates in the attribute macro `arel::arel` (in Nightly builds, run with -Z macro-backtrace for more info)
[INFO] [stdout] 
[INFO] [stdout] 
[INFO] [stdout] error[E0407]: method `new_from_db_row` is not a member of trait `arel::ArelAble`
[INFO] [stdout]  --> tests/insert.rs:5:5
[INFO] [stdout]   |
[INFO] [stdout] 5 |     #[arel::arel]
[INFO] [stdout]   |     ^^^^^^^^^^^^^ not a member of trait `arel::ArelAble`
[INFO] [stdout]   |
[INFO] [stdout]   = note: this error originates in the attribute macro `arel::arel` (in Nightly builds, run with -Z macro-backtrace for more info)
[INFO] [stdout] 
[INFO] [stdout] 
[INFO] [stdout] error[E0407]: method `save_with_executor` is not a member of trait `arel::ArelAble`
[INFO] [stdout]  --> tests/insert.rs:5:5
[INFO] [stdout]   |
[INFO] [stdout] 5 |     #[arel::arel]
[INFO] [stdout]   |     ^^^^^^^^^^^^^ not a member of trait `arel::ArelAble`
[INFO] [stdout]   |
[INFO] [stdout]   = note: this error originates in the attribute macro `arel::arel` (in Nightly builds, run with -Z macro-backtrace for more info)
[INFO] [stdout] 
[INFO] [stdout] 
[INFO] [stdout] error[E0407]: method `save` is not a member of trait `arel::ArelAble`
[INFO] [stdout]  --> tests/insert.rs:5:5
[INFO] [stdout]   |
[INFO] [stdout] 5 |     #[arel::arel]
[INFO] [stdout]   |     ^^^^^^^^^^^^^ not a member of trait `arel::ArelAble`
[INFO] [stdout]   |
[INFO] [stdout]   = note: this error originates in the attribute macro `arel::arel` (in Nightly builds, run with -Z macro-backtrace for more info)
[INFO] [stdout] 
[INFO] [stdout] 
[INFO] [stdout] error[E0407]: method `delete_with_executor` is not a member of trait `arel::ArelAble`
[INFO] [stdout]  --> tests/insert.rs:5:5
[INFO] [stdout]   |
[INFO] [stdout] 5 |     #[arel::arel]
[INFO] [stdout]   |     ^^^^^^^^^^^^^ not a member of trait `arel::ArelAble`
[INFO] [stdout]   |
[INFO] [stdout]   = note: this error originates in the attribute macro `arel::arel` (in Nightly builds, run with -Z macro-backtrace for more info)
[INFO] [stdout] 
[INFO] [stdout] 
[INFO] [stdout] error[E0433]: failed to resolve: could not find `any` in `sqlx`
[INFO] [stdout]  --> tests/insert.rs:5:5
[INFO] [stdout]   |
[INFO] [stdout] 5 |     #[arel::arel]
[INFO] [stdout]   |     ^^^^^^^^^^^^^ could not find `any` in `sqlx`
[INFO] [stdout]   |
[INFO] [stdout]   = note: this error originates in the attribute macro `arel::arel` (in Nightly builds, run with -Z macro-backtrace for more info)
[INFO] [stdout] 
[INFO] [stdout] 
[INFO] [stdout] error[E0407]: method `delete` is not a member of trait `arel::ArelAble`
[INFO] [stdout]  --> tests/insert.rs:5:5
[INFO] [stdout]   |
[INFO] [stdout] 5 |     #[arel::arel]
[INFO] [stdout]   |     ^^^^^^^^^^^^^ not a member of trait `arel::ArelAble`
[INFO] [stdout]   |
[INFO] [stdout]   = note: this error originates in the attribute macro `arel::arel` (in Nightly builds, run with -Z macro-backtrace for more info)
[INFO] [stdout] 
[INFO] [stdout] 
[INFO] [stdout] error[E0412]: cannot find type `Any` in crate `arel::sqlx`
[INFO] [stdout]  --> tests/insert.rs:5:5
[INFO] [stdout]   |
[INFO] [stdout] 5 |     #[arel::arel]
[INFO] [stdout]   |     ^^^^^^^^^^^^^ not found in `arel::sqlx`
[INFO] [stdout]   |
[INFO] [stdout]   = note: this error originates in the attribute macro `arel::arel` (in Nightly builds, run with -Z macro-backtrace for more info)
[INFO] [stdout] help: consider importing one of these items
[INFO] [stdout]   |
[INFO] [stdout] 3 |     use core::any::Any;
[INFO] [stdout]   |
[INFO] [stdout] 3 |     use std::any::Any;
[INFO] [stdout]   |
[INFO] [stdout] 
[INFO] [stdout] 
[INFO] [stdout] error[E0425]: cannot find function `get_db_state` in module `arel::visitors`
[INFO] [stdout]  --> tests/insert.rs:5:5
[INFO] [stdout]   |
[INFO] [stdout] 5 |     #[arel::arel]
[INFO] [stdout]   |     ^^^^^^^^^^^^^ not found in `arel::visitors`
[INFO] [stdout]   |
[INFO] [stdout]   = note: this error originates in the attribute macro `arel::arel` (in Nightly builds, run with -Z macro-backtrace for more info)
[INFO] [stdout] 
[INFO] [stdout] 
[INFO] [stdout] error[E0599]: no method named `execute_with_executor` found for mutable reference `&mut Table<User>` in the current scope
[INFO] [stdout]  --> tests/insert.rs:5:5
[INFO] [stdout]   |
[INFO] [stdout] 5 |     #[arel::arel]
[INFO] [stdout]   |     ^^^^^^^^^^^^^ method not found in `&mut Table<User>`
[INFO] [stdout]   |
[INFO] [stdout]   = note: this error originates in the attribute macro `arel::arel` (in Nightly builds, run with -Z macro-backtrace for more info)
[INFO] [stdout] 
[INFO] [stdout] 
[INFO] [stdout] error[E0599]: no method named `execute_with_executor` found for struct `Table` in the current scope
[INFO] [stdout]  --> tests/insert.rs:5:5
[INFO] [stdout]   |
[INFO] [stdout] 5 |     #[arel::arel]
[INFO] [stdout]   |     ^^^^^^^^^^^^^ method not found in `Table<User>`
[INFO] [stdout]   |
[INFO] [stdout]   = note: this error originates in the attribute macro `arel::arel` (in Nightly builds, run with -Z macro-backtrace for more info)
[INFO] [stdout] 
[INFO] [stdout] 
[INFO] [stdout] error[E0599]: no method named `save_with_executor` found for mutable reference `&mut User` in the current scope
[INFO] [stdout]  --> tests/insert.rs:5:5
[INFO] [stdout]   |
[INFO] [stdout] 5 |     #[arel::arel]
[INFO] [stdout]   |     ^^^^^^^^^^^^^ method not found in `&mut User`
[INFO] [stdout]   |
[INFO] [stdout]   = note: this error originates in the attribute macro `arel::arel` (in Nightly builds, run with -Z macro-backtrace for more info)
[INFO] [stdout] 
[INFO] [stdout] 
[INFO] [stdout] error[E0599]: no method named `delete_with_executor` found for mutable reference `&mut User` in the current scope
[INFO] [stdout]  --> tests/insert.rs:5:5
[INFO] [stdout]   |
[INFO] [stdout] 5 |     #[arel::arel]
[INFO] [stdout]   |     ^^^^^^^^^^^^^ method not found in `&mut User`
[INFO] [stdout]   |
[INFO] [stdout]   = note: this error originates in the attribute macro `arel::arel` (in Nightly builds, run with -Z macro-backtrace for more info)
[INFO] [stdout] 
[INFO] [stdout] 
[INFO] [stdout] error: aborting due to 13 previous errors
[INFO] [stdout] 
[INFO] [stdout] 
[INFO] [stdout] Some errors have detailed explanations: E0407, E0412, E0425, E0433, E0599.
[INFO] [stdout] 
[INFO] [stdout] For more information about an error, try `rustc --explain E0407`.
[INFO] [stdout] 
[INFO] [stderr] error: could not compile `arel` due to 14 previous errors
[INFO] [stderr] warning: build failed, waiting for other jobs to finish...
[INFO] running `Command { std: "docker" "inspect" "a3fe989a04d213fb9e9304ee38378b36a8e27570c3750fc86ec58af71a28bb6d", kill_on_drop: false }`
[INFO] running `Command { std: "docker" "rm" "-f" "a3fe989a04d213fb9e9304ee38378b36a8e27570c3750fc86ec58af71a28bb6d", kill_on_drop: false }`
[INFO] [stdout] a3fe989a04d213fb9e9304ee38378b36a8e27570c3750fc86ec58af71a28bb6d
