[INFO] fetching crate aquamarine-vm 0.7.0...
[INFO] testing aquamarine-vm-0.7.0 against 1.69.0 for beta-1.70-1
[INFO] extracting crate aquamarine-vm 0.7.0 into /workspace/builds/worker-4-tc1/source
[INFO] validating manifest of crates.io crate aquamarine-vm 0.7.0 on toolchain 1.69.0
[INFO] running `Command { std: CARGO_HOME="/workspace/cargo-home" RUSTUP_HOME="/workspace/rustup-home" "/workspace/cargo-home/bin/cargo" "+1.69.0" "metadata" "--manifest-path" "Cargo.toml" "--no-deps", kill_on_drop: false }`
[INFO] started tweaking crates.io crate aquamarine-vm 0.7.0
[INFO] finished tweaking crates.io crate aquamarine-vm 0.7.0
[INFO] tweaked toml for crates.io crate aquamarine-vm 0.7.0 written to /workspace/builds/worker-4-tc1/source/Cargo.toml
[INFO] running `Command { std: CARGO_HOME="/workspace/cargo-home" RUSTUP_HOME="/workspace/rustup-home" __CARGO_TEST_CHANNEL_OVERRIDE_DO_NOT_USE_THIS="nightly" "/workspace/cargo-home/bin/cargo" "+1.69.0" "generate-lockfile" "--manifest-path" "Cargo.toml" "-Zno-index-update", kill_on_drop: false }`
[INFO] running `Command { std: CARGO_HOME="/workspace/cargo-home" RUSTUP_HOME="/workspace/rustup-home" "/workspace/cargo-home/bin/cargo" "+1.69.0" "fetch" "--manifest-path" "Cargo.toml", kill_on_drop: false }`
[INFO] [stderr]  Downloading crates ...
[INFO] [stderr]   Downloaded leb128 v0.2.5
[INFO] [stderr]   Downloaded cranelift-entity v0.59.0
[INFO] [stderr]   Downloaded cargo_toml v0.8.1
[INFO] [stderr]   Downloaded id-arena v2.2.1
[INFO] [stderr]   Downloaded it-to-bytes v0.1.0
[INFO] [stderr]   Downloaded cranelift-codegen-shared v0.59.0
[INFO] [stderr]   Downloaded aqua-interpreter-interface v0.5.0
[INFO] [stderr]   Downloaded inventory v0.2.3
[INFO] [stderr]   Downloaded typetag-impl v0.1.8
[INFO] [stderr]   Downloaded safe-transmute v0.11.2
[INFO] [stderr]   Downloaded variant_count v1.1.0
[INFO] [stderr]   Downloaded bincode v1.3.3
[INFO] [stderr]   Downloaded wasmer-win-exception-handler v0.17.1
[INFO] [stderr]   Downloaded boolinator v2.4.0
[INFO] [stderr]   Downloaded crypto-mac v0.8.0
[INFO] [stderr]   Downloaded serde-bench v0.0.7
[INFO] [stderr]   Downloaded walrus-macro v0.18.0
[INFO] [stderr]   Downloaded semver v0.11.0
[INFO] [stderr]   Downloaded typetag v0.1.8
[INFO] [stderr]   Downloaded cranelift-codegen-meta v0.59.0
[INFO] [stderr]   Downloaded wasmer-clif-fork-frontend v0.59.0
[INFO] [stderr]   Downloaded cranelift-native v0.59.0
[INFO] [stderr]   Downloaded cranelift-bforest v0.59.0
[INFO] [stderr]   Downloaded page_size v0.4.2
[INFO] [stderr]   Downloaded subtle v2.5.0
[INFO] [stderr]   Downloaded semver-parser v0.10.2
[INFO] [stderr]   Downloaded target-lexicon v0.10.0
[INFO] [stderr]   Downloaded generational-arena v0.2.8
[INFO] [stderr]   Downloaded wasmer-clif-fork-wasm v0.59.0
[INFO] [stderr]   Downloaded parity-wasm v0.41.0
[INFO] [stderr]   Downloaded wast v8.0.0
[INFO] [stderr]   Downloaded serde v1.0.118
[INFO] [stderr]   Downloaded raw-cpuid v7.0.4
[INFO] [stderr]   Downloaded pwasm-utils v0.12.0
[INFO] [stderr]   Downloaded wasmparser v0.59.0
[INFO] [stderr]   Downloaded wasmer-runtime-core-fl v0.17.1
[INFO] [stderr]   Downloaded serde_derive v1.0.118
[INFO] [stderr]   Downloaded wasmparser v0.51.4
[INFO] [stderr]   Downloaded wasmer-runtime-core v0.17.1
[INFO] [stderr]   Downloaded nom v5.1.3
[INFO] [stderr]   Downloaded walrus v0.18.0
[INFO] [stderr]   Downloaded blake3 v0.3.8
[INFO] [stderr]   Downloaded nix v0.15.0
[INFO] [stderr]   Downloaded cranelift-codegen v0.59.0
[INFO] [stderr]   Downloaded lexical-core v0.7.6
[INFO] [stderr]   Downloaded gimli v0.20.0
[INFO] [stderr]   Downloaded wasmer-runtime-fl v0.17.1
[INFO] [stderr]   Downloaded wasmer-clif-backend-fl v0.17.0
[INFO] [stderr]   Downloaded wasmer-wasi-fl v0.17.1
[INFO] [stderr]   Downloaded marine-it-interfaces v0.4.1
[INFO] [stderr]   Downloaded marine-module-interface v0.1.6
[INFO] [stderr]   Downloaded marine-it-generator v0.5.3
[INFO] [stderr]   Downloaded cmd_lib v0.7.8
[INFO] [stderr]   Downloaded fluence-it-types v0.3.1
[INFO] [stderr]   Downloaded fluence v0.6.9
[INFO] [stderr]   Downloaded fluence-sdk-main v0.6.9
[INFO] [stderr]   Downloaded it-lilo v0.1.0
[INFO] [stderr]   Downloaded marine-it-parser v0.6.8
[INFO] [stderr]   Downloaded marine-timestamp-macro v0.6.9
[INFO] [stderr]   Downloaded marine-utils v0.2.0
[INFO] [stderr]   Downloaded marine-module-info-parser v0.1.0
[INFO] [stderr]   Downloaded marine-macro v0.6.9
[INFO] [stderr]   Downloaded marine-macro-impl v0.6.9
[INFO] [stderr]   Downloaded fluence-faas v0.7.4
[INFO] [stderr]   Downloaded wasmer-interface-types-fl v0.20.2
[INFO] [stderr]   Downloaded marine-runtime v0.5.1
[INFO] running `Command { std: "docker" "create" "-v" "/var/lib/crater-agent-workspace/builds/worker-4-tc1/target:/opt/rustwide/target:rw,Z" "-v" "/var/lib/crater-agent-workspace/builds/worker-4-tc1/source:/opt/rustwide/workdir:ro,Z" "-v" "/var/lib/crater-agent-workspace/cargo-home:/opt/rustwide/cargo-home:ro,Z" "-v" "/var/lib/crater-agent-workspace/rustup-home:/opt/rustwide/rustup-home:ro,Z" "-e" "SOURCE_DIR=/opt/rustwide/workdir" "-e" "CARGO_TARGET_DIR=/opt/rustwide/target" "-e" "CARGO_HOME=/opt/rustwide/cargo-home" "-e" "RUSTUP_HOME=/opt/rustwide/rustup-home" "-w" "/opt/rustwide/workdir" "-m" "1610612736" "--user" "0:0" "--network" "none" "ghcr.io/rust-lang/crates-build-env/linux@sha256:5ff2268d62e97bff2cde7d5815dd6ed5b47097566f13b8d0ca110b04b60e07ed" "/opt/rustwide/cargo-home/bin/cargo" "+1.69.0" "metadata" "--no-deps" "--format-version=1", kill_on_drop: false }`
[INFO] [stdout] dc87682346414ecf42c8dead9b2cef19c864dd0753a23015312300741a09b05f
[INFO] running `Command { std: "docker" "start" "-a" "dc87682346414ecf42c8dead9b2cef19c864dd0753a23015312300741a09b05f", kill_on_drop: false }`
[INFO] running `Command { std: "docker" "inspect" "dc87682346414ecf42c8dead9b2cef19c864dd0753a23015312300741a09b05f", kill_on_drop: false }`
[INFO] running `Command { std: "docker" "rm" "-f" "dc87682346414ecf42c8dead9b2cef19c864dd0753a23015312300741a09b05f", kill_on_drop: false }`
[INFO] [stdout] dc87682346414ecf42c8dead9b2cef19c864dd0753a23015312300741a09b05f
[INFO] running `Command { std: "docker" "create" "-v" "/var/lib/crater-agent-workspace/builds/worker-4-tc1/target:/opt/rustwide/target:rw,Z" "-v" "/var/lib/crater-agent-workspace/builds/worker-4-tc1/source:/opt/rustwide/workdir:ro,Z" "-v" "/var/lib/crater-agent-workspace/cargo-home:/opt/rustwide/cargo-home:ro,Z" "-v" "/var/lib/crater-agent-workspace/rustup-home:/opt/rustwide/rustup-home:ro,Z" "-e" "SOURCE_DIR=/opt/rustwide/workdir" "-e" "CARGO_TARGET_DIR=/opt/rustwide/target" "-e" "CARGO_INCREMENTAL=0" "-e" "RUST_BACKTRACE=full" "-e" "RUSTFLAGS=--cap-lints=warn" "-e" "RUSTDOCFLAGS=--cap-lints=warn" "-e" "CARGO_HOME=/opt/rustwide/cargo-home" "-e" "RUSTUP_HOME=/opt/rustwide/rustup-home" "-w" "/opt/rustwide/workdir" "-m" "1610612736" "--user" "0:0" "--network" "none" "ghcr.io/rust-lang/crates-build-env/linux@sha256:5ff2268d62e97bff2cde7d5815dd6ed5b47097566f13b8d0ca110b04b60e07ed" "/opt/rustwide/cargo-home/bin/cargo" "+1.69.0" "build" "--frozen" "--message-format=json", kill_on_drop: false }`
[INFO] [stdout] 6925a85f6126cdab578fd4d422a7cbfdc9e7e6a2d293eebfc80d4a003190077f
[INFO] running `Command { std: "docker" "start" "-a" "6925a85f6126cdab578fd4d422a7cbfdc9e7e6a2d293eebfc80d4a003190077f", kill_on_drop: false }`
[INFO] [stderr]    Compiling proc-macro2 v1.0.56
[INFO] [stderr]    Compiling unicode-ident v1.0.8
[INFO] [stderr]    Compiling serde_derive v1.0.118
[INFO] [stderr]    Compiling serde v1.0.118
[INFO] [stderr]    Compiling log v0.4.17
[INFO] [stderr]    Compiling arrayvec v0.5.2
[INFO] [stderr]    Compiling quote v1.0.26
[INFO] [stderr]    Compiling syn v1.0.109
[INFO] [stderr]    Compiling target-lexicon v0.10.0
[INFO] [stderr]    Compiling blake3 v0.3.8
[INFO] [stderr]    Compiling subtle v2.5.0
[INFO] [stderr]    Compiling lexical-core v0.7.6
[INFO] [stderr]    Compiling arrayref v0.3.7
[INFO] [stderr]    Compiling constant_time_eq v0.1.5
[INFO] [stderr]    Compiling leb128 v0.2.5
[INFO] [stderr]    Compiling memchr v2.5.0
[INFO] [stderr]    Compiling nom v5.1.3
[INFO] [stderr]    Compiling either v1.8.1
[INFO] [stderr]    Compiling cranelift-entity v0.59.0
[INFO] [stderr]    Compiling nix v0.15.0
[INFO] [stderr]    Compiling generic-array v0.12.4
[INFO] [stderr]    Compiling crypto-mac v0.8.0
[INFO] [stderr]    Compiling parking_lot_core v0.7.3
[INFO] [stderr]    Compiling cranelift-codegen-shared v0.59.0
[INFO] [stderr]    Compiling ucd-trie v0.1.5
[INFO] [stderr]    Compiling wasmparser v0.51.4
[INFO] [stderr]    Compiling wast v8.0.0
[INFO] [stderr]    Compiling cranelift-codegen-meta v0.59.0
[INFO] [stderr]    Compiling page_size v0.4.2
[INFO] [stderr]    Compiling digest v0.8.1
[INFO] [stderr]    Compiling parking_lot v0.10.2
[INFO] [stderr]    Compiling errno v0.2.8
[INFO] [stderr]    Compiling getrandom v0.2.9
[INFO] [stderr]    Compiling it-to-bytes v0.1.0
[INFO] [stderr]    Compiling paste v1.0.12
[INFO] [stderr]    Compiling hex v0.4.3
[INFO] [stderr]    Compiling uuid v0.8.2
[INFO] [stderr]    Compiling syn v2.0.15
[INFO] [stderr]    Compiling anyhow v1.0.71
[INFO] [stderr]    Compiling unicode-segmentation v1.10.1
[INFO] [stderr]    Compiling cranelift-bforest v0.59.0
[INFO] [stderr]    Compiling time v0.1.45
[INFO] [stderr]    Compiling itertools v0.10.5
[INFO] [stderr]    Compiling raw-cpuid v7.0.4
[INFO] [stderr]    Compiling heck v0.3.3
[INFO] [stderr]    Compiling wasmparser v0.59.0
[INFO] [stderr]    Compiling safe-transmute v0.11.2
[INFO] [stderr]    Compiling id-arena v2.2.1
[INFO] [stderr]    Compiling wasmer-runtime-core-fl v0.17.1
[INFO] [stderr]    Compiling chrono v0.4.24
[INFO] [stderr]    Compiling num_cpus v1.15.0
[INFO] [stderr]    Compiling erased-serde v0.3.25
[INFO] [stderr]    Compiling getrandom v0.1.16
[INFO] [stderr]    Compiling rayon-core v1.11.0
[INFO] [stderr]    Compiling memmap v0.7.0
[INFO] [stderr]    Compiling parity-wasm v0.41.0
[INFO] [stderr]    Compiling boolinator v2.4.0
[INFO] [stderr]    Compiling marine-utils v0.2.0
[INFO] [stderr]    Compiling parking_lot_core v0.8.6
[INFO] [stderr]    Compiling rayon v1.7.0
[INFO] [stderr]    Compiling itertools v0.9.0
[INFO] [stderr]    Compiling cmd_lib v0.7.8
[INFO] [stderr]    Compiling maplit v1.0.2
[INFO] [stderr]    Compiling parking_lot v0.11.2
[INFO] [stderr]    Compiling pwasm-utils v0.12.0
[INFO] [stderr]    Compiling marine-timestamp-macro v0.6.9
[INFO] [stderr]    Compiling thiserror-impl v1.0.40
[INFO] [stderr]    Compiling ghost v0.1.9
[INFO] [stderr]    Compiling cranelift-codegen v0.59.0
[INFO] [stderr]    Compiling thiserror v1.0.40
[INFO] [stderr]    Compiling pest v2.6.0
[INFO] [stderr]    Compiling variant_count v1.1.0
[INFO] [stderr]    Compiling walrus-macro v0.18.0
[INFO] [stderr]    Compiling ctor v0.1.26
[INFO] [stderr]    Compiling typetag-impl v0.1.8
[INFO] [stderr]    Compiling inventory v0.2.3
[INFO] [stderr]    Compiling semver-parser v0.10.2
[INFO] [stderr]    Compiling walrus v0.18.0
[INFO] [stderr]    Compiling semver v0.11.0
[INFO] [stderr]    Compiling indexmap v1.9.3
[INFO] [stderr]    Compiling serde_json v1.0.96
[INFO] [stderr]    Compiling bincode v1.3.3
[INFO] [stderr]    Compiling serde_bytes v0.11.9
[INFO] [stderr]    Compiling serde-bench v0.0.7
[INFO] [stderr]    Compiling fluence-it-types v0.3.1
[INFO] [stderr]    Compiling multimap v0.8.3
[INFO] [stderr]    Compiling toml v0.5.11
[INFO] [stderr]    Compiling generational-arena v0.2.8
[INFO] [stderr]    Compiling it-lilo v0.1.0
[INFO] [stderr]    Compiling gimli v0.20.0
[INFO] [stderr]    Compiling typetag v0.1.8
[INFO] [stderr]    Compiling marine-macro-impl v0.6.9
[INFO] [stderr]    Compiling wasmer-interface-types-fl v0.20.2
[INFO] [stderr]    Compiling cargo_toml v0.8.1
[INFO] [stderr]    Compiling marine-macro v0.6.9
[INFO] [stderr]    Compiling marine-it-interfaces v0.4.1
[INFO] [stderr]    Compiling fluence-sdk-main v0.6.9
[INFO] [stderr]    Compiling fluence v0.6.9
[INFO] [stderr]    Compiling aqua-interpreter-interface v0.5.0
[INFO] [stderr]    Compiling marine-module-interface v0.1.6
[INFO] [stderr]    Compiling marine-module-info-parser v0.1.0
[INFO] [stderr]    Compiling wasmer-wasi-fl v0.17.1
[INFO] [stderr]    Compiling marine-it-parser v0.6.8
[INFO] [stderr]    Compiling marine-it-generator v0.5.3
[INFO] [stderr]    Compiling wasmer-clif-fork-frontend v0.59.0
[INFO] [stderr]    Compiling cranelift-native v0.59.0
[INFO] [stderr]    Compiling wasmer-clif-fork-wasm v0.59.0
[INFO] [stderr]    Compiling wasmer-clif-backend-fl v0.17.0
[INFO] [stderr]    Compiling wasmer-runtime-fl v0.17.1
[INFO] [stderr]    Compiling marine-runtime v0.5.1
[INFO] [stdout] error[E0554]: `#![feature]` may not be used on the stable release channel
[INFO] [stdout]   --> /opt/rustwide/cargo-home/registry/src/github.com-1ecc6299db9ec823/marine-runtime-0.5.1/src/lib.rs:17:1
[INFO] [stdout]    |
[INFO] [stdout] 17 | #![feature(get_mut_unchecked)]
[INFO] [stdout]    | ^^^^^^^^^^^^^^^^^^^^^^^^^^^^^^
[INFO] [stdout] 
[INFO] [stdout] 
[INFO] [stdout] error[E0554]: `#![feature]` may not be used on the stable release channel
[INFO] [stdout]   --> /opt/rustwide/cargo-home/registry/src/github.com-1ecc6299db9ec823/marine-runtime-0.5.1/src/lib.rs:18:1
[INFO] [stdout]    |
[INFO] [stdout] 18 | #![feature(new_uninit)]
[INFO] [stdout]    | ^^^^^^^^^^^^^^^^^^^^^^^
[INFO] [stdout] 
[INFO] [stdout] 
[INFO] [stdout] error[E0554]: `#![feature]` may not be used on the stable release channel
[INFO] [stdout]   --> /opt/rustwide/cargo-home/registry/src/github.com-1ecc6299db9ec823/marine-runtime-0.5.1/src/lib.rs:19:1
[INFO] [stdout]    |
[INFO] [stdout] 19 | #![feature(stmt_expr_attributes)]
[INFO] [stdout]    | ^^^^^^^^^^^^^^^^^^^^^^^^^^^^^^^^^
[INFO] [stdout] 
[INFO] [stdout] 
[INFO] [stdout] error[E0554]: `#![feature]` may not be used on the stable release channel
[INFO] [stdout]   --> /opt/rustwide/cargo-home/registry/src/github.com-1ecc6299db9ec823/marine-runtime-0.5.1/src/lib.rs:17:12
[INFO] [stdout]    |
[INFO] [stdout] 17 | #![feature(get_mut_unchecked)]
[INFO] [stdout]    |            ^^^^^^^^^^^^^^^^^
[INFO] [stdout] 
[INFO] [stdout] 
[INFO] [stdout] error[E0554]: `#![feature]` may not be used on the stable release channel
[INFO] [stdout]   --> /opt/rustwide/cargo-home/registry/src/github.com-1ecc6299db9ec823/marine-runtime-0.5.1/src/lib.rs:18:12
[INFO] [stdout]    |
[INFO] [stdout] 18 | #![feature(new_uninit)]
[INFO] [stdout]    |            ^^^^^^^^^^
[INFO] [stdout] 
[INFO] [stdout] 
[INFO] [stdout] error: aborting due to 5 previous errors
[INFO] [stdout] 
[INFO] [stdout] 
[INFO] [stdout] For more information about this error, try `rustc --explain E0554`.
[INFO] [stdout] 
[INFO] [stderr] error: could not compile `marine-runtime` due to 6 previous errors; 20 warnings emitted
[INFO] [stderr] warning: build failed, waiting for other jobs to finish...
[INFO] running `Command { std: "docker" "inspect" "6925a85f6126cdab578fd4d422a7cbfdc9e7e6a2d293eebfc80d4a003190077f", kill_on_drop: false }`
[INFO] running `Command { std: "docker" "rm" "-f" "6925a85f6126cdab578fd4d422a7cbfdc9e7e6a2d293eebfc80d4a003190077f", kill_on_drop: false }`
[INFO] [stdout] 6925a85f6126cdab578fd4d422a7cbfdc9e7e6a2d293eebfc80d4a003190077f
