[INFO] fetching crate appy 0.1.5...
[INFO] testing appy-0.1.5 against 1.69.0 for beta-1.70-1
[INFO] extracting crate appy 0.1.5 into /workspace/builds/worker-1-tc1/source
[INFO] validating manifest of crates.io crate appy 0.1.5 on toolchain 1.69.0
[INFO] running `Command { std: CARGO_HOME="/workspace/cargo-home" RUSTUP_HOME="/workspace/rustup-home" "/workspace/cargo-home/bin/cargo" "+1.69.0" "metadata" "--manifest-path" "Cargo.toml" "--no-deps", kill_on_drop: false }`
[INFO] started tweaking crates.io crate appy 0.1.5
[INFO] finished tweaking crates.io crate appy 0.1.5
[INFO] tweaked toml for crates.io crate appy 0.1.5 written to /workspace/builds/worker-1-tc1/source/Cargo.toml
[INFO] running `Command { std: CARGO_HOME="/workspace/cargo-home" RUSTUP_HOME="/workspace/rustup-home" __CARGO_TEST_CHANNEL_OVERRIDE_DO_NOT_USE_THIS="nightly" "/workspace/cargo-home/bin/cargo" "+1.69.0" "generate-lockfile" "--manifest-path" "Cargo.toml" "-Zno-index-update", kill_on_drop: false }`
[INFO] running `Command { std: CARGO_HOME="/workspace/cargo-home" RUSTUP_HOME="/workspace/rustup-home" "/workspace/cargo-home/bin/cargo" "+1.69.0" "fetch" "--manifest-path" "Cargo.toml", kill_on_drop: false }`
[INFO] [stderr]  Downloading crates ...
[INFO] [stderr]   Downloaded wayland-scanner v0.29.5
[INFO] [stderr]   Downloaded matrixmultiply v0.3.4
[INFO] [stderr]   Downloaded sctk-adwaita v0.5.4
[INFO] [stderr]   Downloaded wide v0.7.8
[INFO] [stderr]   Downloaded calloop v0.10.5
[INFO] [stderr]   Downloaded ndk-context v0.1.1
[INFO] [stderr]   Downloaded num_enum_derive v0.5.11
[INFO] [stderr]   Downloaded wayland-protocols v0.29.5
[INFO] [stderr]   Downloaded glutin_wgl_sys v0.4.0
[INFO] [stderr]   Downloaded wayland-client v0.29.5
[INFO] [stderr]   Downloaded tiny-skia-path v0.8.4
[INFO] [stderr]   Downloaded strict-num v0.1.0
[INFO] [stderr]   Downloaded glapp-macros v0.1.1
[INFO] [stderr]   Downloaded xcursor v0.3.4
[INFO] [stderr]   Downloaded scoped-tls v1.0.1
[INFO] [stderr]   Downloaded dlib v0.5.0
[INFO] [stderr]   Downloaded wayland-sys v0.29.5
[INFO] [stderr]   Downloaded glutin_glx_sys v0.4.0
[INFO] [stderr]   Downloaded ab_glyph_rasterizer v0.1.8
[INFO] [stderr]   Downloaded wayland-commons v0.29.5
[INFO] [stderr]   Downloaded nanorand v0.7.0
[INFO] [stderr]   Downloaded proc-macro-crate v1.3.1
[INFO] [stderr]   Downloaded rusttype v0.9.3
[INFO] [stderr]   Downloaded glapp v0.1.1
[INFO] [stderr]   Downloaded gl v0.14.0
[INFO] [stderr]   Downloaded memoffset v0.6.5
[INFO] [stderr]   Downloaded lebe v0.5.2
[INFO] [stderr]   Downloaded block-sys v0.1.0-beta.1
[INFO] [stderr]   Downloaded block2 v0.2.0-alpha.6
[INFO] [stderr]   Downloaded glutin_egl_sys v0.4.0
[INFO] [stderr]   Downloaded cfg_aliases v0.1.1
[INFO] [stderr]   Downloaded cgl v0.3.2
[INFO] [stderr]   Downloaded android_log-sys v0.3.0
[INFO] [stderr]   Downloaded wayland-cursor v0.29.5
[INFO] [stderr]   Downloaded android-properties v0.2.2
[INFO] [stderr]   Downloaded environmental v1.1.4
[INFO] [stderr]   Downloaded objc-sys v0.2.0-beta.2
[INFO] [stderr]   Downloaded glutin-winit v0.3.0
[INFO] [stderr]   Downloaded memmap2 v0.5.10
[INFO] [stderr]   Downloaded gl_generator v0.14.0
[INFO] [stderr]   Downloaded num_enum v0.5.11
[INFO] [stderr]   Downloaded weezl v0.1.7
[INFO] [stderr]   Downloaded convert_case v0.6.0
[INFO] [stderr]   Downloaded wayland-sys v0.30.1
[INFO] [stderr]   Downloaded raw-window-handle v0.5.2
[INFO] [stderr]   Downloaded objc2-encode v2.0.0-pre.2
[INFO] [stderr]   Downloaded spin v0.9.8
[INFO] [stderr]   Downloaded half v2.2.1
[INFO] [stderr]   Downloaded ab_glyph v0.2.21
[INFO] [stderr]   Downloaded syn-rsx v0.9.0
[INFO] [stderr]   Downloaded zune-inflate v0.2.53
[INFO] [stderr]   Downloaded nalgebra-glm v0.18.0
[INFO] [stderr]   Downloaded slotmap v1.0.6
[INFO] [stderr]   Downloaded glutin v0.30.7
[INFO] [stderr]   Downloaded ndk v0.7.0
[INFO] [stderr]   Downloaded qoi v0.4.1
[INFO] [stderr]   Downloaded flume v0.10.14
[INFO] [stderr]   Downloaded safe_arch v0.6.0
[INFO] [stderr]   Downloaded smithay-client-toolkit v0.16.0
[INFO] [stderr]   Downloaded owned_ttf_parser v0.15.2
[INFO] [stderr]   Downloaded sdl2 v0.35.2
[INFO] [stderr]   Downloaded ttf-parser v0.19.0
[INFO] [stderr]   Downloaded objc2 v0.3.0-beta.3.patch-leaks.3
[INFO] [stderr]   Downloaded owned_ttf_parser v0.19.0
[INFO] [stderr]   Downloaded tiny-skia v0.8.4
[INFO] [stderr]   Downloaded exr v1.6.3
[INFO] [stderr]   Downloaded nix v0.25.1
[INFO] [stderr]   Downloaded android-activity v0.4.1
[INFO] [stderr]   Downloaded nix v0.24.3
[INFO] [stderr]   Downloaded image v0.24.6
[INFO] [stderr]   Downloaded ndk-sys v0.4.1+23.1.7779620
[INFO] [stderr]   Downloaded winit v0.28.3
[INFO] [stderr]   Downloaded khronos_api v3.1.0
[INFO] [stderr]   Downloaded jpeg-decoder v0.3.0
[INFO] [stderr]   Downloaded gif v0.12.0
[INFO] [stderr]   Downloaded orbclient v0.3.45
[INFO] [stderr]   Downloaded tiff v0.8.1
[INFO] [stderr]   Downloaded sdl2-sys v0.35.2
[INFO] [stderr]   Downloaded appy-macros v0.1.5
[INFO] running `Command { std: "docker" "create" "-v" "/var/lib/crater-agent-workspace/builds/worker-1-tc1/target:/opt/rustwide/target:rw,Z" "-v" "/var/lib/crater-agent-workspace/builds/worker-1-tc1/source:/opt/rustwide/workdir:ro,Z" "-v" "/var/lib/crater-agent-workspace/cargo-home:/opt/rustwide/cargo-home:ro,Z" "-v" "/var/lib/crater-agent-workspace/rustup-home:/opt/rustwide/rustup-home:ro,Z" "-e" "SOURCE_DIR=/opt/rustwide/workdir" "-e" "CARGO_TARGET_DIR=/opt/rustwide/target" "-e" "CARGO_HOME=/opt/rustwide/cargo-home" "-e" "RUSTUP_HOME=/opt/rustwide/rustup-home" "-w" "/opt/rustwide/workdir" "-m" "1610612736" "--user" "0:0" "--network" "none" "ghcr.io/rust-lang/crates-build-env/linux@sha256:5ff2268d62e97bff2cde7d5815dd6ed5b47097566f13b8d0ca110b04b60e07ed" "/opt/rustwide/cargo-home/bin/cargo" "+1.69.0" "metadata" "--no-deps" "--format-version=1", kill_on_drop: false }`
[INFO] [stdout] 04a75106265e66a790f4a7b663d9cb580a3cd9d5b6f684c376c3da753945b13e
[INFO] running `Command { std: "docker" "start" "-a" "04a75106265e66a790f4a7b663d9cb580a3cd9d5b6f684c376c3da753945b13e", kill_on_drop: false }`
[INFO] running `Command { std: "docker" "inspect" "04a75106265e66a790f4a7b663d9cb580a3cd9d5b6f684c376c3da753945b13e", kill_on_drop: false }`
[INFO] running `Command { std: "docker" "rm" "-f" "04a75106265e66a790f4a7b663d9cb580a3cd9d5b6f684c376c3da753945b13e", kill_on_drop: false }`
[INFO] [stdout] 04a75106265e66a790f4a7b663d9cb580a3cd9d5b6f684c376c3da753945b13e
[INFO] running `Command { std: "docker" "create" "-v" "/var/lib/crater-agent-workspace/builds/worker-1-tc1/target:/opt/rustwide/target:rw,Z" "-v" "/var/lib/crater-agent-workspace/builds/worker-1-tc1/source:/opt/rustwide/workdir:ro,Z" "-v" "/var/lib/crater-agent-workspace/cargo-home:/opt/rustwide/cargo-home:ro,Z" "-v" "/var/lib/crater-agent-workspace/rustup-home:/opt/rustwide/rustup-home:ro,Z" "-e" "SOURCE_DIR=/opt/rustwide/workdir" "-e" "CARGO_TARGET_DIR=/opt/rustwide/target" "-e" "CARGO_INCREMENTAL=0" "-e" "RUST_BACKTRACE=full" "-e" "RUSTFLAGS=--cap-lints=warn" "-e" "RUSTDOCFLAGS=--cap-lints=warn" "-e" "CARGO_HOME=/opt/rustwide/cargo-home" "-e" "RUSTUP_HOME=/opt/rustwide/rustup-home" "-w" "/opt/rustwide/workdir" "-m" "1610612736" "--user" "0:0" "--network" "none" "ghcr.io/rust-lang/crates-build-env/linux@sha256:5ff2268d62e97bff2cde7d5815dd6ed5b47097566f13b8d0ca110b04b60e07ed" "/opt/rustwide/cargo-home/bin/cargo" "+1.69.0" "build" "--frozen" "--message-format=json", kill_on_drop: false }`
[INFO] [stdout] e806b703958bd03fa4b5885006844500a924a68d6ae054647ab21c7a9b4290ff
[INFO] running `Command { std: "docker" "start" "-a" "e806b703958bd03fa4b5885006844500a924a68d6ae054647ab21c7a9b4290ff", kill_on_drop: false }`
[INFO] [stderr]    Compiling syn v1.0.109
[INFO] [stderr]    Compiling num-traits v0.2.15
[INFO] [stderr]    Compiling bytemuck v1.13.1
[INFO] [stderr]    Compiling khronos_api v3.1.0
[INFO] [stderr]    Compiling serde v1.0.160
[INFO] [stderr]    Compiling num-integer v0.1.45
[INFO] [stderr]    Compiling log v0.4.17
[INFO] [stderr]    Compiling indexmap v1.9.3
[INFO] [stderr]    Compiling num-rational v0.4.1
[INFO] [stderr]    Compiling paste v1.0.12
[INFO] [stderr]    Compiling num_cpus v1.15.0
[INFO] [stderr]    Compiling futures-core v0.3.28
[INFO] [stderr]    Compiling xml-rs v0.8.4
[INFO] [stderr]    Compiling getrandom v0.2.9
[INFO] [stderr]    Compiling matrixmultiply v0.3.4
[INFO] [stderr]    Compiling hashbrown v0.12.3
[INFO] [stderr]    Compiling rayon-core v1.11.0
[INFO] [stderr]    Compiling safe_arch v0.6.0
[INFO] [stderr]    Compiling either v1.8.1
[INFO] [stderr]    Compiling thiserror v1.0.40
[INFO] [stderr]    Compiling nanorand v0.7.0
[INFO] [stderr]    Compiling spin v0.9.8
[INFO] [stderr]    Compiling futures-sink v0.3.28
[INFO] [stderr]    Compiling weezl v0.1.7
[INFO] [stderr]    Compiling winnow v0.4.4
[INFO] [stderr]    Compiling miniz_oxide v0.6.2
[INFO] [stderr]    Compiling zune-inflate v0.2.53
[INFO] [stderr]    Compiling gl_generator v0.14.0
[INFO] [stderr]    Compiling wide v0.7.8
[INFO] [stderr]    Compiling ttf-parser v0.15.2
[INFO] [stderr]    Compiling lebe v0.5.2
[INFO] [stderr]    Compiling rayon v1.7.0
[INFO] [stderr]    Compiling half v2.2.1
[INFO] [stderr]    Compiling unicode-segmentation v1.10.1
[INFO] [stderr]    Compiling bit_field v0.10.2
[INFO] [stderr]    Compiling gif v0.12.0
[INFO] [stderr]    Compiling qoi v0.4.1
[INFO] [stderr]    Compiling ab_glyph_rasterizer v0.1.8
[INFO] [stderr]    Compiling environmental v1.1.4
[INFO] [stderr]    Compiling convert_case v0.6.0
[INFO] [stderr]    Compiling gl v0.14.0
[INFO] [stderr]    Compiling approx v0.5.1
[INFO] [stderr]    Compiling num-complex v0.4.3
[INFO] [stderr]    Compiling simba v0.8.1
[INFO] [stderr]    Compiling owned_ttf_parser v0.15.2
[INFO] [stderr]    Compiling rusttype v0.9.3
[INFO] [stderr]    Compiling jpeg-decoder v0.3.0
[INFO] [stderr]    Compiling toml_datetime v0.6.1
[INFO] [stderr]    Compiling serde_spanned v0.6.1
[INFO] [stderr]    Compiling toml_edit v0.19.8
[INFO] [stderr]    Compiling syn-rsx v0.9.0
[INFO] [stderr]    Compiling tiff v0.8.1
[INFO] [stderr]    Compiling pin-project-internal v1.0.12
[INFO] [stderr]    Compiling glapp-macros v0.1.1
[INFO] [stderr]    Compiling glapp v0.1.1
[INFO] [stderr]    Compiling toml v0.7.3
[INFO] [stderr]    Compiling pin-project v1.0.12
[INFO] [stderr]    Compiling flume v0.10.14
[INFO] [stderr]    Compiling appy-macros v0.1.5
[INFO] [stderr]    Compiling exr v1.6.3
[INFO] [stderr]    Compiling nalgebra v0.32.2
[INFO] [stderr]    Compiling image v0.24.6
[INFO] [stderr]    Compiling nalgebra-glm v0.18.0
[INFO] [stderr]    Compiling appy v0.1.5 (/opt/rustwide/workdir)
[INFO] [stderr]     Finished dev [unoptimized + debuginfo] target(s) in 16.66s
[INFO] running `Command { std: "docker" "inspect" "e806b703958bd03fa4b5885006844500a924a68d6ae054647ab21c7a9b4290ff", kill_on_drop: false }`
[INFO] running `Command { std: "docker" "rm" "-f" "e806b703958bd03fa4b5885006844500a924a68d6ae054647ab21c7a9b4290ff", kill_on_drop: false }`
[INFO] [stdout] e806b703958bd03fa4b5885006844500a924a68d6ae054647ab21c7a9b4290ff
[INFO] running `Command { std: "docker" "create" "-v" "/var/lib/crater-agent-workspace/builds/worker-1-tc1/target:/opt/rustwide/target:rw,Z" "-v" "/var/lib/crater-agent-workspace/builds/worker-1-tc1/source:/opt/rustwide/workdir:ro,Z" "-v" "/var/lib/crater-agent-workspace/cargo-home:/opt/rustwide/cargo-home:ro,Z" "-v" "/var/lib/crater-agent-workspace/rustup-home:/opt/rustwide/rustup-home:ro,Z" "-e" "SOURCE_DIR=/opt/rustwide/workdir" "-e" "CARGO_TARGET_DIR=/opt/rustwide/target" "-e" "CARGO_INCREMENTAL=0" "-e" "RUST_BACKTRACE=full" "-e" "RUSTFLAGS=--cap-lints=warn" "-e" "RUSTDOCFLAGS=--cap-lints=warn" "-e" "CARGO_HOME=/opt/rustwide/cargo-home" "-e" "RUSTUP_HOME=/opt/rustwide/rustup-home" "-w" "/opt/rustwide/workdir" "-m" "1610612736" "--user" "0:0" "--network" "none" "ghcr.io/rust-lang/crates-build-env/linux@sha256:5ff2268d62e97bff2cde7d5815dd6ed5b47097566f13b8d0ca110b04b60e07ed" "/opt/rustwide/cargo-home/bin/cargo" "+1.69.0" "test" "--frozen" "--no-run" "--message-format=json", kill_on_drop: false }`
[INFO] [stdout] 0d7a161556b2512cb861d12f2d32a796100c8e38b0b70430f439808bbce43786
[INFO] running `Command { std: "docker" "start" "-a" "0d7a161556b2512cb861d12f2d32a796100c8e38b0b70430f439808bbce43786", kill_on_drop: false }`
[INFO] [stderr]    Compiling appy v0.1.5 (/opt/rustwide/workdir)
[INFO] [stderr]     Finished test [unoptimized + debuginfo] target(s) in 1.22s
[INFO] running `Command { std: "docker" "inspect" "0d7a161556b2512cb861d12f2d32a796100c8e38b0b70430f439808bbce43786", kill_on_drop: false }`
[INFO] running `Command { std: "docker" "rm" "-f" "0d7a161556b2512cb861d12f2d32a796100c8e38b0b70430f439808bbce43786", kill_on_drop: false }`
[INFO] [stdout] 0d7a161556b2512cb861d12f2d32a796100c8e38b0b70430f439808bbce43786
[INFO] running `Command { std: "docker" "create" "-v" "/var/lib/crater-agent-workspace/builds/worker-1-tc1/target:/opt/rustwide/target:rw,Z" "-v" "/var/lib/crater-agent-workspace/builds/worker-1-tc1/source:/opt/rustwide/workdir:ro,Z" "-v" "/var/lib/crater-agent-workspace/cargo-home:/opt/rustwide/cargo-home:ro,Z" "-v" "/var/lib/crater-agent-workspace/rustup-home:/opt/rustwide/rustup-home:ro,Z" "-e" "SOURCE_DIR=/opt/rustwide/workdir" "-e" "CARGO_TARGET_DIR=/opt/rustwide/target" "-e" "CARGO_INCREMENTAL=0" "-e" "RUST_BACKTRACE=full" "-e" "RUSTFLAGS=--cap-lints=warn" "-e" "RUSTDOCFLAGS=--cap-lints=warn" "-e" "CARGO_HOME=/opt/rustwide/cargo-home" "-e" "RUSTUP_HOME=/opt/rustwide/rustup-home" "-w" "/opt/rustwide/workdir" "-m" "1610612736" "--user" "0:0" "--network" "none" "ghcr.io/rust-lang/crates-build-env/linux@sha256:5ff2268d62e97bff2cde7d5815dd6ed5b47097566f13b8d0ca110b04b60e07ed" "/opt/rustwide/cargo-home/bin/cargo" "+1.69.0" "test" "--frozen", kill_on_drop: false }`
[INFO] [stdout] 4174c2f25f2a7995236da4df67b161c1938bf0f9f7d35e73719ea9e376625158
[INFO] running `Command { std: "docker" "start" "-a" "4174c2f25f2a7995236da4df67b161c1938bf0f9f7d35e73719ea9e376625158", kill_on_drop: false }`
[INFO] [stderr]     Finished test [unoptimized + debuginfo] target(s) in 0.10s
[INFO] [stderr]      Running unittests src/lib.rs (/opt/rustwide/target/debug/deps/appy-a727a3eacd167445)
[INFO] [stdout] 
[INFO] [stdout] running 1 test
[INFO] [stdout] test tests::test ... ok
[INFO] [stdout] 
[INFO] [stdout] test result: ok. 1 passed; 0 failed; 0 ignored; 0 measured; 0 filtered out; finished in 0.00s
[INFO] [stdout] 
[INFO] [stderr]    Doc-tests appy
[INFO] [stdout] 
[INFO] [stdout] running 7 tests
[INFO] [stdout] test src/hooks/mod.rs - hooks::use_hover_state_ref (line 71) ... FAILED
[INFO] [stdout] test src/lib.rs - (line 13) ... FAILED
[INFO] [stdout] test src/components/bg.rs - components::bg::Bg (line 7) ... FAILED
[INFO] [stdout] test src/utils/with_clone.rs - utils::with_clone::with_clone (line 5) ... FAILED
[INFO] [stdout] test src/components/img.rs - components::img::Img (line 7) ... FAILED
[INFO] [stdout] test src/hooks/use_spring.rs - hooks::use_spring::use_spring (line 96) ... FAILED
[INFO] [stdout] test src/utils/with_clone.rs - utils::with_clone::with_clone (line 11) ... FAILED
[INFO] [stdout] 
[INFO] [stdout] failures:
[INFO] [stdout] 
[INFO] [stdout] ---- src/hooks/mod.rs - hooks::use_hover_state_ref (line 71) stdout ----
[INFO] [stdout] error: cannot find attribute `main_window` in this scope
[INFO] [stdout]  --> src/hooks/mod.rs:72:3
[INFO] [stdout]   |
[INFO] [stdout] 3 | #[main_window]
[INFO] [stdout]   |   ^^^^^^^^^^^
[INFO] [stdout]   |
[INFO] [stdout]   = help: consider importing one of these items:
[INFO] [stdout]           appy::main_window
[INFO] [stdout]           appy_macros::main_window
[INFO] [stdout] 
[INFO] [stdout] error: cannot find macro `apx` in this scope
[INFO] [stdout]   --> src/hooks/mod.rs:81:5
[INFO] [stdout]    |
[INFO] [stdout] 12 |     apx!{
[INFO] [stdout]    |     ^^^
[INFO] [stdout]    |
[INFO] [stdout]    = help: consider importing one of these items:
[INFO] [stdout]            appy::apx
[INFO] [stdout]            appy_macros::apx
[INFO] [stdout] 
[INFO] [stdout] error[E0433]: failed to resolve: use of undeclared type `HoverState`
[INFO] [stdout]  --> src/hooks/mod.rs:76:9
[INFO] [stdout]   |
[INFO] [stdout] 7 |         HoverState::Normal=>0x808080,
[INFO] [stdout]   |         ^^^^^^^^^^ use of undeclared type `HoverState`
[INFO] [stdout] 
[INFO] [stdout] error[E0433]: failed to resolve: use of undeclared type `HoverState`
[INFO] [stdout]  --> src/hooks/mod.rs:77:9
[INFO] [stdout]   |
[INFO] [stdout] 8 |         HoverState::Active=>0x404040,
[INFO] [stdout]   |         ^^^^^^^^^^ use of undeclared type `HoverState`
[INFO] [stdout] 
[INFO] [stdout] error[E0433]: failed to resolve: use of undeclared type `HoverState`
[INFO] [stdout]  --> src/hooks/mod.rs:78:9
[INFO] [stdout]   |
[INFO] [stdout] 9 |         HoverState::Hover=>0xc0c0c0,
[INFO] [stdout]   |         ^^^^^^^^^^ use of undeclared type `HoverState`
[INFO] [stdout] 
[INFO] [stdout] error[E0412]: cannot find type `Elements` in this scope
[INFO] [stdout]  --> src/hooks/mod.rs:73:15
[INFO] [stdout]   |
[INFO] [stdout] 4 | pub fn app()->Elements {
[INFO] [stdout]   |               ^^^^^^^^ not found in this scope
[INFO] [stdout]   |
[INFO] [stdout] help: consider importing this type alias
[INFO] [stdout]   |
[INFO] [stdout] 2 | use appy::types::Elements;
[INFO] [stdout]   |
[INFO] [stdout] 
[INFO] [stdout] error[E0425]: cannot find function `use_hover_state_ref` in this scope
[INFO] [stdout]  --> src/hooks/mod.rs:74:21
[INFO] [stdout]   |
[INFO] [stdout] 5 |     let hover_state=use_hover_state_ref();
[INFO] [stdout]   |                     ^^^^^^^^^^^^^^^^^^^ not found in this scope
[INFO] [stdout]   |
[INFO] [stdout] help: consider importing this function
[INFO] [stdout]   |
[INFO] [stdout] 2 | use appy::hooks::use_hover_state_ref;
[INFO] [stdout]   |
[INFO] [stdout] 
[INFO] [stdout] error: aborting due to 7 previous errors
[INFO] [stdout] 
[INFO] [stdout] Some errors have detailed explanations: E0412, E0425, E0433.
[INFO] [stdout] For more information about an error, try `rustc --explain E0412`.
[INFO] [stdout] Couldn't compile the test.
[INFO] [stdout] ---- src/lib.rs - (line 13) stdout ----
[INFO] [stdout] error: custom attribute panicked
[INFO] [stdout]  --> src/lib.rs:16:1
[INFO] [stdout]   |
[INFO] [stdout] 6 | #[main_window]
[INFO] [stdout]   | ^^^^^^^^^^^^^^
[INFO] [stdout]   |
[INFO] [stdout]   = help: message: Welcome to Glapp! Please enable exactly one of the features "sdl" or "glutin" to select rendering backend. Enjoy!
[INFO] [stdout]   = note: this error originates in the attribute macro `main_window` (in Nightly builds, run with -Z macro-backtrace for more info)
[INFO] [stdout] 
[INFO] [stdout] error[E0433]: failed to resolve: use of undeclared type `Align`
[INFO] [stdout]   --> src/lib.rs:20:51
[INFO] [stdout]    |
[INFO] [stdout] 10 |        <text text="Hello World".to_string() align=Align::Center/>
[INFO] [stdout]    |                                                   ^^^^^ use of undeclared type `Align`
[INFO] [stdout] 
[INFO] [stdout] error[E0412]: cannot find type `Elements` in this scope
[INFO] [stdout]  --> src/lib.rs:17:15
[INFO] [stdout]   |
[INFO] [stdout] 7 | pub fn app()->Elements {
[INFO] [stdout]   |               ^^^^^^^^ not found in this scope
[INFO] [stdout]   |
[INFO] [stdout] help: consider importing this type alias
[INFO] [stdout]   |
[INFO] [stdout] 2 | use appy::types::Elements;
[INFO] [stdout]   |
[INFO] [stdout] 
[INFO] [stdout] error[E0425]: cannot find function `bg` in this scope
[INFO] [stdout]  --> src/lib.rs:19:9
[INFO] [stdout]   |
[INFO] [stdout] 9 |        <bg col=0x800000/>
[INFO] [stdout]   |         ^^ not found in this scope
[INFO] [stdout]   |
[INFO] [stdout] help: consider importing this function
[INFO] [stdout]   |
[INFO] [stdout] 2 | use appy::components::bg;
[INFO] [stdout]   |
[INFO] [stdout] 
[INFO] [stdout] error[E0425]: cannot find function `text` in this scope
[INFO] [stdout]   --> src/lib.rs:20:9
[INFO] [stdout]    |
[INFO] [stdout] 10 |        <text text="Hello World".to_string() align=Align::Center/>
[INFO] [stdout]    |         ^^^^ not found in this scope
[INFO] [stdout]    |
[INFO] [stdout] help: consider importing this function
[INFO] [stdout]    |
[INFO] [stdout] 2  | use appy::components::text;
[INFO] [stdout]    |
[INFO] [stdout] 
[INFO] [stdout] error: aborting due to 5 previous errors
[INFO] [stdout] 
[INFO] [stdout] Some errors have detailed explanations: E0412, E0425, E0433.
[INFO] [stdout] For more information about an error, try `rustc --explain E0412`.
[INFO] [stdout] Couldn't compile the test.
[INFO] [stdout] ---- src/components/bg.rs - components::bg::Bg (line 7) stdout ----
[INFO] [stdout] error: cannot find macro `apx` in this scope
[INFO] [stdout]  --> src/components/bg.rs:8:1
[INFO] [stdout]   |
[INFO] [stdout] 3 | apx!{
[INFO] [stdout]   | ^^^
[INFO] [stdout]   |
[INFO] [stdout]   = help: consider importing one of these items:
[INFO] [stdout]           appy::apx
[INFO] [stdout]           appy_macros::apx
[INFO] [stdout] 
[INFO] [stdout] error: aborting due to previous error
[INFO] [stdout] 
[INFO] [stdout] Couldn't compile the test.
[INFO] [stdout] ---- src/utils/with_clone.rs - utils::with_clone::with_clone (line 5) stdout ----
[INFO] [stdout] error[E0425]: cannot find value `a` in this scope
[INFO] [stdout]  --> src/utils/with_clone.rs:6:13
[INFO] [stdout]   |
[INFO] [stdout] 3 | with_clone([a,b],||{
[INFO] [stdout]   |             ^ not found in this scope
[INFO] [stdout] 
[INFO] [stdout] error[E0425]: cannot find value `b` in this scope
[INFO] [stdout]  --> src/utils/with_clone.rs:6:15
[INFO] [stdout]   |
[INFO] [stdout] 3 | with_clone([a,b],||{
[INFO] [stdout]   |               ^ not found in this scope
[INFO] [stdout] 
[INFO] [stdout] error[E0425]: cannot find function `with_clone` in this scope
[INFO] [stdout]  --> src/utils/with_clone.rs:6:1
[INFO] [stdout]   |
[INFO] [stdout] 3 | with_clone([a,b],||{
[INFO] [stdout]   | ^^^^^^^^^^ not found in this scope
[INFO] [stdout] 
[INFO] [stdout] error: aborting due to 3 previous errors
[INFO] [stdout] 
[INFO] [stdout] For more information about this error, try `rustc --explain E0425`.
[INFO] [stdout] Couldn't compile the test.
[INFO] [stdout] ---- src/components/img.rs - components::img::Img (line 7) stdout ----
[INFO] [stdout] error: couldn't read src/components/myimage.png: No such file or directory (os error 2)
[INFO] [stdout]  --> src/components/img.rs:10:54
[INFO] [stdout]   |
[INFO] [stdout] 4 |     let img_src=use_state(||ImageSource::from_memory(include_bytes!("myimage.png")));
[INFO] [stdout]   |                                                      ^^^^^^^^^^^^^^^^^^^^^^^^^^^^^
[INFO] [stdout]   |
[INFO] [stdout]   = note: this error originates in the macro `include_bytes` (in Nightly builds, run with -Z macro-backtrace for more info)
[INFO] [stdout] 
[INFO] [stdout] error: cannot find attribute `main_window` in this scope
[INFO] [stdout]  --> src/components/img.rs:8:3
[INFO] [stdout]   |
[INFO] [stdout] 2 | #[main_window]
[INFO] [stdout]   |   ^^^^^^^^^^^
[INFO] [stdout]   |
[INFO] [stdout]   = help: consider importing one of these items:
[INFO] [stdout]           appy::main_window
[INFO] [stdout]           appy_macros::main_window
[INFO] [stdout] 
[INFO] [stdout] error: cannot find macro `apx` in this scope
[INFO] [stdout]  --> src/components/img.rs:12:5
[INFO] [stdout]   |
[INFO] [stdout] 6 |     apx!{
[INFO] [stdout]   |     ^^^
[INFO] [stdout]   |
[INFO] [stdout]   = help: consider importing one of these items:
[INFO] [stdout]           appy::apx
[INFO] [stdout]           appy_macros::apx
[INFO] [stdout] 
[INFO] [stdout] error[E0412]: cannot find type `Elements` in this scope
[INFO] [stdout]  --> src/components/img.rs:9:12
[INFO] [stdout]   |
[INFO] [stdout] 3 | fn main()->Elements {
[INFO] [stdout]   |            ^^^^^^^^ not found in this scope
[INFO] [stdout]   |
[INFO] [stdout] help: consider importing this type alias
[INFO] [stdout]   |
[INFO] [stdout] 2 | use appy::types::Elements;
[INFO] [stdout]   |
[INFO] [stdout] 
[INFO] [stdout] error[E0425]: cannot find function `use_state` in this scope
[INFO] [stdout]  --> src/components/img.rs:10:17
[INFO] [stdout]   |
[INFO] [stdout] 4 |     let img_src=use_state(||ImageSource::from_memory(include_bytes!("myimage.png")));
[INFO] [stdout]   |                 ^^^^^^^^^ not found in this scope
[INFO] [stdout]   |
[INFO] [stdout] help: consider importing this function
[INFO] [stdout]   |
[INFO] [stdout] 2 | use appy::hooks::use_state;
[INFO] [stdout]   |
[INFO] [stdout] 
[INFO] [stdout] error[E0433]: failed to resolve: use of undeclared type `ImageSource`
[INFO] [stdout]  --> src/components/img.rs:10:29
[INFO] [stdout]   |
[INFO] [stdout] 4 |     let img_src=use_state(||ImageSource::from_memory(include_bytes!("myimage.png")));
[INFO] [stdout]   |                             ^^^^^^^^^^^ use of undeclared type `ImageSource`
[INFO] [stdout]   |
[INFO] [stdout] help: consider importing this struct
[INFO] [stdout]   |
[INFO] [stdout] 2 | use appy::types::ImageSource;
[INFO] [stdout]   |
[INFO] [stdout] 
[INFO] [stdout] error: aborting due to 6 previous errors
[INFO] [stdout] 
[INFO] [stdout] Some errors have detailed explanations: E0412, E0425, E0433.
[INFO] [stdout] For more information about an error, try `rustc --explain E0412`.
[INFO] [stdout] Couldn't compile the test.
[INFO] [stdout] ---- src/hooks/use_spring.rs - hooks::use_spring::use_spring (line 96) stdout ----
[INFO] [stdout] error: cannot find attribute `main_window` in this scope
[INFO] [stdout]  --> src/hooks/use_spring.rs:97:3
[INFO] [stdout]   |
[INFO] [stdout] 3 | #[main_window]
[INFO] [stdout]   |   ^^^^^^^^^^^
[INFO] [stdout]   |
[INFO] [stdout]   = help: consider importing one of these items:
[INFO] [stdout]           appy::main_window
[INFO] [stdout]           appy_macros::main_window
[INFO] [stdout] 
[INFO] [stdout] error: cannot find macro `apx` in this scope
[INFO] [stdout]  --> src/hooks/use_spring.rs:101:5
[INFO] [stdout]   |
[INFO] [stdout] 7 |     apx! {
[INFO] [stdout]   |     ^^^
[INFO] [stdout]   |
[INFO] [stdout]   = help: consider importing one of these items:
[INFO] [stdout]           appy::apx
[INFO] [stdout]           appy_macros::apx
[INFO] [stdout] 
[INFO] [stdout] error[E0433]: failed to resolve: use of undeclared type `SpringConf`
[INFO] [stdout]  --> src/hooks/use_spring.rs:99:27
[INFO] [stdout]   |
[INFO] [stdout] 5 |    let x=use_spring(||0.0,SpringConf::DEFAULT);
[INFO] [stdout]   |                           ^^^^^^^^^^ use of undeclared type `SpringConf`
[INFO] [stdout] 
[INFO] [stdout] error[E0412]: cannot find type `Elements` in this scope
[INFO] [stdout]  --> src/hooks/use_spring.rs:98:15
[INFO] [stdout]   |
[INFO] [stdout] 4 | pub fn app()->Elements {
[INFO] [stdout]   |               ^^^^^^^^ not found in this scope
[INFO] [stdout]   |
[INFO] [stdout] help: consider importing this type alias
[INFO] [stdout]   |
[INFO] [stdout] 2 | use appy::types::Elements;
[INFO] [stdout]   |
[INFO] [stdout] 
[INFO] [stdout] error[E0425]: cannot find function `use_spring` in this scope
[INFO] [stdout]  --> src/hooks/use_spring.rs:99:10
[INFO] [stdout]   |
[INFO] [stdout] 5 |    let x=use_spring(||0.0,SpringConf::DEFAULT);
[INFO] [stdout]   |          ^^^^^^^^^^ not found in this scope
[INFO] [stdout]   |
[INFO] [stdout] help: consider importing this function
[INFO] [stdout]   |
[INFO] [stdout] 2 | use appy::hooks::use_spring;
[INFO] [stdout]   |
[INFO] [stdout] 
[INFO] [stdout] error: aborting due to 5 previous errors
[INFO] [stdout] 
[INFO] [stdout] Some errors have detailed explanations: E0412, E0425, E0433.
[INFO] [stdout] For more information about an error, try `rustc --explain E0412`.
[INFO] [stdout] Couldn't compile the test.
[INFO] [stdout] ---- src/utils/with_clone.rs - utils::with_clone::with_clone (line 11) stdout ----
[INFO] [stdout] error[E0425]: cannot find value `a` in this scope
[INFO] [stdout]  --> src/utils/with_clone.rs:13:9
[INFO] [stdout]   |
[INFO] [stdout] 4 |   let a=a.clone();
[INFO] [stdout]   |         ^ not found in this scope
[INFO] [stdout] 
[INFO] [stdout] error[E0425]: cannot find value `b` in this scope
[INFO] [stdout]  --> src/utils/with_clone.rs:14:9
[INFO] [stdout]   |
[INFO] [stdout] 5 |   let b=b.clone();
[INFO] [stdout]   |         ^ help: a local variable with a similar name exists: `a`
[INFO] [stdout] 
[INFO] [stdout] error[E0308]: mismatched types
[INFO] [stdout]  --> src/utils/with_clone.rs:15:3
[INFO] [stdout]   |
[INFO] [stdout] 6 | /   ||{
[INFO] [stdout] 7 | |     // ..
[INFO] [stdout] 8 | |   }
[INFO] [stdout]   | |___^ expected `()`, found closure
[INFO] [stdout]   |
[INFO] [stdout]   = note: expected unit type `()`
[INFO] [stdout]                found closure `[closure@src/utils/with_clone.rs:6:3: 6:5]`
[INFO] [stdout] help: try adding a return type
[INFO] [stdout]   |
[INFO] [stdout] 2 | fn main() { #[allow(non_snake_case)] fn _doctest_main_src_utils_with_clone_rs_11_0() -> impl Fn() {
[INFO] [stdout]   |                                                                                      ++++++++++++
[INFO] [stdout] help: use parentheses to call this closure
[INFO] [stdout]   |
[INFO] [stdout] 6 ~   (||{
[INFO] [stdout] 7 |     // ..
[INFO] [stdout] 8 ~   })()
[INFO] [stdout]   |
[INFO] [stdout] 
[INFO] [stdout] error: aborting due to 3 previous errors
[INFO] [stdout] 
[INFO] [stdout] Some errors have detailed explanations: E0308, E0425.
[INFO] [stdout] For more information about an error, try `rustc --explain E0308`.
[INFO] [stdout] Couldn't compile the test.
[INFO] [stdout] 
[INFO] [stdout] failures:
[INFO] [stdout]     src/components/bg.rs - components::bg::Bg (line 7)
[INFO] [stdout]     src/components/img.rs - components::img::Img (line 7)
[INFO] [stdout]     src/hooks/mod.rs - hooks::use_hover_state_ref (line 71)
[INFO] [stdout]     src/hooks/use_spring.rs - hooks::use_spring::use_spring (line 96)
[INFO] [stdout]     src/lib.rs - (line 13)
[INFO] [stdout]     src/utils/with_clone.rs - utils::with_clone::with_clone (line 11)
[INFO] [stdout]     src/utils/with_clone.rs - utils::with_clone::with_clone (line 5)
[INFO] [stdout] 
[INFO] [stdout] test result: FAILED. 0 passed; 7 failed; 0 ignored; 0 measured; 0 filtered out; finished in 0.07s
[INFO] [stdout] 
[INFO] [stderr] error: doctest failed, to rerun pass `--doc`
[INFO] running `Command { std: "docker" "inspect" "4174c2f25f2a7995236da4df67b161c1938bf0f9f7d35e73719ea9e376625158", kill_on_drop: false }`
[INFO] running `Command { std: "docker" "rm" "-f" "4174c2f25f2a7995236da4df67b161c1938bf0f9f7d35e73719ea9e376625158", kill_on_drop: false }`
[INFO] [stdout] 4174c2f25f2a7995236da4df67b161c1938bf0f9f7d35e73719ea9e376625158
