[INFO] fetching crate appstream 0.2.2...
[INFO] testing appstream-0.2.2 against 1.69.0 for beta-1.70-1
[INFO] extracting crate appstream 0.2.2 into /workspace/builds/worker-2-tc1/source
[INFO] validating manifest of crates.io crate appstream 0.2.2 on toolchain 1.69.0
[INFO] running `Command { std: CARGO_HOME="/workspace/cargo-home" RUSTUP_HOME="/workspace/rustup-home" "/workspace/cargo-home/bin/cargo" "+1.69.0" "metadata" "--manifest-path" "Cargo.toml" "--no-deps", kill_on_drop: false }`
[INFO] started tweaking crates.io crate appstream 0.2.2
[INFO] finished tweaking crates.io crate appstream 0.2.2
[INFO] tweaked toml for crates.io crate appstream 0.2.2 written to /workspace/builds/worker-2-tc1/source/Cargo.toml
[INFO] running `Command { std: CARGO_HOME="/workspace/cargo-home" RUSTUP_HOME="/workspace/rustup-home" __CARGO_TEST_CHANNEL_OVERRIDE_DO_NOT_USE_THIS="nightly" "/workspace/cargo-home/bin/cargo" "+1.69.0" "generate-lockfile" "--manifest-path" "Cargo.toml" "-Zno-index-update", kill_on_drop: false }`
[INFO] running `Command { std: CARGO_HOME="/workspace/cargo-home" RUSTUP_HOME="/workspace/rustup-home" "/workspace/cargo-home/bin/cargo" "+1.69.0" "fetch" "--manifest-path" "Cargo.toml", kill_on_drop: false }`
[INFO] [stderr]  Downloading crates ...
[INFO] [stderr]   Downloaded xmltree v0.10.3
[INFO] [stderr]   Downloaded strum v0.23.0
[INFO] [stderr]   Downloaded strum_macros v0.23.1
[INFO] running `Command { std: "docker" "create" "-v" "/var/lib/crater-agent-workspace/builds/worker-2-tc1/target:/opt/rustwide/target:rw,Z" "-v" "/var/lib/crater-agent-workspace/builds/worker-2-tc1/source:/opt/rustwide/workdir:ro,Z" "-v" "/var/lib/crater-agent-workspace/cargo-home:/opt/rustwide/cargo-home:ro,Z" "-v" "/var/lib/crater-agent-workspace/rustup-home:/opt/rustwide/rustup-home:ro,Z" "-e" "SOURCE_DIR=/opt/rustwide/workdir" "-e" "CARGO_TARGET_DIR=/opt/rustwide/target" "-e" "CARGO_HOME=/opt/rustwide/cargo-home" "-e" "RUSTUP_HOME=/opt/rustwide/rustup-home" "-w" "/opt/rustwide/workdir" "-m" "1610612736" "--user" "0:0" "--network" "none" "ghcr.io/rust-lang/crates-build-env/linux@sha256:97d61d7686bf65f8ecb15491ab51835e82dc9176a96a831f143a431b191fc501" "/opt/rustwide/cargo-home/bin/cargo" "+1.69.0" "metadata" "--no-deps" "--format-version=1", kill_on_drop: false }`
[INFO] [stdout] 8723a30ab64dbfbb3d001d79ef700f73e3d58d5b8be729eca7914b9110e9947f
[INFO] running `Command { std: "docker" "start" "-a" "8723a30ab64dbfbb3d001d79ef700f73e3d58d5b8be729eca7914b9110e9947f", kill_on_drop: false }`
[INFO] running `Command { std: "docker" "inspect" "8723a30ab64dbfbb3d001d79ef700f73e3d58d5b8be729eca7914b9110e9947f", kill_on_drop: false }`
[INFO] running `Command { std: "docker" "rm" "-f" "8723a30ab64dbfbb3d001d79ef700f73e3d58d5b8be729eca7914b9110e9947f", kill_on_drop: false }`
[INFO] [stdout] 8723a30ab64dbfbb3d001d79ef700f73e3d58d5b8be729eca7914b9110e9947f
[INFO] running `Command { std: "docker" "create" "-v" "/var/lib/crater-agent-workspace/builds/worker-2-tc1/target:/opt/rustwide/target:rw,Z" "-v" "/var/lib/crater-agent-workspace/builds/worker-2-tc1/source:/opt/rustwide/workdir:ro,Z" "-v" "/var/lib/crater-agent-workspace/cargo-home:/opt/rustwide/cargo-home:ro,Z" "-v" "/var/lib/crater-agent-workspace/rustup-home:/opt/rustwide/rustup-home:ro,Z" "-e" "SOURCE_DIR=/opt/rustwide/workdir" "-e" "CARGO_TARGET_DIR=/opt/rustwide/target" "-e" "CARGO_INCREMENTAL=0" "-e" "RUST_BACKTRACE=full" "-e" "RUSTFLAGS=--cap-lints=warn" "-e" "RUSTDOCFLAGS=--cap-lints=warn" "-e" "CARGO_HOME=/opt/rustwide/cargo-home" "-e" "RUSTUP_HOME=/opt/rustwide/rustup-home" "-w" "/opt/rustwide/workdir" "-m" "1610612736" "--user" "0:0" "--network" "none" "ghcr.io/rust-lang/crates-build-env/linux@sha256:97d61d7686bf65f8ecb15491ab51835e82dc9176a96a831f143a431b191fc501" "/opt/rustwide/cargo-home/bin/cargo" "+1.69.0" "build" "--frozen" "--message-format=json", kill_on_drop: false }`
[INFO] [stdout] a0583153fb3218a943788404045a054e78c7092dd1c613c55a5fba3f20244405
[INFO] running `Command { std: "docker" "start" "-a" "a0583153fb3218a943788404045a054e78c7092dd1c613c55a5fba3f20244405", kill_on_drop: false }`
[INFO] [stderr]     Blocking waiting for file lock on package cache
[INFO] [stderr]    Compiling rustversion v1.0.12
[INFO] [stderr]    Compiling syn v1.0.109
[INFO] [stderr]    Compiling xml-rs v0.8.4
[INFO] [stderr]    Compiling strum v0.23.0
[INFO] [stderr]    Compiling time v0.1.45
[INFO] [stderr]    Compiling thiserror-impl v1.0.40
[INFO] [stderr]    Compiling url v2.3.1
[INFO] [stderr]    Compiling chrono v0.4.24
[INFO] [stderr]    Compiling xmltree v0.10.3
[INFO] [stderr]    Compiling thiserror v1.0.40
[INFO] [stderr]    Compiling strum_macros v0.23.1
[INFO] [stderr]    Compiling appstream v0.2.2 (/opt/rustwide/workdir)
[INFO] [stdout] warning: use of deprecated method `chrono::NaiveDate::and_hms`: use `and_hms_opt()` instead
[INFO] [stdout]   --> src/xml.rs:26:84
[INFO] [stdout]    |
[INFO] [stdout] 26 |             let date: NaiveDateTime = NaiveDate::parse_from_str(date, "%Y-%m-%d")?.and_hms(0, 0, 0);
[INFO] [stdout]    |                                                                                    ^^^^^^^
[INFO] [stdout]    |
[INFO] [stdout]    = note: `#[warn(deprecated)]` on by default
[INFO] [stdout] 
[INFO] [stdout] 
[INFO] [stdout] warning: 1 warning emitted
[INFO] [stdout] 
[INFO] [stdout] 
[INFO] [stderr]     Finished dev [unoptimized + debuginfo] target(s) in 9.51s
[INFO] running `Command { std: "docker" "inspect" "a0583153fb3218a943788404045a054e78c7092dd1c613c55a5fba3f20244405", kill_on_drop: false }`
[INFO] running `Command { std: "docker" "rm" "-f" "a0583153fb3218a943788404045a054e78c7092dd1c613c55a5fba3f20244405", kill_on_drop: false }`
[INFO] [stdout] a0583153fb3218a943788404045a054e78c7092dd1c613c55a5fba3f20244405
[INFO] running `Command { std: "docker" "create" "-v" "/var/lib/crater-agent-workspace/builds/worker-2-tc1/target:/opt/rustwide/target:rw,Z" "-v" "/var/lib/crater-agent-workspace/builds/worker-2-tc1/source:/opt/rustwide/workdir:ro,Z" "-v" "/var/lib/crater-agent-workspace/cargo-home:/opt/rustwide/cargo-home:ro,Z" "-v" "/var/lib/crater-agent-workspace/rustup-home:/opt/rustwide/rustup-home:ro,Z" "-e" "SOURCE_DIR=/opt/rustwide/workdir" "-e" "CARGO_TARGET_DIR=/opt/rustwide/target" "-e" "CARGO_INCREMENTAL=0" "-e" "RUST_BACKTRACE=full" "-e" "RUSTFLAGS=--cap-lints=warn" "-e" "RUSTDOCFLAGS=--cap-lints=warn" "-e" "CARGO_HOME=/opt/rustwide/cargo-home" "-e" "RUSTUP_HOME=/opt/rustwide/rustup-home" "-w" "/opt/rustwide/workdir" "-m" "1610612736" "--user" "0:0" "--network" "none" "ghcr.io/rust-lang/crates-build-env/linux@sha256:97d61d7686bf65f8ecb15491ab51835e82dc9176a96a831f143a431b191fc501" "/opt/rustwide/cargo-home/bin/cargo" "+1.69.0" "test" "--frozen" "--no-run" "--message-format=json", kill_on_drop: false }`
[INFO] [stdout] a930e7d6f5b564644a74ed86ac5c10a8e5c493ec714078b55303079f33fc4e2f
[INFO] running `Command { std: "docker" "start" "-a" "a930e7d6f5b564644a74ed86ac5c10a8e5c493ec714078b55303079f33fc4e2f", kill_on_drop: false }`
[INFO] [stderr]    Compiling appstream v0.2.2 (/opt/rustwide/workdir)
[INFO] [stdout] warning: use of deprecated method `chrono::NaiveDate::and_hms`: use `and_hms_opt()` instead
[INFO] [stdout]   --> src/xml.rs:26:84
[INFO] [stdout]    |
[INFO] [stdout] 26 |             let date: NaiveDateTime = NaiveDate::parse_from_str(date, "%Y-%m-%d")?.and_hms(0, 0, 0);
[INFO] [stdout]    |                                                                                    ^^^^^^^
[INFO] [stdout]    |
[INFO] [stdout]    = note: `#[warn(deprecated)]` on by default
[INFO] [stdout] 
[INFO] [stdout] 
[INFO] [stdout] warning: 1 warning emitted
[INFO] [stdout] 
[INFO] [stdout] 
[INFO] [stdout] warning: use of deprecated method `chrono::TimeZone::ymd`: use `with_ymd_and_hms()` instead
[INFO] [stdout]    --> src/component.rs:310:31
[INFO] [stdout]     |
[INFO] [stdout] 310 |                     .date(Utc.ymd(2013, 4, 12).and_hms_milli(0, 0, 0, 0))
[INFO] [stdout]     |                               ^^^
[INFO] [stdout]     |
[INFO] [stdout]     = note: `#[warn(deprecated)]` on by default
[INFO] [stdout] 
[INFO] [stdout] 
[INFO] [stdout] warning: use of deprecated method `chrono::Date::<Tz>::and_hms_milli`: Use and_hms_milli_opt() instead
[INFO] [stdout]    --> src/component.rs:310:48
[INFO] [stdout]     |
[INFO] [stdout] 310 |                     .date(Utc.ymd(2013, 4, 12).and_hms_milli(0, 0, 0, 0))
[INFO] [stdout]     |                                                ^^^^^^^^^^^^^
[INFO] [stdout] 
[INFO] [stdout] 
[INFO] [stdout] warning: use of deprecated method `chrono::TimeZone::ymd`: use `with_ymd_and_hms()` instead
[INFO] [stdout]    --> src/component.rs:374:31
[INFO] [stdout]     |
[INFO] [stdout] 374 |                     .date(Utc.ymd(2015, 2, 16).and_hms_milli(0, 0, 0, 0))
[INFO] [stdout]     |                               ^^^
[INFO] [stdout] 
[INFO] [stdout] 
[INFO] [stdout] warning: use of deprecated method `chrono::Date::<Tz>::and_hms_milli`: Use and_hms_milli_opt() instead
[INFO] [stdout]    --> src/component.rs:374:48
[INFO] [stdout]     |
[INFO] [stdout] 374 |                     .date(Utc.ymd(2015, 2, 16).and_hms_milli(0, 0, 0, 0))
[INFO] [stdout]     |                                                ^^^^^^^^^^^^^
[INFO] [stdout] 
[INFO] [stdout] 
[INFO] [stdout] warning: use of deprecated method `chrono::TimeZone::ymd`: use `with_ymd_and_hms()` instead
[INFO] [stdout]    --> src/component.rs:435:31
[INFO] [stdout]     |
[INFO] [stdout] 435 |                     .date(Utc.ymd(2015, 2, 16).and_hms_milli(0, 0, 0, 0))
[INFO] [stdout]     |                               ^^^
[INFO] [stdout] 
[INFO] [stdout] 
[INFO] [stdout] warning: use of deprecated method `chrono::Date::<Tz>::and_hms_milli`: Use and_hms_milli_opt() instead
[INFO] [stdout]    --> src/component.rs:435:48
[INFO] [stdout]     |
[INFO] [stdout] 435 |                     .date(Utc.ymd(2015, 2, 16).and_hms_milli(0, 0, 0, 0))
[INFO] [stdout]     |                                                ^^^^^^^^^^^^^
[INFO] [stdout] 
[INFO] [stdout] 
[INFO] [stdout] warning: use of deprecated method `chrono::TimeZone::ymd`: use `with_ymd_and_hms()` instead
[INFO] [stdout]    --> src/component.rs:551:31
[INFO] [stdout]     |
[INFO] [stdout] 551 |                     .date(Utc.ymd(2017, 7, 17).and_hms_milli(0, 0, 0, 0))
[INFO] [stdout]     |                               ^^^
[INFO] [stdout] 
[INFO] [stdout] 
[INFO] [stdout] warning: use of deprecated method `chrono::Date::<Tz>::and_hms_milli`: Use and_hms_milli_opt() instead
[INFO] [stdout]    --> src/component.rs:551:48
[INFO] [stdout]     |
[INFO] [stdout] 551 |                     .date(Utc.ymd(2017, 7, 17).and_hms_milli(0, 0, 0, 0))
[INFO] [stdout]     |                                                ^^^^^^^^^^^^^
[INFO] [stdout] 
[INFO] [stdout] 
[INFO] [stdout] warning: use of deprecated method `chrono::TimeZone::ymd`: use `with_ymd_and_hms()` instead
[INFO] [stdout]    --> src/component.rs:552:35
[INFO] [stdout]     |
[INFO] [stdout] 552 |                     .date_eol(Utc.ymd(2020, 7, 17).and_hms_milli(0, 0, 0, 0))
[INFO] [stdout]     |                                   ^^^
[INFO] [stdout] 
[INFO] [stdout] 
[INFO] [stdout] warning: use of deprecated method `chrono::Date::<Tz>::and_hms_milli`: Use and_hms_milli_opt() instead
[INFO] [stdout]    --> src/component.rs:552:52
[INFO] [stdout]     |
[INFO] [stdout] 552 |                     .date_eol(Utc.ymd(2020, 7, 17).and_hms_milli(0, 0, 0, 0))
[INFO] [stdout]     |                                                    ^^^^^^^^^^^^^
[INFO] [stdout] 
[INFO] [stdout] 
[INFO] [stdout] warning: use of deprecated method `chrono::TimeZone::ymd`: use `with_ymd_and_hms()` instead
[INFO] [stdout]    --> src/component.rs:582:31
[INFO] [stdout]     |
[INFO] [stdout] 582 |                     .date(Utc.ymd(2020, 01, 12).and_hms_milli(0, 0, 0, 0))
[INFO] [stdout]     |                               ^^^
[INFO] [stdout] 
[INFO] [stdout] 
[INFO] [stdout] warning: use of deprecated method `chrono::Date::<Tz>::and_hms_milli`: Use and_hms_milli_opt() instead
[INFO] [stdout]    --> src/component.rs:582:49
[INFO] [stdout]     |
[INFO] [stdout] 582 |                     .date(Utc.ymd(2020, 01, 12).and_hms_milli(0, 0, 0, 0))
[INFO] [stdout]     |                                                 ^^^^^^^^^^^^^
[INFO] [stdout] 
[INFO] [stdout] 
[INFO] [stdout] warning: use of deprecated method `chrono::TimeZone::ymd`: use `with_ymd_and_hms()` instead
[INFO] [stdout]    --> src/release.rs:135:27
[INFO] [stdout]     |
[INFO] [stdout] 135 |                 .date(Utc.ymd(2014, 4, 12).and_hms_milli(0, 0, 0, 0))
[INFO] [stdout]     |                           ^^^
[INFO] [stdout] 
[INFO] [stdout] 
[INFO] [stdout] warning: use of deprecated method `chrono::Date::<Tz>::and_hms_milli`: Use and_hms_milli_opt() instead
[INFO] [stdout]    --> src/release.rs:135:44
[INFO] [stdout]     |
[INFO] [stdout] 135 |                 .date(Utc.ymd(2014, 4, 12).and_hms_milli(0, 0, 0, 0))
[INFO] [stdout]     |                                            ^^^^^^^^^^^^^
[INFO] [stdout] 
[INFO] [stdout] 
[INFO] [stdout] warning: use of deprecated method `chrono::TimeZone::ymd`: use `with_ymd_and_hms()` instead
[INFO] [stdout]    --> src/release.rs:165:27
[INFO] [stdout]     |
[INFO] [stdout] 165 |                 .date(Utc.ymd(2013, 10, 20).and_hms_milli(0, 0, 0, 0))
[INFO] [stdout]     |                           ^^^
[INFO] [stdout] 
[INFO] [stdout] 
[INFO] [stdout] warning: use of deprecated method `chrono::Date::<Tz>::and_hms_milli`: Use and_hms_milli_opt() instead
[INFO] [stdout]    --> src/release.rs:165:45
[INFO] [stdout]     |
[INFO] [stdout] 165 |                 .date(Utc.ymd(2013, 10, 20).and_hms_milli(0, 0, 0, 0))
[INFO] [stdout]     |                                             ^^^^^^^^^^^^^
[INFO] [stdout] 
[INFO] [stdout] 
[INFO] [stdout] warning: use of deprecated method `chrono::TimeZone::ymd`: use `with_ymd_and_hms()` instead
[INFO] [stdout]    --> src/release.rs:168:27
[INFO] [stdout]     |
[INFO] [stdout] 168 |                 .date(Utc.ymd(2012, 8, 26).and_hms_milli(0, 0, 0, 0))
[INFO] [stdout]     |                           ^^^
[INFO] [stdout] 
[INFO] [stdout] 
[INFO] [stdout] warning: use of deprecated method `chrono::Date::<Tz>::and_hms_milli`: Use and_hms_milli_opt() instead
[INFO] [stdout]    --> src/release.rs:168:44
[INFO] [stdout]     |
[INFO] [stdout] 168 |                 .date(Utc.ymd(2012, 8, 26).and_hms_milli(0, 0, 0, 0))
[INFO] [stdout]     |                                            ^^^^^^^^^^^^^
[INFO] [stdout] 
[INFO] [stdout] 
[INFO] [stdout] warning: use of deprecated method `chrono::NaiveDate::and_hms`: use `and_hms_opt()` instead
[INFO] [stdout]   --> src/xml.rs:26:84
[INFO] [stdout]    |
[INFO] [stdout] 26 |             let date: NaiveDateTime = NaiveDate::parse_from_str(date, "%Y-%m-%d")?.and_hms(0, 0, 0);
[INFO] [stdout]    |                                                                                    ^^^^^^^
[INFO] [stdout] 
[INFO] [stdout] 
[INFO] [stdout] warning: 19 warnings emitted
[INFO] [stdout] 
[INFO] [stdout] 
[INFO] [stderr]     Finished test [unoptimized + debuginfo] target(s) in 3.76s
[INFO] running `Command { std: "docker" "inspect" "a930e7d6f5b564644a74ed86ac5c10a8e5c493ec714078b55303079f33fc4e2f", kill_on_drop: false }`
[INFO] running `Command { std: "docker" "rm" "-f" "a930e7d6f5b564644a74ed86ac5c10a8e5c493ec714078b55303079f33fc4e2f", kill_on_drop: false }`
[INFO] [stdout] a930e7d6f5b564644a74ed86ac5c10a8e5c493ec714078b55303079f33fc4e2f
[INFO] running `Command { std: "docker" "create" "-v" "/var/lib/crater-agent-workspace/builds/worker-2-tc1/target:/opt/rustwide/target:rw,Z" "-v" "/var/lib/crater-agent-workspace/builds/worker-2-tc1/source:/opt/rustwide/workdir:ro,Z" "-v" "/var/lib/crater-agent-workspace/cargo-home:/opt/rustwide/cargo-home:ro,Z" "-v" "/var/lib/crater-agent-workspace/rustup-home:/opt/rustwide/rustup-home:ro,Z" "-e" "SOURCE_DIR=/opt/rustwide/workdir" "-e" "CARGO_TARGET_DIR=/opt/rustwide/target" "-e" "CARGO_INCREMENTAL=0" "-e" "RUST_BACKTRACE=full" "-e" "RUSTFLAGS=--cap-lints=warn" "-e" "RUSTDOCFLAGS=--cap-lints=warn" "-e" "CARGO_HOME=/opt/rustwide/cargo-home" "-e" "RUSTUP_HOME=/opt/rustwide/rustup-home" "-w" "/opt/rustwide/workdir" "-m" "1610612736" "--user" "0:0" "--network" "none" "ghcr.io/rust-lang/crates-build-env/linux@sha256:97d61d7686bf65f8ecb15491ab51835e82dc9176a96a831f143a431b191fc501" "/opt/rustwide/cargo-home/bin/cargo" "+1.69.0" "test" "--frozen", kill_on_drop: false }`
[INFO] [stdout] 773b51c6b5460d5189400ca3295ada45c22734e416ba6e6963755a6329a87657
[INFO] running `Command { std: "docker" "start" "-a" "773b51c6b5460d5189400ca3295ada45c22734e416ba6e6963755a6329a87657", kill_on_drop: false }`
[INFO] [stderr] warning: use of deprecated method `chrono::NaiveDate::and_hms`: use `and_hms_opt()` instead
[INFO] [stderr]   --> src/xml.rs:26:84
[INFO] [stderr]    |
[INFO] [stderr] 26 |             let date: NaiveDateTime = NaiveDate::parse_from_str(date, "%Y-%m-%d")?.and_hms(0, 0, 0);
[INFO] [stderr]    |                                                                                    ^^^^^^^
[INFO] [stderr]    |
[INFO] [stderr]    = note: `#[warn(deprecated)]` on by default
[INFO] [stderr] 
[INFO] [stderr] warning: use of deprecated method `chrono::TimeZone::ymd`: use `with_ymd_and_hms()` instead
[INFO] [stderr]    --> src/component.rs:310:31
[INFO] [stderr]     |
[INFO] [stderr] 310 |                     .date(Utc.ymd(2013, 4, 12).and_hms_milli(0, 0, 0, 0))
[INFO] [stderr]     |                               ^^^
[INFO] [stderr]     |
[INFO] [stderr]     = note: `#[warn(deprecated)]` on by default
[INFO] [stderr] 
[INFO] [stderr] warning: use of deprecated method `chrono::Date::<Tz>::and_hms_milli`: Use and_hms_milli_opt() instead
[INFO] [stderr]    --> src/component.rs:310:48
[INFO] [stderr]     |
[INFO] [stderr] 310 |                     .date(Utc.ymd(2013, 4, 12).and_hms_milli(0, 0, 0, 0))
[INFO] [stderr]     |                                                ^^^^^^^^^^^^^
[INFO] [stderr] 
[INFO] [stderr] warning: use of deprecated method `chrono::TimeZone::ymd`: use `with_ymd_and_hms()` instead
[INFO] [stderr]    --> src/component.rs:374:31
[INFO] [stderr]     |
[INFO] [stderr] 374 |                     .date(Utc.ymd(2015, 2, 16).and_hms_milli(0, 0, 0, 0))
[INFO] [stderr]     |                               ^^^
[INFO] [stderr] 
[INFO] [stderr] warning: use of deprecated method `chrono::Date::<Tz>::and_hms_milli`: Use and_hms_milli_opt() instead
[INFO] [stderr]    --> src/component.rs:374:48
[INFO] [stderr]     |
[INFO] [stderr] 374 |                     .date(Utc.ymd(2015, 2, 16).and_hms_milli(0, 0, 0, 0))
[INFO] [stderr]     |                                                ^^^^^^^^^^^^^
[INFO] [stderr] 
[INFO] [stderr] warning: use of deprecated method `chrono::TimeZone::ymd`: use `with_ymd_and_hms()` instead
[INFO] [stderr]    --> src/component.rs:435:31
[INFO] [stderr]     |
[INFO] [stderr] 435 |                     .date(Utc.ymd(2015, 2, 16).and_hms_milli(0, 0, 0, 0))
[INFO] [stderr]     |                               ^^^
[INFO] [stderr] 
[INFO] [stderr] warning: use of deprecated method `chrono::Date::<Tz>::and_hms_milli`: Use and_hms_milli_opt() instead
[INFO] [stderr]    --> src/component.rs:435:48
[INFO] [stderr]     |
[INFO] [stderr] 435 |                     .date(Utc.ymd(2015, 2, 16).and_hms_milli(0, 0, 0, 0))
[INFO] [stderr]     |                                                ^^^^^^^^^^^^^
[INFO] [stderr] 
[INFO] [stderr] warning: use of deprecated method `chrono::TimeZone::ymd`: use `with_ymd_and_hms()` instead
[INFO] [stderr]    --> src/component.rs:551:31
[INFO] [stderr]     |
[INFO] [stderr] 551 |                     .date(Utc.ymd(2017, 7, 17).and_hms_milli(0, 0, 0, 0))
[INFO] [stderr]     |                               ^^^
[INFO] [stderr] 
[INFO] [stderr] warning: use of deprecated method `chrono::Date::<Tz>::and_hms_milli`: Use and_hms_milli_opt() instead
[INFO] [stderr]    --> src/component.rs:551:48
[INFO] [stderr]     |
[INFO] [stderr] 551 |                     .date(Utc.ymd(2017, 7, 17).and_hms_milli(0, 0, 0, 0))
[INFO] [stderr]     |                                                ^^^^^^^^^^^^^
[INFO] [stderr] 
[INFO] [stderr] warning: use of deprecated method `chrono::TimeZone::ymd`: use `with_ymd_and_hms()` instead
[INFO] [stderr]    --> src/component.rs:552:35
[INFO] [stderr]     |
[INFO] [stderr] 552 |                     .date_eol(Utc.ymd(2020, 7, 17).and_hms_milli(0, 0, 0, 0))
[INFO] [stderr]     |                                   ^^^
[INFO] [stderr] 
[INFO] [stderr] warning: use of deprecated method `chrono::Date::<Tz>::and_hms_milli`: Use and_hms_milli_opt() instead
[INFO] [stderr]    --> src/component.rs:552:52
[INFO] [stderr]     |
[INFO] [stderr] 552 |                     .date_eol(Utc.ymd(2020, 7, 17).and_hms_milli(0, 0, 0, 0))
[INFO] [stderr]     |                                                    ^^^^^^^^^^^^^
[INFO] [stderr] 
[INFO] [stderr] warning: use of deprecated method `chrono::TimeZone::ymd`: use `with_ymd_and_hms()` instead
[INFO] [stderr]    --> src/component.rs:582:31
[INFO] [stderr]     |
[INFO] [stderr] 582 |                     .date(Utc.ymd(2020, 01, 12).and_hms_milli(0, 0, 0, 0))
[INFO] [stderr]     |                               ^^^
[INFO] [stderr] 
[INFO] [stderr] warning: use of deprecated method `chrono::Date::<Tz>::and_hms_milli`: Use and_hms_milli_opt() instead
[INFO] [stderr]    --> src/component.rs:582:49
[INFO] [stderr]     |
[INFO] [stderr] 582 |                     .date(Utc.ymd(2020, 01, 12).and_hms_milli(0, 0, 0, 0))
[INFO] [stderr]     |                                                 ^^^^^^^^^^^^^
[INFO] [stderr] 
[INFO] [stderr] warning: use of deprecated method `chrono::TimeZone::ymd`: use `with_ymd_and_hms()` instead
[INFO] [stderr]    --> src/release.rs:135:27
[INFO] [stderr]     |
[INFO] [stderr] 135 |                 .date(Utc.ymd(2014, 4, 12).and_hms_milli(0, 0, 0, 0))
[INFO] [stderr]     |                           ^^^
[INFO] [stderr] 
[INFO] [stderr] warning: use of deprecated method `chrono::Date::<Tz>::and_hms_milli`: Use and_hms_milli_opt() instead
[INFO] [stderr]    --> src/release.rs:135:44
[INFO] [stderr]     |
[INFO] [stderr] 135 |                 .date(Utc.ymd(2014, 4, 12).and_hms_milli(0, 0, 0, 0))
[INFO] [stderr]     |                                            ^^^^^^^^^^^^^
[INFO] [stderr] 
[INFO] [stderr] warning: use of deprecated method `chrono::TimeZone::ymd`: use `with_ymd_and_hms()` instead
[INFO] [stderr]    --> src/release.rs:165:27
[INFO] [stderr]     |
[INFO] [stderr] 165 |                 .date(Utc.ymd(2013, 10, 20).and_hms_milli(0, 0, 0, 0))
[INFO] [stderr]     |                           ^^^
[INFO] [stderr] 
[INFO] [stderr] warning: use of deprecated method `chrono::Date::<Tz>::and_hms_milli`: Use and_hms_milli_opt() instead
[INFO] [stderr]    --> src/release.rs:165:45
[INFO] [stderr]     |
[INFO] [stderr] 165 |                 .date(Utc.ymd(2013, 10, 20).and_hms_milli(0, 0, 0, 0))
[INFO] [stderr]     |                                             ^^^^^^^^^^^^^
[INFO] [stderr] 
[INFO] [stderr] warning: use of deprecated method `chrono::TimeZone::ymd`: use `with_ymd_and_hms()` instead
[INFO] [stderr]    --> src/release.rs:168:27
[INFO] [stderr]     |
[INFO] [stderr] 168 |                 .date(Utc.ymd(2012, 8, 26).and_hms_milli(0, 0, 0, 0))
[INFO] [stderr]     |                           ^^^
[INFO] [stderr] 
[INFO] [stderr] warning: use of deprecated method `chrono::Date::<Tz>::and_hms_milli`: Use and_hms_milli_opt() instead
[INFO] [stderr]    --> src/release.rs:168:44
[INFO] [stderr]     |
[INFO] [stderr] 168 |                 .date(Utc.ymd(2012, 8, 26).and_hms_milli(0, 0, 0, 0))
[INFO] [stderr]     |                                            ^^^^^^^^^^^^^
[INFO] [stderr] 
[INFO] [stderr] warning: use of deprecated method `chrono::NaiveDate::and_hms`: use `and_hms_opt()` instead
[INFO] [stderr]   --> src/xml.rs:26:84
[INFO] [stderr]    |
[INFO] [stderr] 26 |             let date: NaiveDateTime = NaiveDate::parse_from_str(date, "%Y-%m-%d")?.and_hms(0, 0, 0);
[INFO] [stderr]    |                                                                                    ^^^^^^^
[INFO] [stderr] 
[INFO] [stderr] warning: `appstream` (lib) generated 1 warning
[INFO] [stderr] warning: `appstream` (lib test) generated 19 warnings
[INFO] [stderr]     Finished test [unoptimized + debuginfo] target(s) in 0.06s
[INFO] [stderr]      Running unittests src/lib.rs (/opt/rustwide/target/debug/deps/appstream-62ea1cfad1689fc6)
[INFO] [stdout] 
[INFO] [stdout] running 26 tests
[INFO] [stdout] test collection::tests::flathub_collection ... FAILED
[INFO] [stdout] test collection::tests::kde_collection ... FAILED
[INFO] [stdout] test collection::tests::spec_example_collection ... FAILED
[INFO] [stdout] test collection::tests::endless_os_collection ... FAILED
[INFO] [stdout] test collection::tests::web_collection ... FAILED
[INFO] [stdout] test component::tests::font_component ... FAILED
[INFO] [stdout] test collection::tests::gnome_collection ... FAILED
[INFO] [stdout] test component::tests::input_method_component ... FAILED
[INFO] [stdout] test component::tests::localization_component ... FAILED
[INFO] [stdout] test screenshot::tests::default_screenshot ... ok
[INFO] [stdout] test collection::tests::generic_collection ... FAILED
[INFO] [stdout] test component::tests::codec_component ... FAILED
[INFO] [stdout] test component::tests::desktop_application_component ... FAILED
[INFO] [stdout] test component::tests::driver_component ... FAILED
[INFO] [stdout] test component::tests::runtime_component ... FAILED
[INFO] [stdout] test collection::tests::gnome_nightly_collection ... FAILED
[INFO] [stdout] test component::tests::firmware_component ... FAILED
[INFO] [stdout] test component::tests::icon_theme_component ... FAILED
[INFO] [stdout] test screenshot::tests::screenshot_caption ... ok
[INFO] [stdout] test component::tests::generic_component ... FAILED
[INFO] [stdout] test screenshot::tests::screenshot_video ... ok
[INFO] [stdout] test component::tests::addon_component ... FAILED
[INFO] [stdout] test release::tests::release_artifacts ... ok
[INFO] [stdout] test component::tests::os_component ... FAILED
[INFO] [stdout] test component::tests::contrast_metainfo_component ... FAILED
[INFO] [stdout] test release::tests::release_size ... ok
[INFO] [stdout] 
[INFO] [stdout] failures:
[INFO] [stdout] 
[INFO] [stdout] ---- collection::tests::flathub_collection stdout ----
[INFO] [stdout] Error: IOError(Os { code: 2, kind: NotFound, message: "No such file or directory" })
[INFO] [stdout] 
[INFO] [stdout] ---- collection::tests::kde_collection stdout ----
[INFO] [stdout] Error: IOError(Os { code: 2, kind: NotFound, message: "No such file or directory" })
[INFO] [stdout] 
[INFO] [stdout] ---- collection::tests::spec_example_collection stdout ----
[INFO] [stdout] Error: IOError(Os { code: 2, kind: NotFound, message: "No such file or directory" })
[INFO] [stdout] 
[INFO] [stdout] ---- collection::tests::endless_os_collection stdout ----
[INFO] [stdout] Error: IOError(Os { code: 2, kind: NotFound, message: "No such file or directory" })
[INFO] [stdout] 
[INFO] [stdout] ---- collection::tests::web_collection stdout ----
[INFO] [stdout] Error: IOError(Os { code: 2, kind: NotFound, message: "No such file or directory" })
[INFO] [stdout] 
[INFO] [stdout] ---- component::tests::font_component stdout ----
[INFO] [stdout] Error: IOError(Os { code: 2, kind: NotFound, message: "No such file or directory" })
[INFO] [stdout] 
[INFO] [stdout] ---- collection::tests::gnome_collection stdout ----
[INFO] [stdout] Error: IOError(Os { code: 2, kind: NotFound, message: "No such file or directory" })
[INFO] [stdout] 
[INFO] [stdout] ---- component::tests::input_method_component stdout ----
[INFO] [stdout] Error: IOError(Os { code: 2, kind: NotFound, message: "No such file or directory" })
[INFO] [stdout] 
[INFO] [stdout] ---- component::tests::localization_component stdout ----
[INFO] [stdout] Error: IOError(Os { code: 2, kind: NotFound, message: "No such file or directory" })
[INFO] [stdout] 
[INFO] [stdout] ---- collection::tests::generic_collection stdout ----
[INFO] [stdout] Error: IOError(Os { code: 2, kind: NotFound, message: "No such file or directory" })
[INFO] [stdout] 
[INFO] [stdout] ---- component::tests::codec_component stdout ----
[INFO] [stdout] Error: IOError(Os { code: 2, kind: NotFound, message: "No such file or directory" })
[INFO] [stdout] 
[INFO] [stdout] ---- component::tests::desktop_application_component stdout ----
[INFO] [stdout] Error: IOError(Os { code: 2, kind: NotFound, message: "No such file or directory" })
[INFO] [stdout] 
[INFO] [stdout] ---- component::tests::driver_component stdout ----
[INFO] [stdout] Error: IOError(Os { code: 2, kind: NotFound, message: "No such file or directory" })
[INFO] [stdout] 
[INFO] [stdout] ---- component::tests::runtime_component stdout ----
[INFO] [stdout] Error: IOError(Os { code: 2, kind: NotFound, message: "No such file or directory" })
[INFO] [stdout] 
[INFO] [stdout] ---- collection::tests::gnome_nightly_collection stdout ----
[INFO] [stdout] Error: IOError(Os { code: 2, kind: NotFound, message: "No such file or directory" })
[INFO] [stdout] 
[INFO] [stdout] ---- component::tests::firmware_component stdout ----
[INFO] [stdout] Error: IOError(Os { code: 2, kind: NotFound, message: "No such file or directory" })
[INFO] [stdout] 
[INFO] [stdout] ---- component::tests::icon_theme_component stdout ----
[INFO] [stdout] Error: IOError(Os { code: 2, kind: NotFound, message: "No such file or directory" })
[INFO] [stdout] 
[INFO] [stdout] ---- component::tests::generic_component stdout ----
[INFO] [stdout] Error: IOError(Os { code: 2, kind: NotFound, message: "No such file or directory" })
[INFO] [stdout] 
[INFO] [stdout] ---- component::tests::addon_component stdout ----
[INFO] [stdout] Error: IOError(Os { code: 2, kind: NotFound, message: "No such file or directory" })
[INFO] [stdout] 
[INFO] [stdout] ---- component::tests::os_component stdout ----
[INFO] [stdout] Error: IOError(Os { code: 2, kind: NotFound, message: "No such file or directory" })
[INFO] [stdout] 
[INFO] [stdout] ---- component::tests::contrast_metainfo_component stdout ----
[INFO] [stdout] Error: IOError(Os { code: 2, kind: NotFound, message: "No such file or directory" })
[INFO] [stdout] 
[INFO] [stdout] 
[INFO] [stdout] failures:
[INFO] [stdout]     collection::tests::endless_os_collection
[INFO] [stdout]     collection::tests::flathub_collection
[INFO] [stdout]     collection::tests::generic_collection
[INFO] [stdout]     collection::tests::gnome_collection
[INFO] [stdout]     collection::tests::gnome_nightly_collection
[INFO] [stdout]     collection::tests::kde_collection
[INFO] [stdout]     collection::tests::spec_example_collection
[INFO] [stdout]     collection::tests::web_collection
[INFO] [stdout]     component::tests::addon_component
[INFO] [stdout]     component::tests::codec_component
[INFO] [stdout]     component::tests::contrast_metainfo_component
[INFO] [stdout]     component::tests::desktop_application_component
[INFO] [stdout]     component::tests::driver_component
[INFO] [stdout]     component::tests::firmware_component
[INFO] [stdout]     component::tests::font_component
[INFO] [stdout]     component::tests::generic_component
[INFO] [stdout]     component::tests::icon_theme_component
[INFO] [stdout]     component::tests::input_method_component
[INFO] [stdout]     component::tests::localization_component
[INFO] [stdout]     component::tests::os_component
[INFO] [stdout]     component::tests::runtime_component
[INFO] [stdout] 
[INFO] [stdout] test result: FAILED. 5 passed; 21 failed; 0 ignored; 0 measured; 0 filtered out; finished in 0.04s
[INFO] [stdout] 
[INFO] [stderr] error: test failed, to rerun pass `--lib`
[INFO] running `Command { std: "docker" "inspect" "773b51c6b5460d5189400ca3295ada45c22734e416ba6e6963755a6329a87657", kill_on_drop: false }`
[INFO] running `Command { std: "docker" "rm" "-f" "773b51c6b5460d5189400ca3295ada45c22734e416ba6e6963755a6329a87657", kill_on_drop: false }`
[INFO] [stdout] 773b51c6b5460d5189400ca3295ada45c22734e416ba6e6963755a6329a87657
