[INFO] fetching crate appscraps_module 0.1.0...
[INFO] testing appscraps_module-0.1.0 against 1.69.0 for beta-1.70-1
[INFO] extracting crate appscraps_module 0.1.0 into /workspace/builds/worker-4-tc1/source
[INFO] validating manifest of crates.io crate appscraps_module 0.1.0 on toolchain 1.69.0
[INFO] running `Command { std: CARGO_HOME="/workspace/cargo-home" RUSTUP_HOME="/workspace/rustup-home" "/workspace/cargo-home/bin/cargo" "+1.69.0" "metadata" "--manifest-path" "Cargo.toml" "--no-deps", kill_on_drop: false }`
[INFO] started tweaking crates.io crate appscraps_module 0.1.0
[INFO] finished tweaking crates.io crate appscraps_module 0.1.0
[INFO] tweaked toml for crates.io crate appscraps_module 0.1.0 written to /workspace/builds/worker-4-tc1/source/Cargo.toml
[INFO] running `Command { std: CARGO_HOME="/workspace/cargo-home" RUSTUP_HOME="/workspace/rustup-home" __CARGO_TEST_CHANNEL_OVERRIDE_DO_NOT_USE_THIS="nightly" "/workspace/cargo-home/bin/cargo" "+1.69.0" "generate-lockfile" "--manifest-path" "Cargo.toml" "-Zno-index-update", kill_on_drop: false }`
[INFO] running `Command { std: CARGO_HOME="/workspace/cargo-home" RUSTUP_HOME="/workspace/rustup-home" "/workspace/cargo-home/bin/cargo" "+1.69.0" "fetch" "--manifest-path" "Cargo.toml", kill_on_drop: false }`
[INFO] [stderr]  Downloading crates ...
[INFO] [stderr]   Downloaded unicode-xid v0.0.3
[INFO] [stderr]   Downloaded term v0.4.6
[INFO] [stderr]   Downloaded rustc-serialize v0.3.24
[INFO] [stderr]   Downloaded dtoa v0.2.2
[INFO] [stderr]   Downloaded itoa v0.1.1
[INFO] [stderr]   Downloaded serde_json v0.8.6
[INFO] [stderr]   Downloaded dbghelp-sys v0.2.0
[INFO] [stderr]   Downloaded backtrace v0.2.3
[INFO] [stderr]   Downloaded log v0.3.9
[INFO] [stderr]   Downloaded backtrace-sys v0.1.37
[INFO] [stderr]   Downloaded num-traits v0.1.43
[INFO] [stderr]   Downloaded bitflags v0.7.0
[INFO] [stderr]   Downloaded serde v0.8.23
[INFO] [stderr]   Downloaded quasi_codegen v0.20.0
[INFO] [stderr]   Downloaded syntex_errors v0.44.0
[INFO] [stderr]   Downloaded syntex_pos v0.44.0
[INFO] [stderr]   Downloaded serde_macros v0.8.9
[INFO] [stderr]   Downloaded quasi v0.20.1
[INFO] [stderr]   Downloaded serde_codegen v0.8.9
[INFO] [stderr]   Downloaded error-chain v0.5.0
[INFO] [stderr]   Downloaded serde_codegen_internals v0.8.9
[INFO] [stderr]   Downloaded quasi_macros v0.20.0
[INFO] [stderr]   Downloaded syntex v0.44.0
[INFO] [stderr]   Downloaded aster v0.27.0
[INFO] [stderr]   Downloaded syntex_syntax v0.44.1
[INFO] running `Command { std: "docker" "create" "-v" "/var/lib/crater-agent-workspace/builds/worker-4-tc1/target:/opt/rustwide/target:rw,Z" "-v" "/var/lib/crater-agent-workspace/builds/worker-4-tc1/source:/opt/rustwide/workdir:ro,Z" "-v" "/var/lib/crater-agent-workspace/cargo-home:/opt/rustwide/cargo-home:ro,Z" "-v" "/var/lib/crater-agent-workspace/rustup-home:/opt/rustwide/rustup-home:ro,Z" "-e" "SOURCE_DIR=/opt/rustwide/workdir" "-e" "CARGO_TARGET_DIR=/opt/rustwide/target" "-e" "CARGO_HOME=/opt/rustwide/cargo-home" "-e" "RUSTUP_HOME=/opt/rustwide/rustup-home" "-w" "/opt/rustwide/workdir" "-m" "1610612736" "--user" "0:0" "--network" "none" "ghcr.io/rust-lang/crates-build-env/linux@sha256:5ff2268d62e97bff2cde7d5815dd6ed5b47097566f13b8d0ca110b04b60e07ed" "/opt/rustwide/cargo-home/bin/cargo" "+1.69.0" "metadata" "--no-deps" "--format-version=1", kill_on_drop: false }`
[INFO] [stdout] aeda7ac775e9c2855fdc719718584e5a8159dcf2af51b1670842fd95683f07db
[INFO] running `Command { std: "docker" "start" "-a" "aeda7ac775e9c2855fdc719718584e5a8159dcf2af51b1670842fd95683f07db", kill_on_drop: false }`
[INFO] running `Command { std: "docker" "inspect" "aeda7ac775e9c2855fdc719718584e5a8159dcf2af51b1670842fd95683f07db", kill_on_drop: false }`
[INFO] running `Command { std: "docker" "rm" "-f" "aeda7ac775e9c2855fdc719718584e5a8159dcf2af51b1670842fd95683f07db", kill_on_drop: false }`
[INFO] [stdout] aeda7ac775e9c2855fdc719718584e5a8159dcf2af51b1670842fd95683f07db
[INFO] running `Command { std: "docker" "create" "-v" "/var/lib/crater-agent-workspace/builds/worker-4-tc1/target:/opt/rustwide/target:rw,Z" "-v" "/var/lib/crater-agent-workspace/builds/worker-4-tc1/source:/opt/rustwide/workdir:ro,Z" "-v" "/var/lib/crater-agent-workspace/cargo-home:/opt/rustwide/cargo-home:ro,Z" "-v" "/var/lib/crater-agent-workspace/rustup-home:/opt/rustwide/rustup-home:ro,Z" "-e" "SOURCE_DIR=/opt/rustwide/workdir" "-e" "CARGO_TARGET_DIR=/opt/rustwide/target" "-e" "CARGO_INCREMENTAL=0" "-e" "RUST_BACKTRACE=full" "-e" "RUSTFLAGS=--cap-lints=warn" "-e" "RUSTDOCFLAGS=--cap-lints=warn" "-e" "CARGO_HOME=/opt/rustwide/cargo-home" "-e" "RUSTUP_HOME=/opt/rustwide/rustup-home" "-w" "/opt/rustwide/workdir" "-m" "1610612736" "--user" "0:0" "--network" "none" "ghcr.io/rust-lang/crates-build-env/linux@sha256:5ff2268d62e97bff2cde7d5815dd6ed5b47097566f13b8d0ca110b04b60e07ed" "/opt/rustwide/cargo-home/bin/cargo" "+1.69.0" "build" "--frozen" "--message-format=json", kill_on_drop: false }`
[INFO] [stdout] 05764f241c225397a0690bc292142959ca7771d9c7fbd6ac7245848c2deb162a
[INFO] running `Command { std: "docker" "start" "-a" "05764f241c225397a0690bc292142959ca7771d9c7fbd6ac7245848c2deb162a", kill_on_drop: false }`
[INFO] [stderr]    Compiling log v0.4.17
[INFO] [stderr]    Compiling cfg-if v1.0.0
[INFO] [stderr]    Compiling rustc-serialize v0.3.24
[INFO] [stderr]    Compiling unicode-xid v0.0.3
[INFO] [stderr]    Compiling term v0.4.6
[INFO] [stderr]    Compiling bitflags v0.7.0
[INFO] [stderr]    Compiling winapi-build v0.1.1
[INFO] [stderr]    Compiling cc v1.0.79
[INFO] [stderr]    Compiling num-traits v0.2.15
[INFO] [stderr]    Compiling winapi v0.2.8
[INFO] [stderr]    Compiling backtrace v0.2.3
[INFO] [stderr]    Compiling rustc-demangle v0.1.23
[INFO] [stderr]    Compiling dbghelp-sys v0.2.0
[INFO] [stderr]    Compiling kernel32-sys v0.2.2
[INFO] [stderr]    Compiling log v0.3.9
[INFO] [stderr]    Compiling serde v0.8.23
[INFO] [stderr]    Compiling itoa v0.1.1
[INFO] [stderr]    Compiling dtoa v0.2.2
[INFO] [stderr]    Compiling backtrace-sys v0.1.37
[INFO] [stderr]    Compiling syntex_pos v0.44.0
[INFO] [stderr]    Compiling syntex_errors v0.44.0
[INFO] [stderr]    Compiling num-traits v0.1.43
[INFO] [stderr]    Compiling error-chain v0.5.0
[INFO] [stderr]    Compiling syntex_syntax v0.44.1
[INFO] [stderr]    Compiling serde_json v0.8.6
[INFO] [stderr]    Compiling aster v0.27.0
[INFO] [stderr]    Compiling syntex v0.44.0
[INFO] [stderr]    Compiling serde_codegen_internals v0.8.9
[INFO] [stderr]    Compiling quasi v0.20.1
[INFO] [stderr]    Compiling quasi_codegen v0.20.0
[INFO] [stderr]    Compiling serde_codegen v0.8.9
[INFO] [stderr]    Compiling appscraps_module v0.1.0 (/opt/rustwide/workdir)
[INFO] [stdout] warning: use of deprecated macro `try`: use the `?` operator instead
[INFO] [stdout]   --> /opt/rustwide/target/debug/build/appscraps_module-d36dc1c3300baf50/out/serde_types.rs:93:39
[INFO] [stdout]    |
[INFO] [stdout] 93 | ...                   match try!(visitor . visit_variant (  )) {
[INFO] [stdout]    |                             ^^^
[INFO] [stdout]    |
[INFO] [stdout]    = note: `#[warn(deprecated)]` on by default
[INFO] [stdout] 
[INFO] [stdout] 
[INFO] [stdout] warning: use of deprecated macro `try`: use the `?` operator instead
[INFO] [stdout]   --> /opt/rustwide/target/debug/build/appscraps_module-d36dc1c3300baf50/out/serde_types.rs:95:61
[INFO] [stdout]    |
[INFO] [stdout] 95 | ...                   Ok(Dependency::file(try!(visitor .
[INFO] [stdout]    |                                           ^^^
[INFO] [stdout] 
[INFO] [stdout] 
[INFO] [stdout] warning: use of deprecated macro `try`: use the `?` operator instead
[INFO] [stdout]    --> /opt/rustwide/target/debug/build/appscraps_module-d36dc1c3300baf50/out/serde_types.rs:102:64
[INFO] [stdout]     |
[INFO] [stdout] 102 | ...                   Ok(Dependency::package(try!(visitor .
[INFO] [stdout]     |                                              ^^^
[INFO] [stdout] 
[INFO] [stdout] 
[INFO] [stdout] warning: use of deprecated macro `try`: use the `?` operator instead
[INFO] [stdout]    --> /opt/rustwide/target/debug/build/appscraps_module-d36dc1c3300baf50/out/serde_types.rs:210:33
[INFO] [stdout]     |
[INFO] [stdout] 210 | ...                   try!(visitor . end (  ));
[INFO] [stdout]     |                       ^^^
[INFO] [stdout] 
[INFO] [stdout] 
[INFO] [stdout] warning: use of deprecated macro `try`: use the `?` operator instead
[INFO] [stdout]    --> /opt/rustwide/target/debug/build/appscraps_module-d36dc1c3300baf50/out/serde_types.rs:202:43
[INFO] [stdout]     |
[INFO] [stdout] 202 | ...                   match try!(visitor . visit :: < String > (
[INFO] [stdout]     |                             ^^^
[INFO] [stdout] 
[INFO] [stdout] 
[INFO] [stdout] warning: use of deprecated macro `try`: use the `?` operator instead
[INFO] [stdout]    --> /opt/rustwide/target/debug/build/appscraps_module-d36dc1c3300baf50/out/serde_types.rs:206:45
[INFO] [stdout]     |
[INFO] [stdout] 206 | ...                   try!(visitor . end (  ));
[INFO] [stdout]     |                       ^^^
[INFO] [stdout] 
[INFO] [stdout] 
[INFO] [stdout] warning: use of deprecated macro `try`: use the `?` operator instead
[INFO] [stdout]    --> /opt/rustwide/target/debug/build/appscraps_module-d36dc1c3300baf50/out/serde_types.rs:241:33
[INFO] [stdout]     |
[INFO] [stdout] 241 | ...                   try!(visitor . end (  ));
[INFO] [stdout]     |                       ^^^
[INFO] [stdout] 
[INFO] [stdout] 
[INFO] [stdout] warning: use of deprecated macro `try`: use the `?` operator instead
[INFO] [stdout]    --> /opt/rustwide/target/debug/build/appscraps_module-d36dc1c3300baf50/out/serde_types.rs:221:43
[INFO] [stdout]     |
[INFO] [stdout] 221 | ...                   try!(visitor . visit_key :: <
[INFO] [stdout]     |                       ^^^
[INFO] [stdout] 
[INFO] [stdout] 
[INFO] [stdout] warning: use of deprecated macro `try`: use the `?` operator instead
[INFO] [stdout]    --> /opt/rustwide/target/debug/build/appscraps_module-d36dc1c3300baf50/out/serde_types.rs:230:54
[INFO] [stdout]     |
[INFO] [stdout] 230 | ...                   Some(try!(visitor .
[INFO] [stdout]     |                            ^^^
[INFO] [stdout] 
[INFO] [stdout] 
[INFO] [stdout] warning: use of deprecated macro `try`: use the `?` operator instead
[INFO] [stdout]    --> /opt/rustwide/target/debug/build/appscraps_module-d36dc1c3300baf50/out/serde_types.rs:235:45
[INFO] [stdout]     |
[INFO] [stdout] 235 | ...                   try!(visitor . visit_value :: <
[INFO] [stdout]     |                       ^^^
[INFO] [stdout] 
[INFO] [stdout] 
[INFO] [stdout] warning: use of deprecated macro `try`: use the `?` operator instead
[INFO] [stdout]    --> /opt/rustwide/target/debug/build/appscraps_module-d36dc1c3300baf50/out/serde_types.rs:246:41
[INFO] [stdout]     |
[INFO] [stdout] 246 | ...                   try!(visitor . missing_field ( "path"
[INFO] [stdout]     |                       ^^^
[INFO] [stdout] 
[INFO] [stdout] 
[INFO] [stdout] warning: use of deprecated macro `try`: use the `?` operator instead
[INFO] [stdout]    --> /opt/rustwide/target/debug/build/appscraps_module-d36dc1c3300baf50/out/serde_types.rs:389:33
[INFO] [stdout]     |
[INFO] [stdout] 389 | ...                   try!(visitor . end (  ));
[INFO] [stdout]     |                       ^^^
[INFO] [stdout] 
[INFO] [stdout] 
[INFO] [stdout] warning: use of deprecated macro `try`: use the `?` operator instead
[INFO] [stdout]    --> /opt/rustwide/target/debug/build/appscraps_module-d36dc1c3300baf50/out/serde_types.rs:362:43
[INFO] [stdout]     |
[INFO] [stdout] 362 | ...                   match try!(visitor . visit :: <
[INFO] [stdout]     |                             ^^^
[INFO] [stdout] 
[INFO] [stdout] 
[INFO] [stdout] warning: use of deprecated macro `try`: use the `?` operator instead
[INFO] [stdout]    --> /opt/rustwide/target/debug/build/appscraps_module-d36dc1c3300baf50/out/serde_types.rs:366:45
[INFO] [stdout]     |
[INFO] [stdout] 366 | ...                   try!(visitor . end (  ));
[INFO] [stdout]     |                       ^^^
[INFO] [stdout] 
[INFO] [stdout] 
[INFO] [stdout] warning: use of deprecated macro `try`: use the `?` operator instead
[INFO] [stdout]    --> /opt/rustwide/target/debug/build/appscraps_module-d36dc1c3300baf50/out/serde_types.rs:371:43
[INFO] [stdout]     |
[INFO] [stdout] 371 | ...                   match try!(visitor . visit :: <
[INFO] [stdout]     |                             ^^^
[INFO] [stdout] 
[INFO] [stdout] 
[INFO] [stdout] warning: use of deprecated macro `try`: use the `?` operator instead
[INFO] [stdout]    --> /opt/rustwide/target/debug/build/appscraps_module-d36dc1c3300baf50/out/serde_types.rs:376:45
[INFO] [stdout]     |
[INFO] [stdout] 376 | ...                   try!(visitor . end (  ));
[INFO] [stdout]     |                       ^^^
[INFO] [stdout] 
[INFO] [stdout] 
[INFO] [stdout] warning: use of deprecated macro `try`: use the `?` operator instead
[INFO] [stdout]    --> /opt/rustwide/target/debug/build/appscraps_module-d36dc1c3300baf50/out/serde_types.rs:381:43
[INFO] [stdout]     |
[INFO] [stdout] 381 | ...                   match try!(visitor . visit :: <
[INFO] [stdout]     |                             ^^^
[INFO] [stdout] 
[INFO] [stdout] 
[INFO] [stdout] warning: use of deprecated macro `try`: use the `?` operator instead
[INFO] [stdout]    --> /opt/rustwide/target/debug/build/appscraps_module-d36dc1c3300baf50/out/serde_types.rs:385:45
[INFO] [stdout]     |
[INFO] [stdout] 385 | ...                   try!(visitor . end (  ));
[INFO] [stdout]     |                       ^^^
[INFO] [stdout] 
[INFO] [stdout] 
[INFO] [stdout] warning: use of deprecated macro `try`: use the `?` operator instead
[INFO] [stdout]    --> /opt/rustwide/target/debug/build/appscraps_module-d36dc1c3300baf50/out/serde_types.rs:449:33
[INFO] [stdout]     |
[INFO] [stdout] 449 | ...                   try!(visitor . end (  ));
[INFO] [stdout]     |                       ^^^
[INFO] [stdout] 
[INFO] [stdout] 
[INFO] [stdout] warning: use of deprecated macro `try`: use the `?` operator instead
[INFO] [stdout]    --> /opt/rustwide/target/debug/build/appscraps_module-d36dc1c3300baf50/out/serde_types.rs:406:43
[INFO] [stdout]     |
[INFO] [stdout] 406 | ...                   try!(visitor . visit_key :: <
[INFO] [stdout]     |                       ^^^
[INFO] [stdout] 
[INFO] [stdout] 
[INFO] [stdout] warning: use of deprecated macro `try`: use the `?` operator instead
[INFO] [stdout]    --> /opt/rustwide/target/debug/build/appscraps_module-d36dc1c3300baf50/out/serde_types.rs:415:54
[INFO] [stdout]     |
[INFO] [stdout] 415 | ...                   Some(try!(visitor .
[INFO] [stdout]     |                            ^^^
[INFO] [stdout] 
[INFO] [stdout] 
[INFO] [stdout] warning: use of deprecated macro `try`: use the `?` operator instead
[INFO] [stdout]    --> /opt/rustwide/target/debug/build/appscraps_module-d36dc1c3300baf50/out/serde_types.rs:426:54
[INFO] [stdout]     |
[INFO] [stdout] 426 | ...                   Some(try!(visitor .
[INFO] [stdout]     |                            ^^^
[INFO] [stdout] 
[INFO] [stdout] 
[INFO] [stdout] warning: use of deprecated macro `try`: use the `?` operator instead
[INFO] [stdout]    --> /opt/rustwide/target/debug/build/appscraps_module-d36dc1c3300baf50/out/serde_types.rs:437:54
[INFO] [stdout]     |
[INFO] [stdout] 437 | ...                   Some(try!(visitor .
[INFO] [stdout]     |                            ^^^
[INFO] [stdout] 
[INFO] [stdout] 
[INFO] [stdout] warning: use of deprecated macro `try`: use the `?` operator instead
[INFO] [stdout]    --> /opt/rustwide/target/debug/build/appscraps_module-d36dc1c3300baf50/out/serde_types.rs:443:45
[INFO] [stdout]     |
[INFO] [stdout] 443 | ...                   try!(visitor . visit_value :: <
[INFO] [stdout]     |                       ^^^
[INFO] [stdout] 
[INFO] [stdout] 
[INFO] [stdout] warning: use of deprecated macro `try`: use the `?` operator instead
[INFO] [stdout]    --> /opt/rustwide/target/debug/build/appscraps_module-d36dc1c3300baf50/out/serde_types.rs:454:41
[INFO] [stdout]     |
[INFO] [stdout] 454 | ...                   try!(visitor . missing_field ( "name"
[INFO] [stdout]     |                       ^^^
[INFO] [stdout] 
[INFO] [stdout] 
[INFO] [stdout] warning: use of deprecated macro `try`: use the `?` operator instead
[INFO] [stdout]    --> /opt/rustwide/target/debug/build/appscraps_module-d36dc1c3300baf50/out/serde_types.rs:461:41
[INFO] [stdout]     |
[INFO] [stdout] 461 | ...                   try!(visitor . missing_field (
[INFO] [stdout]     |                       ^^^
[INFO] [stdout] 
[INFO] [stdout] 
[INFO] [stdout] warning: use of deprecated macro `try`: use the `?` operator instead
[INFO] [stdout]    --> /opt/rustwide/target/debug/build/appscraps_module-d36dc1c3300baf50/out/serde_types.rs:468:41
[INFO] [stdout]     |
[INFO] [stdout] 468 | ...                   try!(visitor . missing_field (
[INFO] [stdout]     |                       ^^^
[INFO] [stdout] 
[INFO] [stdout] 
[INFO] [stdout] warning: use of deprecated macro `try`: use the `?` operator instead
[INFO] [stdout]    --> /opt/rustwide/target/debug/build/appscraps_module-d36dc1c3300baf50/out/serde_types.rs:603:33
[INFO] [stdout]     |
[INFO] [stdout] 603 | ...                   try!(visitor . end (  ));
[INFO] [stdout]     |                       ^^^
[INFO] [stdout] 
[INFO] [stdout] 
[INFO] [stdout] warning: use of deprecated macro `try`: use the `?` operator instead
[INFO] [stdout]    --> /opt/rustwide/target/debug/build/appscraps_module-d36dc1c3300baf50/out/serde_types.rs:586:43
[INFO] [stdout]     |
[INFO] [stdout] 586 | ...                   match try!(visitor . visit :: < String > (
[INFO] [stdout]     |                             ^^^
[INFO] [stdout] 
[INFO] [stdout] 
[INFO] [stdout] warning: use of deprecated macro `try`: use the `?` operator instead
[INFO] [stdout]    --> /opt/rustwide/target/debug/build/appscraps_module-d36dc1c3300baf50/out/serde_types.rs:590:45
[INFO] [stdout]     |
[INFO] [stdout] 590 | ...                   try!(visitor . end (  ));
[INFO] [stdout]     |                       ^^^
[INFO] [stdout] 
[INFO] [stdout] 
[INFO] [stdout] warning: use of deprecated macro `try`: use the `?` operator instead
[INFO] [stdout]    --> /opt/rustwide/target/debug/build/appscraps_module-d36dc1c3300baf50/out/serde_types.rs:595:43
[INFO] [stdout]     |
[INFO] [stdout] 595 | ...                   match try!(visitor . visit :: < String > (
[INFO] [stdout]     |                             ^^^
[INFO] [stdout] 
[INFO] [stdout] 
[INFO] [stdout] warning: use of deprecated macro `try`: use the `?` operator instead
[INFO] [stdout]    --> /opt/rustwide/target/debug/build/appscraps_module-d36dc1c3300baf50/out/serde_types.rs:599:45
[INFO] [stdout]     |
[INFO] [stdout] 599 | ...                   try!(visitor . end (  ));
[INFO] [stdout]     |                       ^^^
[INFO] [stdout] 
[INFO] [stdout] 
[INFO] [stdout] warning: use of deprecated macro `try`: use the `?` operator instead
[INFO] [stdout]    --> /opt/rustwide/target/debug/build/appscraps_module-d36dc1c3300baf50/out/serde_types.rs:646:33
[INFO] [stdout]     |
[INFO] [stdout] 646 | ...                   try!(visitor . end (  ));
[INFO] [stdout]     |                       ^^^
[INFO] [stdout] 
[INFO] [stdout] 
[INFO] [stdout] warning: use of deprecated macro `try`: use the `?` operator instead
[INFO] [stdout]    --> /opt/rustwide/target/debug/build/appscraps_module-d36dc1c3300baf50/out/serde_types.rs:616:43
[INFO] [stdout]     |
[INFO] [stdout] 616 | ...                   try!(visitor . visit_key :: <
[INFO] [stdout]     |                       ^^^
[INFO] [stdout] 
[INFO] [stdout] 
[INFO] [stdout] warning: use of deprecated macro `try`: use the `?` operator instead
[INFO] [stdout]    --> /opt/rustwide/target/debug/build/appscraps_module-d36dc1c3300baf50/out/serde_types.rs:625:54
[INFO] [stdout]     |
[INFO] [stdout] 625 | ...                   Some(try!(visitor .
[INFO] [stdout]     |                            ^^^
[INFO] [stdout] 
[INFO] [stdout] 
[INFO] [stdout] warning: use of deprecated macro `try`: use the `?` operator instead
[INFO] [stdout]    --> /opt/rustwide/target/debug/build/appscraps_module-d36dc1c3300baf50/out/serde_types.rs:635:54
[INFO] [stdout]     |
[INFO] [stdout] 635 | ...                   Some(try!(visitor .
[INFO] [stdout]     |                            ^^^
[INFO] [stdout] 
[INFO] [stdout] 
[INFO] [stdout] warning: use of deprecated macro `try`: use the `?` operator instead
[INFO] [stdout]    --> /opt/rustwide/target/debug/build/appscraps_module-d36dc1c3300baf50/out/serde_types.rs:640:45
[INFO] [stdout]     |
[INFO] [stdout] 640 | ...                   try!(visitor . visit_value :: <
[INFO] [stdout]     |                       ^^^
[INFO] [stdout] 
[INFO] [stdout] 
[INFO] [stdout] warning: use of deprecated macro `try`: use the `?` operator instead
[INFO] [stdout]    --> /opt/rustwide/target/debug/build/appscraps_module-d36dc1c3300baf50/out/serde_types.rs:651:41
[INFO] [stdout]     |
[INFO] [stdout] 651 | ...                   try!(visitor . missing_field ( "name"
[INFO] [stdout]     |                       ^^^
[INFO] [stdout] 
[INFO] [stdout] 
[INFO] [stdout] warning: use of deprecated macro `try`: use the `?` operator instead
[INFO] [stdout]    --> /opt/rustwide/target/debug/build/appscraps_module-d36dc1c3300baf50/out/serde_types.rs:658:41
[INFO] [stdout]     |
[INFO] [stdout] 658 | ...                   try!(visitor . missing_field (
[INFO] [stdout]     |                       ^^^
[INFO] [stdout] 
[INFO] [stdout] 
[INFO] [stdout] warning: use of deprecated macro `try`: use the `?` operator instead
[INFO] [stdout]   --> src/load/file_funcs.rs:18:16
[INFO] [stdout]    |
[INFO] [stdout] 18 |     let file = try!(file_from_path(path));
[INFO] [stdout]    |                ^^^
[INFO] [stdout] 
[INFO] [stdout] 
[INFO] [stdout] warning: use of deprecated macro `try`: use the `?` operator instead
[INFO] [stdout]   --> src/load/file_funcs.rs:19:16
[INFO] [stdout]    |
[INFO] [stdout] 19 |     let text = try!(text_from_file(file));
[INFO] [stdout]    |                ^^^
[INFO] [stdout] 
[INFO] [stdout] 
[INFO] [stdout] warning: use of deprecated macro `try`: use the `?` operator instead
[INFO] [stdout]   --> src/load/module_loader.rs:41:9
[INFO] [stdout]    |
[INFO] [stdout] 41 |         try!(module_loader.load_from_root_file_path(root_module_file_path));
[INFO] [stdout]    |         ^^^
[INFO] [stdout] 
[INFO] [stdout] 
[INFO] [stdout] warning: use of deprecated macro `try`: use the `?` operator instead
[INFO] [stdout]   --> src/load/module_loader.rs:28:29
[INFO] [stdout]    |
[INFO] [stdout] 28 |         let path_resolver = try!(PathResolver::new(root_path, exe_path, search_paths));
[INFO] [stdout]    |                             ^^^
[INFO] [stdout] 
[INFO] [stdout] 
[INFO] [stdout] warning: use of deprecated macro `try`: use the `?` operator instead
[INFO] [stdout]   --> src/load/module_loader.rs:31:37
[INFO] [stdout]    |
[INFO] [stdout] 31 |         let root_module_file_path = try!(path_resolver.find_path(root_module_file_name));
[INFO] [stdout]    |                                     ^^^
[INFO] [stdout] 
[INFO] [stdout] 
[INFO] [stdout] warning: use of deprecated macro `try`: use the `?` operator instead
[INFO] [stdout]   --> src/load/module_loader.rs:50:13
[INFO] [stdout]    |
[INFO] [stdout] 50 |             try!(self.load_dependency(dependency, &mut dependency_stack));
[INFO] [stdout]    |             ^^^
[INFO] [stdout] 
[INFO] [stdout] 
[INFO] [stdout] warning: use of deprecated macro `try`: use the `?` operator instead
[INFO] [stdout]   --> src/load/module_loader.rs:90:31
[INFO] [stdout]    |
[INFO] [stdout] 90 |         let dependency_path = try!(self.path_resolver.find_path(file_dependency.get_path()));
[INFO] [stdout]    |                               ^^^
[INFO] [stdout] 
[INFO] [stdout] 
[INFO] [stdout] warning: use of deprecated macro `try`: use the `?` operator instead
[INFO] [stdout]    --> src/load/module_loader.rs:110:13
[INFO] [stdout]     |
[INFO] [stdout] 110 |             try!(
[INFO] [stdout]     |             ^^^
[INFO] [stdout] 
[INFO] [stdout] 
[INFO] [stdout] warning: use of deprecated macro `try`: use the `?` operator instead
[INFO] [stdout]    --> src/load/module_loader.rs:117:33
[INFO] [stdout]     |
[INFO] [stdout] 117 |         let dependency_module = try!(file_funcs::module_from_path(&dependency_module_file_path));
[INFO] [stdout]     |                                 ^^^
[INFO] [stdout] 
[INFO] [stdout] 
[INFO] [stdout] warning: use of deprecated macro `try`: use the `?` operator instead
[INFO] [stdout]    --> src/load/module_loader.rs:138:13
[INFO] [stdout]     |
[INFO] [stdout] 138 |             try!(self.path_resolver.add_module_path(dependency_path, module_index, name.clone()));
[INFO] [stdout]     |             ^^^
[INFO] [stdout] 
[INFO] [stdout] 
[INFO] [stdout] warning: use of deprecated macro `try`: use the `?` operator instead
[INFO] [stdout]    --> src/load/module_loader.rs:144:27
[INFO] [stdout]     |
[INFO] [stdout] 144 |         let root_module = try!(file_funcs::module_from_path(root_module_path));
[INFO] [stdout]     |                           ^^^
[INFO] [stdout] 
[INFO] [stdout] 
[INFO] [stdout] warning: use of deprecated macro `try`: use the `?` operator instead
[INFO] [stdout]   --> src/util/path_resolver.rs:21:13
[INFO] [stdout]    |
[INFO] [stdout] 21 |             try!(Self::verify_search_path(result_path));
[INFO] [stdout]    |             ^^^
[INFO] [stdout] 
[INFO] [stdout] 
[INFO] [stdout] warning: use of deprecated macro `try`: use the `?` operator instead
[INFO] [stdout]   --> src/util/path_resolver.rs:35:9
[INFO] [stdout]    |
[INFO] [stdout] 35 |         try!(Self::verify_search_path(&path));
[INFO] [stdout]    |         ^^^
[INFO] [stdout] 
[INFO] [stdout] 
[INFO] [stdout] warning: use of deprecated macro `try`: use the `?` operator instead
[INFO] [stdout]   --> src/util/path_resolver.rs:57:9
[INFO] [stdout]    |
[INFO] [stdout] 57 |         try!(Self::verify_search_path(&directory_path));
[INFO] [stdout]    |         ^^^
[INFO] [stdout] 
[INFO] [stdout] 
[INFO] [stdout] warning: use of deprecated macro `try`: use the `?` operator instead
[INFO] [stdout]   --> src/util/path_resolver.rs:60:9
[INFO] [stdout]    |
[INFO] [stdout] 60 |         try!(Self::verify_file_path(&directory_path));
[INFO] [stdout]    |         ^^^
[INFO] [stdout] 
[INFO] [stdout] 
[INFO] [stdout] warning: use of deprecated macro `try`: use the `?` operator instead
[INFO] [stdout]   --> src/util/path_resolver.rs:89:31
[INFO] [stdout]    |
[INFO] [stdout] 89 |         let mut module_path = try!(module_path).to_path_buf();
[INFO] [stdout]    |                               ^^^
[INFO] [stdout] 
[INFO] [stdout] 
[INFO] [stdout] warning: use of deprecated macro `try`: use the `?` operator instead
[INFO] [stdout]    --> src/util/path_resolver.rs:105:31
[INFO] [stdout]     |
[INFO] [stdout] 105 |         let mut module_path = try!(module_path).to_path_buf();
[INFO] [stdout]     |                               ^^^
[INFO] [stdout] 
[INFO] [stdout] 
[INFO] [stdout] warning: use of deprecated macro `try`: use the `?` operator instead
[INFO] [stdout]    --> src/util/path_resolver.rs:117:31
[INFO] [stdout]     |
[INFO] [stdout] 117 |         let mut module_path = try!(self.find_module_path(module_id)).to_path_buf();
[INFO] [stdout]     |                               ^^^
[INFO] [stdout] 
[INFO] [stdout] 
[INFO] [stdout] warning: use of deprecated macro `try`: use the `?` operator instead
[INFO] [stdout]    --> src/util/path_resolver.rs:129:31
[INFO] [stdout]     |
[INFO] [stdout] 129 |         let mut module_path = try!(self.find_module_path(module_id)).to_path_buf();
[INFO] [stdout]     |                               ^^^
[INFO] [stdout] 
[INFO] [stdout] 
[INFO] [stdout] warning: use of deprecated macro `try`: use the `?` operator instead
[INFO] [stdout]    --> src/util/path_resolver.rs:142:34
[INFO] [stdout]     |
[INFO] [stdout] 142 |         let mut submodule_path = try!(self.find_submodule_path(module_id, submodule_id));
[INFO] [stdout]     |                                  ^^^
[INFO] [stdout] 
[INFO] [stdout] 
[INFO] [stdout] warning: use of deprecated macro `try`: use the `?` operator instead
[INFO] [stdout]    --> src/util/path_resolver.rs:150:34
[INFO] [stdout]     |
[INFO] [stdout] 150 |         let mut submodule_path = try!(self.find_submodule_path(module_id, submodule_id));
[INFO] [stdout]     |                                  ^^^
[INFO] [stdout] 
[INFO] [stdout] 
[INFO] [stdout] warning: use of deprecated method `std::error::Error::description`: use the Display impl or to_string()
[INFO] [stdout]    --> src/error/mod.rs:6:1
[INFO] [stdout]     |
[INFO] [stdout] 6   | / error_chain! {
[INFO] [stdout] 7   | |     types { }
[INFO] [stdout] 8   | |
[INFO] [stdout] 9   | |     links { }
[INFO] [stdout] ...   |
[INFO] [stdout] 274 | |     }
[INFO] [stdout] 275 | | }
[INFO] [stdout]     | |_^
[INFO] [stdout]     |
[INFO] [stdout]     = note: this warning originates in the macro `error_chain` (in Nightly builds, run with -Z macro-backtrace for more info)
[INFO] [stdout] 
[INFO] [stdout] 
[INFO] [stdout] warning: use of deprecated method `std::error::Error::cause`: replaced by Error::source, which can support downcasting
[INFO] [stdout]    --> src/error/mod.rs:6:1
[INFO] [stdout]     |
[INFO] [stdout] 6   | / error_chain! {
[INFO] [stdout] 7   | |     types { }
[INFO] [stdout] 8   | |
[INFO] [stdout] 9   | |     links { }
[INFO] [stdout] ...   |
[INFO] [stdout] 274 | |     }
[INFO] [stdout] 275 | | }
[INFO] [stdout]     | |_^
[INFO] [stdout]     |
[INFO] [stdout]     = note: this warning originates in the macro `error_chain` (in Nightly builds, run with -Z macro-backtrace for more info)
[INFO] [stdout] 
[INFO] [stdout] 
[INFO] [stdout] warning: 62 warnings emitted
[INFO] [stdout] 
[INFO] [stdout] 
[INFO] [stderr]     Finished dev [unoptimized + debuginfo] target(s) in 26.95s
[INFO] [stderr] warning: the following packages contain code that will be rejected by a future version of Rust: rustc-serialize v0.3.24
[INFO] [stderr] note: to see what the problems were, use the option `--future-incompat-report`, or run `cargo report future-incompatibilities --id 1`
[INFO] running `Command { std: "docker" "inspect" "05764f241c225397a0690bc292142959ca7771d9c7fbd6ac7245848c2deb162a", kill_on_drop: false }`
[INFO] running `Command { std: "docker" "rm" "-f" "05764f241c225397a0690bc292142959ca7771d9c7fbd6ac7245848c2deb162a", kill_on_drop: false }`
[INFO] [stdout] 05764f241c225397a0690bc292142959ca7771d9c7fbd6ac7245848c2deb162a
[INFO] running `Command { std: "docker" "create" "-v" "/var/lib/crater-agent-workspace/builds/worker-4-tc1/target:/opt/rustwide/target:rw,Z" "-v" "/var/lib/crater-agent-workspace/builds/worker-4-tc1/source:/opt/rustwide/workdir:ro,Z" "-v" "/var/lib/crater-agent-workspace/cargo-home:/opt/rustwide/cargo-home:ro,Z" "-v" "/var/lib/crater-agent-workspace/rustup-home:/opt/rustwide/rustup-home:ro,Z" "-e" "SOURCE_DIR=/opt/rustwide/workdir" "-e" "CARGO_TARGET_DIR=/opt/rustwide/target" "-e" "CARGO_INCREMENTAL=0" "-e" "RUST_BACKTRACE=full" "-e" "RUSTFLAGS=--cap-lints=warn" "-e" "RUSTDOCFLAGS=--cap-lints=warn" "-e" "CARGO_HOME=/opt/rustwide/cargo-home" "-e" "RUSTUP_HOME=/opt/rustwide/rustup-home" "-w" "/opt/rustwide/workdir" "-m" "1610612736" "--user" "0:0" "--network" "none" "ghcr.io/rust-lang/crates-build-env/linux@sha256:5ff2268d62e97bff2cde7d5815dd6ed5b47097566f13b8d0ca110b04b60e07ed" "/opt/rustwide/cargo-home/bin/cargo" "+1.69.0" "test" "--frozen" "--no-run" "--message-format=json", kill_on_drop: false }`
[INFO] [stdout] 2a052252388c6047ecfc8e2d46cfbbc6ee450d93cd64a1d40b1113d36621f8c1
[INFO] running `Command { std: "docker" "start" "-a" "2a052252388c6047ecfc8e2d46cfbbc6ee450d93cd64a1d40b1113d36621f8c1", kill_on_drop: false }`
[INFO] [stdout] warning: use of deprecated macro `try`: use the `?` operator instead
[INFO] [stdout]   --> /opt/rustwide/target/debug/build/appscraps_module-d36dc1c3300baf50/out/serde_types.rs:93:39
[INFO] [stdout]    |
[INFO] [stdout] 93 | ...                   match try!(visitor . visit_variant (  )) {
[INFO] [stdout]    |                             ^^^
[INFO] [stdout]    |
[INFO] [stdout]    = note: `#[warn(deprecated)]` on by default
[INFO] [stdout] 
[INFO] [stdout] 
[INFO] [stdout] warning: use of deprecated macro `try`: use the `?` operator instead
[INFO] [stdout]   --> /opt/rustwide/target/debug/build/appscraps_module-d36dc1c3300baf50/out/serde_types.rs:95:61
[INFO] [stdout]    |
[INFO] [stdout] 95 | ...                   Ok(Dependency::file(try!(visitor .
[INFO] [stdout]    |                                           ^^^
[INFO] [stdout] 
[INFO] [stdout] 
[INFO] [stdout] warning: use of deprecated macro `try`: use the `?` operator instead
[INFO] [stdout]    --> /opt/rustwide/target/debug/build/appscraps_module-d36dc1c3300baf50/out/serde_types.rs:102:64
[INFO] [stdout]     |
[INFO] [stdout] 102 | ...                   Ok(Dependency::package(try!(visitor .
[INFO] [stdout]     |                                              ^^^
[INFO] [stdout] 
[INFO] [stdout] 
[INFO] [stdout] warning: use of deprecated macro `try`: use the `?` operator instead
[INFO] [stdout]    --> /opt/rustwide/target/debug/build/appscraps_module-d36dc1c3300baf50/out/serde_types.rs:210:33
[INFO] [stdout]     |
[INFO] [stdout] 210 | ...                   try!(visitor . end (  ));
[INFO] [stdout]     |                       ^^^
[INFO] [stdout] 
[INFO] [stdout] 
[INFO] [stdout] warning: use of deprecated macro `try`: use the `?` operator instead
[INFO] [stdout]    --> /opt/rustwide/target/debug/build/appscraps_module-d36dc1c3300baf50/out/serde_types.rs:202:43
[INFO] [stdout]     |
[INFO] [stdout] 202 | ...                   match try!(visitor . visit :: < String > (
[INFO] [stdout]     |                             ^^^
[INFO] [stdout] 
[INFO] [stdout] 
[INFO] [stdout] warning: use of deprecated macro `try`: use the `?` operator instead
[INFO] [stdout]    --> /opt/rustwide/target/debug/build/appscraps_module-d36dc1c3300baf50/out/serde_types.rs:206:45
[INFO] [stdout]     |
[INFO] [stdout] 206 | ...                   try!(visitor . end (  ));
[INFO] [stdout]     |                       ^^^
[INFO] [stdout] 
[INFO] [stdout] 
[INFO] [stdout] warning: use of deprecated macro `try`: use the `?` operator instead
[INFO] [stdout]    --> /opt/rustwide/target/debug/build/appscraps_module-d36dc1c3300baf50/out/serde_types.rs:241:33
[INFO] [stdout]     |
[INFO] [stdout] 241 | ...                   try!(visitor . end (  ));
[INFO] [stdout]     |                       ^^^
[INFO] [stdout] 
[INFO] [stdout] 
[INFO] [stdout] warning: use of deprecated macro `try`: use the `?` operator instead
[INFO] [stdout]    --> /opt/rustwide/target/debug/build/appscraps_module-d36dc1c3300baf50/out/serde_types.rs:221:43
[INFO] [stdout]     |
[INFO] [stdout] 221 | ...                   try!(visitor . visit_key :: <
[INFO] [stdout]     |                       ^^^
[INFO] [stdout] 
[INFO] [stdout] 
[INFO] [stdout] warning: use of deprecated macro `try`: use the `?` operator instead
[INFO] [stdout]    --> /opt/rustwide/target/debug/build/appscraps_module-d36dc1c3300baf50/out/serde_types.rs:230:54
[INFO] [stdout]     |
[INFO] [stdout] 230 | ...                   Some(try!(visitor .
[INFO] [stdout]     |                            ^^^
[INFO] [stdout] 
[INFO] [stdout] 
[INFO] [stdout] warning: use of deprecated macro `try`: use the `?` operator instead
[INFO] [stdout]    --> /opt/rustwide/target/debug/build/appscraps_module-d36dc1c3300baf50/out/serde_types.rs:235:45
[INFO] [stdout]     |
[INFO] [stdout] 235 | ...                   try!(visitor . visit_value :: <
[INFO] [stdout]     |                       ^^^
[INFO] [stdout] 
[INFO] [stdout] 
[INFO] [stdout] warning: use of deprecated macro `try`: use the `?` operator instead
[INFO] [stdout]    --> /opt/rustwide/target/debug/build/appscraps_module-d36dc1c3300baf50/out/serde_types.rs:246:41
[INFO] [stdout]     |
[INFO] [stdout] 246 | ...                   try!(visitor . missing_field ( "path"
[INFO] [stdout]     |                       ^^^
[INFO] [stdout] 
[INFO] [stdout] 
[INFO] [stdout] warning: use of deprecated macro `try`: use the `?` operator instead
[INFO] [stdout]    --> /opt/rustwide/target/debug/build/appscraps_module-d36dc1c3300baf50/out/serde_types.rs:389:33
[INFO] [stdout]     |
[INFO] [stdout] 389 | ...                   try!(visitor . end (  ));
[INFO] [stdout]     |                       ^^^
[INFO] [stdout] 
[INFO] [stdout] 
[INFO] [stdout] warning: use of deprecated macro `try`: use the `?` operator instead
[INFO] [stdout]    --> /opt/rustwide/target/debug/build/appscraps_module-d36dc1c3300baf50/out/serde_types.rs:362:43
[INFO] [stdout]     |
[INFO] [stdout] 362 | ...                   match try!(visitor . visit :: <
[INFO] [stdout]     |                             ^^^
[INFO] [stdout] 
[INFO] [stdout] 
[INFO] [stdout] warning: use of deprecated macro `try`: use the `?` operator instead
[INFO] [stdout]    --> /opt/rustwide/target/debug/build/appscraps_module-d36dc1c3300baf50/out/serde_types.rs:366:45
[INFO] [stdout]     |
[INFO] [stdout] 366 | ...                   try!(visitor . end (  ));
[INFO] [stdout]     |                       ^^^
[INFO] [stdout] 
[INFO] [stdout] 
[INFO] [stdout] warning: use of deprecated macro `try`: use the `?` operator instead
[INFO] [stdout]    --> /opt/rustwide/target/debug/build/appscraps_module-d36dc1c3300baf50/out/serde_types.rs:371:43
[INFO] [stdout]     |
[INFO] [stdout] 371 | ...                   match try!(visitor . visit :: <
[INFO] [stdout]     |                             ^^^
[INFO] [stdout] 
[INFO] [stdout] 
[INFO] [stdout] warning: use of deprecated macro `try`: use the `?` operator instead
[INFO] [stdout]    --> /opt/rustwide/target/debug/build/appscraps_module-d36dc1c3300baf50/out/serde_types.rs:376:45
[INFO] [stdout]     |
[INFO] [stdout] 376 | ...                   try!(visitor . end (  ));
[INFO] [stdout]     |                       ^^^
[INFO] [stdout] 
[INFO] [stdout] 
[INFO] [stdout] warning: use of deprecated macro `try`: use the `?` operator instead
[INFO] [stdout]    --> /opt/rustwide/target/debug/build/appscraps_module-d36dc1c3300baf50/out/serde_types.rs:381:43
[INFO] [stdout]     |
[INFO] [stdout] 381 | ...                   match try!(visitor . visit :: <
[INFO] [stdout]     |                             ^^^
[INFO] [stdout] 
[INFO] [stdout] 
[INFO] [stdout] warning: use of deprecated macro `try`: use the `?` operator instead
[INFO] [stdout]    --> /opt/rustwide/target/debug/build/appscraps_module-d36dc1c3300baf50/out/serde_types.rs:385:45
[INFO] [stdout]     |
[INFO] [stdout] 385 | ...                   try!(visitor . end (  ));
[INFO] [stdout]     |                       ^^^
[INFO] [stdout] 
[INFO] [stdout] 
[INFO] [stdout] warning: use of deprecated macro `try`: use the `?` operator instead
[INFO] [stdout]    --> /opt/rustwide/target/debug/build/appscraps_module-d36dc1c3300baf50/out/serde_types.rs:449:33
[INFO] [stdout]     |
[INFO] [stdout] 449 | ...                   try!(visitor . end (  ));
[INFO] [stdout]     |                       ^^^
[INFO] [stdout] 
[INFO] [stdout] 
[INFO] [stdout] warning: use of deprecated macro `try`: use the `?` operator instead
[INFO] [stdout]    --> /opt/rustwide/target/debug/build/appscraps_module-d36dc1c3300baf50/out/serde_types.rs:406:43
[INFO] [stdout]     |
[INFO] [stdout] 406 | ...                   try!(visitor . visit_key :: <
[INFO] [stdout]     |                       ^^^
[INFO] [stdout] 
[INFO] [stdout] 
[INFO] [stdout] warning: use of deprecated macro `try`: use the `?` operator instead
[INFO] [stdout]    --> /opt/rustwide/target/debug/build/appscraps_module-d36dc1c3300baf50/out/serde_types.rs:415:54
[INFO] [stdout]     |
[INFO] [stdout] 415 | ...                   Some(try!(visitor .
[INFO] [stdout]     |                            ^^^
[INFO] [stdout] 
[INFO] [stdout] 
[INFO] [stdout] warning: use of deprecated macro `try`: use the `?` operator instead
[INFO] [stdout]    --> /opt/rustwide/target/debug/build/appscraps_module-d36dc1c3300baf50/out/serde_types.rs:426:54
[INFO] [stdout]     |
[INFO] [stdout] 426 | ...                   Some(try!(visitor .
[INFO] [stdout]     |                            ^^^
[INFO] [stdout] 
[INFO] [stdout] 
[INFO] [stdout] warning: use of deprecated macro `try`: use the `?` operator instead
[INFO] [stdout]    --> /opt/rustwide/target/debug/build/appscraps_module-d36dc1c3300baf50/out/serde_types.rs:437:54
[INFO] [stdout]     |
[INFO] [stdout] 437 | ...                   Some(try!(visitor .
[INFO] [stdout]     |                            ^^^
[INFO] [stdout] 
[INFO] [stdout] 
[INFO] [stdout] warning: use of deprecated macro `try`: use the `?` operator instead
[INFO] [stdout]    --> /opt/rustwide/target/debug/build/appscraps_module-d36dc1c3300baf50/out/serde_types.rs:443:45
[INFO] [stdout]     |
[INFO] [stdout] 443 | ...                   try!(visitor . visit_value :: <
[INFO] [stdout]     |                       ^^^
[INFO] [stdout] 
[INFO] [stdout] 
[INFO] [stdout] warning: use of deprecated macro `try`: use the `?` operator instead
[INFO] [stdout]    --> /opt/rustwide/target/debug/build/appscraps_module-d36dc1c3300baf50/out/serde_types.rs:454:41
[INFO] [stdout]     |
[INFO] [stdout] 454 | ...                   try!(visitor . missing_field ( "name"
[INFO] [stdout]     |                       ^^^
[INFO] [stdout] 
[INFO] [stdout] 
[INFO] [stdout] warning: use of deprecated macro `try`: use the `?` operator instead
[INFO] [stdout]    --> /opt/rustwide/target/debug/build/appscraps_module-d36dc1c3300baf50/out/serde_types.rs:461:41
[INFO] [stdout]     |
[INFO] [stdout] 461 | ...                   try!(visitor . missing_field (
[INFO] [stdout]     |                       ^^^
[INFO] [stdout] 
[INFO] [stdout] 
[INFO] [stdout] warning: use of deprecated macro `try`: use the `?` operator instead
[INFO] [stdout]    --> /opt/rustwide/target/debug/build/appscraps_module-d36dc1c3300baf50/out/serde_types.rs:468:41
[INFO] [stdout]     |
[INFO] [stdout] 468 | ...                   try!(visitor . missing_field (
[INFO] [stdout]     |                       ^^^
[INFO] [stdout] 
[INFO] [stdout] 
[INFO] [stdout] warning: use of deprecated macro `try`: use the `?` operator instead
[INFO] [stdout]    --> /opt/rustwide/target/debug/build/appscraps_module-d36dc1c3300baf50/out/serde_types.rs:603:33
[INFO] [stdout]     |
[INFO] [stdout] 603 | ...                   try!(visitor . end (  ));
[INFO] [stdout]     |                       ^^^
[INFO] [stdout] 
[INFO] [stdout] 
[INFO] [stdout] warning: use of deprecated macro `try`: use the `?` operator instead
[INFO] [stdout]    --> /opt/rustwide/target/debug/build/appscraps_module-d36dc1c3300baf50/out/serde_types.rs:586:43
[INFO] [stdout]     |
[INFO] [stdout] 586 | ...                   match try!(visitor . visit :: < String > (
[INFO] [stdout]     |                             ^^^
[INFO] [stdout] 
[INFO] [stdout] 
[INFO] [stdout] warning: use of deprecated macro `try`: use the `?` operator instead
[INFO] [stdout]    --> /opt/rustwide/target/debug/build/appscraps_module-d36dc1c3300baf50/out/serde_types.rs:590:45
[INFO] [stdout]     |
[INFO] [stdout] 590 | ...                   try!(visitor . end (  ));
[INFO] [stdout]     |                       ^^^
[INFO] [stdout] 
[INFO] [stdout] 
[INFO] [stdout] warning: use of deprecated macro `try`: use the `?` operator instead
[INFO] [stdout]    --> /opt/rustwide/target/debug/build/appscraps_module-d36dc1c3300baf50/out/serde_types.rs:595:43
[INFO] [stdout]     |
[INFO] [stdout] 595 | ...                   match try!(visitor . visit :: < String > (
[INFO] [stdout]     |                             ^^^
[INFO] [stdout] 
[INFO] [stdout] 
[INFO] [stdout] warning: use of deprecated macro `try`: use the `?` operator instead
[INFO] [stdout]    --> /opt/rustwide/target/debug/build/appscraps_module-d36dc1c3300baf50/out/serde_types.rs:599:45
[INFO] [stdout]     |
[INFO] [stdout] 599 | ...                   try!(visitor . end (  ));
[INFO] [stdout]     |                       ^^^
[INFO] [stdout] 
[INFO] [stdout] 
[INFO] [stdout] warning: use of deprecated macro `try`: use the `?` operator instead
[INFO] [stdout]    --> /opt/rustwide/target/debug/build/appscraps_module-d36dc1c3300baf50/out/serde_types.rs:646:33
[INFO] [stdout]     |
[INFO] [stdout] 646 | ...                   try!(visitor . end (  ));
[INFO] [stdout]     |                       ^^^
[INFO] [stdout] 
[INFO] [stdout] 
[INFO] [stdout] warning: use of deprecated macro `try`: use the `?` operator instead
[INFO] [stdout]    --> /opt/rustwide/target/debug/build/appscraps_module-d36dc1c3300baf50/out/serde_types.rs:616:43
[INFO] [stdout]     |
[INFO] [stdout] 616 | ...                   try!(visitor . visit_key :: <
[INFO] [stdout]     |                       ^^^
[INFO] [stdout] 
[INFO] [stdout] 
[INFO] [stdout] warning: use of deprecated macro `try`: use the `?` operator instead
[INFO] [stdout]    --> /opt/rustwide/target/debug/build/appscraps_module-d36dc1c3300baf50/out/serde_types.rs:625:54
[INFO] [stdout]     |
[INFO] [stdout] 625 | ...                   Some(try!(visitor .
[INFO] [stdout]     |                            ^^^
[INFO] [stdout] 
[INFO] [stdout] 
[INFO] [stdout] warning: use of deprecated macro `try`: use the `?` operator instead
[INFO] [stdout]    --> /opt/rustwide/target/debug/build/appscraps_module-d36dc1c3300baf50/out/serde_types.rs:635:54
[INFO] [stdout]     |
[INFO] [stdout] 635 | ...                   Some(try!(visitor .
[INFO] [stdout]     |                            ^^^
[INFO] [stdout] 
[INFO] [stdout] 
[INFO] [stdout] warning: use of deprecated macro `try`: use the `?` operator instead
[INFO] [stdout]    --> /opt/rustwide/target/debug/build/appscraps_module-d36dc1c3300baf50/out/serde_types.rs:640:45
[INFO] [stdout]     |
[INFO] [stdout] 640 | ...                   try!(visitor . visit_value :: <
[INFO] [stdout]     |                       ^^^
[INFO] [stdout] 
[INFO] [stdout] 
[INFO] [stdout] warning: use of deprecated macro `try`: use the `?` operator instead
[INFO] [stdout]    --> /opt/rustwide/target/debug/build/appscraps_module-d36dc1c3300baf50/out/serde_types.rs:651:41
[INFO] [stdout]     |
[INFO] [stdout] 651 | ...                   try!(visitor . missing_field ( "name"
[INFO] [stdout]     |                       ^^^
[INFO] [stdout] 
[INFO] [stdout] 
[INFO] [stdout] warning: use of deprecated macro `try`: use the `?` operator instead
[INFO] [stdout]    --> /opt/rustwide/target/debug/build/appscraps_module-d36dc1c3300baf50/out/serde_types.rs:658:41
[INFO] [stdout]     |
[INFO] [stdout] 658 | ...                   try!(visitor . missing_field (
[INFO] [stdout]     |                       ^^^
[INFO] [stdout] 
[INFO] [stdout] 
[INFO] [stdout] warning: use of deprecated macro `try`: use the `?` operator instead
[INFO] [stdout]   --> src/load/file_funcs.rs:18:16
[INFO] [stdout]    |
[INFO] [stdout] 18 |     let file = try!(file_from_path(path));
[INFO] [stdout]    |                ^^^
[INFO] [stdout] 
[INFO] [stdout] 
[INFO] [stdout] warning: use of deprecated macro `try`: use the `?` operator instead
[INFO] [stdout]   --> src/load/file_funcs.rs:19:16
[INFO] [stdout]    |
[INFO] [stdout] 19 |     let text = try!(text_from_file(file));
[INFO] [stdout]    |                ^^^
[INFO] [stdout] 
[INFO] [stdout] 
[INFO] [stdout] warning: use of deprecated macro `try`: use the `?` operator instead
[INFO] [stdout]   --> src/load/module_loader.rs:41:9
[INFO] [stdout]    |
[INFO] [stdout] 41 |         try!(module_loader.load_from_root_file_path(root_module_file_path));
[INFO] [stdout]    |         ^^^
[INFO] [stdout] 
[INFO] [stdout] 
[INFO] [stdout] warning: use of deprecated macro `try`: use the `?` operator instead
[INFO] [stdout]   --> src/load/module_loader.rs:28:29
[INFO] [stdout]    |
[INFO] [stdout] 28 |         let path_resolver = try!(PathResolver::new(root_path, exe_path, search_paths));
[INFO] [stdout]    |                             ^^^
[INFO] [stdout] 
[INFO] [stdout] 
[INFO] [stdout] warning: use of deprecated macro `try`: use the `?` operator instead
[INFO] [stdout]   --> src/load/module_loader.rs:31:37
[INFO] [stdout]    |
[INFO] [stdout] 31 |         let root_module_file_path = try!(path_resolver.find_path(root_module_file_name));
[INFO] [stdout]    |                                     ^^^
[INFO] [stdout] 
[INFO] [stdout] 
[INFO] [stdout] warning: use of deprecated macro `try`: use the `?` operator instead
[INFO] [stdout]   --> src/load/module_loader.rs:50:13
[INFO] [stdout]    |
[INFO] [stdout] 50 |             try!(self.load_dependency(dependency, &mut dependency_stack));
[INFO] [stdout]    |             ^^^
[INFO] [stdout] 
[INFO] [stdout] 
[INFO] [stdout] warning: use of deprecated macro `try`: use the `?` operator instead
[INFO] [stdout]   --> src/load/module_loader.rs:90:31
[INFO] [stdout]    |
[INFO] [stdout] 90 |         let dependency_path = try!(self.path_resolver.find_path(file_dependency.get_path()));
[INFO] [stdout]    |                               ^^^
[INFO] [stdout] 
[INFO] [stdout] 
[INFO] [stdout] warning: use of deprecated macro `try`: use the `?` operator instead
[INFO] [stdout]    --> src/load/module_loader.rs:110:13
[INFO] [stdout]     |
[INFO] [stdout] 110 |             try!(
[INFO] [stdout]     |             ^^^
[INFO] [stdout] 
[INFO] [stdout] 
[INFO] [stdout] warning: use of deprecated macro `try`: use the `?` operator instead
[INFO] [stdout]    --> src/load/module_loader.rs:117:33
[INFO] [stdout]     |
[INFO] [stdout] 117 |         let dependency_module = try!(file_funcs::module_from_path(&dependency_module_file_path));
[INFO] [stdout]     |                                 ^^^
[INFO] [stdout] 
[INFO] [stdout] 
[INFO] [stdout] warning: use of deprecated macro `try`: use the `?` operator instead
[INFO] [stdout]    --> src/load/module_loader.rs:138:13
[INFO] [stdout]     |
[INFO] [stdout] 138 |             try!(self.path_resolver.add_module_path(dependency_path, module_index, name.clone()));
[INFO] [stdout]     |             ^^^
[INFO] [stdout] 
[INFO] [stdout] 
[INFO] [stdout] warning: use of deprecated macro `try`: use the `?` operator instead
[INFO] [stdout]    --> src/load/module_loader.rs:144:27
[INFO] [stdout]     |
[INFO] [stdout] 144 |         let root_module = try!(file_funcs::module_from_path(root_module_path));
[INFO] [stdout]     |                           ^^^
[INFO] [stdout] 
[INFO] [stdout] 
[INFO] [stdout] warning: use of deprecated macro `try`: use the `?` operator instead
[INFO] [stdout]   --> src/util/path_resolver.rs:21:13
[INFO] [stdout]    |
[INFO] [stdout] 21 |             try!(Self::verify_search_path(result_path));
[INFO] [stdout]    |             ^^^
[INFO] [stdout] 
[INFO] [stdout] 
[INFO] [stdout] warning: use of deprecated macro `try`: use the `?` operator instead
[INFO] [stdout]   --> src/util/path_resolver.rs:35:9
[INFO] [stdout]    |
[INFO] [stdout] 35 |         try!(Self::verify_search_path(&path));
[INFO] [stdout]    |         ^^^
[INFO] [stdout] 
[INFO] [stdout] 
[INFO] [stdout] warning: use of deprecated macro `try`: use the `?` operator instead
[INFO] [stdout]   --> src/util/path_resolver.rs:57:9
[INFO] [stdout]    |
[INFO] [stdout] 57 |         try!(Self::verify_search_path(&directory_path));
[INFO] [stdout]    |         ^^^
[INFO] [stdout] 
[INFO] [stdout] 
[INFO] [stdout] warning: use of deprecated macro `try`: use the `?` operator instead
[INFO] [stdout]   --> src/util/path_resolver.rs:60:9
[INFO] [stdout]    |
[INFO] [stdout] 60 |         try!(Self::verify_file_path(&directory_path));
[INFO] [stdout]    |         ^^^
[INFO] [stdout] 
[INFO] [stdout] 
[INFO] [stdout] warning: use of deprecated macro `try`: use the `?` operator instead
[INFO] [stdout]   --> src/util/path_resolver.rs:89:31
[INFO] [stdout]    |
[INFO] [stdout] 89 |         let mut module_path = try!(module_path).to_path_buf();
[INFO] [stdout]    |                               ^^^
[INFO] [stdout] 
[INFO] [stdout] 
[INFO] [stdout] warning: use of deprecated macro `try`: use the `?` operator instead
[INFO] [stdout]    --> src/util/path_resolver.rs:105:31
[INFO] [stdout]     |
[INFO] [stdout] 105 |         let mut module_path = try!(module_path).to_path_buf();
[INFO] [stdout]     |                               ^^^
[INFO] [stdout] 
[INFO] [stdout] 
[INFO] [stdout] warning: use of deprecated macro `try`: use the `?` operator instead
[INFO] [stdout]    --> src/util/path_resolver.rs:117:31
[INFO] [stdout]     |
[INFO] [stdout] 117 |         let mut module_path = try!(self.find_module_path(module_id)).to_path_buf();
[INFO] [stdout]     |                               ^^^
[INFO] [stdout] 
[INFO] [stdout] 
[INFO] [stdout] warning: use of deprecated macro `try`: use the `?` operator instead
[INFO] [stdout]    --> src/util/path_resolver.rs:129:31
[INFO] [stdout]     |
[INFO] [stdout] 129 |         let mut module_path = try!(self.find_module_path(module_id)).to_path_buf();
[INFO] [stdout]     |                               ^^^
[INFO] [stdout] 
[INFO] [stdout] 
[INFO] [stdout] warning: use of deprecated macro `try`: use the `?` operator instead
[INFO] [stdout]    --> src/util/path_resolver.rs:142:34
[INFO] [stdout]     |
[INFO] [stdout] 142 |         let mut submodule_path = try!(self.find_submodule_path(module_id, submodule_id));
[INFO] [stdout]     |                                  ^^^
[INFO] [stdout] 
[INFO] [stdout] 
[INFO] [stdout] warning: use of deprecated macro `try`: use the `?` operator instead
[INFO] [stdout]    --> src/util/path_resolver.rs:150:34
[INFO] [stdout]     |
[INFO] [stdout] 150 |         let mut submodule_path = try!(self.find_submodule_path(module_id, submodule_id));
[INFO] [stdout]     |                                  ^^^
[INFO] [stdout] 
[INFO] [stdout] 
[INFO] [stdout] warning: use of deprecated method `std::error::Error::description`: use the Display impl or to_string()
[INFO] [stdout]    --> src/error/mod.rs:6:1
[INFO] [stdout]     |
[INFO] [stdout] 6   | / error_chain! {
[INFO] [stdout] 7   | |     types { }
[INFO] [stdout] 8   | |
[INFO] [stdout] 9   | |     links { }
[INFO] [stdout] ...   |
[INFO] [stdout] 274 | |     }
[INFO] [stdout] 275 | | }
[INFO] [stdout]     | |_^
[INFO] [stdout]     |
[INFO] [stdout]     = note: this warning originates in the macro `error_chain` (in Nightly builds, run with -Z macro-backtrace for more info)
[INFO] [stdout] 
[INFO] [stdout] 
[INFO] [stdout] warning: use of deprecated method `std::error::Error::cause`: replaced by Error::source, which can support downcasting
[INFO] [stdout]    --> src/error/mod.rs:6:1
[INFO] [stdout]     |
[INFO] [stdout] 6   | / error_chain! {
[INFO] [stdout] 7   | |     types { }
[INFO] [stdout] 8   | |
[INFO] [stdout] 9   | |     links { }
[INFO] [stdout] ...   |
[INFO] [stdout] 274 | |     }
[INFO] [stdout] 275 | | }
[INFO] [stdout]     | |_^
[INFO] [stdout]     |
[INFO] [stdout]     = note: this warning originates in the macro `error_chain` (in Nightly builds, run with -Z macro-backtrace for more info)
[INFO] [stdout] 
[INFO] [stdout] 
[INFO] [stdout] warning: 62 warnings emitted
[INFO] [stdout] 
[INFO] [stdout] 
[INFO] [stderr]    Compiling appscraps_module v0.1.0 (/opt/rustwide/workdir)
[INFO] [stdout] warning: use of deprecated macro `try`: use the `?` operator instead
[INFO] [stdout]   --> /opt/rustwide/target/debug/build/appscraps_module-d36dc1c3300baf50/out/serde_types.rs:93:39
[INFO] [stdout]    |
[INFO] [stdout] 93 | ...                   match try!(visitor . visit_variant (  )) {
[INFO] [stdout]    |                             ^^^
[INFO] [stdout]    |
[INFO] [stdout]    = note: `#[warn(deprecated)]` on by default
[INFO] [stdout] 
[INFO] [stdout] 
[INFO] [stdout] warning: use of deprecated macro `try`: use the `?` operator instead
[INFO] [stdout]   --> /opt/rustwide/target/debug/build/appscraps_module-d36dc1c3300baf50/out/serde_types.rs:95:61
[INFO] [stdout]    |
[INFO] [stdout] 95 | ...                   Ok(Dependency::file(try!(visitor .
[INFO] [stdout]    |                                           ^^^
[INFO] [stdout] 
[INFO] [stdout] 
[INFO] [stdout] warning: use of deprecated macro `try`: use the `?` operator instead
[INFO] [stdout]    --> /opt/rustwide/target/debug/build/appscraps_module-d36dc1c3300baf50/out/serde_types.rs:102:64
[INFO] [stdout]     |
[INFO] [stdout] 102 | ...                   Ok(Dependency::package(try!(visitor .
[INFO] [stdout]     |                                              ^^^
[INFO] [stdout] 
[INFO] [stdout] 
[INFO] [stdout] warning: use of deprecated macro `try`: use the `?` operator instead
[INFO] [stdout]    --> /opt/rustwide/target/debug/build/appscraps_module-d36dc1c3300baf50/out/serde_types.rs:210:33
[INFO] [stdout]     |
[INFO] [stdout] 210 | ...                   try!(visitor . end (  ));
[INFO] [stdout]     |                       ^^^
[INFO] [stdout] 
[INFO] [stdout] 
[INFO] [stdout] warning: use of deprecated macro `try`: use the `?` operator instead
[INFO] [stdout]    --> /opt/rustwide/target/debug/build/appscraps_module-d36dc1c3300baf50/out/serde_types.rs:202:43
[INFO] [stdout]     |
[INFO] [stdout] 202 | ...                   match try!(visitor . visit :: < String > (
[INFO] [stdout]     |                             ^^^
[INFO] [stdout] 
[INFO] [stdout] 
[INFO] [stdout] warning: use of deprecated macro `try`: use the `?` operator instead
[INFO] [stdout]    --> /opt/rustwide/target/debug/build/appscraps_module-d36dc1c3300baf50/out/serde_types.rs:206:45
[INFO] [stdout]     |
[INFO] [stdout] 206 | ...                   try!(visitor . end (  ));
[INFO] [stdout]     |                       ^^^
[INFO] [stdout] 
[INFO] [stdout] 
[INFO] [stdout] warning: use of deprecated macro `try`: use the `?` operator instead
[INFO] [stdout]    --> /opt/rustwide/target/debug/build/appscraps_module-d36dc1c3300baf50/out/serde_types.rs:241:33
[INFO] [stdout]     |
[INFO] [stdout] 241 | ...                   try!(visitor . end (  ));
[INFO] [stdout]     |                       ^^^
[INFO] [stdout] 
[INFO] [stdout] 
[INFO] [stdout] warning: use of deprecated macro `try`: use the `?` operator instead
[INFO] [stdout]    --> /opt/rustwide/target/debug/build/appscraps_module-d36dc1c3300baf50/out/serde_types.rs:221:43
[INFO] [stdout]     |
[INFO] [stdout] 221 | ...                   try!(visitor . visit_key :: <
[INFO] [stdout]     |                       ^^^
[INFO] [stdout] 
[INFO] [stdout] 
[INFO] [stdout] warning: use of deprecated macro `try`: use the `?` operator instead
[INFO] [stdout]    --> /opt/rustwide/target/debug/build/appscraps_module-d36dc1c3300baf50/out/serde_types.rs:230:54
[INFO] [stdout]     |
[INFO] [stdout] 230 | ...                   Some(try!(visitor .
[INFO] [stdout]     |                            ^^^
[INFO] [stdout] 
[INFO] [stdout] 
[INFO] [stdout] warning: use of deprecated macro `try`: use the `?` operator instead
[INFO] [stdout]    --> /opt/rustwide/target/debug/build/appscraps_module-d36dc1c3300baf50/out/serde_types.rs:235:45
[INFO] [stdout]     |
[INFO] [stdout] 235 | ...                   try!(visitor . visit_value :: <
[INFO] [stdout]     |                       ^^^
[INFO] [stdout] 
[INFO] [stdout] 
[INFO] [stdout] warning: use of deprecated macro `try`: use the `?` operator instead
[INFO] [stdout]    --> /opt/rustwide/target/debug/build/appscraps_module-d36dc1c3300baf50/out/serde_types.rs:246:41
[INFO] [stdout]     |
[INFO] [stdout] 246 | ...                   try!(visitor . missing_field ( "path"
[INFO] [stdout]     |                       ^^^
[INFO] [stdout] 
[INFO] [stdout] 
[INFO] [stdout] warning: use of deprecated macro `try`: use the `?` operator instead
[INFO] [stdout]    --> /opt/rustwide/target/debug/build/appscraps_module-d36dc1c3300baf50/out/serde_types.rs:389:33
[INFO] [stdout]     |
[INFO] [stdout] 389 | ...                   try!(visitor . end (  ));
[INFO] [stdout]     |                       ^^^
[INFO] [stdout] 
[INFO] [stdout] 
[INFO] [stdout] warning: use of deprecated macro `try`: use the `?` operator instead
[INFO] [stdout]    --> /opt/rustwide/target/debug/build/appscraps_module-d36dc1c3300baf50/out/serde_types.rs:362:43
[INFO] [stdout]     |
[INFO] [stdout] 362 | ...                   match try!(visitor . visit :: <
[INFO] [stdout]     |                             ^^^
[INFO] [stdout] 
[INFO] [stdout] 
[INFO] [stdout] warning: use of deprecated macro `try`: use the `?` operator instead
[INFO] [stdout]    --> /opt/rustwide/target/debug/build/appscraps_module-d36dc1c3300baf50/out/serde_types.rs:366:45
[INFO] [stdout]     |
[INFO] [stdout] 366 | ...                   try!(visitor . end (  ));
[INFO] [stdout]     |                       ^^^
[INFO] [stdout] 
[INFO] [stdout] 
[INFO] [stdout] warning: use of deprecated macro `try`: use the `?` operator instead
[INFO] [stdout]    --> /opt/rustwide/target/debug/build/appscraps_module-d36dc1c3300baf50/out/serde_types.rs:371:43
[INFO] [stdout]     |
[INFO] [stdout] 371 | ...                   match try!(visitor . visit :: <
[INFO] [stdout]     |                             ^^^
[INFO] [stdout] 
[INFO] [stdout] 
[INFO] [stdout] warning: use of deprecated macro `try`: use the `?` operator instead
[INFO] [stdout]    --> /opt/rustwide/target/debug/build/appscraps_module-d36dc1c3300baf50/out/serde_types.rs:376:45
[INFO] [stdout]     |
[INFO] [stdout] 376 | ...                   try!(visitor . end (  ));
[INFO] [stdout]     |                       ^^^
[INFO] [stdout] 
[INFO] [stdout] 
[INFO] [stdout] warning: use of deprecated macro `try`: use the `?` operator instead
[INFO] [stdout]    --> /opt/rustwide/target/debug/build/appscraps_module-d36dc1c3300baf50/out/serde_types.rs:381:43
[INFO] [stdout]     |
[INFO] [stdout] 381 | ...                   match try!(visitor . visit :: <
[INFO] [stdout]     |                             ^^^
[INFO] [stdout] 
[INFO] [stdout] 
[INFO] [stdout] warning: use of deprecated macro `try`: use the `?` operator instead
[INFO] [stdout]    --> /opt/rustwide/target/debug/build/appscraps_module-d36dc1c3300baf50/out/serde_types.rs:385:45
[INFO] [stdout]     |
[INFO] [stdout] 385 | ...                   try!(visitor . end (  ));
[INFO] [stdout]     |                       ^^^
[INFO] [stdout] 
[INFO] [stdout] 
[INFO] [stdout] warning: use of deprecated macro `try`: use the `?` operator instead
[INFO] [stdout]    --> /opt/rustwide/target/debug/build/appscraps_module-d36dc1c3300baf50/out/serde_types.rs:449:33
[INFO] [stdout]     |
[INFO] [stdout] 449 | ...                   try!(visitor . end (  ));
[INFO] [stdout]     |                       ^^^
[INFO] [stdout] 
[INFO] [stdout] 
[INFO] [stdout] warning: use of deprecated macro `try`: use the `?` operator instead
[INFO] [stdout]    --> /opt/rustwide/target/debug/build/appscraps_module-d36dc1c3300baf50/out/serde_types.rs:406:43
[INFO] [stdout]     |
[INFO] [stdout] 406 | ...                   try!(visitor . visit_key :: <
[INFO] [stdout]     |                       ^^^
[INFO] [stdout] 
[INFO] [stdout] 
[INFO] [stdout] warning: use of deprecated macro `try`: use the `?` operator instead
[INFO] [stdout]    --> /opt/rustwide/target/debug/build/appscraps_module-d36dc1c3300baf50/out/serde_types.rs:415:54
[INFO] [stdout]     |
[INFO] [stdout] 415 | ...                   Some(try!(visitor .
[INFO] [stdout]     |                            ^^^
[INFO] [stdout] 
[INFO] [stdout] 
[INFO] [stdout] warning: use of deprecated macro `try`: use the `?` operator instead
[INFO] [stdout]    --> /opt/rustwide/target/debug/build/appscraps_module-d36dc1c3300baf50/out/serde_types.rs:426:54
[INFO] [stdout]     |
[INFO] [stdout] 426 | ...                   Some(try!(visitor .
[INFO] [stdout]     |                            ^^^
[INFO] [stdout] 
[INFO] [stdout] 
[INFO] [stdout] warning: use of deprecated macro `try`: use the `?` operator instead
[INFO] [stdout]    --> /opt/rustwide/target/debug/build/appscraps_module-d36dc1c3300baf50/out/serde_types.rs:437:54
[INFO] [stdout]     |
[INFO] [stdout] 437 | ...                   Some(try!(visitor .
[INFO] [stdout]     |                            ^^^
[INFO] [stdout] 
[INFO] [stdout] 
[INFO] [stdout] warning: use of deprecated macro `try`: use the `?` operator instead
[INFO] [stdout]    --> /opt/rustwide/target/debug/build/appscraps_module-d36dc1c3300baf50/out/serde_types.rs:443:45
[INFO] [stdout]     |
[INFO] [stdout] 443 | ...                   try!(visitor . visit_value :: <
[INFO] [stdout]     |                       ^^^
[INFO] [stdout] 
[INFO] [stdout] 
[INFO] [stdout] warning: use of deprecated macro `try`: use the `?` operator instead
[INFO] [stdout]    --> /opt/rustwide/target/debug/build/appscraps_module-d36dc1c3300baf50/out/serde_types.rs:454:41
[INFO] [stdout]     |
[INFO] [stdout] 454 | ...                   try!(visitor . missing_field ( "name"
[INFO] [stdout]     |                       ^^^
[INFO] [stdout] 
[INFO] [stdout] 
[INFO] [stdout] warning: use of deprecated macro `try`: use the `?` operator instead
[INFO] [stdout]    --> /opt/rustwide/target/debug/build/appscraps_module-d36dc1c3300baf50/out/serde_types.rs:461:41
[INFO] [stdout]     |
[INFO] [stdout] 461 | ...                   try!(visitor . missing_field (
[INFO] [stdout]     |                       ^^^
[INFO] [stdout] 
[INFO] [stdout] 
[INFO] [stdout] warning: use of deprecated macro `try`: use the `?` operator instead
[INFO] [stdout]    --> /opt/rustwide/target/debug/build/appscraps_module-d36dc1c3300baf50/out/serde_types.rs:468:41
[INFO] [stdout]     |
[INFO] [stdout] 468 | ...                   try!(visitor . missing_field (
[INFO] [stdout]     |                       ^^^
[INFO] [stdout] 
[INFO] [stdout] 
[INFO] [stdout] warning: use of deprecated macro `try`: use the `?` operator instead
[INFO] [stdout]    --> /opt/rustwide/target/debug/build/appscraps_module-d36dc1c3300baf50/out/serde_types.rs:603:33
[INFO] [stdout]     |
[INFO] [stdout] 603 | ...                   try!(visitor . end (  ));
[INFO] [stdout]     |                       ^^^
[INFO] [stdout] 
[INFO] [stdout] 
[INFO] [stdout] warning: use of deprecated macro `try`: use the `?` operator instead
[INFO] [stdout]    --> /opt/rustwide/target/debug/build/appscraps_module-d36dc1c3300baf50/out/serde_types.rs:586:43
[INFO] [stdout]     |
[INFO] [stdout] 586 | ...                   match try!(visitor . visit :: < String > (
[INFO] [stdout]     |                             ^^^
[INFO] [stdout] 
[INFO] [stdout] 
[INFO] [stdout] warning: use of deprecated macro `try`: use the `?` operator instead
[INFO] [stdout]    --> /opt/rustwide/target/debug/build/appscraps_module-d36dc1c3300baf50/out/serde_types.rs:590:45
[INFO] [stdout]     |
[INFO] [stdout] 590 | ...                   try!(visitor . end (  ));
[INFO] [stdout]     |                       ^^^
[INFO] [stdout] 
[INFO] [stdout] 
[INFO] [stdout] warning: use of deprecated macro `try`: use the `?` operator instead
[INFO] [stdout]    --> /opt/rustwide/target/debug/build/appscraps_module-d36dc1c3300baf50/out/serde_types.rs:595:43
[INFO] [stdout]     |
[INFO] [stdout] 595 | ...                   match try!(visitor . visit :: < String > (
[INFO] [stdout]     |                             ^^^
[INFO] [stdout] 
[INFO] [stdout] 
[INFO] [stdout] warning: use of deprecated macro `try`: use the `?` operator instead
[INFO] [stdout]    --> /opt/rustwide/target/debug/build/appscraps_module-d36dc1c3300baf50/out/serde_types.rs:599:45
[INFO] [stdout]     |
[INFO] [stdout] 599 | ...                   try!(visitor . end (  ));
[INFO] [stdout]     |                       ^^^
[INFO] [stdout] 
[INFO] [stdout] 
[INFO] [stdout] warning: use of deprecated macro `try`: use the `?` operator instead
[INFO] [stdout]    --> /opt/rustwide/target/debug/build/appscraps_module-d36dc1c3300baf50/out/serde_types.rs:646:33
[INFO] [stdout]     |
[INFO] [stdout] 646 | ...                   try!(visitor . end (  ));
[INFO] [stdout]     |                       ^^^
[INFO] [stdout] 
[INFO] [stdout] 
[INFO] [stdout] warning: use of deprecated macro `try`: use the `?` operator instead
[INFO] [stdout]    --> /opt/rustwide/target/debug/build/appscraps_module-d36dc1c3300baf50/out/serde_types.rs:616:43
[INFO] [stdout]     |
[INFO] [stdout] 616 | ...                   try!(visitor . visit_key :: <
[INFO] [stdout]     |                       ^^^
[INFO] [stdout] 
[INFO] [stdout] 
[INFO] [stdout] warning: use of deprecated macro `try`: use the `?` operator instead
[INFO] [stdout]    --> /opt/rustwide/target/debug/build/appscraps_module-d36dc1c3300baf50/out/serde_types.rs:625:54
[INFO] [stdout]     |
[INFO] [stdout] 625 | ...                   Some(try!(visitor .
[INFO] [stdout]     |                            ^^^
[INFO] [stdout] 
[INFO] [stdout] 
[INFO] [stdout] warning: use of deprecated macro `try`: use the `?` operator instead
[INFO] [stdout]    --> /opt/rustwide/target/debug/build/appscraps_module-d36dc1c3300baf50/out/serde_types.rs:635:54
[INFO] [stdout]     |
[INFO] [stdout] 635 | ...                   Some(try!(visitor .
[INFO] [stdout]     |                            ^^^
[INFO] [stdout] 
[INFO] [stdout] 
[INFO] [stdout] warning: use of deprecated macro `try`: use the `?` operator instead
[INFO] [stdout]    --> /opt/rustwide/target/debug/build/appscraps_module-d36dc1c3300baf50/out/serde_types.rs:640:45
[INFO] [stdout]     |
[INFO] [stdout] 640 | ...                   try!(visitor . visit_value :: <
[INFO] [stdout]     |                       ^^^
[INFO] [stdout] 
[INFO] [stdout] 
[INFO] [stdout] warning: use of deprecated macro `try`: use the `?` operator instead
[INFO] [stdout]    --> /opt/rustwide/target/debug/build/appscraps_module-d36dc1c3300baf50/out/serde_types.rs:651:41
[INFO] [stdout]     |
[INFO] [stdout] 651 | ...                   try!(visitor . missing_field ( "name"
[INFO] [stdout]     |                       ^^^
[INFO] [stdout] 
[INFO] [stdout] 
[INFO] [stdout] warning: use of deprecated macro `try`: use the `?` operator instead
[INFO] [stdout]    --> /opt/rustwide/target/debug/build/appscraps_module-d36dc1c3300baf50/out/serde_types.rs:658:41
[INFO] [stdout]     |
[INFO] [stdout] 658 | ...                   try!(visitor . missing_field (
[INFO] [stdout]     |                       ^^^
[INFO] [stdout] 
[INFO] [stdout] 
[INFO] [stdout] warning: use of deprecated macro `try`: use the `?` operator instead
[INFO] [stdout]   --> src/load/file_funcs.rs:18:16
[INFO] [stdout]    |
[INFO] [stdout] 18 |     let file = try!(file_from_path(path));
[INFO] [stdout]    |                ^^^
[INFO] [stdout] 
[INFO] [stdout] 
[INFO] [stdout] warning: use of deprecated macro `try`: use the `?` operator instead
[INFO] [stdout]   --> src/load/file_funcs.rs:19:16
[INFO] [stdout]    |
[INFO] [stdout] 19 |     let text = try!(text_from_file(file));
[INFO] [stdout]    |                ^^^
[INFO] [stdout] 
[INFO] [stdout] 
[INFO] [stdout] warning: use of deprecated macro `try`: use the `?` operator instead
[INFO] [stdout]   --> src/load/module_loader.rs:41:9
[INFO] [stdout]    |
[INFO] [stdout] 41 |         try!(module_loader.load_from_root_file_path(root_module_file_path));
[INFO] [stdout]    |         ^^^
[INFO] [stdout] 
[INFO] [stdout] 
[INFO] [stdout] warning: use of deprecated macro `try`: use the `?` operator instead
[INFO] [stdout]   --> src/load/module_loader.rs:28:29
[INFO] [stdout]    |
[INFO] [stdout] 28 |         let path_resolver = try!(PathResolver::new(root_path, exe_path, search_paths));
[INFO] [stdout]    |                             ^^^
[INFO] [stdout] 
[INFO] [stdout] 
[INFO] [stdout] warning: use of deprecated macro `try`: use the `?` operator instead
[INFO] [stdout]   --> src/load/module_loader.rs:31:37
[INFO] [stdout]    |
[INFO] [stdout] 31 |         let root_module_file_path = try!(path_resolver.find_path(root_module_file_name));
[INFO] [stdout]    |                                     ^^^
[INFO] [stdout] 
[INFO] [stdout] 
[INFO] [stdout] warning: use of deprecated macro `try`: use the `?` operator instead
[INFO] [stdout]   --> src/load/module_loader.rs:50:13
[INFO] [stdout]    |
[INFO] [stdout] 50 |             try!(self.load_dependency(dependency, &mut dependency_stack));
[INFO] [stdout]    |             ^^^
[INFO] [stdout] 
[INFO] [stdout] 
[INFO] [stdout] warning: use of deprecated macro `try`: use the `?` operator instead
[INFO] [stdout]   --> src/load/module_loader.rs:90:31
[INFO] [stdout]    |
[INFO] [stdout] 90 |         let dependency_path = try!(self.path_resolver.find_path(file_dependency.get_path()));
[INFO] [stdout]    |                               ^^^
[INFO] [stdout] 
[INFO] [stdout] 
[INFO] [stdout] warning: use of deprecated macro `try`: use the `?` operator instead
[INFO] [stdout]    --> src/load/module_loader.rs:110:13
[INFO] [stdout]     |
[INFO] [stdout] 110 |             try!(
[INFO] [stdout]     |             ^^^
[INFO] [stdout] 
[INFO] [stdout] 
[INFO] [stdout] warning: use of deprecated macro `try`: use the `?` operator instead
[INFO] [stdout]    --> src/load/module_loader.rs:117:33
[INFO] [stdout]     |
[INFO] [stdout] 117 |         let dependency_module = try!(file_funcs::module_from_path(&dependency_module_file_path));
[INFO] [stdout]     |                                 ^^^
[INFO] [stdout] 
[INFO] [stdout] 
[INFO] [stdout] warning: use of deprecated macro `try`: use the `?` operator instead
[INFO] [stdout]    --> src/load/module_loader.rs:138:13
[INFO] [stdout]     |
[INFO] [stdout] 138 |             try!(self.path_resolver.add_module_path(dependency_path, module_index, name.clone()));
[INFO] [stdout]     |             ^^^
[INFO] [stdout] 
[INFO] [stdout] 
[INFO] [stdout] warning: use of deprecated macro `try`: use the `?` operator instead
[INFO] [stdout]    --> src/load/module_loader.rs:144:27
[INFO] [stdout]     |
[INFO] [stdout] 144 |         let root_module = try!(file_funcs::module_from_path(root_module_path));
[INFO] [stdout]     |                           ^^^
[INFO] [stdout] 
[INFO] [stdout] 
[INFO] [stdout] warning: use of deprecated macro `try`: use the `?` operator instead
[INFO] [stdout]   --> src/util/path_resolver.rs:21:13
[INFO] [stdout]    |
[INFO] [stdout] 21 |             try!(Self::verify_search_path(result_path));
[INFO] [stdout]    |             ^^^
[INFO] [stdout] 
[INFO] [stdout] 
[INFO] [stdout] warning: use of deprecated macro `try`: use the `?` operator instead
[INFO] [stdout]   --> src/util/path_resolver.rs:35:9
[INFO] [stdout]    |
[INFO] [stdout] 35 |         try!(Self::verify_search_path(&path));
[INFO] [stdout]    |         ^^^
[INFO] [stdout] 
[INFO] [stdout] 
[INFO] [stdout] warning: use of deprecated macro `try`: use the `?` operator instead
[INFO] [stdout]   --> src/util/path_resolver.rs:57:9
[INFO] [stdout]    |
[INFO] [stdout] 57 |         try!(Self::verify_search_path(&directory_path));
[INFO] [stdout]    |         ^^^
[INFO] [stdout] 
[INFO] [stdout] 
[INFO] [stdout] warning: use of deprecated macro `try`: use the `?` operator instead
[INFO] [stdout]   --> src/util/path_resolver.rs:60:9
[INFO] [stdout]    |
[INFO] [stdout] 60 |         try!(Self::verify_file_path(&directory_path));
[INFO] [stdout]    |         ^^^
[INFO] [stdout] 
[INFO] [stdout] 
[INFO] [stdout] warning: use of deprecated macro `try`: use the `?` operator instead
[INFO] [stdout]   --> src/util/path_resolver.rs:89:31
[INFO] [stdout]    |
[INFO] [stdout] 89 |         let mut module_path = try!(module_path).to_path_buf();
[INFO] [stdout]    |                               ^^^
[INFO] [stdout] 
[INFO] [stdout] 
[INFO] [stdout] warning: use of deprecated macro `try`: use the `?` operator instead
[INFO] [stdout]    --> src/util/path_resolver.rs:105:31
[INFO] [stdout]     |
[INFO] [stdout] 105 |         let mut module_path = try!(module_path).to_path_buf();
[INFO] [stdout]     |                               ^^^
[INFO] [stdout] 
[INFO] [stdout] 
[INFO] [stdout] warning: use of deprecated macro `try`: use the `?` operator instead
[INFO] [stdout]    --> src/util/path_resolver.rs:117:31
[INFO] [stdout]     |
[INFO] [stdout] 117 |         let mut module_path = try!(self.find_module_path(module_id)).to_path_buf();
[INFO] [stdout]     |                               ^^^
[INFO] [stdout] 
[INFO] [stdout] 
[INFO] [stdout] warning: use of deprecated macro `try`: use the `?` operator instead
[INFO] [stdout]    --> src/util/path_resolver.rs:129:31
[INFO] [stdout]     |
[INFO] [stdout] 129 |         let mut module_path = try!(self.find_module_path(module_id)).to_path_buf();
[INFO] [stdout]     |                               ^^^
[INFO] [stdout] 
[INFO] [stdout] 
[INFO] [stdout] warning: use of deprecated macro `try`: use the `?` operator instead
[INFO] [stdout]    --> src/util/path_resolver.rs:142:34
[INFO] [stdout]     |
[INFO] [stdout] 142 |         let mut submodule_path = try!(self.find_submodule_path(module_id, submodule_id));
[INFO] [stdout]     |                                  ^^^
[INFO] [stdout] 
[INFO] [stdout] 
[INFO] [stdout] warning: use of deprecated macro `try`: use the `?` operator instead
[INFO] [stdout]    --> src/util/path_resolver.rs:150:34
[INFO] [stdout]     |
[INFO] [stdout] 150 |         let mut submodule_path = try!(self.find_submodule_path(module_id, submodule_id));
[INFO] [stdout]     |                                  ^^^
[INFO] [stdout] 
[INFO] [stdout] 
[INFO] [stdout] warning: use of deprecated method `std::error::Error::description`: use the Display impl or to_string()
[INFO] [stdout]    --> src/error/mod.rs:6:1
[INFO] [stdout]     |
[INFO] [stdout] 6   | / error_chain! {
[INFO] [stdout] 7   | |     types { }
[INFO] [stdout] 8   | |
[INFO] [stdout] 9   | |     links { }
[INFO] [stdout] ...   |
[INFO] [stdout] 274 | |     }
[INFO] [stdout] 275 | | }
[INFO] [stdout]     | |_^
[INFO] [stdout]     |
[INFO] [stdout]     = note: this warning originates in the macro `error_chain` (in Nightly builds, run with -Z macro-backtrace for more info)
[INFO] [stdout] 
[INFO] [stdout] 
[INFO] [stdout] warning: use of deprecated method `std::error::Error::cause`: replaced by Error::source, which can support downcasting
[INFO] [stdout]    --> src/error/mod.rs:6:1
[INFO] [stdout]     |
[INFO] [stdout] 6   | / error_chain! {
[INFO] [stdout] 7   | |     types { }
[INFO] [stdout] 8   | |
[INFO] [stdout] 9   | |     links { }
[INFO] [stdout] ...   |
[INFO] [stdout] 274 | |     }
[INFO] [stdout] 275 | | }
[INFO] [stdout]     | |_^
[INFO] [stdout]     |
[INFO] [stdout]     = note: this warning originates in the macro `error_chain` (in Nightly builds, run with -Z macro-backtrace for more info)
[INFO] [stdout] 
[INFO] [stdout] 
[INFO] [stdout] warning: 62 warnings emitted
[INFO] [stdout] 
[INFO] [stdout] 
[INFO] [stderr]     Finished test [unoptimized + debuginfo] target(s) in 1.66s
[INFO] [stderr] warning: the following packages contain code that will be rejected by a future version of Rust: rustc-serialize v0.3.24
[INFO] [stderr] note: to see what the problems were, use the option `--future-incompat-report`, or run `cargo report future-incompatibilities --id 1`
[INFO] running `Command { std: "docker" "inspect" "2a052252388c6047ecfc8e2d46cfbbc6ee450d93cd64a1d40b1113d36621f8c1", kill_on_drop: false }`
[INFO] running `Command { std: "docker" "rm" "-f" "2a052252388c6047ecfc8e2d46cfbbc6ee450d93cd64a1d40b1113d36621f8c1", kill_on_drop: false }`
[INFO] [stdout] 2a052252388c6047ecfc8e2d46cfbbc6ee450d93cd64a1d40b1113d36621f8c1
[INFO] running `Command { std: "docker" "create" "-v" "/var/lib/crater-agent-workspace/builds/worker-4-tc1/target:/opt/rustwide/target:rw,Z" "-v" "/var/lib/crater-agent-workspace/builds/worker-4-tc1/source:/opt/rustwide/workdir:ro,Z" "-v" "/var/lib/crater-agent-workspace/cargo-home:/opt/rustwide/cargo-home:ro,Z" "-v" "/var/lib/crater-agent-workspace/rustup-home:/opt/rustwide/rustup-home:ro,Z" "-e" "SOURCE_DIR=/opt/rustwide/workdir" "-e" "CARGO_TARGET_DIR=/opt/rustwide/target" "-e" "CARGO_INCREMENTAL=0" "-e" "RUST_BACKTRACE=full" "-e" "RUSTFLAGS=--cap-lints=warn" "-e" "RUSTDOCFLAGS=--cap-lints=warn" "-e" "CARGO_HOME=/opt/rustwide/cargo-home" "-e" "RUSTUP_HOME=/opt/rustwide/rustup-home" "-w" "/opt/rustwide/workdir" "-m" "1610612736" "--user" "0:0" "--network" "none" "ghcr.io/rust-lang/crates-build-env/linux@sha256:5ff2268d62e97bff2cde7d5815dd6ed5b47097566f13b8d0ca110b04b60e07ed" "/opt/rustwide/cargo-home/bin/cargo" "+1.69.0" "test" "--frozen", kill_on_drop: false }`
[INFO] [stdout] b409fe02befb291daf778ecae3b73fc24faa72add0b8d8f6367f24358497d9e8
[INFO] running `Command { std: "docker" "start" "-a" "b409fe02befb291daf778ecae3b73fc24faa72add0b8d8f6367f24358497d9e8", kill_on_drop: false }`
[INFO] [stderr] warning: use of deprecated macro `try`: use the `?` operator instead
[INFO] [stderr]   --> /opt/rustwide/target/debug/build/appscraps_module-d36dc1c3300baf50/out/serde_types.rs:93:39
[INFO] [stderr]    |
[INFO] [stderr] 93 | ...                   match try!(visitor . visit_variant (  )) {
[INFO] [stderr]    |                             ^^^
[INFO] [stderr]    |
[INFO] [stderr]    = note: `#[warn(deprecated)]` on by default
[INFO] [stderr] 
[INFO] [stderr] warning: use of deprecated macro `try`: use the `?` operator instead
[INFO] [stderr]   --> /opt/rustwide/target/debug/build/appscraps_module-d36dc1c3300baf50/out/serde_types.rs:95:61
[INFO] [stderr]    |
[INFO] [stderr] 95 | ...                   Ok(Dependency::file(try!(visitor .
[INFO] [stderr]    |                                           ^^^
[INFO] [stderr] 
[INFO] [stderr] warning: use of deprecated macro `try`: use the `?` operator instead
[INFO] [stderr]    --> /opt/rustwide/target/debug/build/appscraps_module-d36dc1c3300baf50/out/serde_types.rs:102:64
[INFO] [stderr]     |
[INFO] [stderr] 102 | ...                   Ok(Dependency::package(try!(visitor .
[INFO] [stderr]     |                                              ^^^
[INFO] [stderr] 
[INFO] [stderr] warning: use of deprecated macro `try`: use the `?` operator instead
[INFO] [stderr]    --> /opt/rustwide/target/debug/build/appscraps_module-d36dc1c3300baf50/out/serde_types.rs:210:33
[INFO] [stderr]     |
[INFO] [stderr] 210 | ...                   try!(visitor . end (  ));
[INFO] [stderr]     |                       ^^^
[INFO] [stderr] 
[INFO] [stderr] warning: use of deprecated macro `try`: use the `?` operator instead
[INFO] [stderr]    --> /opt/rustwide/target/debug/build/appscraps_module-d36dc1c3300baf50/out/serde_types.rs:202:43
[INFO] [stderr]     |
[INFO] [stderr] 202 | ...                   match try!(visitor . visit :: < String > (
[INFO] [stderr]     |                             ^^^
[INFO] [stderr] 
[INFO] [stderr] warning: use of deprecated macro `try`: use the `?` operator instead
[INFO] [stderr]    --> /opt/rustwide/target/debug/build/appscraps_module-d36dc1c3300baf50/out/serde_types.rs:206:45
[INFO] [stderr]     |
[INFO] [stderr] 206 | ...                   try!(visitor . end (  ));
[INFO] [stderr]     |                       ^^^
[INFO] [stderr] 
[INFO] [stderr] warning: use of deprecated macro `try`: use the `?` operator instead
[INFO] [stderr]    --> /opt/rustwide/target/debug/build/appscraps_module-d36dc1c3300baf50/out/serde_types.rs:241:33
[INFO] [stderr]     |
[INFO] [stderr] 241 | ...                   try!(visitor . end (  ));
[INFO] [stderr]     |                       ^^^
[INFO] [stderr] 
[INFO] [stderr] warning: use of deprecated macro `try`: use the `?` operator instead
[INFO] [stderr]    --> /opt/rustwide/target/debug/build/appscraps_module-d36dc1c3300baf50/out/serde_types.rs:221:43
[INFO] [stderr]     |
[INFO] [stderr] 221 | ...                   try!(visitor . visit_key :: <
[INFO] [stderr]     |                       ^^^
[INFO] [stderr] 
[INFO] [stderr] warning: use of deprecated macro `try`: use the `?` operator instead
[INFO] [stderr]    --> /opt/rustwide/target/debug/build/appscraps_module-d36dc1c3300baf50/out/serde_types.rs:230:54
[INFO] [stderr]     |
[INFO] [stderr] 230 | ...                   Some(try!(visitor .
[INFO] [stderr]     |                            ^^^
[INFO] [stderr] 
[INFO] [stderr] warning: use of deprecated macro `try`: use the `?` operator instead
[INFO] [stderr]    --> /opt/rustwide/target/debug/build/appscraps_module-d36dc1c3300baf50/out/serde_types.rs:235:45
[INFO] [stderr]     |
[INFO] [stderr] 235 | ...                   try!(visitor . visit_value :: <
[INFO] [stderr]     |                       ^^^
[INFO] [stderr] 
[INFO] [stderr] warning: use of deprecated macro `try`: use the `?` operator instead
[INFO] [stderr]    --> /opt/rustwide/target/debug/build/appscraps_module-d36dc1c3300baf50/out/serde_types.rs:246:41
[INFO] [stderr]     |
[INFO] [stderr] 246 | ...                   try!(visitor . missing_field ( "path"
[INFO] [stderr]     |                       ^^^
[INFO] [stderr] 
[INFO] [stderr] warning: use of deprecated macro `try`: use the `?` operator instead
[INFO] [stderr]    --> /opt/rustwide/target/debug/build/appscraps_module-d36dc1c3300baf50/out/serde_types.rs:389:33
[INFO] [stderr]     |
[INFO] [stderr] 389 | ...                   try!(visitor . end (  ));
[INFO] [stderr]     |                       ^^^
[INFO] [stderr] 
[INFO] [stderr] warning: use of deprecated macro `try`: use the `?` operator instead
[INFO] [stderr]    --> /opt/rustwide/target/debug/build/appscraps_module-d36dc1c3300baf50/out/serde_types.rs:362:43
[INFO] [stderr]     |
[INFO] [stderr] 362 | ...                   match try!(visitor . visit :: <
[INFO] [stderr]     |                             ^^^
[INFO] [stderr] 
[INFO] [stderr] warning: use of deprecated macro `try`: use the `?` operator instead
[INFO] [stderr]    --> /opt/rustwide/target/debug/build/appscraps_module-d36dc1c3300baf50/out/serde_types.rs:366:45
[INFO] [stderr]     |
[INFO] [stderr] 366 | ...                   try!(visitor . end (  ));
[INFO] [stderr]     |                       ^^^
[INFO] [stderr] 
[INFO] [stderr] warning: use of deprecated macro `try`: use the `?` operator instead
[INFO] [stderr]    --> /opt/rustwide/target/debug/build/appscraps_module-d36dc1c3300baf50/out/serde_types.rs:371:43
[INFO] [stderr]     |
[INFO] [stderr] 371 | ...                   match try!(visitor . visit :: <
[INFO] [stderr]     |                             ^^^
[INFO] [stderr] 
[INFO] [stderr] warning: use of deprecated macro `try`: use the `?` operator instead
[INFO] [stderr]    --> /opt/rustwide/target/debug/build/appscraps_module-d36dc1c3300baf50/out/serde_types.rs:376:45
[INFO] [stderr]     |
[INFO] [stderr] 376 | ...                   try!(visitor . end (  ));
[INFO] [stderr]     |                       ^^^
[INFO] [stderr] 
[INFO] [stderr] warning: use of deprecated macro `try`: use the `?` operator instead
[INFO] [stderr]    --> /opt/rustwide/target/debug/build/appscraps_module-d36dc1c3300baf50/out/serde_types.rs:381:43
[INFO] [stderr]     |
[INFO] [stderr] 381 | ...                   match try!(visitor . visit :: <
[INFO] [stderr]     |                             ^^^
[INFO] [stderr] 
[INFO] [stderr] warning: use of deprecated macro `try`: use the `?` operator instead
[INFO] [stderr]    --> /opt/rustwide/target/debug/build/appscraps_module-d36dc1c3300baf50/out/serde_types.rs:385:45
[INFO] [stderr]     |
[INFO] [stderr] 385 | ...                   try!(visitor . end (  ));
[INFO] [stderr]     |                       ^^^
[INFO] [stderr] 
[INFO] [stderr] warning: use of deprecated macro `try`: use the `?` operator instead
[INFO] [stderr]    --> /opt/rustwide/target/debug/build/appscraps_module-d36dc1c3300baf50/out/serde_types.rs:449:33
[INFO] [stderr]     |
[INFO] [stderr] 449 | ...                   try!(visitor . end (  ));
[INFO] [stderr]     |                       ^^^
[INFO] [stderr] 
[INFO] [stderr] warning: use of deprecated macro `try`: use the `?` operator instead
[INFO] [stderr]    --> /opt/rustwide/target/debug/build/appscraps_module-d36dc1c3300baf50/out/serde_types.rs:406:43
[INFO] [stderr]     |
[INFO] [stderr] 406 | ...                   try!(visitor . visit_key :: <
[INFO] [stderr]     |                       ^^^
[INFO] [stderr] 
[INFO] [stderr] warning: use of deprecated macro `try`: use the `?` operator instead
[INFO] [stderr]    --> /opt/rustwide/target/debug/build/appscraps_module-d36dc1c3300baf50/out/serde_types.rs:415:54
[INFO] [stderr]     |
[INFO] [stderr] 415 | ...                   Some(try!(visitor .
[INFO] [stderr]     |                            ^^^
[INFO] [stderr] 
[INFO] [stderr] warning: use of deprecated macro `try`: use the `?` operator instead
[INFO] [stderr]    --> /opt/rustwide/target/debug/build/appscraps_module-d36dc1c3300baf50/out/serde_types.rs:426:54
[INFO] [stderr]     |
[INFO] [stderr] 426 | ...                   Some(try!(visitor .
[INFO] [stderr]     |                            ^^^
[INFO] [stderr] 
[INFO] [stderr] warning: use of deprecated macro `try`: use the `?` operator instead
[INFO] [stderr]    --> /opt/rustwide/target/debug/build/appscraps_module-d36dc1c3300baf50/out/serde_types.rs:437:54
[INFO] [stderr]     |
[INFO] [stderr] 437 | ...                   Some(try!(visitor .
[INFO] [stderr]     |                            ^^^
[INFO] [stderr] 
[INFO] [stderr] warning: use of deprecated macro `try`: use the `?` operator instead
[INFO] [stderr]    --> /opt/rustwide/target/debug/build/appscraps_module-d36dc1c3300baf50/out/serde_types.rs:443:45
[INFO] [stderr]     |
[INFO] [stderr] 443 | ...                   try!(visitor . visit_value :: <
[INFO] [stderr]     |                       ^^^
[INFO] [stderr] 
[INFO] [stderr] warning: use of deprecated macro `try`: use the `?` operator instead
[INFO] [stderr]    --> /opt/rustwide/target/debug/build/appscraps_module-d36dc1c3300baf50/out/serde_types.rs:454:41
[INFO] [stderr]     |
[INFO] [stderr] 454 | ...                   try!(visitor . missing_field ( "name"
[INFO] [stderr]     |                       ^^^
[INFO] [stderr] 
[INFO] [stderr] warning: use of deprecated macro `try`: use the `?` operator instead
[INFO] [stderr]    --> /opt/rustwide/target/debug/build/appscraps_module-d36dc1c3300baf50/out/serde_types.rs:461:41
[INFO] [stderr]     |
[INFO] [stderr] 461 | ...                   try!(visitor . missing_field (
[INFO] [stderr]     |                       ^^^
[INFO] [stderr] 
[INFO] [stderr] warning: use of deprecated macro `try`: use the `?` operator instead
[INFO] [stderr]    --> /opt/rustwide/target/debug/build/appscraps_module-d36dc1c3300baf50/out/serde_types.rs:468:41
[INFO] [stderr]     |
[INFO] [stderr] 468 | ...                   try!(visitor . missing_field (
[INFO] [stderr]     |                       ^^^
[INFO] [stderr] 
[INFO] [stderr] warning: use of deprecated macro `try`: use the `?` operator instead
[INFO] [stderr]    --> /opt/rustwide/target/debug/build/appscraps_module-d36dc1c3300baf50/out/serde_types.rs:603:33
[INFO] [stderr]     |
[INFO] [stderr] 603 | ...                   try!(visitor . end (  ));
[INFO] [stderr]     |                       ^^^
[INFO] [stderr] 
[INFO] [stderr] warning: use of deprecated macro `try`: use the `?` operator instead
[INFO] [stderr]    --> /opt/rustwide/target/debug/build/appscraps_module-d36dc1c3300baf50/out/serde_types.rs:586:43
[INFO] [stderr]     |
[INFO] [stderr] 586 | ...                   match try!(visitor . visit :: < String > (
[INFO] [stderr]     |                             ^^^
[INFO] [stderr] 
[INFO] [stderr] warning: use of deprecated macro `try`: use the `?` operator instead
[INFO] [stderr]    --> /opt/rustwide/target/debug/build/appscraps_module-d36dc1c3300baf50/out/serde_types.rs:590:45
[INFO] [stderr]     |
[INFO] [stderr] 590 | ...                   try!(visitor . end (  ));
[INFO] [stderr]     |                       ^^^
[INFO] [stderr] 
[INFO] [stderr] warning: use of deprecated macro `try`: use the `?` operator instead
[INFO] [stderr]    --> /opt/rustwide/target/debug/build/appscraps_module-d36dc1c3300baf50/out/serde_types.rs:595:43
[INFO] [stderr]     |
[INFO] [stderr] 595 | ...                   match try!(visitor . visit :: < String > (
[INFO] [stderr]     |                             ^^^
[INFO] [stderr] 
[INFO] [stderr] warning: use of deprecated macro `try`: use the `?` operator instead
[INFO] [stderr]    --> /opt/rustwide/target/debug/build/appscraps_module-d36dc1c3300baf50/out/serde_types.rs:599:45
[INFO] [stderr]     |
[INFO] [stderr] 599 | ...                   try!(visitor . end (  ));
[INFO] [stderr]     |                       ^^^
[INFO] [stderr] 
[INFO] [stderr] warning: use of deprecated macro `try`: use the `?` operator instead
[INFO] [stderr]    --> /opt/rustwide/target/debug/build/appscraps_module-d36dc1c3300baf50/out/serde_types.rs:646:33
[INFO] [stderr]     |
[INFO] [stderr] 646 | ...                   try!(visitor . end (  ));
[INFO] [stderr]     |                       ^^^
[INFO] [stderr] 
[INFO] [stderr] warning: use of deprecated macro `try`: use the `?` operator instead
[INFO] [stderr]    --> /opt/rustwide/target/debug/build/appscraps_module-d36dc1c3300baf50/out/serde_types.rs:616:43
[INFO] [stderr]     |
[INFO] [stderr] 616 | ...                   try!(visitor . visit_key :: <
[INFO] [stderr]     |                       ^^^
[INFO] [stderr] 
[INFO] [stderr] warning: use of deprecated macro `try`: use the `?` operator instead
[INFO] [stderr]    --> /opt/rustwide/target/debug/build/appscraps_module-d36dc1c3300baf50/out/serde_types.rs:625:54
[INFO] [stderr]     |
[INFO] [stderr] 625 | ...                   Some(try!(visitor .
[INFO] [stderr]     |                            ^^^
[INFO] [stderr] 
[INFO] [stderr] warning: use of deprecated macro `try`: use the `?` operator instead
[INFO] [stderr]    --> /opt/rustwide/target/debug/build/appscraps_module-d36dc1c3300baf50/out/serde_types.rs:635:54
[INFO] [stderr]     |
[INFO] [stderr] 635 | ...                   Some(try!(visitor .
[INFO] [stderr]     |                            ^^^
[INFO] [stderr] 
[INFO] [stderr] warning: use of deprecated macro `try`: use the `?` operator instead
[INFO] [stderr]    --> /opt/rustwide/target/debug/build/appscraps_module-d36dc1c3300baf50/out/serde_types.rs:640:45
[INFO] [stderr]     |
[INFO] [stderr] 640 | ...                   try!(visitor . visit_value :: <
[INFO] [stderr]     |                       ^^^
[INFO] [stderr] 
[INFO] [stderr] warning: use of deprecated macro `try`: use the `?` operator instead
[INFO] [stderr]    --> /opt/rustwide/target/debug/build/appscraps_module-d36dc1c3300baf50/out/serde_types.rs:651:41
[INFO] [stderr]     |
[INFO] [stderr] 651 | ...                   try!(visitor . missing_field ( "name"
[INFO] [stderr]     |                       ^^^
[INFO] [stderr] 
[INFO] [stderr] warning: use of deprecated macro `try`: use the `?` operator instead
[INFO] [stderr]    --> /opt/rustwide/target/debug/build/appscraps_module-d36dc1c3300baf50/out/serde_types.rs:658:41
[INFO] [stderr]     |
[INFO] [stderr] 658 | ...                   try!(visitor . missing_field (
[INFO] [stderr]     |                       ^^^
[INFO] [stderr] 
[INFO] [stderr] warning: use of deprecated macro `try`: use the `?` operator instead
[INFO] [stderr]   --> src/load/file_funcs.rs:18:16
[INFO] [stderr]    |
[INFO] [stderr] 18 |     let file = try!(file_from_path(path));
[INFO] [stderr]    |                ^^^
[INFO] [stderr] 
[INFO] [stderr] warning: use of deprecated macro `try`: use the `?` operator instead
[INFO] [stderr]   --> src/load/file_funcs.rs:19:16
[INFO] [stderr]    |
[INFO] [stderr] 19 |     let text = try!(text_from_file(file));
[INFO] [stderr]    |                ^^^
[INFO] [stderr] 
[INFO] [stderr] warning: use of deprecated macro `try`: use the `?` operator instead
[INFO] [stderr]   --> src/load/module_loader.rs:41:9
[INFO] [stderr]    |
[INFO] [stderr] 41 |         try!(module_loader.load_from_root_file_path(root_module_file_path));
[INFO] [stderr]    |         ^^^
[INFO] [stderr] 
[INFO] [stderr] warning: use of deprecated macro `try`: use the `?` operator instead
[INFO] [stderr]   --> src/load/module_loader.rs:28:29
[INFO] [stderr]    |
[INFO] [stderr] 28 |         let path_resolver = try!(PathResolver::new(root_path, exe_path, search_paths));
[INFO] [stderr]    |                             ^^^
[INFO] [stderr] 
[INFO] [stderr] warning: use of deprecated macro `try`: use the `?` operator instead
[INFO] [stderr]   --> src/load/module_loader.rs:31:37
[INFO] [stderr]    |
[INFO] [stderr] 31 |         let root_module_file_path = try!(path_resolver.find_path(root_module_file_name));
[INFO] [stderr]    |                                     ^^^
[INFO] [stderr] 
[INFO] [stderr] warning: use of deprecated macro `try`: use the `?` operator instead
[INFO] [stderr]   --> src/load/module_loader.rs:50:13
[INFO] [stderr]    |
[INFO] [stderr] 50 |             try!(self.load_dependency(dependency, &mut dependency_stack));
[INFO] [stderr]    |             ^^^
[INFO] [stderr] 
[INFO] [stderr] warning: use of deprecated macro `try`: use the `?` operator instead
[INFO] [stderr]   --> src/load/module_loader.rs:90:31
[INFO] [stderr]    |
[INFO] [stderr] 90 |         let dependency_path = try!(self.path_resolver.find_path(file_dependency.get_path()));
[INFO] [stderr]    |                               ^^^
[INFO] [stderr] 
[INFO] [stderr] warning: use of deprecated macro `try`: use the `?` operator instead
[INFO] [stderr]    --> src/load/module_loader.rs:110:13
[INFO] [stderr]     |
[INFO] [stderr] 110 |             try!(
[INFO] [stderr]     |             ^^^
[INFO] [stderr] 
[INFO] [stderr] warning: use of deprecated macro `try`: use the `?` operator instead
[INFO] [stderr]    --> src/load/module_loader.rs:117:33
[INFO] [stderr]     |
[INFO] [stderr] 117 |         let dependency_module = try!(file_funcs::module_from_path(&dependency_module_file_path));
[INFO] [stderr]     |                                 ^^^
[INFO] [stderr] 
[INFO] [stderr] warning: use of deprecated macro `try`: use the `?` operator instead
[INFO] [stderr]    --> src/load/module_loader.rs:138:13
[INFO] [stderr]     |
[INFO] [stderr] 138 |             try!(self.path_resolver.add_module_path(dependency_path, module_index, name.clone()));
[INFO] [stderr]     |             ^^^
[INFO] [stderr] 
[INFO] [stderr] warning: use of deprecated macro `try`: use the `?` operator instead
[INFO] [stderr]    --> src/load/module_loader.rs:144:27
[INFO] [stderr]     |
[INFO] [stderr] 144 |         let root_module = try!(file_funcs::module_from_path(root_module_path));
[INFO] [stderr]     |                           ^^^
[INFO] [stderr] 
[INFO] [stderr] warning: use of deprecated macro `try`: use the `?` operator instead
[INFO] [stderr]   --> src/util/path_resolver.rs:21:13
[INFO] [stderr]    |
[INFO] [stderr] 21 |             try!(Self::verify_search_path(result_path));
[INFO] [stderr]    |             ^^^
[INFO] [stderr] 
[INFO] [stderr] warning: use of deprecated macro `try`: use the `?` operator instead
[INFO] [stderr]   --> src/util/path_resolver.rs:35:9
[INFO] [stderr]    |
[INFO] [stderr] 35 |         try!(Self::verify_search_path(&path));
[INFO] [stderr]    |         ^^^
[INFO] [stderr] 
[INFO] [stderr] warning: use of deprecated macro `try`: use the `?` operator instead
[INFO] [stderr]   --> src/util/path_resolver.rs:57:9
[INFO] [stderr]    |
[INFO] [stderr] 57 |         try!(Self::verify_search_path(&directory_path));
[INFO] [stderr]    |         ^^^
[INFO] [stderr] 
[INFO] [stderr] warning: use of deprecated macro `try`: use the `?` operator instead
[INFO] [stderr]   --> src/util/path_resolver.rs:60:9
[INFO] [stderr]    |
[INFO] [stderr] 60 |         try!(Self::verify_file_path(&directory_path));
[INFO] [stderr]    |         ^^^
[INFO] [stderr] 
[INFO] [stderr] warning: use of deprecated macro `try`: use the `?` operator instead
[INFO] [stderr]   --> src/util/path_resolver.rs:89:31
[INFO] [stderr]    |
[INFO] [stderr] 89 |         let mut module_path = try!(module_path).to_path_buf();
[INFO] [stderr]    |                               ^^^
[INFO] [stderr] 
[INFO] [stderr] warning: use of deprecated macro `try`: use the `?` operator instead
[INFO] [stderr]    --> src/util/path_resolver.rs:105:31
[INFO] [stderr]     |
[INFO] [stderr] 105 |         let mut module_path = try!(module_path).to_path_buf();
[INFO] [stderr]     |                               ^^^
[INFO] [stderr] 
[INFO] [stderr] warning: use of deprecated macro `try`: use the `?` operator instead
[INFO] [stderr]    --> src/util/path_resolver.rs:117:31
[INFO] [stderr]     |
[INFO] [stderr] 117 |         let mut module_path = try!(self.find_module_path(module_id)).to_path_buf();
[INFO] [stderr]     |                               ^^^
[INFO] [stderr] 
[INFO] [stderr] warning: use of deprecated macro `try`: use the `?` operator instead
[INFO] [stderr]    --> src/util/path_resolver.rs:129:31
[INFO] [stderr]     |
[INFO] [stderr] 129 |         let mut module_path = try!(self.find_module_path(module_id)).to_path_buf();
[INFO] [stderr]     |                               ^^^
[INFO] [stderr] 
[INFO] [stderr] warning: use of deprecated macro `try`: use the `?` operator instead
[INFO] [stderr]    --> src/util/path_resolver.rs:142:34
[INFO] [stderr]     |
[INFO] [stderr] 142 |         let mut submodule_path = try!(self.find_submodule_path(module_id, submodule_id));
[INFO] [stderr]     |                                  ^^^
[INFO] [stderr] 
[INFO] [stderr] warning: use of deprecated macro `try`: use the `?` operator instead
[INFO] [stderr]    --> src/util/path_resolver.rs:150:34
[INFO] [stderr]     |
[INFO] [stderr] 150 |         let mut submodule_path = try!(self.find_submodule_path(module_id, submodule_id));
[INFO] [stderr]     |                                  ^^^
[INFO] [stderr] 
[INFO] [stderr] warning: use of deprecated method `std::error::Error::description`: use the Display impl or to_string()
[INFO] [stderr]    --> src/error/mod.rs:6:1
[INFO] [stderr]     |
[INFO] [stderr] 6   | / error_chain! {
[INFO] [stderr] 7   | |     types { }
[INFO] [stderr] 8   | |
[INFO] [stderr] 9   | |     links { }
[INFO] [stderr] ...   |
[INFO] [stderr] 274 | |     }
[INFO] [stderr] 275 | | }
[INFO] [stderr]     | |_^
[INFO] [stderr]     |
[INFO] [stderr]     = note: this warning originates in the macro `error_chain` (in Nightly builds, run with -Z macro-backtrace for more info)
[INFO] [stderr] 
[INFO] [stderr] warning: use of deprecated method `std::error::Error::cause`: replaced by Error::source, which can support downcasting
[INFO] [stderr]    --> src/error/mod.rs:6:1
[INFO] [stderr]     |
[INFO] [stderr] 6   | / error_chain! {
[INFO] [stderr] 7   | |     types { }
[INFO] [stderr] 8   | |
[INFO] [stderr] 9   | |     links { }
[INFO] [stderr] ...   |
[INFO] [stderr] 274 | |     }
[INFO] [stderr] 275 | | }
[INFO] [stderr]     | |_^
[INFO] [stderr]     |
[INFO] [stderr]     = note: this warning originates in the macro `error_chain` (in Nightly builds, run with -Z macro-backtrace for more info)
[INFO] [stderr] 
[INFO] [stderr] warning: `appscraps_module` (lib) generated 62 warnings
[INFO] [stderr] warning: `appscraps_module` (lib test) generated 62 warnings (62 duplicates)
[INFO] [stderr]     Finished test [unoptimized + debuginfo] target(s) in 0.04s
[INFO] [stderr] warning: the following packages contain code that will be rejected by a future version of Rust: rustc-serialize v0.3.24
[INFO] [stderr] note: to see what the problems were, use the option `--future-incompat-report`, or run `cargo report future-incompatibilities --id 1`
[INFO] [stderr]      Running unittests src/lib.rs (/opt/rustwide/target/debug/deps/appscraps_module-c40a903be02064cc)
[INFO] [stdout] 
[INFO] [stdout] running 2 tests
[INFO] [stdout] test test::module::basic_tests::verify_names ... FAILED
[INFO] [stdout] test test::module::basic_tests::load ... FAILED
[INFO] [stdout] 
[INFO] [stdout] failures:
[INFO] [stdout] 
[INFO] [stdout] ---- test::module::basic_tests::verify_names stdout ----
[INFO] [stdout] thread 'test::module::basic_tests::verify_names' panicked at 'called `Result::unwrap()` on an `Err` value: Error(PathVerificationNotExist("/opt/rustwide/workdir/test/res/module"), (None, Some(stack backtrace:
[INFO] [stdout]    0:     0x55ebfa3d4c40 - backtrace::backtrace::libunwind::trace::hb8a57c4bec9fc3ef
[INFO] [stdout]                         at src/backtrace/libunwind.rs:54
[INFO] [stdout]                          - backtrace::backtrace::trace::h00a83b5abe4dd713
[INFO] [stdout]                         at src/backtrace/mod.rs:70
[INFO] [stdout]    1:     0x55ebfa3cad68 - backtrace::capture::Backtrace::new::h50357603fe0c639d
[INFO] [stdout]                         at /opt/rustwide/target/debug/build/backtrace-70b3a8c921a8a23e/out/capture.rs:79
[INFO] [stdout]    2:     0x55ebfa3c87e1 - error_chain::make_backtrace::h2b80ca29c157e0f6
[INFO] [stdout]                         at src/lib.rs:684
[INFO] [stdout]    3:     0x55ebfa389965 - <appscraps_module::error::Error as core::convert::From<appscraps_module::error::ErrorKind>>::from::h5ae53e4fb9a3bc8d
[INFO] [stdout]                         at /opt/rustwide/cargo-home/registry/src/github.com-1ecc6299db9ec823/error-chain-0.5.0/src/lib.rs:414
[INFO] [stdout]    4:     0x55ebfa3897ec - <T as core::convert::Into<U>>::into::h1c352af2e85bc8d3
[INFO] [stdout]                         at /rustc/84c898d65adf2f39a5a98507f1fe0ce10a2b8dbc/library/core/src/convert/mod.rs:726
[INFO] [stdout]    5:     0x55ebfa38649b - appscraps_module::util::path_resolver::PathResolver::verify_search_path::ha2663ed3f3395271
[INFO] [stdout]                         at src/util/path_resolver.rs:214
[INFO] [stdout]    6:     0x55ebfa385160 - appscraps_module::util::path_resolver::PathResolver::new::h57fb257e22989fb2
[INFO] [stdout]                         at src/util/path_resolver.rs:21
[INFO] [stdout]    7:     0x55ebfa375f32 - appscraps_module::load::module_loader::ModuleLoader::load::h76b082600a0ac724
[INFO] [stdout]                         at src/load/module_loader.rs:28
[INFO] [stdout]    8:     0x55ebfa381e18 - appscraps_module::test::res::module::all_module::h120288d04c380ceb
[INFO] [stdout]                         at src/test/res/module.rs:10
[INFO] [stdout]    9:     0x55ebfa3892b0 - appscraps_module::test::module::basic_tests::verify_names::hdf589917602ef824
[INFO] [stdout]                         at src/test/module/basic_tests.rs:10
[INFO] [stdout]   10:     0x55ebfa389276 - appscraps_module::test::module::basic_tests::verify_names::{{closure}}::h1801315567bd1851
[INFO] [stdout]                         at src/test/module/basic_tests.rs:9
[INFO] [stdout]   11:     0x55ebfa36efa4 - core::ops::function::FnOnce::call_once::h25248d0fc02d7088
[INFO] [stdout]                         at /rustc/84c898d65adf2f39a5a98507f1fe0ce10a2b8dbc/library/core/src/ops/function.rs:250
[INFO] [stdout]   12:     0x55ebfa3c412e - core::ops::function::FnOnce::call_once::h7d969581be7d0075
[INFO] [stdout]                         at library/core/src/ops/function.rs:250
[INFO] [stdout]                          - test::__rust_begin_short_backtrace::hca25a52684e56655
[INFO] [stdout]                         at library/test/src/lib.rs:656
[INFO] [stdout]   13:     0x55ebfa39574b - test::run_test::{{closure}}::ha8ac744c4af1a4bb
[INFO] [stdout]                         at library/test/src/lib.rs:647
[INFO] [stdout]                          - core::ops::function::FnOnce::call_once{{vtable.shim}}::h7b411a9ed45bdecf
[INFO] [stdout]                         at library/core/src/ops/function.rs:250
[INFO] [stdout]   14:     0x55ebfa3c30f5 - <alloc::boxed::Box<F,A> as core::ops::function::FnOnce<Args>>::call_once::hd05328869a8ed200
[INFO] [stdout]                         at library/alloc/src/boxed.rs:1987
[INFO] [stdout]                          - <core::panic::unwind_safe::AssertUnwindSafe<F> as core::ops::function::FnOnce<()>>::call_once::h0c601ce20bd5b2be
[INFO] [stdout]                         at library/core/src/panic/unwind_safe.rs:271
[INFO] [stdout]                          - std::panicking::try::do_call::ha4be5c164fe30854
[INFO] [stdout]                         at library/std/src/panicking.rs:487
[INFO] [stdout]                          - std::panicking::try::h604546f3609af05f
[INFO] [stdout]                         at library/std/src/panicking.rs:451
[INFO] [stdout]                          - std::panic::catch_unwind::h5bfa8afe44c9c2f9
[INFO] [stdout]                         at library/std/src/panic.rs:140
[INFO] [stdout]                          - test::run_test_in_process::hd50dee55dd63e6aa
[INFO] [stdout]                         at library/test/src/lib.rs:679
[INFO] [stdout]                          - test::run_test::run_test_inner::{{closure}}::h4aa0f433aa85cea8
[INFO] [stdout]                         at library/test/src/lib.rs:573
[INFO] [stdout]   15:     0x55ebfa38fdc0 - test::run_test::run_test_inner::{{closure}}::had56431adf24b4d6
[INFO] [stdout]                         at library/test/src/lib.rs:600
[INFO] [stdout]                          - std::sys_common::backtrace::__rust_begin_short_backtrace::ha8d9890e0c73bf13
[INFO] [stdout]                         at library/std/src/sys_common/backtrace.rs:134
[INFO] [stdout]   16:     0x55ebfa3957da - std::thread::Builder::spawn_unchecked_::{{closure}}::{{closure}}::h251832bcb4a95327
[INFO] [stdout]                         at library/std/src/thread/mod.rs:560
[INFO] [stdout]                          - <core::panic::unwind_safe::AssertUnwindSafe<F> as core::ops::function::FnOnce<()>>::call_once::h8fdff598fa414831
[INFO] [stdout]                         at library/core/src/panic/unwind_safe.rs:271
[INFO] [stdout]                          - std::panicking::try::do_call::h455dd2f7764a950f
[INFO] [stdout]                         at library/std/src/panicking.rs:487
[INFO] [stdout]                          - std::panicking::try::had6f23b7b73ae72a
[INFO] [stdout]                         at library/std/src/panicking.rs:451
[INFO] [stdout]                          - std::panic::catch_unwind::ha6a5ca3915b4dad0
[INFO] [stdout]                         at library/std/src/panic.rs:140
[INFO] [stdout]                          - std::thread::Builder::spawn_unchecked_::{{closure}}::h883b72ef75da6231
[INFO] [stdout]                         at library/std/src/thread/mod.rs:559
[INFO] [stdout]                          - core::ops::function::FnOnce::call_once{{vtable.shim}}::hb7dff73dc8bd2ccb
[INFO] [stdout]                         at library/core/src/ops/function.rs:250
[INFO] [stdout]   17:     0x55ebfa433992 - <alloc::boxed::Box<F,A> as core::ops::function::FnOnce<Args>>::call_once::h39990b24eedef2ab
[INFO] [stdout]                         at library/alloc/src/boxed.rs:1987
[INFO] [stdout]                          - <alloc::boxed::Box<F,A> as core::ops::function::FnOnce<Args>>::call_once::h01a027258444143b
[INFO] [stdout]                         at library/alloc/src/boxed.rs:1987
[INFO] [stdout]                          - std::sys::unix::thread::Thread::new::thread_start::ha4f1cdd9c25884ba
[INFO] [stdout]                         at library/std/src/sys/unix/thread.rs:108
[INFO] [stdout]   18:     0x7f24311c1b42 - <unknown>
[INFO] [stdout]   19:     0x7f2431252bb3 - __clone
[INFO] [stdout]   20:                0x0 - <unknown>)))', src/test/module/basic_tests.rs:10:50
[INFO] [stdout] stack backtrace:
[INFO] [stdout]    0:     0x55ebfa42cf2a - std::backtrace_rs::backtrace::libunwind::trace::ha9053a9a07ca49cb
[INFO] [stdout]                                at /rustc/84c898d65adf2f39a5a98507f1fe0ce10a2b8dbc/library/std/src/../../backtrace/src/backtrace/libunwind.rs:93:5
[INFO] [stdout]    1:     0x55ebfa42cf2a - std::backtrace_rs::backtrace::trace_unsynchronized::h9c2852a457ad564e
[INFO] [stdout]                                at /rustc/84c898d65adf2f39a5a98507f1fe0ce10a2b8dbc/library/std/src/../../backtrace/src/backtrace/mod.rs:66:5
[INFO] [stdout]    2:     0x55ebfa42cf2a - std::sys_common::backtrace::_print_fmt::h457936fbfaa0070f
[INFO] [stdout]                                at /rustc/84c898d65adf2f39a5a98507f1fe0ce10a2b8dbc/library/std/src/sys_common/backtrace.rs:65:5
[INFO] [stdout]    3:     0x55ebfa42cf2a - <std::sys_common::backtrace::_print::DisplayBacktrace as core::fmt::Display>::fmt::h5779d7bf7f70cb0c
[INFO] [stdout]                                at /rustc/84c898d65adf2f39a5a98507f1fe0ce10a2b8dbc/library/std/src/sys_common/backtrace.rs:44:22
[INFO] [stdout]    4:     0x55ebfa450a2e - core::fmt::write::h5a4baaff1bcd3eb5
[INFO] [stdout]                                at /rustc/84c898d65adf2f39a5a98507f1fe0ce10a2b8dbc/library/core/src/fmt/mod.rs:1232:17
[INFO] [stdout]    5:     0x55ebfa429eb5 - std::io::Write::write_fmt::h478f79c628ef31d1
[INFO] [stdout]                                at /rustc/84c898d65adf2f39a5a98507f1fe0ce10a2b8dbc/library/std/src/io/mod.rs:1684:15
[INFO] [stdout]    6:     0x55ebfa42ccf5 - std::sys_common::backtrace::_print::h5fcdc36060f177e8
[INFO] [stdout]                                at /rustc/84c898d65adf2f39a5a98507f1fe0ce10a2b8dbc/library/std/src/sys_common/backtrace.rs:47:5
[INFO] [stdout]    7:     0x55ebfa42ccf5 - std::sys_common::backtrace::print::h54ca9458b876c8bf
[INFO] [stdout]                                at /rustc/84c898d65adf2f39a5a98507f1fe0ce10a2b8dbc/library/std/src/sys_common/backtrace.rs:34:9
[INFO] [stdout]    8:     0x55ebfa42eabf - std::panicking::default_hook::{{closure}}::hbe471161c7664ed6
[INFO] [stdout]                                at /rustc/84c898d65adf2f39a5a98507f1fe0ce10a2b8dbc/library/std/src/panicking.rs:271:22
[INFO] [stdout]    9:     0x55ebfa42e77f - std::panicking::default_hook::ha3500da57aa4ac4f
[INFO] [stdout]                                at /rustc/84c898d65adf2f39a5a98507f1fe0ce10a2b8dbc/library/std/src/panicking.rs:287:9
[INFO] [stdout]   10:     0x55ebfa3bed47 - <alloc::boxed::Box<F,A> as core::ops::function::Fn<Args>>::call::hdf1b89dd137ece34
[INFO] [stdout]                                at /rustc/84c898d65adf2f39a5a98507f1fe0ce10a2b8dbc/library/alloc/src/boxed.rs:2001:9
[INFO] [stdout]   11:     0x55ebfa3bed47 - test::test_main::{{closure}}::h9081a79f20e75698
[INFO] [stdout]                                at /rustc/84c898d65adf2f39a5a98507f1fe0ce10a2b8dbc/library/test/src/lib.rs:135:21
[INFO] [stdout]   12:     0x55ebfa42f1ed - <alloc::boxed::Box<F,A> as core::ops::function::Fn<Args>>::call::h6507bddc3eebb4a5
[INFO] [stdout]                                at /rustc/84c898d65adf2f39a5a98507f1fe0ce10a2b8dbc/library/alloc/src/boxed.rs:2001:9
[INFO] [stdout]   13:     0x55ebfa42f1ed - std::panicking::rust_panic_with_hook::h50c09d000dc561d2
[INFO] [stdout]                                at /rustc/84c898d65adf2f39a5a98507f1fe0ce10a2b8dbc/library/std/src/panicking.rs:696:13
[INFO] [stdout]   14:     0x55ebfa42ef69 - std::panicking::begin_panic_handler::{{closure}}::h9e2b2176e00e0d9c
[INFO] [stdout]                                at /rustc/84c898d65adf2f39a5a98507f1fe0ce10a2b8dbc/library/std/src/panicking.rs:583:13
[INFO] [stdout]   15:     0x55ebfa42d396 - std::sys_common::backtrace::__rust_end_short_backtrace::h5739b8e512c09d02
[INFO] [stdout]                                at /rustc/84c898d65adf2f39a5a98507f1fe0ce10a2b8dbc/library/std/src/sys_common/backtrace.rs:150:18
[INFO] [stdout]   16:     0x55ebfa42ec72 - rust_begin_unwind
[INFO] [stdout]                                at /rustc/84c898d65adf2f39a5a98507f1fe0ce10a2b8dbc/library/std/src/panicking.rs:579:5
[INFO] [stdout]   17:     0x55ebfa343d13 - core::panicking::panic_fmt::hf33a1475b4dc5c3e
[INFO] [stdout]                                at /rustc/84c898d65adf2f39a5a98507f1fe0ce10a2b8dbc/library/core/src/panicking.rs:64:14
[INFO] [stdout]   18:     0x55ebfa344163 - core::result::unwrap_failed::hdff5465d74574b44
[INFO] [stdout]                                at /rustc/84c898d65adf2f39a5a98507f1fe0ce10a2b8dbc/library/core/src/result.rs:1750:5
[INFO] [stdout]   19:     0x55ebfa370d75 - core::result::Result<T,E>::unwrap::h537a77d3d9d35c6f
[INFO] [stdout]                                at /rustc/84c898d65adf2f39a5a98507f1fe0ce10a2b8dbc/library/core/src/result.rs:1090:23
[INFO] [stdout]   20:     0x55ebfa3892c7 - appscraps_module::test::module::basic_tests::verify_names::hdf589917602ef824
[INFO] [stdout]                                at /opt/rustwide/workdir/src/test/module/basic_tests.rs:10:18
[INFO] [stdout]   21:     0x55ebfa389277 - appscraps_module::test::module::basic_tests::verify_names::{{closure}}::h1801315567bd1851
[INFO] [stdout]                                at /opt/rustwide/workdir/src/test/module/basic_tests.rs:9:23
[INFO] [stdout]   22:     0x55ebfa36efa5 - core::ops::function::FnOnce::call_once::h25248d0fc02d7088
[INFO] [stdout]                                at /rustc/84c898d65adf2f39a5a98507f1fe0ce10a2b8dbc/library/core/src/ops/function.rs:250:5
[INFO] [stdout]   23:     0x55ebfa3c412f - core::ops::function::FnOnce::call_once::h7d969581be7d0075
[INFO] [stdout]                                at /rustc/84c898d65adf2f39a5a98507f1fe0ce10a2b8dbc/library/core/src/ops/function.rs:250:5
[INFO] [stdout]   24:     0x55ebfa3c412f - test::__rust_begin_short_backtrace::hca25a52684e56655
[INFO] [stdout]                                at /rustc/84c898d65adf2f39a5a98507f1fe0ce10a2b8dbc/library/test/src/lib.rs:656:18
[INFO] [stdout]   25:     0x55ebfa39574c - test::run_test::{{closure}}::ha8ac744c4af1a4bb
[INFO] [stdout]                                at /rustc/84c898d65adf2f39a5a98507f1fe0ce10a2b8dbc/library/test/src/lib.rs:647:30
[INFO] [stdout]   26:     0x55ebfa39574c - core::ops::function::FnOnce::call_once{{vtable.shim}}::h7b411a9ed45bdecf
[INFO] [stdout]                                at /rustc/84c898d65adf2f39a5a98507f1fe0ce10a2b8dbc/library/core/src/ops/function.rs:250:5
[INFO] [stdout]   27:     0x55ebfa3c30f6 - <alloc::boxed::Box<F,A> as core::ops::function::FnOnce<Args>>::call_once::hd05328869a8ed200
[INFO] [stdout]                                at /rustc/84c898d65adf2f39a5a98507f1fe0ce10a2b8dbc/library/alloc/src/boxed.rs:1987:9
[INFO] [stdout]   28:     0x55ebfa3c30f6 - <core::panic::unwind_safe::AssertUnwindSafe<F> as core::ops::function::FnOnce<()>>::call_once::h0c601ce20bd5b2be
[INFO] [stdout]                                at /rustc/84c898d65adf2f39a5a98507f1fe0ce10a2b8dbc/library/core/src/panic/unwind_safe.rs:271:9
[INFO] [stdout]   29:     0x55ebfa3c30f6 - std::panicking::try::do_call::ha4be5c164fe30854
[INFO] [stdout]                                at /rustc/84c898d65adf2f39a5a98507f1fe0ce10a2b8dbc/library/std/src/panicking.rs:487:40
[INFO] [stdout]   30:     0x55ebfa3c30f6 - std::panicking::try::h604546f3609af05f
[INFO] [stdout]                                at /rustc/84c898d65adf2f39a5a98507f1fe0ce10a2b8dbc/library/std/src/panicking.rs:451:19
[INFO] [stdout]   31:     0x55ebfa3c30f6 - std::panic::catch_unwind::h5bfa8afe44c9c2f9
[INFO] [stdout]                                at /rustc/84c898d65adf2f39a5a98507f1fe0ce10a2b8dbc/library/std/src/panic.rs:140:14
[INFO] [stdout]   32:     0x55ebfa3c30f6 - test::run_test_in_process::hd50dee55dd63e6aa
[INFO] [stdout]                                at /rustc/84c898d65adf2f39a5a98507f1fe0ce10a2b8dbc/library/test/src/lib.rs:679:27
[INFO] [stdout]   33:     0x55ebfa3c30f6 - test::run_test::run_test_inner::{{closure}}::h4aa0f433aa85cea8
[INFO] [stdout]                                at /rustc/84c898d65adf2f39a5a98507f1fe0ce10a2b8dbc/library/test/src/lib.rs:573:39
[INFO] [stdout]   34:     0x55ebfa38fdc1 - test::run_test::run_test_inner::{{closure}}::had56431adf24b4d6
[INFO] [stdout]                                at /rustc/84c898d65adf2f39a5a98507f1fe0ce10a2b8dbc/library/test/src/lib.rs:600:37
[INFO] [stdout]   35:     0x55ebfa38fdc1 - std::sys_common::backtrace::__rust_begin_short_backtrace::ha8d9890e0c73bf13
[INFO] [stdout]                                at /rustc/84c898d65adf2f39a5a98507f1fe0ce10a2b8dbc/library/std/src/sys_common/backtrace.rs:134:18
[INFO] [stdout]   36:     0x55ebfa3957db - std::thread::Builder::spawn_unchecked_::{{closure}}::{{closure}}::h251832bcb4a95327
[INFO] [stdout]                                at /rustc/84c898d65adf2f39a5a98507f1fe0ce10a2b8dbc/library/std/src/thread/mod.rs:560:17
[INFO] [stdout]   37:     0x55ebfa3957db - <core::panic::unwind_safe::AssertUnwindSafe<F> as core::ops::function::FnOnce<()>>::call_once::h8fdff598fa414831
[INFO] [stdout]                                at /rustc/84c898d65adf2f39a5a98507f1fe0ce10a2b8dbc/library/core/src/panic/unwind_safe.rs:271:9
[INFO] [stdout]   38:     0x55ebfa3957db - std::panicking::try::do_call::h455dd2f7764a950f
[INFO] [stdout]                                at /rustc/84c898d65adf2f39a5a98507f1fe0ce10a2b8dbc/library/std/src/panicking.rs:487:40
[INFO] [stdout]   39:     0x55ebfa3957db - std::panicking::try::had6f23b7b73ae72a
[INFO] [stdout]                                at /rustc/84c898d65adf2f39a5a98507f1fe0ce10a2b8dbc/library/std/src/panicking.rs:451:19
[INFO] [stdout]   40:     0x55ebfa3957db - std::panic::catch_unwind::ha6a5ca3915b4dad0
[INFO] [stdout]                                at /rustc/84c898d65adf2f39a5a98507f1fe0ce10a2b8dbc/library/std/src/panic.rs:140:14
[INFO] [stdout]   41:     0x55ebfa3957db - std::thread::Builder::spawn_unchecked_::{{closure}}::h883b72ef75da6231
[INFO] [stdout]                                at /rustc/84c898d65adf2f39a5a98507f1fe0ce10a2b8dbc/library/std/src/thread/mod.rs:559:30
[INFO] [stdout]   42:     0x55ebfa3957db - core::ops::function::FnOnce::call_once{{vtable.shim}}::hb7dff73dc8bd2ccb
[INFO] [stdout]                                at /rustc/84c898d65adf2f39a5a98507f1fe0ce10a2b8dbc/library/core/src/ops/function.rs:250:5
[INFO] [stdout]   43:     0x55ebfa433993 - <alloc::boxed::Box<F,A> as core::ops::function::FnOnce<Args>>::call_once::h39990b24eedef2ab
[INFO] [stdout]                                at /rustc/84c898d65adf2f39a5a98507f1fe0ce10a2b8dbc/library/alloc/src/boxed.rs:1987:9
[INFO] [stdout]   44:     0x55ebfa433993 - <alloc::boxed::Box<F,A> as core::ops::function::FnOnce<Args>>::call_once::h01a027258444143b
[INFO] [stdout]                                at /rustc/84c898d65adf2f39a5a98507f1fe0ce10a2b8dbc/library/alloc/src/boxed.rs:1987:9
[INFO] [stdout]   45:     0x55ebfa433993 - std::sys::unix::thread::Thread::new::thread_start::ha4f1cdd9c25884ba
[INFO] [stdout]                                at /rustc/84c898d65adf2f39a5a98507f1fe0ce10a2b8dbc/library/std/src/sys/unix/thread.rs:108:17
[INFO] [stdout]   46:     0x7f24311c1b43 - <unknown>
[INFO] [stdout]   47:     0x7f2431252bb4 - __clone
[INFO] [stdout]   48:                0x0 - <unknown>
[INFO] [stdout] 
[INFO] [stdout] ---- test::module::basic_tests::load stdout ----
[INFO] [stdout] thread 'test::module::basic_tests::load' panicked at 'called `Result::unwrap()` on an `Err` value: Error(PathVerificationNotExist("/opt/rustwide/workdir/test/res/module"), (None, Some(stack backtrace:
[INFO] [stdout]    0:     0x55ebfa3d4c40 - backtrace::backtrace::libunwind::trace::hb8a57c4bec9fc3ef
[INFO] [stdout]                         at src/backtrace/libunwind.rs:54
[INFO] [stdout]                          - backtrace::backtrace::trace::h00a83b5abe4dd713
[INFO] [stdout]                         at src/backtrace/mod.rs:70
[INFO] [stdout]    1:     0x55ebfa3cad68 - backtrace::capture::Backtrace::new::h50357603fe0c639d
[INFO] [stdout]                         at /opt/rustwide/target/debug/build/backtrace-70b3a8c921a8a23e/out/capture.rs:79
[INFO] [stdout]    2:     0x55ebfa3c87e1 - error_chain::make_backtrace::h2b80ca29c157e0f6
[INFO] [stdout]                         at src/lib.rs:684
[INFO] [stdout]    3:     0x55ebfa389965 - <appscraps_module::error::Error as core::convert::From<appscraps_module::error::ErrorKind>>::from::h5ae53e4fb9a3bc8d
[INFO] [stdout]                         at /opt/rustwide/cargo-home/registry/src/github.com-1ecc6299db9ec823/error-chain-0.5.0/src/lib.rs:414
[INFO] [stdout]    4:     0x55ebfa3897ec - <T as core::convert::Into<U>>::into::h1c352af2e85bc8d3
[INFO] [stdout]                         at /rustc/84c898d65adf2f39a5a98507f1fe0ce10a2b8dbc/library/core/src/convert/mod.rs:726
[INFO] [stdout]    5:     0x55ebfa38649b - appscraps_module::util::path_resolver::PathResolver::verify_search_path::ha2663ed3f3395271
[INFO] [stdout]                         at src/util/path_resolver.rs:214
[INFO] [stdout]    6:     0x55ebfa385160 - appscraps_module::util::path_resolver::PathResolver::new::h57fb257e22989fb2
[INFO] [stdout]                         at src/util/path_resolver.rs:21
[INFO] [stdout]    7:     0x55ebfa375f32 - appscraps_module::load::module_loader::ModuleLoader::load::h76b082600a0ac724
[INFO] [stdout]                         at src/load/module_loader.rs:28
[INFO] [stdout]    8:     0x55ebfa381e18 - appscraps_module::test::res::module::all_module::h120288d04c380ceb
[INFO] [stdout]                         at src/test/res/module.rs:10
[INFO] [stdout]    9:     0x55ebfa389230 - appscraps_module::test::module::basic_tests::load::h63c68d7a751a6827
[INFO] [stdout]                         at src/test/module/basic_tests.rs:5
[INFO] [stdout]   10:     0x55ebfa389206 - appscraps_module::test::module::basic_tests::load::{{closure}}::hd6be60c6b786ca85
[INFO] [stdout]                         at src/test/module/basic_tests.rs:4
[INFO] [stdout]   11:     0x55ebfa36f064 - core::ops::function::FnOnce::call_once::h7e4aaea079e7702b
[INFO] [stdout]                         at /rustc/84c898d65adf2f39a5a98507f1fe0ce10a2b8dbc/library/core/src/ops/function.rs:250
[INFO] [stdout]   12:     0x55ebfa3c412e - core::ops::function::FnOnce::call_once::h7d969581be7d0075
[INFO] [stdout]                         at library/core/src/ops/function.rs:250
[INFO] [stdout]                          - test::__rust_begin_short_backtrace::hca25a52684e56655
[INFO] [stdout]                         at library/test/src/lib.rs:656
[INFO] [stdout]   13:     0x55ebfa39574b - test::run_test::{{closure}}::ha8ac744c4af1a4bb
[INFO] [stdout]                         at library/test/src/lib.rs:647
[INFO] [stdout]                          - core::ops::function::FnOnce::call_once{{vtable.shim}}::h7b411a9ed45bdecf
[INFO] [stdout]                         at library/core/src/ops/function.rs:250
[INFO] [stdout]   14:     0x55ebfa3c30f5 - <alloc::boxed::Box<F,A> as core::ops::function::FnOnce<Args>>::call_once::hd05328869a8ed200
[INFO] [stdout]                         at library/alloc/src/boxed.rs:1987
[INFO] [stdout]                          - <core::panic::unwind_safe::AssertUnwindSafe<F> as core::ops::function::FnOnce<()>>::call_once::h0c601ce20bd5b2be
[INFO] [stdout]                         at library/core/src/panic/unwind_safe.rs:271
[INFO] [stdout]                          - std::panicking::try::do_call::ha4be5c164fe30854
[INFO] [stdout]                         at library/std/src/panicking.rs:487
[INFO] [stdout]                          - std::panicking::try::h604546f3609af05f
[INFO] [stdout]                         at library/std/src/panicking.rs:451
[INFO] [stdout]                          - std::panic::catch_unwind::h5bfa8afe44c9c2f9
[INFO] [stdout]                         at library/std/src/panic.rs:140
[INFO] [stdout]                          - test::run_test_in_process::hd50dee55dd63e6aa
[INFO] [stdout]                         at library/test/src/lib.rs:679
[INFO] [stdout]                          - test::run_test::run_test_inner::{{closure}}::h4aa0f433aa85cea8
[INFO] [stdout]                         at library/test/src/lib.rs:573
[INFO] [stdout]   15:     0x55ebfa38fdc0 - test::run_test::run_test_inner::{{closure}}::had56431adf24b4d6
[INFO] [stdout]                         at library/test/src/lib.rs:600
[INFO] [stdout]                          - std::sys_common::backtrace::__rust_begin_short_backtrace::ha8d9890e0c73bf13
[INFO] [stdout]                         at library/std/src/sys_common/backtrace.rs:134
[INFO] [stdout]   16:     0x55ebfa3957da - std::thread::Builder::spawn_unchecked_::{{closure}}::{{closure}}::h251832bcb4a95327
[INFO] [stdout]                         at library/std/src/thread/mod.rs:560
[INFO] [stdout]                          - <core::panic::unwind_safe::AssertUnwindSafe<F> as core::ops::function::FnOnce<()>>::call_once::h8fdff598fa414831
[INFO] [stdout]                         at library/core/src/panic/unwind_safe.rs:271
[INFO] [stdout]                          - std::panicking::try::do_call::h455dd2f7764a950f
[INFO] [stdout]                         at library/std/src/panicking.rs:487
[INFO] [stdout]                          - std::panicking::try::had6f23b7b73ae72a
[INFO] [stdout]                         at library/std/src/panicking.rs:451
[INFO] [stdout]                          - std::panic::catch_unwind::ha6a5ca3915b4dad0
[INFO] [stdout]                         at library/std/src/panic.rs:140
[INFO] [stdout]                          - std::thread::Builder::spawn_unchecked_::{{closure}}::h883b72ef75da6231
[INFO] [stdout]                         at library/std/src/thread/mod.rs:559
[INFO] [stdout]                          - core::ops::function::FnOnce::call_once{{vtable.shim}}::hb7dff73dc8bd2ccb
[INFO] [stdout]                         at library/core/src/ops/function.rs:250
[INFO] [stdout]   17:     0x55ebfa433992 - <alloc::boxed::Box<F,A> as core::ops::function::FnOnce<Args>>::call_once::h39990b24eedef2ab
[INFO] [stdout]                         at library/alloc/src/boxed.rs:1987
[INFO] [stdout]                          - <alloc::boxed::Box<F,A> as core::ops::function::FnOnce<Args>>::call_once::h01a027258444143b
[INFO] [stdout]                         at library/alloc/src/boxed.rs:1987
[INFO] [stdout]                          - std::sys::unix::thread::Thread::new::thread_start::ha4f1cdd9c25884ba
[INFO] [stdout]                         at library/std/src/sys/unix/thread.rs:108
[INFO] [stdout]   18:     0x7f24311c1b42 - <unknown>
[INFO] [stdout]   19:     0x7f2431252bb3 - __clone
[INFO] [stdout]   20:                0x0 - <unknown>)))', src/test/module/basic_tests.rs:5:37
[INFO] [stdout] stack backtrace:
[INFO] [stdout]    0:     0x55ebfa42cf2a - std::backtrace_rs::backtrace::libunwind::trace::ha9053a9a07ca49cb
[INFO] [stdout]                                at /rustc/84c898d65adf2f39a5a98507f1fe0ce10a2b8dbc/library/std/src/../../backtrace/src/backtrace/libunwind.rs:93:5
[INFO] [stdout]    1:     0x55ebfa42cf2a - std::backtrace_rs::backtrace::trace_unsynchronized::h9c2852a457ad564e
[INFO] [stdout]                                at /rustc/84c898d65adf2f39a5a98507f1fe0ce10a2b8dbc/library/std/src/../../backtrace/src/backtrace/mod.rs:66:5
[INFO] [stdout]    2:     0x55ebfa42cf2a - std::sys_common::backtrace::_print_fmt::h457936fbfaa0070f
[INFO] [stdout]                                at /rustc/84c898d65adf2f39a5a98507f1fe0ce10a2b8dbc/library/std/src/sys_common/backtrace.rs:65:5
[INFO] [stdout]    3:     0x55ebfa42cf2a - <std::sys_common::backtrace::_print::DisplayBacktrace as core::fmt::Display>::fmt::h5779d7bf7f70cb0c
[INFO] [stdout]                                at /rustc/84c898d65adf2f39a5a98507f1fe0ce10a2b8dbc/library/std/src/sys_common/backtrace.rs:44:22
[INFO] [stdout]    4:     0x55ebfa450a2e - core::fmt::write::h5a4baaff1bcd3eb5
[INFO] [stdout]                                at /rustc/84c898d65adf2f39a5a98507f1fe0ce10a2b8dbc/library/core/src/fmt/mod.rs:1232:17
[INFO] [stdout]    5:     0x55ebfa429eb5 - std::io::Write::write_fmt::h478f79c628ef31d1
[INFO] [stdout]                                at /rustc/84c898d65adf2f39a5a98507f1fe0ce10a2b8dbc/library/std/src/io/mod.rs:1684:15
[INFO] [stdout]    6:     0x55ebfa42ccf5 - std::sys_common::backtrace::_print::h5fcdc36060f177e8
[INFO] [stdout]                                at /rustc/84c898d65adf2f39a5a98507f1fe0ce10a2b8dbc/library/std/src/sys_common/backtrace.rs:47:5
[INFO] [stdout]    7:     0x55ebfa42ccf5 - std::sys_common::backtrace::print::h54ca9458b876c8bf
[INFO] [stdout]                                at /rustc/84c898d65adf2f39a5a98507f1fe0ce10a2b8dbc/library/std/src/sys_common/backtrace.rs:34:9
[INFO] [stdout]    8:     0x55ebfa42eabf - std::panicking::default_hook::{{closure}}::hbe471161c7664ed6
[INFO] [stdout]                                at /rustc/84c898d65adf2f39a5a98507f1fe0ce10a2b8dbc/library/std/src/panicking.rs:271:22
[INFO] [stdout]    9:     0x55ebfa42e77f - std::panicking::default_hook::ha3500da57aa4ac4f
[INFO] [stdout]                                at /rustc/84c898d65adf2f39a5a98507f1fe0ce10a2b8dbc/library/std/src/panicking.rs:287:9
[INFO] [stdout]   10:     0x55ebfa3bed47 - <alloc::boxed::Box<F,A> as core::ops::function::Fn<Args>>::call::hdf1b89dd137ece34
[INFO] [stdout]                                at /rustc/84c898d65adf2f39a5a98507f1fe0ce10a2b8dbc/library/alloc/src/boxed.rs:2001:9
[INFO] [stdout]   11:     0x55ebfa3bed47 - test::test_main::{{closure}}::h9081a79f20e75698
[INFO] [stdout]                                at /rustc/84c898d65adf2f39a5a98507f1fe0ce10a2b8dbc/library/test/src/lib.rs:135:21
[INFO] [stdout]   12:     0x55ebfa42f1ed - <alloc::boxed::Box<F,A> as core::ops::function::Fn<Args>>::call::h6507bddc3eebb4a5
[INFO] [stdout]                                at /rustc/84c898d65adf2f39a5a98507f1fe0ce10a2b8dbc/library/alloc/src/boxed.rs:2001:9
[INFO] [stdout]   13:     0x55ebfa42f1ed - std::panicking::rust_panic_with_hook::h50c09d000dc561d2
[INFO] [stdout]                                at /rustc/84c898d65adf2f39a5a98507f1fe0ce10a2b8dbc/library/std/src/panicking.rs:696:13
[INFO] [stdout]   14:     0x55ebfa42ef69 - std::panicking::begin_panic_handler::{{closure}}::h9e2b2176e00e0d9c
[INFO] [stdout]                                at /rustc/84c898d65adf2f39a5a98507f1fe0ce10a2b8dbc/library/std/src/panicking.rs:583:13
[INFO] [stdout]   15:     0x55ebfa42d396 - std::sys_common::backtrace::__rust_end_short_backtrace::h5739b8e512c09d02
[INFO] [stdout]                                at /rustc/84c898d65adf2f39a5a98507f1fe0ce10a2b8dbc/library/std/src/sys_common/backtrace.rs:150:18
[INFO] [stdout]   16:     0x55ebfa42ec72 - rust_begin_unwind
[INFO] [stdout]                                at /rustc/84c898d65adf2f39a5a98507f1fe0ce10a2b8dbc/library/std/src/panicking.rs:579:5
[INFO] [stdout]   17:     0x55ebfa343d13 - core::panicking::panic_fmt::hf33a1475b4dc5c3e
[INFO] [stdout]                                at /rustc/84c898d65adf2f39a5a98507f1fe0ce10a2b8dbc/library/core/src/panicking.rs:64:14
[INFO] [stdout]   18:     0x55ebfa344163 - core::result::unwrap_failed::hdff5465d74574b44
[INFO] [stdout]                                at /rustc/84c898d65adf2f39a5a98507f1fe0ce10a2b8dbc/library/core/src/result.rs:1750:5
[INFO] [stdout]   19:     0x55ebfa370d75 - core::result::Result<T,E>::unwrap::h537a77d3d9d35c6f
[INFO] [stdout]                                at /rustc/84c898d65adf2f39a5a98507f1fe0ce10a2b8dbc/library/core/src/result.rs:1090:23
[INFO] [stdout]   20:     0x55ebfa389245 - appscraps_module::test::module::basic_tests::load::h63c68d7a751a6827
[INFO] [stdout]                                at /opt/rustwide/workdir/src/test/module/basic_tests.rs:5:5
[INFO] [stdout]   21:     0x55ebfa389207 - appscraps_module::test::module::basic_tests::load::{{closure}}::hd6be60c6b786ca85
[INFO] [stdout]                                at /opt/rustwide/workdir/src/test/module/basic_tests.rs:4:15
[INFO] [stdout]   22:     0x55ebfa36f065 - core::ops::function::FnOnce::call_once::h7e4aaea079e7702b
[INFO] [stdout]                                at /rustc/84c898d65adf2f39a5a98507f1fe0ce10a2b8dbc/library/core/src/ops/function.rs:250:5
[INFO] [stdout]   23:     0x55ebfa3c412f - core::ops::function::FnOnce::call_once::h7d969581be7d0075
[INFO] [stdout]                                at /rustc/84c898d65adf2f39a5a98507f1fe0ce10a2b8dbc/library/core/src/ops/function.rs:250:5
[INFO] [stdout]   24:     0x55ebfa3c412f - test::__rust_begin_short_backtrace::hca25a52684e56655
[INFO] [stdout]                                at /rustc/84c898d65adf2f39a5a98507f1fe0ce10a2b8dbc/library/test/src/lib.rs:656:18
[INFO] [stdout]   25:     0x55ebfa39574c - test::run_test::{{closure}}::ha8ac744c4af1a4bb
[INFO] [stdout]                                at /rustc/84c898d65adf2f39a5a98507f1fe0ce10a2b8dbc/library/test/src/lib.rs:647:30
[INFO] [stdout]   26:     0x55ebfa39574c - core::ops::function::FnOnce::call_once{{vtable.shim}}::h7b411a9ed45bdecf
[INFO] [stdout]                                at /rustc/84c898d65adf2f39a5a98507f1fe0ce10a2b8dbc/library/core/src/ops/function.rs:250:5
[INFO] [stdout]   27:     0x55ebfa3c30f6 - <alloc::boxed::Box<F,A> as core::ops::function::FnOnce<Args>>::call_once::hd05328869a8ed200
[INFO] [stdout]                                at /rustc/84c898d65adf2f39a5a98507f1fe0ce10a2b8dbc/library/alloc/src/boxed.rs:1987:9
[INFO] [stdout]   28:     0x55ebfa3c30f6 - <core::panic::unwind_safe::AssertUnwindSafe<F> as core::ops::function::FnOnce<()>>::call_once::h0c601ce20bd5b2be
[INFO] [stdout]                                at /rustc/84c898d65adf2f39a5a98507f1fe0ce10a2b8dbc/library/core/src/panic/unwind_safe.rs:271:9
[INFO] [stdout]   29:     0x55ebfa3c30f6 - std::panicking::try::do_call::ha4be5c164fe30854
[INFO] [stdout]                                at /rustc/84c898d65adf2f39a5a98507f1fe0ce10a2b8dbc/library/std/src/panicking.rs:487:40
[INFO] [stdout]   30:     0x55ebfa3c30f6 - std::panicking::try::h604546f3609af05f
[INFO] [stdout]                                at /rustc/84c898d65adf2f39a5a98507f1fe0ce10a2b8dbc/library/std/src/panicking.rs:451:19
[INFO] [stdout]   31:     0x55ebfa3c30f6 - std::panic::catch_unwind::h5bfa8afe44c9c2f9
[INFO] [stdout]                                at /rustc/84c898d65adf2f39a5a98507f1fe0ce10a2b8dbc/library/std/src/panic.rs:140:14
[INFO] [stdout]   32:     0x55ebfa3c30f6 - test::run_test_in_process::hd50dee55dd63e6aa
[INFO] [stdout]                                at /rustc/84c898d65adf2f39a5a98507f1fe0ce10a2b8dbc/library/test/src/lib.rs:679:27
[INFO] [stdout]   33:     0x55ebfa3c30f6 - test::run_test::run_test_inner::{{closure}}::h4aa0f433aa85cea8
[INFO] [stdout]                                at /rustc/84c898d65adf2f39a5a98507f1fe0ce10a2b8dbc/library/test/src/lib.rs:573:39
[INFO] [stdout]   34:     0x55ebfa38fdc1 - test::run_test::run_test_inner::{{closure}}::had56431adf24b4d6
[INFO] [stdout]                                at /rustc/84c898d65adf2f39a5a98507f1fe0ce10a2b8dbc/library/test/src/lib.rs:600:37
[INFO] [stdout]   35:     0x55ebfa38fdc1 - std::sys_common::backtrace::__rust_begin_short_backtrace::ha8d9890e0c73bf13
[INFO] [stdout]                                at /rustc/84c898d65adf2f39a5a98507f1fe0ce10a2b8dbc/library/std/src/sys_common/backtrace.rs:134:18
[INFO] [stdout]   36:     0x55ebfa3957db - std::thread::Builder::spawn_unchecked_::{{closure}}::{{closure}}::h251832bcb4a95327
[INFO] [stdout]                                at /rustc/84c898d65adf2f39a5a98507f1fe0ce10a2b8dbc/library/std/src/thread/mod.rs:560:17
[INFO] [stdout]   37:     0x55ebfa3957db - <core::panic::unwind_safe::AssertUnwindSafe<F> as core::ops::function::FnOnce<()>>::call_once::h8fdff598fa414831
[INFO] [stdout]                                at /rustc/84c898d65adf2f39a5a98507f1fe0ce10a2b8dbc/library/core/src/panic/unwind_safe.rs:271:9
[INFO] [stdout]   38:     0x55ebfa3957db - std::panicking::try::do_call::h455dd2f7764a950f
[INFO] [stdout]                                at /rustc/84c898d65adf2f39a5a98507f1fe0ce10a2b8dbc/library/std/src/panicking.rs:487:40
[INFO] [stdout]   39:     0x55ebfa3957db - std::panicking::try::had6f23b7b73ae72a
[INFO] [stdout]                                at /rustc/84c898d65adf2f39a5a98507f1fe0ce10a2b8dbc/library/std/src/panicking.rs:451:19
[INFO] [stdout]   40:     0x55ebfa3957db - std::panic::catch_unwind::ha6a5ca3915b4dad0
[INFO] [stdout]                                at /rustc/84c898d65adf2f39a5a98507f1fe0ce10a2b8dbc/library/std/src/panic.rs:140:14
[INFO] [stdout]   41:     0x55ebfa3957db - std::thread::Builder::spawn_unchecked_::{{closure}}::h883b72ef75da6231
[INFO] [stdout]                                at /rustc/84c898d65adf2f39a5a98507f1fe0ce10a2b8dbc/library/std/src/thread/mod.rs:559:30
[INFO] [stdout]   42:     0x55ebfa3957db - core::ops::function::FnOnce::call_once{{vtable.shim}}::hb7dff73dc8bd2ccb
[INFO] [stdout]                                at /rustc/84c898d65adf2f39a5a98507f1fe0ce10a2b8dbc/library/core/src/ops/function.rs:250:5
[INFO] [stdout]   43:     0x55ebfa433993 - <alloc::boxed::Box<F,A> as core::ops::function::FnOnce<Args>>::call_once::h39990b24eedef2ab
[INFO] [stdout]                                at /rustc/84c898d65adf2f39a5a98507f1fe0ce10a2b8dbc/library/alloc/src/boxed.rs:1987:9
[INFO] [stdout]   44:     0x55ebfa433993 - <alloc::boxed::Box<F,A> as core::ops::function::FnOnce<Args>>::call_once::h01a027258444143b
[INFO] [stdout]                                at /rustc/84c898d65adf2f39a5a98507f1fe0ce10a2b8dbc/library/alloc/src/boxed.rs:1987:9
[INFO] [stdout]   45:     0x55ebfa433993 - std::sys::unix::thread::Thread::new::thread_start::ha4f1cdd9c25884ba
[INFO] [stdout]                                at /rustc/84c898d65adf2f39a5a98507f1fe0ce10a2b8dbc/library/std/src/sys/unix/thread.rs:108:17
[INFO] [stdout]   46:     0x7f24311c1b43 - <unknown>
[INFO] [stdout]   47:     0x7f2431252bb4 - __clone
[INFO] [stdout]   48:                0x0 - <unknown>
[INFO] [stdout] 
[INFO] [stdout] 
[INFO] [stdout] failures:
[INFO] [stdout]     test::module::basic_tests::load
[INFO] [stdout]     test::module::basic_tests::verify_names
[INFO] [stdout] 
[INFO] [stdout] test result: FAILED. 0 passed; 2 failed; 0 ignored; 0 measured; 0 filtered out; finished in 0.25s
[INFO] [stdout] 
[INFO] [stderr] error: test failed, to rerun pass `--lib`
[INFO] running `Command { std: "docker" "inspect" "b409fe02befb291daf778ecae3b73fc24faa72add0b8d8f6367f24358497d9e8", kill_on_drop: false }`
[INFO] running `Command { std: "docker" "rm" "-f" "b409fe02befb291daf778ecae3b73fc24faa72add0b8d8f6367f24358497d9e8", kill_on_drop: false }`
[INFO] [stdout] b409fe02befb291daf778ecae3b73fc24faa72add0b8d8f6367f24358497d9e8
