[INFO] fetching crate apache-nimble-sys 0.0.1...
[INFO] testing apache-nimble-sys-0.0.1 against 1.69.0 for beta-1.70-1
[INFO] extracting crate apache-nimble-sys 0.0.1 into /workspace/builds/worker-4-tc1/source
[INFO] validating manifest of crates.io crate apache-nimble-sys 0.0.1 on toolchain 1.69.0
[INFO] running `Command { std: CARGO_HOME="/workspace/cargo-home" RUSTUP_HOME="/workspace/rustup-home" "/workspace/cargo-home/bin/cargo" "+1.69.0" "metadata" "--manifest-path" "Cargo.toml" "--no-deps", kill_on_drop: false }`
[INFO] started tweaking crates.io crate apache-nimble-sys 0.0.1
[INFO] finished tweaking crates.io crate apache-nimble-sys 0.0.1
[INFO] tweaked toml for crates.io crate apache-nimble-sys 0.0.1 written to /workspace/builds/worker-4-tc1/source/Cargo.toml
[INFO] running `Command { std: CARGO_HOME="/workspace/cargo-home" RUSTUP_HOME="/workspace/rustup-home" __CARGO_TEST_CHANNEL_OVERRIDE_DO_NOT_USE_THIS="nightly" "/workspace/cargo-home/bin/cargo" "+1.69.0" "generate-lockfile" "--manifest-path" "Cargo.toml" "-Zno-index-update", kill_on_drop: false }`
[INFO] running `Command { std: CARGO_HOME="/workspace/cargo-home" RUSTUP_HOME="/workspace/rustup-home" "/workspace/cargo-home/bin/cargo" "+1.69.0" "fetch" "--manifest-path" "Cargo.toml", kill_on_drop: false }`
[INFO] [stderr] warning: the cargo feature `resolver` has been stabilized in the 1.51 release and is no longer necessary to be listed in the manifest
[INFO] [stderr]   See https://doc.rust-lang.org/cargo/reference/resolver.html#resolver-versions for more information about using this feature.
[INFO] [stderr]  Downloading crates ...
[INFO] [stderr]   Downloaded glob v0.3.1
[INFO] [stderr]   Downloaded cexpr v0.4.0
[INFO] [stderr]   Downloaded libloading v0.5.2
[INFO] [stderr]   Downloaded shlex v0.1.1
[INFO] [stderr]   Downloaded which v3.1.1
[INFO] [stderr]   Downloaded cty v0.2.2
[INFO] [stderr]   Downloaded nom v5.1.3
[INFO] [stderr]   Downloaded clang-sys v0.29.3
[INFO] [stderr]   Downloaded env_logger v0.7.1
[INFO] [stderr]   Downloaded bindgen v0.53.3
[INFO] [stderr]   Downloaded cstr_core v0.2.6
[INFO] running `Command { std: "docker" "create" "-v" "/var/lib/crater-agent-workspace/builds/worker-4-tc1/target:/opt/rustwide/target:rw,Z" "-v" "/var/lib/crater-agent-workspace/builds/worker-4-tc1/source:/opt/rustwide/workdir:ro,Z" "-v" "/var/lib/crater-agent-workspace/cargo-home:/opt/rustwide/cargo-home:ro,Z" "-v" "/var/lib/crater-agent-workspace/rustup-home:/opt/rustwide/rustup-home:ro,Z" "-e" "SOURCE_DIR=/opt/rustwide/workdir" "-e" "CARGO_TARGET_DIR=/opt/rustwide/target" "-e" "CARGO_HOME=/opt/rustwide/cargo-home" "-e" "RUSTUP_HOME=/opt/rustwide/rustup-home" "-w" "/opt/rustwide/workdir" "-m" "1610612736" "--user" "0:0" "--network" "none" "ghcr.io/rust-lang/crates-build-env/linux@sha256:5ff2268d62e97bff2cde7d5815dd6ed5b47097566f13b8d0ca110b04b60e07ed" "/opt/rustwide/cargo-home/bin/cargo" "+1.69.0" "metadata" "--no-deps" "--format-version=1", kill_on_drop: false }`
[INFO] [stdout] 5fb8074e0956517a5e3adc98e7f86933bfdffe0bd2484671d04f96f3db37b722
[INFO] running `Command { std: "docker" "start" "-a" "5fb8074e0956517a5e3adc98e7f86933bfdffe0bd2484671d04f96f3db37b722", kill_on_drop: false }`
[INFO] running `Command { std: "docker" "inspect" "5fb8074e0956517a5e3adc98e7f86933bfdffe0bd2484671d04f96f3db37b722", kill_on_drop: false }`
[INFO] running `Command { std: "docker" "rm" "-f" "5fb8074e0956517a5e3adc98e7f86933bfdffe0bd2484671d04f96f3db37b722", kill_on_drop: false }`
[INFO] [stdout] 5fb8074e0956517a5e3adc98e7f86933bfdffe0bd2484671d04f96f3db37b722
[INFO] running `Command { std: "docker" "create" "-v" "/var/lib/crater-agent-workspace/builds/worker-4-tc1/target:/opt/rustwide/target:rw,Z" "-v" "/var/lib/crater-agent-workspace/builds/worker-4-tc1/source:/opt/rustwide/workdir:ro,Z" "-v" "/var/lib/crater-agent-workspace/cargo-home:/opt/rustwide/cargo-home:ro,Z" "-v" "/var/lib/crater-agent-workspace/rustup-home:/opt/rustwide/rustup-home:ro,Z" "-e" "SOURCE_DIR=/opt/rustwide/workdir" "-e" "CARGO_TARGET_DIR=/opt/rustwide/target" "-e" "CARGO_INCREMENTAL=0" "-e" "RUST_BACKTRACE=full" "-e" "RUSTFLAGS=--cap-lints=warn" "-e" "RUSTDOCFLAGS=--cap-lints=warn" "-e" "CARGO_HOME=/opt/rustwide/cargo-home" "-e" "RUSTUP_HOME=/opt/rustwide/rustup-home" "-w" "/opt/rustwide/workdir" "-m" "1610612736" "--user" "0:0" "--network" "none" "ghcr.io/rust-lang/crates-build-env/linux@sha256:5ff2268d62e97bff2cde7d5815dd6ed5b47097566f13b8d0ca110b04b60e07ed" "/opt/rustwide/cargo-home/bin/cargo" "+1.69.0" "build" "--frozen" "--message-format=json", kill_on_drop: false }`
[INFO] [stdout] 0e4344484ae5dbcad23b1ebf0fe19a4e54fc46c9ce8515c0f7fd446f923e1fe6
[INFO] running `Command { std: "docker" "start" "-a" "0e4344484ae5dbcad23b1ebf0fe19a4e54fc46c9ce8515c0f7fd446f923e1fe6", kill_on_drop: false }`
[INFO] [stderr] warning: the cargo feature `resolver` has been stabilized in the 1.51 release and is no longer necessary to be listed in the manifest
[INFO] [stderr]   See https://doc.rust-lang.org/cargo/reference/resolver.html#resolver-versions for more information about using this feature.
[INFO] [stderr]    Compiling libc v0.2.142
[INFO] [stderr]    Compiling glob v0.3.1
[INFO] [stderr]    Compiling proc-macro2 v1.0.56
[INFO] [stderr]    Compiling unicode-width v0.1.10
[INFO] [stderr]    Compiling memchr v2.5.0
[INFO] [stderr]    Compiling nom v5.1.3
[INFO] [stderr]    Compiling libloading v0.5.2
[INFO] [stderr]    Compiling log v0.4.17
[INFO] [stderr]    Compiling quick-error v1.2.3
[INFO] [stderr]    Compiling cfg-if v1.0.0
[INFO] [stderr]    Compiling regex-syntax v0.7.1
[INFO] [stderr]    Compiling quote v1.0.26
[INFO] [stderr]    Compiling aho-corasick v1.0.1
[INFO] [stderr]    Compiling clang-sys v0.29.3
[INFO] [stderr]    Compiling humantime v1.3.0
[INFO] [stderr]    Compiling textwrap v0.11.0
[INFO] [stderr]    Compiling atty v0.2.14
[INFO] [stderr]    Compiling bindgen v0.53.3
[INFO] [stderr]    Compiling vec_map v0.8.2
[INFO] [stderr]    Compiling bitflags v1.3.2
[INFO] [stderr]    Compiling strsim v0.8.0
[INFO] [stderr]    Compiling termcolor v1.2.0
[INFO] [stderr]    Compiling ansi_term v0.12.1
[INFO] [stderr]    Compiling clap v2.34.0
[INFO] [stderr]    Compiling which v3.1.1
[INFO] [stderr]    Compiling lazy_static v1.4.0
[INFO] [stderr]    Compiling shlex v0.1.1
[INFO] [stderr]    Compiling lazycell v1.3.0
[INFO] [stderr]    Compiling cfg-if v0.1.10
[INFO] [stderr]    Compiling peeking_take_while v0.1.2
[INFO] [stderr]    Compiling rustc-hash v1.1.0
[INFO] [stderr]    Compiling cty v0.2.2
[INFO] [stderr]    Compiling cstr_core v0.2.6
[INFO] [stderr]    Compiling regex v1.8.1
[INFO] [stderr]    Compiling cexpr v0.4.0
[INFO] [stderr]    Compiling env_logger v0.7.1
[INFO] [stderr]    Compiling apache-nimble-sys v0.0.1 (/opt/rustwide/workdir)
[INFO] [stdout] warning: unused variable: `ptr`
[INFO] [stdout]  --> src/lib.rs:8:17
[INFO] [stdout]   |
[INFO] [stdout] 8 |     pub fn free(ptr: *mut cty::c_void) {}
[INFO] [stdout]   |                 ^^^ help: if this is intentional, prefix it with an underscore: `_ptr`
[INFO] [stdout]   |
[INFO] [stdout]   = note: `#[warn(unused_variables)]` on by default
[INFO] [stdout] 
[INFO] [stdout] 
[INFO] [stdout] warning: unused variable: `amt`
[INFO] [stdout]   --> src/lib.rs:11:19
[INFO] [stdout]    |
[INFO] [stdout] 11 |     pub fn malloc(amt: cty::size_t) -> *mut cty::c_void {
[INFO] [stdout]    |                   ^^^ help: if this is intentional, prefix it with an underscore: `_amt`
[INFO] [stdout] 
[INFO] [stdout] 
[INFO] [stdout] warning: unused variable: `file`
[INFO] [stdout]   --> src/lib.rs:16:26
[INFO] [stdout]    |
[INFO] [stdout] 16 |     pub fn __assert_func(file: *const char, line: usize, func: *const char, expr: *const char) {
[INFO] [stdout]    |                          ^^^^ help: if this is intentional, prefix it with an underscore: `_file`
[INFO] [stdout] 
[INFO] [stdout] 
[INFO] [stdout] warning: unused variable: `line`
[INFO] [stdout]   --> src/lib.rs:16:45
[INFO] [stdout]    |
[INFO] [stdout] 16 |     pub fn __assert_func(file: *const char, line: usize, func: *const char, expr: *const char) {
[INFO] [stdout]    |                                             ^^^^ help: if this is intentional, prefix it with an underscore: `_line`
[INFO] [stdout] 
[INFO] [stdout] 
[INFO] [stdout] warning: unused variable: `func`
[INFO] [stdout]   --> src/lib.rs:16:58
[INFO] [stdout]    |
[INFO] [stdout] 16 |     pub fn __assert_func(file: *const char, line: usize, func: *const char, expr: *const char) {
[INFO] [stdout]    |                                                          ^^^^ help: if this is intentional, prefix it with an underscore: `_func`
[INFO] [stdout] 
[INFO] [stdout] 
[INFO] [stdout] warning: unused variable: `expr`
[INFO] [stdout]   --> src/lib.rs:16:77
[INFO] [stdout]    |
[INFO] [stdout] 16 |     pub fn __assert_func(file: *const char, line: usize, func: *const char, expr: *const char) {
[INFO] [stdout]    |                                                                             ^^^^ help: if this is intentional, prefix it with an underscore: `_expr`
[INFO] [stdout] 
[INFO] [stdout] 
[INFO] [stdout] error[E0507]: cannot move out of `self.data` which is behind a shared reference
[INFO] [stdout]  --> /opt/rustwide/target/debug/build/apache-nimble-sys-276e82743fa3f967/out/bindings.rs:3:152615
[INFO] [stdout]   |
[INFO] [stdout] 3 | ...[derive (Debug)] pub struct ble_hci_cmd { pub opcode : u16 , pub length : u8 , pub data : __IncompleteArrayField < u8 > , } # [test] f...
[INFO] [stdout]   |             ----- in this derive macro expansion                                  ^^^^^^^^^^^^^^^^^^^^^^^^^^^^^^^^^^^^^^^^ move occurs because `self.data` has type `__IncompleteArrayField<u8>`, which does not implement the `Copy` trait
[INFO] [stdout]   |
[INFO] [stdout]   = note: this error originates in the derive macro `Debug` (in Nightly builds, run with -Z macro-backtrace for more info)
[INFO] [stdout] 
[INFO] [stdout] 
[INFO] [stdout] error[E0507]: cannot move out of `self.data` which is behind a shared reference
[INFO] [stdout]  --> /opt/rustwide/target/debug/build/apache-nimble-sys-276e82743fa3f967/out/bindings.rs:3:153698
[INFO] [stdout]   |
[INFO] [stdout] 3 | ...# [derive (Debug)] pub struct ble_hci_ev { pub opcode : u8 , pub length : u8 , pub data : __IncompleteArrayField < u8 > , } # [test] f...
[INFO] [stdout]   |               ----- in this derive macro expansion                                ^^^^^^^^^^^^^^^^^^^^^^^^^^^^^^^^^^^^^^^^ move occurs because `self.data` has type `__IncompleteArrayField<u8>`, which does not implement the `Copy` trait
[INFO] [stdout]   |
[INFO] [stdout]   = note: this error originates in the derive macro `Debug` (in Nightly builds, run with -Z macro-backtrace for more info)
[INFO] [stdout] 
[INFO] [stdout] 
[INFO] [stdout] error[E0507]: cannot move out of `self.h` which is behind a shared reference
[INFO] [stdout]  --> /opt/rustwide/target/debug/build/apache-nimble-sys-276e82743fa3f967/out/bindings.rs:3:162736
[INFO] [stdout]   |
[INFO] [stdout] 3 | ...e (Debug)] pub struct ble_hci_cb_host_num_comp_pkts_cp { pub handles : u8 , pub h : __IncompleteArrayField < ble_hci_cb_host_num_comp_pkts_entry > , ...
[INFO] [stdout]   |       ----- in this derive macro expansion                                     ^^^^^^^^^^^^^^^^^^^^^^^^^^^^^^^^^^^^^^^^^^^^^^^^^^^^^^^^^^^^^^^^^^^^^^ move occurs because `self.h` has type `__IncompleteArrayField<ble_hci_cb_host_num_comp_pkts_entry>`, which does not implement the `Copy` trait
[INFO] [stdout]   |
[INFO] [stdout]   = note: this error originates in the derive macro `Debug` (in Nightly builds, run with -Z macro-backtrace for more info)
[INFO] [stdout] 
[INFO] [stdout] 
[INFO] [stdout] error[E0507]: cannot move out of `self.adv_data` which is behind a shared reference
[INFO] [stdout]  --> /opt/rustwide/target/debug/build/apache-nimble-sys-276e82743fa3f967/out/bindings.rs:3:248112
[INFO] [stdout]   |
[INFO] [stdout] 3 | ...e (Debug)] pub struct ble_hci_le_set_ext_adv_data_cp { pub adv_handle : u8 , pub operation : u8 , pub fragment_pref : u8 , pub adv_data_len : u8 , pub adv_data : __IncompleteArrayField < u8 > , ...
[INFO] [stdout]   |       ----- in this derive macro expansion                                                                                                            ^^^^^^^^^^^^^^^^^^^^^^^^^^^^^^^^^^^^^^^^^^^^ move occurs because `self.adv_data` has type `__IncompleteArrayField<u8>`, which does not implement the `Copy` trait
[INFO] [stdout]   |
[INFO] [stdout]   = note: this error originates in the derive macro `Debug` (in Nightly builds, run with -Z macro-backtrace for more info)
[INFO] [stdout] 
[INFO] [stdout] 
[INFO] [stdout] error[E0507]: cannot move out of `self.scan_rsp` which is behind a shared reference
[INFO] [stdout]  --> /opt/rustwide/target/debug/build/apache-nimble-sys-276e82743fa3f967/out/bindings.rs:3:250035
[INFO] [stdout]   |
[INFO] [stdout] 3 | ...e (Debug)] pub struct ble_hci_le_set_ext_scan_rsp_data_cp { pub adv_handle : u8 , pub operation : u8 , pub fragment_pref : u8 , pub scan_rsp_len : u8 , pub scan_rsp : __IncompleteArrayField < u8 > , ...
[INFO] [stdout]   |       ----- in this derive macro expansion                                                                                                                 ^^^^^^^^^^^^^^^^^^^^^^^^^^^^^^^^^^^^^^^^^^^^ move occurs because `self.scan_rsp` has type `__IncompleteArrayField<u8>`, which does not implement the `Copy` trait
[INFO] [stdout]   |
[INFO] [stdout]   = note: this error originates in the derive macro `Debug` (in Nightly builds, run with -Z macro-backtrace for more info)
[INFO] [stdout] 
[INFO] [stdout] 
[INFO] [stdout] error[E0507]: cannot move out of `self.sets` which is behind a shared reference
[INFO] [stdout]  --> /opt/rustwide/target/debug/build/apache-nimble-sys-276e82743fa3f967/out/bindings.rs:3:253037
[INFO] [stdout]   |
[INFO] [stdout] 3 | ...e (Debug)] pub struct ble_hci_le_set_ext_adv_enable_cp { pub enable : u8 , pub num_sets : u8 , pub sets : __IncompleteArrayField < adv_set > , ...
[INFO] [stdout]   |       ----- in this derive macro expansion                                                        ^^^^^^^^^^^^^^^^^^^^^^^^^^^^^^^^^^^^^^^^^^^^^ move occurs because `self.sets` has type `__IncompleteArrayField<adv_set>`, which does not implement the `Copy` trait
[INFO] [stdout]   |
[INFO] [stdout]   = note: this error originates in the derive macro `Debug` (in Nightly builds, run with -Z macro-backtrace for more info)
[INFO] [stdout] 
[INFO] [stdout] 
[INFO] [stdout] error[E0507]: cannot move out of `self.adv_data` which is behind a shared reference
[INFO] [stdout]  --> /opt/rustwide/target/debug/build/apache-nimble-sys-276e82743fa3f967/out/bindings.rs:3:258500
[INFO] [stdout]   |
[INFO] [stdout] 3 | ...e (Debug)] pub struct ble_hci_le_set_periodic_adv_data_cp { pub adv_handle : u8 , pub operation : u8 , pub adv_data_len : u8 , pub adv_data : __IncompleteArrayField < u8 > , ...
[INFO] [stdout]   |       ----- in this derive macro expansion                                                                                        ^^^^^^^^^^^^^^^^^^^^^^^^^^^^^^^^^^^^^^^^^^^^ move occurs because `self.adv_data` has type `__IncompleteArrayField<u8>`, which does not implement the `Copy` trait
[INFO] [stdout]   |
[INFO] [stdout]   = note: this error originates in the derive macro `Debug` (in Nightly builds, run with -Z macro-backtrace for more info)
[INFO] [stdout] 
[INFO] [stdout] 
[INFO] [stdout] error[E0507]: cannot move out of `self.scans` which is behind a shared reference
[INFO] [stdout]  --> /opt/rustwide/target/debug/build/apache-nimble-sys-276e82743fa3f967/out/bindings.rs:3:262389
[INFO] [stdout]   |
[INFO] [stdout] 3 | ...e (Debug)] pub struct ble_hci_le_set_ext_scan_params_cp { pub own_addr_type : u8 , pub filter_policy : u8 , pub phys : u8 , pub scans : __IncompleteArrayField < scan_params > , ...
[INFO] [stdout]   |       ----- in this derive macro expansion                                                                                     ^^^^^^^^^^^^^^^^^^^^^^^^^^^^^^^^^^^^^^^^^^^^^^^^^^ move occurs because `self.scans` has type `__IncompleteArrayField<scan_params>`, which does not implement the `Copy` trait
[INFO] [stdout]   |
[INFO] [stdout]   = note: this error originates in the derive macro `Debug` (in Nightly builds, run with -Z macro-backtrace for more info)
[INFO] [stdout] 
[INFO] [stdout] 
[INFO] [stdout] error[E0507]: cannot move out of `self.conn_params` which is behind a shared reference
[INFO] [stdout]  --> /opt/rustwide/target/debug/build/apache-nimble-sys-276e82743fa3f967/out/bindings.rs:3:268114
[INFO] [stdout]   |
[INFO] [stdout] 3 | ...e (Debug)] pub struct ble_hci_le_ext_create_conn_cp { pub filter_policy : u8 , pub own_addr_type : u8 , pub peer_addr_type : u8 , pub peer_addr : [u8 ; 6usize] , pub init_phy_mask : u8 , pub conn_params : __IncompleteArrayField < conn_params > , ...
[INFO] [stdout]   |       ----- in this derive macro expansion                                                                                                                                                    ^^^^^^^^^^^^^^^^^^^^^^^^^^^^^^^^^^^^^^^^^^^^^^^^^^^^^^^^ move occurs because `self.conn_params` has type `__IncompleteArrayField<conn_params>`, which does not implement the `Copy` trait
[INFO] [stdout]   |
[INFO] [stdout]   = note: this error originates in the derive macro `Debug` (in Nightly builds, run with -Z macro-backtrace for more info)
[INFO] [stdout] 
[INFO] [stdout] 
[INFO] [stdout] error[E0507]: cannot move out of `self.return_params` which is behind a shared reference
[INFO] [stdout]  --> /opt/rustwide/target/debug/build/apache-nimble-sys-276e82743fa3f967/out/bindings.rs:3:299510
[INFO] [stdout]   |
[INFO] [stdout] 3 | ...e (Debug)] pub struct ble_hci_ev_command_complete { pub num_packets : u8 , pub opcode : u16 , pub status : u8 , pub return_params : __IncompleteArrayField < u8 > , ...
[INFO] [stdout]   |       ----- in this derive macro expansion                                                                         ^^^^^^^^^^^^^^^^^^^^^^^^^^^^^^^^^^^^^^^^^^^^^^^^^ move occurs because `self.return_params` has type `__IncompleteArrayField<u8>`, which does not implement the `Copy` trait
[INFO] [stdout]   |
[INFO] [stdout]   = note: this error originates in the derive macro `Debug` (in Nightly builds, run with -Z macro-backtrace for more info)
[INFO] [stdout] 
[INFO] [stdout] 
[INFO] [stdout] error[E0507]: cannot move out of `self.completed` which is behind a shared reference
[INFO] [stdout]  --> /opt/rustwide/target/debug/build/apache-nimble-sys-276e82743fa3f967/out/bindings.rs:3:304882
[INFO] [stdout]   |
[INFO] [stdout] 3 | ...erive (Debug)] pub struct ble_hci_ev_num_comp_pkts { pub count : u8 , pub completed : __IncompleteArrayField < comp_pkt > , } # [test]...
[INFO] [stdout]   |           ----- in this derive macro expansion                           ^^^^^^^^^^^^^^^^^^^^^^^^^^^^^^^^^^^^^^^^^^^^^^^^^^^ move occurs because `self.completed` has type `__IncompleteArrayField<comp_pkt>`, which does not implement the `Copy` trait
[INFO] [stdout]   |
[INFO] [stdout]   = note: this error originates in the derive macro `Debug` (in Nightly builds, run with -Z macro-backtrace for more info)
[INFO] [stdout] 
[INFO] [stdout] 
[INFO] [stdout] error[E0507]: cannot move out of `self.data` which is behind a shared reference
[INFO] [stdout]  --> /opt/rustwide/target/debug/build/apache-nimble-sys-276e82743fa3f967/out/bindings.rs:3:307662
[INFO] [stdout]   |
[INFO] [stdout] 3 | ...] # [derive (Debug)] pub struct ble_hci_ev_le_meta { pub subevent : u8 , pub data : __IncompleteArrayField < u8 > , } # [test] fn bind...
[INFO] [stdout]   |                 ----- in this derive macro expansion                        ^^^^^^^^^^^^^^^^^^^^^^^^^^^^^^^^^^^^^^^^ move occurs because `self.data` has type `__IncompleteArrayField<u8>`, which does not implement the `Copy` trait
[INFO] [stdout]   |
[INFO] [stdout]   = note: this error originates in the derive macro `Debug` (in Nightly builds, run with -Z macro-backtrace for more info)
[INFO] [stdout] 
[INFO] [stdout] 
[INFO] [stdout] error[E0507]: cannot move out of `self.data` which is behind a shared reference
[INFO] [stdout]  --> /opt/rustwide/target/debug/build/apache-nimble-sys-276e82743fa3f967/out/bindings.rs:3:309332
[INFO] [stdout]   |
[INFO] [stdout] 3 | ...] # [derive (Debug)] pub struct ble_hci_ev_vendor_debug { pub id : u8 , pub data : __IncompleteArrayField < u8 > , } # [test] fn bindg...
[INFO] [stdout]   |                 ----- in this derive macro expansion                       ^^^^^^^^^^^^^^^^^^^^^^^^^^^^^^^^^^^^^^^^ move occurs because `self.data` has type `__IncompleteArrayField<u8>`, which does not implement the `Copy` trait
[INFO] [stdout]   |
[INFO] [stdout]   = note: this error originates in the derive macro `Debug` (in Nightly builds, run with -Z macro-backtrace for more info)
[INFO] [stdout] 
[INFO] [stdout] 
[INFO] [stdout] error[E0507]: cannot move out of `self.data` which is behind a shared reference
[INFO] [stdout]  --> /opt/rustwide/target/debug/build/apache-nimble-sys-276e82743fa3f967/out/bindings.rs:3:313737
[INFO] [stdout]   |
[INFO] [stdout] 3 | ...e (Debug)] pub struct adv_report { pub type_ : u8 , pub addr_type : u8 , pub addr : [u8 ; 6usize] , pub data_len : u8 , pub data : __IncompleteArrayField < u8 > , ...
[INFO] [stdout]   |       ----- in this derive macro expansion                                                                                 ^^^^^^^^^^^^^^^^^^^^^^^^^^^^^^^^^^^^^^^^ move occurs because `self.data` has type `__IncompleteArrayField<u8>`, which does not implement the `Copy` trait
[INFO] [stdout]   |
[INFO] [stdout]   = note: this error originates in the derive macro `Debug` (in Nightly builds, run with -Z macro-backtrace for more info)
[INFO] [stdout] 
[INFO] [stdout] 
[INFO] [stdout] error[E0507]: cannot move out of `self.reports` which is behind a shared reference
[INFO] [stdout]  --> /opt/rustwide/target/debug/build/apache-nimble-sys-276e82743fa3f967/out/bindings.rs:3:315257
[INFO] [stdout]   |
[INFO] [stdout] 3 | ...e (Debug)] pub struct ble_hci_ev_le_subev_adv_rpt { pub subev_code : u8 , pub num_reports : u8 , pub reports : __IncompleteArrayField < adv_report > , ...
[INFO] [stdout]   |       ----- in this derive macro expansion                                                          ^^^^^^^^^^^^^^^^^^^^^^^^^^^^^^^^^^^^^^^^^^^^^^^^^^^ move occurs because `self.reports` has type `__IncompleteArrayField<adv_report>`, which does not implement the `Copy` trait
[INFO] [stdout]   |
[INFO] [stdout]   = note: this error originates in the derive macro `Debug` (in Nightly builds, run with -Z macro-backtrace for more info)
[INFO] [stdout] 
[INFO] [stdout] 
[INFO] [stdout] error[E0507]: cannot move out of `self.reports` which is behind a shared reference
[INFO] [stdout]  --> /opt/rustwide/target/debug/build/apache-nimble-sys-276e82743fa3f967/out/bindings.rs:3:335593
[INFO] [stdout]   |
[INFO] [stdout] 3 | ...e (Debug)] pub struct ble_hci_ev_le_subev_direct_adv_rpt { pub subev_code : u8 , pub num_reports : u8 , pub reports : __IncompleteArrayField < dir_adv_report > , ...
[INFO] [stdout]   |       ----- in this derive macro expansion                                                                 ^^^^^^^^^^^^^^^^^^^^^^^^^^^^^^^^^^^^^^^^^^^^^^^^^^^^^^^ move occurs because `self.reports` has type `__IncompleteArrayField<dir_adv_report>`, which does not implement the `Copy` trait
[INFO] [stdout]   |
[INFO] [stdout]   = note: this error originates in the derive macro `Debug` (in Nightly builds, run with -Z macro-backtrace for more info)
[INFO] [stdout] 
[INFO] [stdout] 
[INFO] [stdout] error[E0507]: cannot move out of `self.data` which is behind a shared reference
[INFO] [stdout]  --> /opt/rustwide/target/debug/build/apache-nimble-sys-276e82743fa3f967/out/bindings.rs:3:339208
[INFO] [stdout]   |
[INFO] [stdout] 3 | ...e (Debug)] pub struct ext_adv_report { pub evt_type : u16 , pub addr_type : u8 , pub addr : [u8 ; 6usize] , pub pri_phy : u8 , pub sec_phy : u8 , pub sid : u8 , pub tx_power : i8 , pub rssi : i8 , pub periodic_itvl : u16 , pub dir_addr_type : u8 , pub dir_addr : [u8 ; 6usize] , pub data_len : u8 , pub data : __IncompleteArrayField < u8 > , ...
[INFO] [stdout]   |       ----- in this derive macro expansion                                                                                                                                                                                                                                                                    ^^^^^^^^^^^^^^^^^^^^^^^^^^^^^^^^^^^^^^^^ move occurs because `self.data` has type `__IncompleteArrayField<u8>`, which does not implement the `Copy` trait
[INFO] [stdout]   |
[INFO] [stdout]   = note: this error originates in the derive macro `Debug` (in Nightly builds, run with -Z macro-backtrace for more info)
[INFO] [stdout] 
[INFO] [stdout] 
[INFO] [stdout] error[E0507]: cannot move out of `self.reports` which is behind a shared reference
[INFO] [stdout]  --> /opt/rustwide/target/debug/build/apache-nimble-sys-276e82743fa3f967/out/bindings.rs:3:342574
[INFO] [stdout]   |
[INFO] [stdout] 3 | ...e (Debug)] pub struct ble_hci_ev_le_subev_ext_adv_rpt { pub subev_code : u8 , pub num_reports : u8 , pub reports : __IncompleteArrayField < ext_adv_report > , ...
[INFO] [stdout]   |       ----- in this derive macro expansion                                                              ^^^^^^^^^^^^^^^^^^^^^^^^^^^^^^^^^^^^^^^^^^^^^^^^^^^^^^^ move occurs because `self.reports` has type `__IncompleteArrayField<ext_adv_report>`, which does not implement the `Copy` trait
[INFO] [stdout]   |
[INFO] [stdout]   = note: this error originates in the derive macro `Debug` (in Nightly builds, run with -Z macro-backtrace for more info)
[INFO] [stdout] 
[INFO] [stdout] 
[INFO] [stdout] error[E0507]: cannot move out of `self.data` which is behind a shared reference
[INFO] [stdout]  --> /opt/rustwide/target/debug/build/apache-nimble-sys-276e82743fa3f967/out/bindings.rs:3:347327
[INFO] [stdout]   |
[INFO] [stdout] 3 | ...e (Debug)] pub struct ble_hci_ev_le_subev_periodic_adv_rpt { pub subev_code : u8 , pub sync_handle : u16 , pub tx_power : i8 , pub rssi : i8 , pub cte_type : u8 , pub data_status : u8 , pub data_len : u8 , pub data : __IncompleteArrayField < u8 > , ...
[INFO] [stdout]   |       ----- in this derive macro expansion                                                                                                                                                                       ^^^^^^^^^^^^^^^^^^^^^^^^^^^^^^^^^^^^^^^^ move occurs because `self.data` has type `__IncompleteArrayField<u8>`, which does not implement the `Copy` trait
[INFO] [stdout]   |
[INFO] [stdout]   = note: this error originates in the derive macro `Debug` (in Nightly builds, run with -Z macro-backtrace for more info)
[INFO] [stdout] 
[INFO] [stdout] 
[INFO] [stdout] error[E0507]: cannot move out of `self.bis` which is behind a shared reference
[INFO] [stdout]  --> /opt/rustwide/target/debug/build/apache-nimble-sys-276e82743fa3f967/out/bindings.rs:3:368725
[INFO] [stdout]   |
[INFO] [stdout] 3 | ...e (Debug)] pub struct ble_hci_ev_le_subev_big_complete { pub subev_code : u8 , pub status : u8 , pub big_handle : u8 , pub big_sync_delay : [u8 ; 3usize] , pub transport_latency : [u8 ; 3usize] , pub phy : u8 , pub nse : u8 , pub bn : u8 , pub pto : u8 , pub irc : u8 , pub max_pdu : u16 , pub iso_interval : u16 , pub bis_cnt : u8 , pub bis : __IncompleteArrayField < u16 > , ...
[INFO] [stdout]   |       ----- in this derive macro expansion                                                                                                                                                                                                                                                                                                       ^^^^^^^^^^^^^^^^^^^^^^^^^^^^^^^^^^^^^^^^ move occurs because `self.bis` has type `__IncompleteArrayField<u16>`, which does not implement the `Copy` trait
[INFO] [stdout]   |
[INFO] [stdout]   = note: this error originates in the derive macro `Debug` (in Nightly builds, run with -Z macro-backtrace for more info)
[INFO] [stdout] 
[INFO] [stdout] 
[INFO] [stdout] error[E0507]: cannot move out of `self.bis_handles` which is behind a shared reference
[INFO] [stdout]  --> /opt/rustwide/target/debug/build/apache-nimble-sys-276e82743fa3f967/out/bindings.rs:3:374560
[INFO] [stdout]   |
[INFO] [stdout] 3 | ...e (Debug)] pub struct ble_hci_ev_le_subev_big_sync_established { pub subev_code : u8 , pub status : u8 , pub big_handle : u8 , pub transport_latency : [u8 ; 3usize] , pub nse : u8 , pub bn : u8 , pub pto : u8 , pub irc : u8 , pub max_pdu : u16 , pub iso_interval : u16 , pub bis_cnt : u8 , pub bis_handles : __IncompleteArrayField < u16 > , ...
[INFO] [stdout]   |       ----- in this derive macro expansion                                                                                                                                                                                                                                                           ^^^^^^^^^^^^^^^^^^^^^^^^^^^^^^^^^^^^^^^^^^^^^^^^ move occurs because `self.bis_handles` has type `__IncompleteArrayField<u16>`, which does not implement the `Copy` trait
[INFO] [stdout]   |
[INFO] [stdout]   = note: this error originates in the derive macro `Debug` (in Nightly builds, run with -Z macro-backtrace for more info)
[INFO] [stdout] 
[INFO] [stdout] 
[INFO] [stdout] error: aborting due to 21 previous errors; 6 warnings emitted
[INFO] [stdout] 
[INFO] [stdout] 
[INFO] [stdout] For more information about this error, try `rustc --explain E0507`.
[INFO] [stdout] 
[INFO] [stderr] error: could not compile `apache-nimble-sys` due to 22 previous errors; 6 warnings emitted
[INFO] running `Command { std: "docker" "inspect" "0e4344484ae5dbcad23b1ebf0fe19a4e54fc46c9ce8515c0f7fd446f923e1fe6", kill_on_drop: false }`
[INFO] running `Command { std: "docker" "rm" "-f" "0e4344484ae5dbcad23b1ebf0fe19a4e54fc46c9ce8515c0f7fd446f923e1fe6", kill_on_drop: false }`
[INFO] [stdout] 0e4344484ae5dbcad23b1ebf0fe19a4e54fc46c9ce8515c0f7fd446f923e1fe6
