[INFO] fetching crate apache-avro-derive 0.14.0...
[INFO] testing apache-avro-derive-0.14.0 against 1.69.0 for beta-1.70-1
[INFO] extracting crate apache-avro-derive 0.14.0 into /workspace/builds/worker-2-tc1/source
[INFO] validating manifest of crates.io crate apache-avro-derive 0.14.0 on toolchain 1.69.0
[INFO] running `Command { std: CARGO_HOME="/workspace/cargo-home" RUSTUP_HOME="/workspace/rustup-home" "/workspace/cargo-home/bin/cargo" "+1.69.0" "metadata" "--manifest-path" "Cargo.toml" "--no-deps", kill_on_drop: false }`
[INFO] started tweaking crates.io crate apache-avro-derive 0.14.0
[INFO] finished tweaking crates.io crate apache-avro-derive 0.14.0
[INFO] tweaked toml for crates.io crate apache-avro-derive 0.14.0 written to /workspace/builds/worker-2-tc1/source/Cargo.toml
[INFO] running `Command { std: CARGO_HOME="/workspace/cargo-home" RUSTUP_HOME="/workspace/rustup-home" __CARGO_TEST_CHANNEL_OVERRIDE_DO_NOT_USE_THIS="nightly" "/workspace/cargo-home/bin/cargo" "+1.69.0" "generate-lockfile" "--manifest-path" "Cargo.toml" "-Zno-index-update", kill_on_drop: false }`
[INFO] running `Command { std: CARGO_HOME="/workspace/cargo-home" RUSTUP_HOME="/workspace/rustup-home" "/workspace/cargo-home/bin/cargo" "+1.69.0" "fetch" "--manifest-path" "Cargo.toml", kill_on_drop: false }`
[INFO] [stderr]  Downloading crates ...
[INFO] [stderr]   Downloaded darling v0.14.4
[INFO] [stderr]   Downloaded rand_xorshift v0.3.0
[INFO] [stderr]   Downloaded darling_core v0.14.4
[INFO] [stderr]   Downloaded unarray v0.1.4
[INFO] [stderr]   Downloaded darling_macro v0.14.4
[INFO] [stderr]   Downloaded proptest v1.1.0
[INFO] running `Command { std: "docker" "create" "-v" "/var/lib/crater-agent-workspace/builds/worker-2-tc1/target:/opt/rustwide/target:rw,Z" "-v" "/var/lib/crater-agent-workspace/builds/worker-2-tc1/source:/opt/rustwide/workdir:ro,Z" "-v" "/var/lib/crater-agent-workspace/cargo-home:/opt/rustwide/cargo-home:ro,Z" "-v" "/var/lib/crater-agent-workspace/rustup-home:/opt/rustwide/rustup-home:ro,Z" "-e" "SOURCE_DIR=/opt/rustwide/workdir" "-e" "CARGO_TARGET_DIR=/opt/rustwide/target" "-e" "CARGO_HOME=/opt/rustwide/cargo-home" "-e" "RUSTUP_HOME=/opt/rustwide/rustup-home" "-w" "/opt/rustwide/workdir" "-m" "1610612736" "--user" "0:0" "--network" "none" "ghcr.io/rust-lang/crates-build-env/linux@sha256:5ff2268d62e97bff2cde7d5815dd6ed5b47097566f13b8d0ca110b04b60e07ed" "/opt/rustwide/cargo-home/bin/cargo" "+1.69.0" "metadata" "--no-deps" "--format-version=1", kill_on_drop: false }`
[INFO] [stdout] b65531cc1ef87c8c25afe972bf678024702ac742cf0f9fcc3c426ae384b9c1d0
[INFO] running `Command { std: "docker" "start" "-a" "b65531cc1ef87c8c25afe972bf678024702ac742cf0f9fcc3c426ae384b9c1d0", kill_on_drop: false }`
[INFO] running `Command { std: "docker" "inspect" "b65531cc1ef87c8c25afe972bf678024702ac742cf0f9fcc3c426ae384b9c1d0", kill_on_drop: false }`
[INFO] running `Command { std: "docker" "rm" "-f" "b65531cc1ef87c8c25afe972bf678024702ac742cf0f9fcc3c426ae384b9c1d0", kill_on_drop: false }`
[INFO] [stdout] b65531cc1ef87c8c25afe972bf678024702ac742cf0f9fcc3c426ae384b9c1d0
[INFO] running `Command { std: "docker" "create" "-v" "/var/lib/crater-agent-workspace/builds/worker-2-tc1/target:/opt/rustwide/target:rw,Z" "-v" "/var/lib/crater-agent-workspace/builds/worker-2-tc1/source:/opt/rustwide/workdir:ro,Z" "-v" "/var/lib/crater-agent-workspace/cargo-home:/opt/rustwide/cargo-home:ro,Z" "-v" "/var/lib/crater-agent-workspace/rustup-home:/opt/rustwide/rustup-home:ro,Z" "-e" "SOURCE_DIR=/opt/rustwide/workdir" "-e" "CARGO_TARGET_DIR=/opt/rustwide/target" "-e" "CARGO_INCREMENTAL=0" "-e" "RUST_BACKTRACE=full" "-e" "RUSTFLAGS=--cap-lints=warn" "-e" "RUSTDOCFLAGS=--cap-lints=warn" "-e" "CARGO_HOME=/opt/rustwide/cargo-home" "-e" "RUSTUP_HOME=/opt/rustwide/rustup-home" "-w" "/opt/rustwide/workdir" "-m" "1610612736" "--user" "0:0" "--network" "none" "ghcr.io/rust-lang/crates-build-env/linux@sha256:5ff2268d62e97bff2cde7d5815dd6ed5b47097566f13b8d0ca110b04b60e07ed" "/opt/rustwide/cargo-home/bin/cargo" "+1.69.0" "build" "--frozen" "--message-format=json", kill_on_drop: false }`
[INFO] [stdout] c3ca16fb511cd4b4f4e9a3cdb25354d01b71d898f089b2b0134b0d553e38ffea
[INFO] running `Command { std: "docker" "start" "-a" "c3ca16fb511cd4b4f4e9a3cdb25354d01b71d898f089b2b0134b0d553e38ffea", kill_on_drop: false }`
[INFO] [stderr]    Compiling syn v1.0.109
[INFO] [stderr]    Compiling fnv v1.0.7
[INFO] [stderr]    Compiling serde v1.0.160
[INFO] [stderr]    Compiling ident_case v1.0.1
[INFO] [stderr]    Compiling serde_json v1.0.96
[INFO] [stderr]    Compiling ryu v1.0.13
[INFO] [stderr]    Compiling itoa v1.0.6
[INFO] [stderr]    Compiling darling_core v0.14.4
[INFO] [stderr]    Compiling darling_macro v0.14.4
[INFO] [stderr]    Compiling darling v0.14.4
[INFO] [stderr]    Compiling apache-avro-derive v0.14.0 (/opt/rustwide/workdir)
[INFO] [stderr]     Finished dev [unoptimized + debuginfo] target(s) in 6.26s
[INFO] running `Command { std: "docker" "inspect" "c3ca16fb511cd4b4f4e9a3cdb25354d01b71d898f089b2b0134b0d553e38ffea", kill_on_drop: false }`
[INFO] running `Command { std: "docker" "rm" "-f" "c3ca16fb511cd4b4f4e9a3cdb25354d01b71d898f089b2b0134b0d553e38ffea", kill_on_drop: false }`
[INFO] [stdout] c3ca16fb511cd4b4f4e9a3cdb25354d01b71d898f089b2b0134b0d553e38ffea
[INFO] running `Command { std: "docker" "create" "-v" "/var/lib/crater-agent-workspace/builds/worker-2-tc1/target:/opt/rustwide/target:rw,Z" "-v" "/var/lib/crater-agent-workspace/builds/worker-2-tc1/source:/opt/rustwide/workdir:ro,Z" "-v" "/var/lib/crater-agent-workspace/cargo-home:/opt/rustwide/cargo-home:ro,Z" "-v" "/var/lib/crater-agent-workspace/rustup-home:/opt/rustwide/rustup-home:ro,Z" "-e" "SOURCE_DIR=/opt/rustwide/workdir" "-e" "CARGO_TARGET_DIR=/opt/rustwide/target" "-e" "CARGO_INCREMENTAL=0" "-e" "RUST_BACKTRACE=full" "-e" "RUSTFLAGS=--cap-lints=warn" "-e" "RUSTDOCFLAGS=--cap-lints=warn" "-e" "CARGO_HOME=/opt/rustwide/cargo-home" "-e" "RUSTUP_HOME=/opt/rustwide/rustup-home" "-w" "/opt/rustwide/workdir" "-m" "1610612736" "--user" "0:0" "--network" "none" "ghcr.io/rust-lang/crates-build-env/linux@sha256:5ff2268d62e97bff2cde7d5815dd6ed5b47097566f13b8d0ca110b04b60e07ed" "/opt/rustwide/cargo-home/bin/cargo" "+1.69.0" "test" "--frozen" "--no-run" "--message-format=json", kill_on_drop: false }`
[INFO] [stdout] 9bc4cc68d9a075121d3e8ce22a3737a4e7ba3b9bd3a52effaff055918fd7a62f
[INFO] running `Command { std: "docker" "start" "-a" "9bc4cc68d9a075121d3e8ce22a3737a4e7ba3b9bd3a52effaff055918fd7a62f", kill_on_drop: false }`
[INFO] [stderr]    Compiling proc-macro2 v1.0.56
[INFO] [stderr]    Compiling unicode-ident v1.0.8
[INFO] [stderr]    Compiling ident_case v1.0.1
[INFO] [stderr]    Compiling quote v1.0.26
[INFO] [stderr]    Compiling syn v1.0.109
[INFO] [stderr]    Compiling serde v1.0.160
[INFO] [stderr]    Compiling num-traits v0.2.15
[INFO] [stderr]    Compiling serde_json v1.0.96
[INFO] [stderr]    Compiling byteorder v1.4.3
[INFO] [stderr]    Compiling quick-error v2.0.1
[INFO] [stderr]    Compiling unarray v0.1.4
[INFO] [stderr]    Compiling rand_xorshift v0.3.0
[INFO] [stderr]    Compiling rand v0.8.5
[INFO] [stderr]    Compiling syn v2.0.15
[INFO] [stderr]    Compiling proptest v1.1.0
[INFO] [stderr]    Compiling serde_derive v1.0.160
[INFO] [stderr]    Compiling darling_core v0.14.4
[INFO] [stderr]    Compiling darling_macro v0.14.4
[INFO] [stderr]    Compiling darling v0.14.4
[INFO] [stderr]    Compiling apache-avro-derive v0.14.0 (/opt/rustwide/workdir)
[INFO] [stdout] error[E0433]: failed to resolve: use of undeclared crate or module `apache_avro`
[INFO] [stdout]   --> tests/derive.rs:18:5
[INFO] [stdout]    |
[INFO] [stdout] 18 | use apache_avro::{
[INFO] [stdout]    |     ^^^^^^^^^^^ use of undeclared crate or module `apache_avro`
[INFO] [stdout] 
[INFO] [stdout] 
[INFO] [stdout] error[E0433]: failed to resolve: use of undeclared crate or module `apache_avro`
[INFO] [stdout]   --> tests/derive.rs:33:9
[INFO] [stdout]    |
[INFO] [stdout] 33 |     use apache_avro::schema::Alias;
[INFO] [stdout]    |         ^^^^^^^^^^^ use of undeclared crate or module `apache_avro`
[INFO] [stdout] 
[INFO] [stdout] 
[INFO] [stdout] error[E0432]: unresolved import `apache_avro`
[INFO] [stdout]   --> tests/derive.rs:18:5
[INFO] [stdout]    |
[INFO] [stdout] 18 | use apache_avro::{
[INFO] [stdout]    |     ^^^^^^^^^^^ use of undeclared crate or module `apache_avro`
[INFO] [stdout] 
[INFO] [stdout] 
[INFO] [stdout] error: cannot find derive macro `AvroSchema` in this scope
[INFO] [stdout]     --> tests/derive.rs:1245:49
[INFO] [stdout]      |
[INFO] [stdout] 1245 |         #[derive(Debug, Serialize, Deserialize, AvroSchema, Clone, PartialEq)]
[INFO] [stdout]      |                                                 ^^^^^^^^^^
[INFO] [stdout]      |
[INFO] [stdout]      = help: consider importing one of these items:
[INFO] [stdout]              apache_avro_derive::AvroSchema
[INFO] [stdout]              crate::AvroSchema
[INFO] [stdout] note: `AvroSchema` is imported here, but it is an unresolved item, not a derive macro
[INFO] [stdout]     --> tests/derive.rs:39:9
[INFO] [stdout]      |
[INFO] [stdout] 39   |     use super::*;
[INFO] [stdout]      |         ^^^^^^^^
[INFO] [stdout] 
[INFO] [stdout] 
[INFO] [stdout] error: cannot find attribute `avro` in this scope
[INFO] [stdout]     --> tests/derive.rs:1247:15
[INFO] [stdout]      |
[INFO] [stdout] 1247 |             #[avro(default = "123")]
[INFO] [stdout]      |               ^^^^
[INFO] [stdout] 
[INFO] [stdout] 
[INFO] [stdout] error: cannot find attribute `avro` in this scope
[INFO] [stdout]     --> tests/derive.rs:1249:15
[INFO] [stdout]      |
[INFO] [stdout] 1249 |             #[avro(default = r#""The default value for 'b'""#)]
[INFO] [stdout]      |               ^^^^
[INFO] [stdout] 
[INFO] [stdout] 
[INFO] [stdout] error: cannot find attribute `avro` in this scope
[INFO] [stdout]     --> tests/derive.rs:1251:15
[INFO] [stdout]      |
[INFO] [stdout] 1251 |             #[avro(default = "true")]
[INFO] [stdout]      |               ^^^^
[INFO] [stdout] 
[INFO] [stdout] 
[INFO] [stdout] error: cannot find attribute `avro` in this scope
[INFO] [stdout]     --> tests/derive.rs:1255:15
[INFO] [stdout]      |
[INFO] [stdout] 1255 |             #[avro(default = r#"{"a": 1, "b": 2}"#)]
[INFO] [stdout]      |               ^^^^
[INFO] [stdout] 
[INFO] [stdout] 
[INFO] [stdout] error: cannot find attribute `avro` in this scope
[INFO] [stdout]     --> tests/derive.rs:1258:15
[INFO] [stdout]      |
[INFO] [stdout] 1258 |             #[avro(default = "[1, 2, 3]")]
[INFO] [stdout]      |               ^^^^
[INFO] [stdout] 
[INFO] [stdout] 
[INFO] [stdout] error: cannot find attribute `avro` in this scope
[INFO] [stdout]     --> tests/derive.rs:1261:15
[INFO] [stdout]      |
[INFO] [stdout] 1261 |             #[avro(default = r#""Foo""#)]
[INFO] [stdout]      |               ^^^^
[INFO] [stdout] 
[INFO] [stdout] 
[INFO] [stdout] error: cannot find derive macro `AvroSchema` in this scope
[INFO] [stdout]     --> tests/derive.rs:1238:49
[INFO] [stdout]      |
[INFO] [stdout] 1238 |         #[derive(Debug, Deserialize, Serialize, AvroSchema, Clone, PartialEq)]
[INFO] [stdout]      |                                                 ^^^^^^^^^^
[INFO] [stdout]      |
[INFO] [stdout]      = help: consider importing one of these items:
[INFO] [stdout]              apache_avro_derive::AvroSchema
[INFO] [stdout]              crate::AvroSchema
[INFO] [stdout] note: `AvroSchema` is imported here, but it is an unresolved item, not a derive macro
[INFO] [stdout]     --> tests/derive.rs:39:9
[INFO] [stdout]      |
[INFO] [stdout] 39   |     use super::*;
[INFO] [stdout]      |         ^^^^^^^^
[INFO] [stdout] 
[INFO] [stdout] 
[INFO] [stdout] error: cannot find derive macro `AvroSchema` in this scope
[INFO] [stdout]     --> tests/derive.rs:1195:45
[INFO] [stdout]      |
[INFO] [stdout] 1195 |     #[derive(Debug, Serialize, Deserialize, AvroSchema, Clone, PartialEq)]
[INFO] [stdout]      |                                             ^^^^^^^^^^
[INFO] [stdout]      |
[INFO] [stdout]      = help: consider importing one of these items:
[INFO] [stdout]              apache_avro_derive::AvroSchema
[INFO] [stdout]              crate::AvroSchema
[INFO] [stdout] note: `AvroSchema` is imported here, but it is an unresolved item, not a derive macro
[INFO] [stdout]     --> tests/derive.rs:39:9
[INFO] [stdout]      |
[INFO] [stdout] 39   |     use super::*;
[INFO] [stdout]      |         ^^^^^^^^
[INFO] [stdout] 
[INFO] [stdout] 
[INFO] [stdout] error: cannot find attribute `avro` in this scope
[INFO] [stdout]     --> tests/derive.rs:1196:7
[INFO] [stdout]      |
[INFO] [stdout] 1196 |     #[avro(alias = "d")]
[INFO] [stdout]      |       ^^^^
[INFO] [stdout] 
[INFO] [stdout] 
[INFO] [stdout] error: cannot find attribute `avro` in this scope
[INFO] [stdout]     --> tests/derive.rs:1197:7
[INFO] [stdout]      |
[INFO] [stdout] 1197 |     #[avro(alias = "e")]
[INFO] [stdout]      |       ^^^^
[INFO] [stdout] 
[INFO] [stdout] 
[INFO] [stdout] error: cannot find attribute `avro` in this scope
[INFO] [stdout]     --> tests/derive.rs:1198:7
[INFO] [stdout]      |
[INFO] [stdout] 1198 |     #[avro(alias = "f")]
[INFO] [stdout]      |       ^^^^
[INFO] [stdout] 
[INFO] [stdout] 
[INFO] [stdout] error: cannot find derive macro `AvroSchema` in this scope
[INFO] [stdout]     --> tests/derive.rs:1156:45
[INFO] [stdout]      |
[INFO] [stdout] 1156 |     #[derive(Debug, Serialize, Deserialize, AvroSchema, Clone, PartialEq)]
[INFO] [stdout]      |                                             ^^^^^^^^^^
[INFO] [stdout]      |
[INFO] [stdout]      = help: consider importing one of these items:
[INFO] [stdout]              apache_avro_derive::AvroSchema
[INFO] [stdout]              crate::AvroSchema
[INFO] [stdout] note: `AvroSchema` is imported here, but it is an unresolved item, not a derive macro
[INFO] [stdout]     --> tests/derive.rs:39:9
[INFO] [stdout]      |
[INFO] [stdout] 39   |     use super::*;
[INFO] [stdout]      |         ^^^^^^^^
[INFO] [stdout] 
[INFO] [stdout] 
[INFO] [stdout] error: cannot find attribute `avro` in this scope
[INFO] [stdout]     --> tests/derive.rs:1157:7
[INFO] [stdout]      |
[INFO] [stdout] 1157 |     #[avro(alias = "a", alias = "b", alias = "c")]
[INFO] [stdout]      |       ^^^^
[INFO] [stdout] 
[INFO] [stdout] 
[INFO] [stdout] error: cannot find derive macro `AvroSchema` in this scope
[INFO] [stdout]     --> tests/derive.rs:1114:45
[INFO] [stdout]      |
[INFO] [stdout] 1114 |     #[derive(Debug, Serialize, Deserialize, AvroSchema, Clone, PartialEq)]
[INFO] [stdout]      |                                             ^^^^^^^^^^
[INFO] [stdout]      |
[INFO] [stdout]      = help: consider importing one of these items:
[INFO] [stdout]              apache_avro_derive::AvroSchema
[INFO] [stdout]              crate::AvroSchema
[INFO] [stdout] note: `AvroSchema` is imported here, but it is an unresolved item, not a derive macro
[INFO] [stdout]     --> tests/derive.rs:39:9
[INFO] [stdout]      |
[INFO] [stdout] 39   |     use super::*;
[INFO] [stdout]      |         ^^^^^^^^
[INFO] [stdout] 
[INFO] [stdout] 
[INFO] [stdout] error: cannot find attribute `avro` in this scope
[INFO] [stdout]     --> tests/derive.rs:1115:7
[INFO] [stdout]      |
[INFO] [stdout] 1115 |     #[avro(alias = "d")]
[INFO] [stdout]      |       ^^^^
[INFO] [stdout] 
[INFO] [stdout] 
[INFO] [stdout] error: cannot find attribute `avro` in this scope
[INFO] [stdout]     --> tests/derive.rs:1116:7
[INFO] [stdout]      |
[INFO] [stdout] 1116 |     #[avro(alias = "e")]
[INFO] [stdout]      |       ^^^^
[INFO] [stdout] 
[INFO] [stdout] 
[INFO] [stdout] error: cannot find attribute `avro` in this scope
[INFO] [stdout]     --> tests/derive.rs:1117:7
[INFO] [stdout]      |
[INFO] [stdout] 1117 |     #[avro(alias = "f")]
[INFO] [stdout]      |       ^^^^
[INFO] [stdout] 
[INFO] [stdout] 
[INFO] [stdout] error: cannot find derive macro `AvroSchema` in this scope
[INFO] [stdout]     --> tests/derive.rs:1074:45
[INFO] [stdout]      |
[INFO] [stdout] 1074 |     #[derive(Debug, Serialize, Deserialize, AvroSchema, Clone, PartialEq)]
[INFO] [stdout]      |                                             ^^^^^^^^^^
[INFO] [stdout]      |
[INFO] [stdout]      = help: consider importing one of these items:
[INFO] [stdout]              apache_avro_derive::AvroSchema
[INFO] [stdout]              crate::AvroSchema
[INFO] [stdout] note: `AvroSchema` is imported here, but it is an unresolved item, not a derive macro
[INFO] [stdout]     --> tests/derive.rs:39:9
[INFO] [stdout]      |
[INFO] [stdout] 39   |     use super::*;
[INFO] [stdout]      |         ^^^^^^^^
[INFO] [stdout] 
[INFO] [stdout] 
[INFO] [stdout] error: cannot find attribute `avro` in this scope
[INFO] [stdout]     --> tests/derive.rs:1075:7
[INFO] [stdout]      |
[INFO] [stdout] 1075 |     #[avro(alias = "a", alias = "b", alias = "c")]
[INFO] [stdout]      |       ^^^^
[INFO] [stdout] 
[INFO] [stdout] 
[INFO] [stdout] error: cannot find derive macro `AvroSchema` in this scope
[INFO] [stdout]     --> tests/derive.rs:1043:45
[INFO] [stdout]      |
[INFO] [stdout] 1043 |     #[derive(Debug, Serialize, Deserialize, AvroSchema, Clone, PartialEq)]
[INFO] [stdout]      |                                             ^^^^^^^^^^
[INFO] [stdout]      |
[INFO] [stdout]      = help: consider importing one of these items:
[INFO] [stdout]              apache_avro_derive::AvroSchema
[INFO] [stdout]              crate::AvroSchema
[INFO] [stdout] note: `AvroSchema` is imported here, but it is an unresolved item, not a derive macro
[INFO] [stdout]     --> tests/derive.rs:39:9
[INFO] [stdout]      |
[INFO] [stdout] 39   |     use super::*;
[INFO] [stdout]      |         ^^^^^^^^
[INFO] [stdout] 
[INFO] [stdout] 
[INFO] [stdout] error: cannot find derive macro `AvroSchema` in this scope
[INFO] [stdout]    --> tests/derive.rs:997:45
[INFO] [stdout]     |
[INFO] [stdout] 997 |     #[derive(Debug, Serialize, Deserialize, AvroSchema, Clone, PartialEq)]
[INFO] [stdout]     |                                             ^^^^^^^^^^
[INFO] [stdout]     |
[INFO] [stdout]     = help: consider importing one of these items:
[INFO] [stdout]             apache_avro_derive::AvroSchema
[INFO] [stdout]             crate::AvroSchema
[INFO] [stdout] note: `AvroSchema` is imported here, but it is an unresolved item, not a derive macro
[INFO] [stdout]    --> tests/derive.rs:39:9
[INFO] [stdout]     |
[INFO] [stdout] 39  |     use super::*;
[INFO] [stdout]     |         ^^^^^^^^
[INFO] [stdout] 
[INFO] [stdout] 
[INFO] [stdout] error: cannot find attribute `avro` in this scope
[INFO] [stdout]    --> tests/derive.rs:998:7
[INFO] [stdout]     |
[INFO] [stdout] 998 |     #[avro(namespace = "com.testing.namespace")]
[INFO] [stdout]     |       ^^^^
[INFO] [stdout] 
[INFO] [stdout] 
[INFO] [stdout] error: cannot find attribute `avro` in this scope
[INFO] [stdout]     --> tests/derive.rs:1003:11
[INFO] [stdout]      |
[INFO] [stdout] 1003 |         #[avro(doc = "Milliseconds since Queen released Bohemian Rhapsody")]
[INFO] [stdout]      |           ^^^^
[INFO] [stdout] 
[INFO] [stdout] 
[INFO] [stdout] error: cannot find attribute `avro` in this scope
[INFO] [stdout]     --> tests/derive.rs:1005:11
[INFO] [stdout]      |
[INFO] [stdout] 1005 |         #[avro(doc = "Full lyrics of Bohemian Rhapsody")]
[INFO] [stdout]      |           ^^^^
[INFO] [stdout] 
[INFO] [stdout] 
[INFO] [stdout] error: cannot find derive macro `AvroSchema` in this scope
[INFO] [stdout]    --> tests/derive.rs:956:45
[INFO] [stdout]     |
[INFO] [stdout] 956 |     #[derive(Debug, Serialize, Deserialize, AvroSchema, Clone, PartialEq)]
[INFO] [stdout]     |                                             ^^^^^^^^^^
[INFO] [stdout]     |
[INFO] [stdout]     = help: consider importing one of these items:
[INFO] [stdout]             apache_avro_derive::AvroSchema
[INFO] [stdout]             crate::AvroSchema
[INFO] [stdout] note: `AvroSchema` is imported here, but it is an unresolved item, not a derive macro
[INFO] [stdout]    --> tests/derive.rs:39:9
[INFO] [stdout]     |
[INFO] [stdout] 39  |     use super::*;
[INFO] [stdout]     |         ^^^^^^^^
[INFO] [stdout] 
[INFO] [stdout] 
[INFO] [stdout] error: cannot find attribute `avro` in this scope
[INFO] [stdout]    --> tests/derive.rs:957:7
[INFO] [stdout]     |
[INFO] [stdout] 957 |     #[avro(namespace = "com.testing.namespace")]
[INFO] [stdout]     |       ^^^^
[INFO] [stdout] 
[INFO] [stdout] 
[INFO] [stdout] error: cannot find attribute `avro` in this scope
[INFO] [stdout]    --> tests/derive.rs:960:11
[INFO] [stdout]     |
[INFO] [stdout] 960 |         #[avro(doc = "Milliseconds since Queen released Bohemian Rhapsody")]
[INFO] [stdout]     |           ^^^^
[INFO] [stdout] 
[INFO] [stdout] 
[INFO] [stdout] error: cannot find attribute `avro` in this scope
[INFO] [stdout]    --> tests/derive.rs:962:11
[INFO] [stdout]     |
[INFO] [stdout] 962 |         #[avro(doc = "Full lyrics of Bohemian Rhapsody")]
[INFO] [stdout]     |           ^^^^
[INFO] [stdout] 
[INFO] [stdout] 
[INFO] [stdout] error: cannot find derive macro `AvroSchema` in this scope
[INFO] [stdout]    --> tests/derive.rs:916:45
[INFO] [stdout]     |
[INFO] [stdout] 916 |     #[derive(Debug, Serialize, Deserialize, AvroSchema, Clone, PartialEq)]
[INFO] [stdout]     |                                             ^^^^^^^^^^
[INFO] [stdout]     |
[INFO] [stdout]     = help: consider importing one of these items:
[INFO] [stdout]             apache_avro_derive::AvroSchema
[INFO] [stdout]             crate::AvroSchema
[INFO] [stdout] note: `AvroSchema` is imported here, but it is an unresolved item, not a derive macro
[INFO] [stdout]    --> tests/derive.rs:39:9
[INFO] [stdout]     |
[INFO] [stdout] 39  |     use super::*;
[INFO] [stdout]     |         ^^^^^^^^
[INFO] [stdout] 
[INFO] [stdout] 
[INFO] [stdout] error: cannot find attribute `avro` in this scope
[INFO] [stdout]    --> tests/derive.rs:917:7
[INFO] [stdout]     |
[INFO] [stdout] 917 |     #[avro(namespace = "com.testing.namespace", doc = "A Documented Record")]
[INFO] [stdout]     |       ^^^^
[INFO] [stdout] 
[INFO] [stdout] 
[INFO] [stdout] error: cannot find attribute `avro` in this scope
[INFO] [stdout]    --> tests/derive.rs:919:11
[INFO] [stdout]     |
[INFO] [stdout] 919 |         #[avro(doc = "Milliseconds since Queen released Bohemian Rhapsody")]
[INFO] [stdout]     |           ^^^^
[INFO] [stdout] 
[INFO] [stdout] 
[INFO] [stdout] error: cannot find attribute `avro` in this scope
[INFO] [stdout]    --> tests/derive.rs:921:11
[INFO] [stdout]     |
[INFO] [stdout] 921 |         #[avro(doc = "Full lyrics of Bohemian Rhapsody")]
[INFO] [stdout]     |           ^^^^
[INFO] [stdout] 
[INFO] [stdout] 
[INFO] [stdout] error: cannot find derive macro `AvroSchema` in this scope
[INFO] [stdout]    --> tests/derive.rs:871:32
[INFO] [stdout]     |
[INFO] [stdout] 871 |     #[derive(Debug, Serialize, AvroSchema, Clone, PartialEq)]
[INFO] [stdout]     |                                ^^^^^^^^^^
[INFO] [stdout]     |
[INFO] [stdout]     = help: consider importing one of these items:
[INFO] [stdout]             apache_avro_derive::AvroSchema
[INFO] [stdout]             crate::AvroSchema
[INFO] [stdout] note: `AvroSchema` is imported here, but it is an unresolved item, not a derive macro
[INFO] [stdout]    --> tests/derive.rs:39:9
[INFO] [stdout]     |
[INFO] [stdout] 39  |     use super::*;
[INFO] [stdout]     |         ^^^^^^^^
[INFO] [stdout] 
[INFO] [stdout] 
[INFO] [stdout] error: cannot find derive macro `AvroSchema` in this scope
[INFO] [stdout]    --> tests/derive.rs:825:45
[INFO] [stdout]     |
[INFO] [stdout] 825 |     #[derive(Debug, Serialize, Deserialize, AvroSchema)]
[INFO] [stdout]     |                                             ^^^^^^^^^^
[INFO] [stdout]     |
[INFO] [stdout]     = help: consider importing one of these items:
[INFO] [stdout]             apache_avro_derive::AvroSchema
[INFO] [stdout]             crate::AvroSchema
[INFO] [stdout] note: `AvroSchema` is imported here, but it is an unresolved item, not a derive macro
[INFO] [stdout]    --> tests/derive.rs:39:9
[INFO] [stdout]     |
[INFO] [stdout] 39  |     use super::*;
[INFO] [stdout]     |         ^^^^^^^^
[INFO] [stdout] 
[INFO] [stdout] 
[INFO] [stdout] error: cannot find derive macro `AvroSchema` in this scope
[INFO] [stdout]    --> tests/derive.rs:808:45
[INFO] [stdout]     |
[INFO] [stdout] 808 |     #[derive(Debug, Serialize, Deserialize, AvroSchema, Clone, PartialEq)]
[INFO] [stdout]     |                                             ^^^^^^^^^^
[INFO] [stdout]     |
[INFO] [stdout]     = help: consider importing one of these items:
[INFO] [stdout]             apache_avro_derive::AvroSchema
[INFO] [stdout]             crate::AvroSchema
[INFO] [stdout] note: `AvroSchema` is imported here, but it is an unresolved item, not a derive macro
[INFO] [stdout]    --> tests/derive.rs:39:9
[INFO] [stdout]     |
[INFO] [stdout] 39  |     use super::*;
[INFO] [stdout]     |         ^^^^^^^^
[INFO] [stdout] 
[INFO] [stdout] 
[INFO] [stdout] error: cannot find derive macro `AvroSchema` in this scope
[INFO] [stdout]    --> tests/derive.rs:756:45
[INFO] [stdout]     |
[INFO] [stdout] 756 |     #[derive(Debug, Serialize, Deserialize, AvroSchema, Clone, PartialEq)]
[INFO] [stdout]     |                                             ^^^^^^^^^^
[INFO] [stdout]     |
[INFO] [stdout]     = help: consider importing one of these items:
[INFO] [stdout]             apache_avro_derive::AvroSchema
[INFO] [stdout]             crate::AvroSchema
[INFO] [stdout] note: `AvroSchema` is imported here, but it is an unresolved item, not a derive macro
[INFO] [stdout]    --> tests/derive.rs:39:9
[INFO] [stdout]     |
[INFO] [stdout] 39  |     use super::*;
[INFO] [stdout]     |         ^^^^^^^^
[INFO] [stdout] 
[INFO] [stdout] 
[INFO] [stdout] error: cannot find derive macro `AvroSchema` in this scope
[INFO] [stdout]    --> tests/derive.rs:727:45
[INFO] [stdout]     |
[INFO] [stdout] 727 |     #[derive(Debug, Serialize, Deserialize, AvroSchema, Clone, PartialEq)]
[INFO] [stdout]     |                                             ^^^^^^^^^^
[INFO] [stdout]     |
[INFO] [stdout]     = help: consider importing one of these items:
[INFO] [stdout]             apache_avro_derive::AvroSchema
[INFO] [stdout]             crate::AvroSchema
[INFO] [stdout] note: `AvroSchema` is imported here, but it is an unresolved item, not a derive macro
[INFO] [stdout]    --> tests/derive.rs:39:9
[INFO] [stdout]     |
[INFO] [stdout] 39  |     use super::*;
[INFO] [stdout]     |         ^^^^^^^^
[INFO] [stdout] 
[INFO] [stdout] 
[INFO] [stdout] error: cannot find derive macro `AvroSchema` in this scope
[INFO] [stdout]    --> tests/derive.rs:665:45
[INFO] [stdout]     |
[INFO] [stdout] 665 |     #[derive(Debug, Serialize, Deserialize, AvroSchema, Clone, PartialEq)]
[INFO] [stdout]     |                                             ^^^^^^^^^^
[INFO] [stdout]     |
[INFO] [stdout]     = help: consider importing one of these items:
[INFO] [stdout]             apache_avro_derive::AvroSchema
[INFO] [stdout]             crate::AvroSchema
[INFO] [stdout] note: `AvroSchema` is imported here, but it is an unresolved item, not a derive macro
[INFO] [stdout]    --> tests/derive.rs:39:9
[INFO] [stdout]     |
[INFO] [stdout] 39  |     use super::*;
[INFO] [stdout]     |         ^^^^^^^^
[INFO] [stdout] 
[INFO] [stdout] 
[INFO] [stdout] error: cannot find derive macro `AvroSchema` in this scope
[INFO] [stdout]    --> tests/derive.rs:629:45
[INFO] [stdout]     |
[INFO] [stdout] 629 |     #[derive(Debug, Serialize, Deserialize, AvroSchema, Clone, PartialEq)]
[INFO] [stdout]     |                                             ^^^^^^^^^^
[INFO] [stdout]     |
[INFO] [stdout]     = help: consider importing one of these items:
[INFO] [stdout]             apache_avro_derive::AvroSchema
[INFO] [stdout]             crate::AvroSchema
[INFO] [stdout] note: `AvroSchema` is imported here, but it is an unresolved item, not a derive macro
[INFO] [stdout]    --> tests/derive.rs:39:9
[INFO] [stdout]     |
[INFO] [stdout] 39  |     use super::*;
[INFO] [stdout]     |         ^^^^^^^^
[INFO] [stdout] 
[INFO] [stdout] 
[INFO] [stdout] error: cannot find derive macro `AvroSchema` in this scope
[INFO] [stdout]    --> tests/derive.rs:592:45
[INFO] [stdout]     |
[INFO] [stdout] 592 |     #[derive(Debug, Serialize, Deserialize, AvroSchema, Clone, PartialEq)]
[INFO] [stdout]     |                                             ^^^^^^^^^^
[INFO] [stdout]     |
[INFO] [stdout]     = help: consider importing one of these items:
[INFO] [stdout]             apache_avro_derive::AvroSchema
[INFO] [stdout]             crate::AvroSchema
[INFO] [stdout] note: `AvroSchema` is imported here, but it is an unresolved item, not a derive macro
[INFO] [stdout]    --> tests/derive.rs:39:9
[INFO] [stdout]     |
[INFO] [stdout] 39  |     use super::*;
[INFO] [stdout]     |         ^^^^^^^^
[INFO] [stdout] 
[INFO] [stdout] 
[INFO] [stdout] error: cannot find derive macro `AvroSchema` in this scope
[INFO] [stdout]    --> tests/derive.rs:584:45
[INFO] [stdout]     |
[INFO] [stdout] 584 |     #[derive(Debug, Serialize, Deserialize, AvroSchema, Clone, PartialEq)]
[INFO] [stdout]     |                                             ^^^^^^^^^^
[INFO] [stdout]     |
[INFO] [stdout]     = help: consider importing one of these items:
[INFO] [stdout]             apache_avro_derive::AvroSchema
[INFO] [stdout]             crate::AvroSchema
[INFO] [stdout] note: `AvroSchema` is imported here, but it is an unresolved item, not a derive macro
[INFO] [stdout]    --> tests/derive.rs:39:9
[INFO] [stdout]     |
[INFO] [stdout] 39  |     use super::*;
[INFO] [stdout]     |         ^^^^^^^^
[INFO] [stdout] 
[INFO] [stdout] 
[INFO] [stdout] error: cannot find derive macro `AvroSchema` in this scope
[INFO] [stdout]    --> tests/derive.rs:424:45
[INFO] [stdout]     |
[INFO] [stdout] 424 |     #[derive(Debug, Serialize, Deserialize, AvroSchema, Clone, PartialEq)]
[INFO] [stdout]     |                                             ^^^^^^^^^^
[INFO] [stdout]     |
[INFO] [stdout]     = help: consider importing one of these items:
[INFO] [stdout]             apache_avro_derive::AvroSchema
[INFO] [stdout]             crate::AvroSchema
[INFO] [stdout] note: `AvroSchema` is imported here, but it is an unresolved item, not a derive macro
[INFO] [stdout]    --> tests/derive.rs:39:9
[INFO] [stdout]     |
[INFO] [stdout] 39  |     use super::*;
[INFO] [stdout]     |         ^^^^^^^^
[INFO] [stdout] 
[INFO] [stdout] 
[INFO] [stdout] error: cannot find derive macro `AvroSchema` in this scope
[INFO] [stdout]    --> tests/derive.rs:391:45
[INFO] [stdout]     |
[INFO] [stdout] 391 |     #[derive(Debug, Serialize, Deserialize, AvroSchema, Clone, PartialEq)]
[INFO] [stdout]     |                                             ^^^^^^^^^^
[INFO] [stdout]     |
[INFO] [stdout]     = help: consider importing one of these items:
[INFO] [stdout]             apache_avro_derive::AvroSchema
[INFO] [stdout]             crate::AvroSchema
[INFO] [stdout] note: `AvroSchema` is imported here, but it is an unresolved item, not a derive macro
[INFO] [stdout]    --> tests/derive.rs:39:9
[INFO] [stdout]     |
[INFO] [stdout] 39  |     use super::*;
[INFO] [stdout]     |         ^^^^^^^^
[INFO] [stdout] 
[INFO] [stdout] 
[INFO] [stdout] error: cannot find derive macro `AvroSchema` in this scope
[INFO] [stdout]    --> tests/derive.rs:300:45
[INFO] [stdout]     |
[INFO] [stdout] 300 |     #[derive(Debug, Serialize, Deserialize, AvroSchema, Clone, PartialEq)]
[INFO] [stdout]     |                                             ^^^^^^^^^^
[INFO] [stdout]     |
[INFO] [stdout]     = help: consider importing one of these items:
[INFO] [stdout]             apache_avro_derive::AvroSchema
[INFO] [stdout]             crate::AvroSchema
[INFO] [stdout] note: `AvroSchema` is imported here, but it is an unresolved item, not a derive macro
[INFO] [stdout]    --> tests/derive.rs:39:9
[INFO] [stdout]     |
[INFO] [stdout] 39  |     use super::*;
[INFO] [stdout]     |         ^^^^^^^^
[INFO] [stdout] 
[INFO] [stdout] 
[INFO] [stdout] error: cannot find derive macro `AvroSchema` in this scope
[INFO] [stdout]    --> tests/derive.rs:217:45
[INFO] [stdout]     |
[INFO] [stdout] 217 |     #[derive(Debug, Serialize, Deserialize, AvroSchema, Clone, PartialEq)]
[INFO] [stdout]     |                                             ^^^^^^^^^^
[INFO] [stdout]     |
[INFO] [stdout]     = help: consider importing one of these items:
[INFO] [stdout]             apache_avro_derive::AvroSchema
[INFO] [stdout]             crate::AvroSchema
[INFO] [stdout] note: `AvroSchema` is imported here, but it is an unresolved item, not a derive macro
[INFO] [stdout]    --> tests/derive.rs:39:9
[INFO] [stdout]     |
[INFO] [stdout] 39  |     use super::*;
[INFO] [stdout]     |         ^^^^^^^^
[INFO] [stdout] 
[INFO] [stdout] 
[INFO] [stdout] error: cannot find derive macro `AvroSchema` in this scope
[INFO] [stdout]    --> tests/derive.rs:154:45
[INFO] [stdout]     |
[INFO] [stdout] 154 |     #[derive(Debug, Serialize, Deserialize, AvroSchema, Clone, PartialEq)]
[INFO] [stdout]     |                                             ^^^^^^^^^^
[INFO] [stdout]     |
[INFO] [stdout]     = help: consider importing one of these items:
[INFO] [stdout]             apache_avro_derive::AvroSchema
[INFO] [stdout]             crate::AvroSchema
[INFO] [stdout] note: `AvroSchema` is imported here, but it is an unresolved item, not a derive macro
[INFO] [stdout]    --> tests/derive.rs:39:9
[INFO] [stdout]     |
[INFO] [stdout] 39  |     use super::*;
[INFO] [stdout]     |         ^^^^^^^^
[INFO] [stdout] 
[INFO] [stdout] 
[INFO] [stdout] error: cannot find attribute `avro` in this scope
[INFO] [stdout]    --> tests/derive.rs:155:7
[INFO] [stdout]     |
[INFO] [stdout] 155 |     #[avro(namespace = "com.testing.complex.namespace")]
[INFO] [stdout]     |       ^^^^
[INFO] [stdout] 
[INFO] [stdout] 
[INFO] [stdout] error: cannot find derive macro `AvroSchema` in this scope
[INFO] [stdout]    --> tests/derive.rs:120:45
[INFO] [stdout]     |
[INFO] [stdout] 120 |     #[derive(Debug, Serialize, Deserialize, AvroSchema, Clone, PartialEq)]
[INFO] [stdout]     |                                             ^^^^^^^^^^
[INFO] [stdout]     |
[INFO] [stdout]     = help: consider importing one of these items:
[INFO] [stdout]             apache_avro_derive::AvroSchema
[INFO] [stdout]             crate::AvroSchema
[INFO] [stdout] note: `AvroSchema` is imported here, but it is an unresolved item, not a derive macro
[INFO] [stdout]    --> tests/derive.rs:39:9
[INFO] [stdout]     |
[INFO] [stdout] 39  |     use super::*;
[INFO] [stdout]     |         ^^^^^^^^
[INFO] [stdout] 
[INFO] [stdout] 
[INFO] [stdout] error: cannot find attribute `avro` in this scope
[INFO] [stdout]    --> tests/derive.rs:121:7
[INFO] [stdout]     |
[INFO] [stdout] 121 |     #[avro(namespace = "com.testing.namespace")]
[INFO] [stdout]     |       ^^^^
[INFO] [stdout] 
[INFO] [stdout] 
[INFO] [stdout] error: cannot find derive macro `AvroSchema` in this scope
[INFO] [stdout]   --> tests/derive.rs:86:45
[INFO] [stdout]    |
[INFO] [stdout] 86 |     #[derive(Debug, Serialize, Deserialize, AvroSchema, Clone, PartialEq)]
[INFO] [stdout]    |                                             ^^^^^^^^^^
[INFO] [stdout]    |
[INFO] [stdout]    = help: consider importing one of these items:
[INFO] [stdout]            apache_avro_derive::AvroSchema
[INFO] [stdout]            crate::AvroSchema
[INFO] [stdout] note: `AvroSchema` is imported here, but it is an unresolved item, not a derive macro
[INFO] [stdout]   --> tests/derive.rs:39:9
[INFO] [stdout]    |
[INFO] [stdout] 39 |     use super::*;
[INFO] [stdout]    |         ^^^^^^^^
[INFO] [stdout] 
[INFO] [stdout] 
[INFO] [stdout] warning: unused import: `apache_avro_derive::*`
[INFO] [stdout]   --> tests/derive.rs:23:5
[INFO] [stdout]    |
[INFO] [stdout] 23 | use apache_avro_derive::*;
[INFO] [stdout]    |     ^^^^^^^^^^^^^^^^^^^^^
[INFO] [stdout]    |
[INFO] [stdout]    = note: `#[warn(unused_imports)]` on by default
[INFO] [stdout] 
[INFO] [stdout] 
[INFO] [stdout] error: aborting due to 54 previous errors; 1 warning emitted
[INFO] [stdout] 
[INFO] [stdout] 
[INFO] [stdout] Some errors have detailed explanations: E0432, E0433.
[INFO] [stdout] 
[INFO] [stdout] For more information about an error, try `rustc --explain E0432`.
[INFO] [stdout] 
[INFO] [stderr] error: could not compile `apache-avro-derive` due to 55 previous errors; 1 warning emitted
[INFO] running `Command { std: "docker" "inspect" "9bc4cc68d9a075121d3e8ce22a3737a4e7ba3b9bd3a52effaff055918fd7a62f", kill_on_drop: false }`
[INFO] running `Command { std: "docker" "rm" "-f" "9bc4cc68d9a075121d3e8ce22a3737a4e7ba3b9bd3a52effaff055918fd7a62f", kill_on_drop: false }`
[INFO] [stdout] 9bc4cc68d9a075121d3e8ce22a3737a4e7ba3b9bd3a52effaff055918fd7a62f
