[INFO] fetching crate aoc-bud 0.0.2...
[INFO] testing aoc-bud-0.0.2 against 1.69.0 for beta-1.70-1
[INFO] extracting crate aoc-bud 0.0.2 into /workspace/builds/worker-5-tc1/source
[INFO] validating manifest of crates.io crate aoc-bud 0.0.2 on toolchain 1.69.0
[INFO] running `Command { std: CARGO_HOME="/workspace/cargo-home" RUSTUP_HOME="/workspace/rustup-home" "/workspace/cargo-home/bin/cargo" "+1.69.0" "metadata" "--manifest-path" "Cargo.toml" "--no-deps", kill_on_drop: false }`
[INFO] started tweaking crates.io crate aoc-bud 0.0.2
[INFO] finished tweaking crates.io crate aoc-bud 0.0.2
[INFO] tweaked toml for crates.io crate aoc-bud 0.0.2 written to /workspace/builds/worker-5-tc1/source/Cargo.toml
[INFO] running `Command { std: CARGO_HOME="/workspace/cargo-home" RUSTUP_HOME="/workspace/rustup-home" __CARGO_TEST_CHANNEL_OVERRIDE_DO_NOT_USE_THIS="nightly" "/workspace/cargo-home/bin/cargo" "+1.69.0" "generate-lockfile" "--manifest-path" "Cargo.toml" "-Zno-index-update", kill_on_drop: false }`
[INFO] running `Command { std: CARGO_HOME="/workspace/cargo-home" RUSTUP_HOME="/workspace/rustup-home" "/workspace/cargo-home/bin/cargo" "+1.69.0" "fetch" "--manifest-path" "Cargo.toml", kill_on_drop: false }`
[INFO] [stderr]  Downloading crates ...
[INFO] [stderr]   Downloaded phf_codegen v0.10.0
[INFO] [stderr]   Downloaded tokio-native-tls v0.3.1
[INFO] [stderr]   Downloaded hyper v0.14.26
[INFO] [stderr]   Downloaded reqwest v0.11.17
[INFO] [stderr]   Downloaded phf v0.10.1
[INFO] [stderr]   Downloaded markup5ever v0.11.0
[INFO] [stderr]   Downloaded html5ever v0.26.0
[INFO] [stderr]   Downloaded scraper v0.13.0
[INFO] running `Command { std: "docker" "create" "-v" "/var/lib/crater-agent-workspace/builds/worker-5-tc1/target:/opt/rustwide/target:rw,Z" "-v" "/var/lib/crater-agent-workspace/builds/worker-5-tc1/source:/opt/rustwide/workdir:ro,Z" "-v" "/var/lib/crater-agent-workspace/cargo-home:/opt/rustwide/cargo-home:ro,Z" "-v" "/var/lib/crater-agent-workspace/rustup-home:/opt/rustwide/rustup-home:ro,Z" "-e" "SOURCE_DIR=/opt/rustwide/workdir" "-e" "CARGO_TARGET_DIR=/opt/rustwide/target" "-e" "CARGO_HOME=/opt/rustwide/cargo-home" "-e" "RUSTUP_HOME=/opt/rustwide/rustup-home" "-w" "/opt/rustwide/workdir" "-m" "1610612736" "--user" "0:0" "--network" "none" "ghcr.io/rust-lang/crates-build-env/linux@sha256:5ff2268d62e97bff2cde7d5815dd6ed5b47097566f13b8d0ca110b04b60e07ed" "/opt/rustwide/cargo-home/bin/cargo" "+1.69.0" "metadata" "--no-deps" "--format-version=1", kill_on_drop: false }`
[INFO] [stdout] 7a349e99f5092c9c0a2e41aa53cc03bbf6142b4535b7d42a72657e13244d1446
[INFO] running `Command { std: "docker" "start" "-a" "7a349e99f5092c9c0a2e41aa53cc03bbf6142b4535b7d42a72657e13244d1446", kill_on_drop: false }`
[INFO] running `Command { std: "docker" "inspect" "7a349e99f5092c9c0a2e41aa53cc03bbf6142b4535b7d42a72657e13244d1446", kill_on_drop: false }`
[INFO] running `Command { std: "docker" "rm" "-f" "7a349e99f5092c9c0a2e41aa53cc03bbf6142b4535b7d42a72657e13244d1446", kill_on_drop: false }`
[INFO] [stdout] 7a349e99f5092c9c0a2e41aa53cc03bbf6142b4535b7d42a72657e13244d1446
[INFO] running `Command { std: "docker" "create" "-v" "/var/lib/crater-agent-workspace/builds/worker-5-tc1/target:/opt/rustwide/target:rw,Z" "-v" "/var/lib/crater-agent-workspace/builds/worker-5-tc1/source:/opt/rustwide/workdir:ro,Z" "-v" "/var/lib/crater-agent-workspace/cargo-home:/opt/rustwide/cargo-home:ro,Z" "-v" "/var/lib/crater-agent-workspace/rustup-home:/opt/rustwide/rustup-home:ro,Z" "-e" "SOURCE_DIR=/opt/rustwide/workdir" "-e" "CARGO_TARGET_DIR=/opt/rustwide/target" "-e" "CARGO_INCREMENTAL=0" "-e" "RUST_BACKTRACE=full" "-e" "RUSTFLAGS=--cap-lints=warn" "-e" "RUSTDOCFLAGS=--cap-lints=warn" "-e" "CARGO_HOME=/opt/rustwide/cargo-home" "-e" "RUSTUP_HOME=/opt/rustwide/rustup-home" "-w" "/opt/rustwide/workdir" "-m" "1610612736" "--user" "0:0" "--network" "none" "ghcr.io/rust-lang/crates-build-env/linux@sha256:5ff2268d62e97bff2cde7d5815dd6ed5b47097566f13b8d0ca110b04b60e07ed" "/opt/rustwide/cargo-home/bin/cargo" "+1.69.0" "build" "--frozen" "--message-format=json", kill_on_drop: false }`
[INFO] [stdout] 6c9011d5ff344a56d1f052c3e4688908c5c26b4668b9440ebeff74ba4f788cca
[INFO] running `Command { std: "docker" "start" "-a" "6c9011d5ff344a56d1f052c3e4688908c5c26b4668b9440ebeff74ba4f788cca", kill_on_drop: false }`
[INFO] [stderr]    Compiling libc v0.2.142
[INFO] [stderr]    Compiling ppv-lite86 v0.2.17
[INFO] [stderr]    Compiling siphasher v0.3.10
[INFO] [stderr]    Compiling log v0.4.17
[INFO] [stderr]    Compiling getrandom v0.1.16
[INFO] [stderr]    Compiling syn v1.0.109
[INFO] [stderr]    Compiling once_cell v1.17.1
[INFO] [stderr]    Compiling pkg-config v0.3.26
[INFO] [stderr]    Compiling cc v1.0.79
[INFO] [stderr]    Compiling phf_shared v0.10.0
[INFO] [stderr]    Compiling phf_shared v0.8.0
[INFO] [stderr]    Compiling futures-core v0.3.28
[INFO] [stderr]    Compiling bytes v1.4.0
[INFO] [stderr]    Compiling tokio v1.28.0
[INFO] [stderr]    Compiling smallvec v1.10.0
[INFO] [stderr]    Compiling serde v1.0.160
[INFO] [stderr]    Compiling mio v0.8.6
[INFO] [stderr]    Compiling socket2 v0.4.9
[INFO] [stderr]    Compiling futures-task v0.3.28
[INFO] [stderr]    Compiling itoa v1.0.6
[INFO] [stderr]    Compiling getrandom v0.2.9
[INFO] [stderr]    Compiling openssl-sys v0.9.87
[INFO] [stderr]    Compiling parking_lot_core v0.9.7
[INFO] [stderr]    Compiling rand_core v0.5.1
[INFO] [stderr]    Compiling rand_core v0.6.4
[INFO] [stderr]    Compiling lock_api v0.4.9
[INFO] [stderr]    Compiling tracing-core v0.1.30
[INFO] [stderr]    Compiling rand_pcg v0.2.1
[INFO] [stderr]    Compiling rand_chacha v0.2.2
[INFO] [stderr]    Compiling rand_chacha v0.3.1
[INFO] [stderr]    Compiling syn v2.0.15
[INFO] [stderr]    Compiling rand v0.7.3
[INFO] [stderr]    Compiling rand v0.8.5
[INFO] [stderr]    Compiling futures-util v0.3.28
[INFO] [stderr]    Compiling new_debug_unreachable v1.0.4
[INFO] [stderr]    Compiling openssl v0.10.52
[INFO] [stderr]    Compiling phf_generator v0.10.0
[INFO] [stderr]    Compiling phf_codegen v0.10.0
[INFO] [stderr]    Compiling string_cache_codegen v0.5.2
[INFO] [stderr]    Compiling phf_generator v0.8.0
[INFO] [stderr]    Compiling http v0.2.9
[INFO] [stderr]    Compiling indexmap v1.9.3
[INFO] [stderr]    Compiling tracing v0.1.37
[INFO] [stderr]    Compiling tinyvec_macros v0.1.1
[INFO] [stderr]    Compiling native-tls v0.2.11
[INFO] [stderr]    Compiling mac v0.1.1
[INFO] [stderr]    Compiling futures-sink v0.3.28
[INFO] [stderr]    Compiling httparse v1.8.0
[INFO] [stderr]    Compiling precomputed-hash v0.1.1
[INFO] [stderr]    Compiling futures-channel v0.3.28
[INFO] [stderr]    Compiling futures-io v0.3.28
[INFO] [stderr]    Compiling futf v0.1.5
[INFO] [stderr]    Compiling tokio-util v0.7.8
[INFO] [stderr]    Compiling tinyvec v1.6.0
[INFO] [stderr]    Compiling parking_lot v0.12.1
[INFO] [stderr]    Compiling markup5ever v0.11.0
[INFO] [stderr]    Compiling phf_codegen v0.8.0
[INFO] [stderr]    Compiling num-traits v0.2.15
[INFO] [stderr]    Compiling try-lock v0.2.4
[INFO] [stderr]    Compiling utf-8 v0.7.6
[INFO] [stderr]    Compiling dtoa v0.4.8
[INFO] [stderr]    Compiling percent-encoding v2.2.0
[INFO] [stderr]    Compiling unicode-normalization v0.1.22
[INFO] [stderr]    Compiling dtoa-short v0.3.3
[INFO] [stderr]    Compiling form_urlencoded v1.1.0
[INFO] [stderr]    Compiling tendril v0.4.3
[INFO] [stderr]    Compiling want v0.3.0
[INFO] [stderr]    Compiling selectors v0.22.0
[INFO] [stderr]    Compiling string_cache v0.8.7
[INFO] [stderr]    Compiling http-body v0.4.5
[INFO] [stderr]    Compiling phf v0.10.1
[INFO] [stderr]    Compiling cssparser v0.27.2
[INFO] [stderr]    Compiling phf_macros v0.8.0
[INFO] [stderr]    Compiling html5ever v0.26.0
[INFO] [stderr]    Compiling cssparser-macros v0.6.0
[INFO] [stderr]    Compiling openssl-macros v0.1.1
[INFO] [stderr]    Compiling h2 v0.3.18
[INFO] [stderr]    Compiling num-integer v0.1.45
[INFO] [stderr]    Compiling convert_case v0.4.0
[INFO] [stderr]    Compiling itoa v0.4.8
[INFO] [stderr]    Compiling unicode-bidi v0.3.13
[INFO] [stderr]    Compiling matches v0.1.10
[INFO] [stderr]    Compiling byteorder v1.4.3
[INFO] [stderr]    Compiling nodrop v0.1.14
[INFO] [stderr]    Compiling phf v0.8.0
[INFO] [stderr]    Compiling tower-service v0.3.2
[INFO] [stderr]    Compiling fxhash v0.2.1
[INFO] [stderr]    Compiling servo_arc v0.1.1
[INFO] [stderr]    Compiling derive_more v0.99.17
[INFO] [stderr]    Compiling idna v0.3.0
[INFO] [stderr]    Compiling thin-slice v0.1.1
[INFO] [stderr]    Compiling unicode-width v0.1.10
[INFO] [stderr]    Compiling ryu v1.0.13
[INFO] [stderr]    Compiling getopts v0.2.21
[INFO] [stderr]    Compiling hyper v0.14.26
[INFO] [stderr]    Compiling serde_urlencoded v0.7.1
[INFO] [stderr]    Compiling url v2.3.1
[INFO] [stderr]    Compiling time v0.1.45
[INFO] [stderr]    Compiling encoding_rs v0.8.32
[INFO] [stderr]    Compiling tokio-native-tls v0.3.1
[INFO] [stderr]    Compiling iana-time-zone v0.1.56
[INFO] [stderr]    Compiling mime v0.3.17
[INFO] [stderr]    Compiling base64 v0.21.0
[INFO] [stderr]    Compiling ego-tree v0.6.2
[INFO] [stderr]    Compiling ipnet v2.7.2
[INFO] [stderr]    Compiling chrono v0.4.24
[INFO] [stderr]    Compiling dotenv v0.15.0
[INFO] [stderr]    Compiling hyper-tls v0.5.0
[INFO] [stderr]    Compiling reqwest v0.11.17
[INFO] [stderr]    Compiling scraper v0.13.0
[INFO] [stderr]    Compiling aoc-bud v0.0.2 (/opt/rustwide/workdir)
[INFO] [stderr]     Finished dev [unoptimized + debuginfo] target(s) in 56.48s
[INFO] running `Command { std: "docker" "inspect" "6c9011d5ff344a56d1f052c3e4688908c5c26b4668b9440ebeff74ba4f788cca", kill_on_drop: false }`
[INFO] running `Command { std: "docker" "rm" "-f" "6c9011d5ff344a56d1f052c3e4688908c5c26b4668b9440ebeff74ba4f788cca", kill_on_drop: false }`
[INFO] [stdout] 6c9011d5ff344a56d1f052c3e4688908c5c26b4668b9440ebeff74ba4f788cca
[INFO] running `Command { std: "docker" "create" "-v" "/var/lib/crater-agent-workspace/builds/worker-5-tc1/target:/opt/rustwide/target:rw,Z" "-v" "/var/lib/crater-agent-workspace/builds/worker-5-tc1/source:/opt/rustwide/workdir:ro,Z" "-v" "/var/lib/crater-agent-workspace/cargo-home:/opt/rustwide/cargo-home:ro,Z" "-v" "/var/lib/crater-agent-workspace/rustup-home:/opt/rustwide/rustup-home:ro,Z" "-e" "SOURCE_DIR=/opt/rustwide/workdir" "-e" "CARGO_TARGET_DIR=/opt/rustwide/target" "-e" "CARGO_INCREMENTAL=0" "-e" "RUST_BACKTRACE=full" "-e" "RUSTFLAGS=--cap-lints=warn" "-e" "RUSTDOCFLAGS=--cap-lints=warn" "-e" "CARGO_HOME=/opt/rustwide/cargo-home" "-e" "RUSTUP_HOME=/opt/rustwide/rustup-home" "-w" "/opt/rustwide/workdir" "-m" "1610612736" "--user" "0:0" "--network" "none" "ghcr.io/rust-lang/crates-build-env/linux@sha256:5ff2268d62e97bff2cde7d5815dd6ed5b47097566f13b8d0ca110b04b60e07ed" "/opt/rustwide/cargo-home/bin/cargo" "+1.69.0" "test" "--frozen" "--no-run" "--message-format=json", kill_on_drop: false }`
[INFO] [stdout] 73e47ac1077bfa205b71767224700d61c9e86d9c1661858c5b851bdaaa3e1f9d
[INFO] running `Command { std: "docker" "start" "-a" "73e47ac1077bfa205b71767224700d61c9e86d9c1661858c5b851bdaaa3e1f9d", kill_on_drop: false }`
[INFO] [stderr]    Compiling aoc-bud v0.0.2 (/opt/rustwide/workdir)
[INFO] [stderr]     Finished test [unoptimized + debuginfo] target(s) in 0.75s
[INFO] running `Command { std: "docker" "inspect" "73e47ac1077bfa205b71767224700d61c9e86d9c1661858c5b851bdaaa3e1f9d", kill_on_drop: false }`
[INFO] running `Command { std: "docker" "rm" "-f" "73e47ac1077bfa205b71767224700d61c9e86d9c1661858c5b851bdaaa3e1f9d", kill_on_drop: false }`
[INFO] [stdout] 73e47ac1077bfa205b71767224700d61c9e86d9c1661858c5b851bdaaa3e1f9d
[INFO] running `Command { std: "docker" "create" "-v" "/var/lib/crater-agent-workspace/builds/worker-5-tc1/target:/opt/rustwide/target:rw,Z" "-v" "/var/lib/crater-agent-workspace/builds/worker-5-tc1/source:/opt/rustwide/workdir:ro,Z" "-v" "/var/lib/crater-agent-workspace/cargo-home:/opt/rustwide/cargo-home:ro,Z" "-v" "/var/lib/crater-agent-workspace/rustup-home:/opt/rustwide/rustup-home:ro,Z" "-e" "SOURCE_DIR=/opt/rustwide/workdir" "-e" "CARGO_TARGET_DIR=/opt/rustwide/target" "-e" "CARGO_INCREMENTAL=0" "-e" "RUST_BACKTRACE=full" "-e" "RUSTFLAGS=--cap-lints=warn" "-e" "RUSTDOCFLAGS=--cap-lints=warn" "-e" "CARGO_HOME=/opt/rustwide/cargo-home" "-e" "RUSTUP_HOME=/opt/rustwide/rustup-home" "-w" "/opt/rustwide/workdir" "-m" "1610612736" "--user" "0:0" "--network" "none" "ghcr.io/rust-lang/crates-build-env/linux@sha256:5ff2268d62e97bff2cde7d5815dd6ed5b47097566f13b8d0ca110b04b60e07ed" "/opt/rustwide/cargo-home/bin/cargo" "+1.69.0" "test" "--frozen", kill_on_drop: false }`
[INFO] [stdout] b34a5cbf4968d86c1c71b4031658a1ccaae80b51b485986f75761e43c79769ee
[INFO] running `Command { std: "docker" "start" "-a" "b34a5cbf4968d86c1c71b4031658a1ccaae80b51b485986f75761e43c79769ee", kill_on_drop: false }`
[INFO] [stderr]     Finished test [unoptimized + debuginfo] target(s) in 0.15s
[INFO] [stderr]      Running unittests src/lib.rs (/opt/rustwide/target/debug/deps/aoc_bud-cd4c8e8db86f9636)
[INFO] [stdout] 
[INFO] [stdout] running 0 tests
[INFO] [stdout] 
[INFO] [stdout] test result: ok. 0 passed; 0 failed; 0 ignored; 0 measured; 0 filtered out; finished in 0.00s
[INFO] [stdout] 
[INFO] [stderr]    Doc-tests aoc-bud
[INFO] [stdout] 
[INFO] [stdout] running 7 tests
[INFO] [stdout] test src/lib.rs - new_custom (line 212) ... FAILED
[INFO] [stdout] test src/lib.rs - solve (line 224) ... FAILED
[INFO] [stdout] test src/lib.rs - new (line 193) ... FAILED
[INFO] [stdout] test src/lib.rs - new_custom (line 206) ... FAILED
[INFO] [stdout] test src/lib.rs - solve_custom (line 243) ... FAILED
[INFO] [stdout] test src/lib.rs - solve_custom (line 251) ... FAILED
[INFO] [stdout] test src/lib.rs - solve (line 228) ... FAILED
[INFO] [stdout] 
[INFO] [stdout] failures:
[INFO] [stdout] 
[INFO] [stdout] ---- src/lib.rs - new_custom (line 212) stdout ----
[INFO] [stdout] error: expected one of `!`, `(`, `.`, `::`, `;`, `<`, `?`, or `}`, found `->`
[INFO] [stdout]  --> src/lib.rs:213:16
[INFO] [stdout]   |
[INFO] [stdout] 3 | puzzle: String -> Unsplitted puzzle input
[INFO] [stdout]   |       -        ^^ expected one of 8 possible tokens
[INFO] [stdout]   |       |
[INFO] [stdout]   |       tried to parse a type due to this
[INFO] [stdout] 
[INFO] [stdout] error: aborting due to previous error
[INFO] [stdout] 
[INFO] [stdout] Couldn't compile the test.
[INFO] [stdout] ---- src/lib.rs - solve (line 224) stdout ----
[INFO] [stdout] error: expected one of `!`, `(`, `.`, `::`, `;`, `<`, `?`, or `}`, found `->`
[INFO] [stdout]  --> src/lib.rs:225:19
[INFO] [stdout]   |
[INFO] [stdout] 3 | solution: &String -> Your solution
[INFO] [stdout]   |         -         ^^ expected one of 8 possible tokens
[INFO] [stdout]   |         |
[INFO] [stdout]   |         tried to parse a type due to this
[INFO] [stdout] 
[INFO] [stdout] error: aborting due to previous error
[INFO] [stdout] 
[INFO] [stdout] Couldn't compile the test.
[INFO] [stdout] ---- src/lib.rs - new (line 193) stdout ----
[INFO] [stdout] error: expected one of `!`, `(`, `.`, `::`, `;`, `<`, `?`, or `}`, found `->`
[INFO] [stdout]  --> src/lib.rs:194:16
[INFO] [stdout]   |
[INFO] [stdout] 3 | puzzle: String -> Unsplitted puzzle input
[INFO] [stdout]   |       -        ^^ expected one of 8 possible tokens
[INFO] [stdout]   |       |
[INFO] [stdout]   |       tried to parse a type due to this
[INFO] [stdout] 
[INFO] [stdout] error: aborting due to previous error
[INFO] [stdout] 
[INFO] [stdout] Couldn't compile the test.
[INFO] [stdout] ---- src/lib.rs - new_custom (line 206) stdout ----
[INFO] [stdout] error: expected one of `!`, `(`, `.`, `::`, `;`, `<`, `?`, or `}`, found `->`
[INFO] [stdout]  --> src/lib.rs:207:11
[INFO] [stdout]   |
[INFO] [stdout] 3 | day: u8   -> Day of the puzzle
[INFO] [stdout]   |    -      ^^ expected one of 8 possible tokens
[INFO] [stdout]   |    |
[INFO] [stdout]   |    tried to parse a type due to this
[INFO] [stdout] 
[INFO] [stdout] error: aborting due to previous error
[INFO] [stdout] 
[INFO] [stdout] Couldn't compile the test.
[INFO] [stdout] ---- src/lib.rs - solve_custom (line 243) stdout ----
[INFO] [stdout] error: prefix `you` is unknown
[INFO] [stdout]  --> src/lib.rs:244:32
[INFO] [stdout]   |
[INFO] [stdout] 3 | day: u8   -> Day of the puzzle you're solving
[INFO] [stdout]   |                                ^^^ unknown prefix
[INFO] [stdout]   |
[INFO] [stdout]   = note: prefixed identifiers and literals are reserved since Rust 2021
[INFO] [stdout] help: consider inserting whitespace here
[INFO] [stdout]   |
[INFO] [stdout] 3 | day: u8   -> Day of the puzzle you 're solving
[INFO] [stdout]   |                                   +
[INFO] [stdout] 
[INFO] [stdout] error: prefix `you` is unknown
[INFO] [stdout]  --> src/lib.rs:246:36
[INFO] [stdout]   |
[INFO] [stdout] 5 |    year: u16 -> Year of the puzzle you're solving
[INFO] [stdout]   |                                    ^^^ unknown prefix
[INFO] [stdout]   |
[INFO] [stdout]   = note: prefixed identifiers and literals are reserved since Rust 2021
[INFO] [stdout] help: consider inserting whitespace here
[INFO] [stdout]   |
[INFO] [stdout] 5 |    year: u16 -> Year of the puzzle you 're solving
[INFO] [stdout]   |                                       +
[INFO] [stdout] 
[INFO] [stdout] error: expected one of `!`, `(`, `.`, `::`, `;`, `<`, `?`, or `}`, found `->`
[INFO] [stdout]  --> src/lib.rs:244:11
[INFO] [stdout]   |
[INFO] [stdout] 3 | day: u8   -> Day of the puzzle you're solving
[INFO] [stdout]   |    -      ^^ expected one of 8 possible tokens
[INFO] [stdout]   |    |
[INFO] [stdout]   |    tried to parse a type due to this
[INFO] [stdout] 
[INFO] [stdout] error: aborting due to 3 previous errors
[INFO] [stdout] 
[INFO] [stdout] Couldn't compile the test.
[INFO] [stdout] ---- src/lib.rs - solve_custom (line 251) stdout ----
[INFO] [stdout] error: expected one of `!`, `(`, `.`, `::`, `;`, `<`, `?`, or `}`, found `->`
[INFO] [stdout]  --> src/lib.rs:252:24
[INFO] [stdout]   |
[INFO] [stdout] 3 | server_message: String -> Parsed server message
[INFO] [stdout]   |               -        ^^ expected one of 8 possible tokens
[INFO] [stdout]   |               |
[INFO] [stdout]   |               tried to parse a type due to this
[INFO] [stdout] 
[INFO] [stdout] error: aborting due to previous error
[INFO] [stdout] 
[INFO] [stdout] Couldn't compile the test.
[INFO] [stdout] ---- src/lib.rs - solve (line 228) stdout ----
[INFO] [stdout] error: expected one of `!`, `(`, `.`, `::`, `;`, `<`, `?`, or `}`, found `->`
[INFO] [stdout]  --> src/lib.rs:229:24
[INFO] [stdout]   |
[INFO] [stdout] 3 | server_message: String -> Parsed server message
[INFO] [stdout]   |               -        ^^ expected one of 8 possible tokens
[INFO] [stdout]   |               |
[INFO] [stdout]   |               tried to parse a type due to this
[INFO] [stdout] 
[INFO] [stdout] error: aborting due to previous error
[INFO] [stdout] 
[INFO] [stdout] Couldn't compile the test.
[INFO] [stdout] 
[INFO] [stdout] failures:
[INFO] [stdout]     src/lib.rs - new (line 193)
[INFO] [stdout]     src/lib.rs - new_custom (line 206)
[INFO] [stdout]     src/lib.rs - new_custom (line 212)
[INFO] [stdout]     src/lib.rs - solve (line 224)
[INFO] [stdout]     src/lib.rs - solve (line 228)
[INFO] [stdout]     src/lib.rs - solve_custom (line 243)
[INFO] [stdout]     src/lib.rs - solve_custom (line 251)
[INFO] [stdout] 
[INFO] [stdout] test result: FAILED. 0 passed; 7 failed; 0 ignored; 0 measured; 0 filtered out; finished in 0.11s
[INFO] [stdout] 
[INFO] [stderr] error: doctest failed, to rerun pass `--doc`
[INFO] running `Command { std: "docker" "inspect" "b34a5cbf4968d86c1c71b4031658a1ccaae80b51b485986f75761e43c79769ee", kill_on_drop: false }`
[INFO] running `Command { std: "docker" "rm" "-f" "b34a5cbf4968d86c1c71b4031658a1ccaae80b51b485986f75761e43c79769ee", kill_on_drop: false }`
[INFO] [stdout] b34a5cbf4968d86c1c71b4031658a1ccaae80b51b485986f75761e43c79769ee
