[INFO] fetching crate another-rxrust 0.0.45...
[INFO] testing another-rxrust-0.0.45 against 1.69.0 for beta-1.70-1
[INFO] extracting crate another-rxrust 0.0.45 into /workspace/builds/worker-1-tc1/source
[INFO] validating manifest of crates.io crate another-rxrust 0.0.45 on toolchain 1.69.0
[INFO] running `Command { std: CARGO_HOME="/workspace/cargo-home" RUSTUP_HOME="/workspace/rustup-home" "/workspace/cargo-home/bin/cargo" "+1.69.0" "metadata" "--manifest-path" "Cargo.toml" "--no-deps", kill_on_drop: false }`
[INFO] started tweaking crates.io crate another-rxrust 0.0.45
[INFO] finished tweaking crates.io crate another-rxrust 0.0.45
[INFO] tweaked toml for crates.io crate another-rxrust 0.0.45 written to /workspace/builds/worker-1-tc1/source/Cargo.toml
[INFO] running `Command { std: CARGO_HOME="/workspace/cargo-home" RUSTUP_HOME="/workspace/rustup-home" __CARGO_TEST_CHANNEL_OVERRIDE_DO_NOT_USE_THIS="nightly" "/workspace/cargo-home/bin/cargo" "+1.69.0" "generate-lockfile" "--manifest-path" "Cargo.toml" "-Zno-index-update", kill_on_drop: false }`
[INFO] running `Command { std: CARGO_HOME="/workspace/cargo-home" RUSTUP_HOME="/workspace/rustup-home" "/workspace/cargo-home/bin/cargo" "+1.69.0" "fetch" "--manifest-path" "Cargo.toml", kill_on_drop: false }`
[INFO] running `Command { std: "docker" "create" "-v" "/var/lib/crater-agent-workspace/builds/worker-1-tc1/target:/opt/rustwide/target:rw,Z" "-v" "/var/lib/crater-agent-workspace/builds/worker-1-tc1/source:/opt/rustwide/workdir:ro,Z" "-v" "/var/lib/crater-agent-workspace/cargo-home:/opt/rustwide/cargo-home:ro,Z" "-v" "/var/lib/crater-agent-workspace/rustup-home:/opt/rustwide/rustup-home:ro,Z" "-e" "SOURCE_DIR=/opt/rustwide/workdir" "-e" "CARGO_TARGET_DIR=/opt/rustwide/target" "-e" "CARGO_HOME=/opt/rustwide/cargo-home" "-e" "RUSTUP_HOME=/opt/rustwide/rustup-home" "-w" "/opt/rustwide/workdir" "-m" "1610612736" "--user" "0:0" "--network" "none" "ghcr.io/rust-lang/crates-build-env/linux@sha256:5ff2268d62e97bff2cde7d5815dd6ed5b47097566f13b8d0ca110b04b60e07ed" "/opt/rustwide/cargo-home/bin/cargo" "+1.69.0" "metadata" "--no-deps" "--format-version=1", kill_on_drop: false }`
[INFO] [stdout] e2e76d7cf9e8b7f2a642e4727ae6bb8621e3e412103f94de4dbc464f844076e6
[INFO] running `Command { std: "docker" "start" "-a" "e2e76d7cf9e8b7f2a642e4727ae6bb8621e3e412103f94de4dbc464f844076e6", kill_on_drop: false }`
[INFO] running `Command { std: "docker" "inspect" "e2e76d7cf9e8b7f2a642e4727ae6bb8621e3e412103f94de4dbc464f844076e6", kill_on_drop: false }`
[INFO] running `Command { std: "docker" "rm" "-f" "e2e76d7cf9e8b7f2a642e4727ae6bb8621e3e412103f94de4dbc464f844076e6", kill_on_drop: false }`
[INFO] [stdout] e2e76d7cf9e8b7f2a642e4727ae6bb8621e3e412103f94de4dbc464f844076e6
[INFO] running `Command { std: "docker" "create" "-v" "/var/lib/crater-agent-workspace/builds/worker-1-tc1/target:/opt/rustwide/target:rw,Z" "-v" "/var/lib/crater-agent-workspace/builds/worker-1-tc1/source:/opt/rustwide/workdir:ro,Z" "-v" "/var/lib/crater-agent-workspace/cargo-home:/opt/rustwide/cargo-home:ro,Z" "-v" "/var/lib/crater-agent-workspace/rustup-home:/opt/rustwide/rustup-home:ro,Z" "-e" "SOURCE_DIR=/opt/rustwide/workdir" "-e" "CARGO_TARGET_DIR=/opt/rustwide/target" "-e" "CARGO_INCREMENTAL=0" "-e" "RUST_BACKTRACE=full" "-e" "RUSTFLAGS=--cap-lints=warn" "-e" "RUSTDOCFLAGS=--cap-lints=warn" "-e" "CARGO_HOME=/opt/rustwide/cargo-home" "-e" "RUSTUP_HOME=/opt/rustwide/rustup-home" "-w" "/opt/rustwide/workdir" "-m" "1610612736" "--user" "0:0" "--network" "none" "ghcr.io/rust-lang/crates-build-env/linux@sha256:5ff2268d62e97bff2cde7d5815dd6ed5b47097566f13b8d0ca110b04b60e07ed" "/opt/rustwide/cargo-home/bin/cargo" "+1.69.0" "build" "--frozen" "--message-format=json", kill_on_drop: false }`
[INFO] [stdout] d147b38ab9da3f973d4d474959e9b3f52f5f1a8a93b0481b5b68f62ca692e02e
[INFO] running `Command { std: "docker" "start" "-a" "d147b38ab9da3f973d4d474959e9b3f52f5f1a8a93b0481b5b68f62ca692e02e", kill_on_drop: false }`
[INFO] [stderr]    Compiling another-rxrust v0.0.45 (/opt/rustwide/workdir)
[INFO] [stderr]     Finished dev [unoptimized + debuginfo] target(s) in 0.75s
[INFO] running `Command { std: "docker" "inspect" "d147b38ab9da3f973d4d474959e9b3f52f5f1a8a93b0481b5b68f62ca692e02e", kill_on_drop: false }`
[INFO] running `Command { std: "docker" "rm" "-f" "d147b38ab9da3f973d4d474959e9b3f52f5f1a8a93b0481b5b68f62ca692e02e", kill_on_drop: false }`
[INFO] [stdout] d147b38ab9da3f973d4d474959e9b3f52f5f1a8a93b0481b5b68f62ca692e02e
[INFO] running `Command { std: "docker" "create" "-v" "/var/lib/crater-agent-workspace/builds/worker-1-tc1/target:/opt/rustwide/target:rw,Z" "-v" "/var/lib/crater-agent-workspace/builds/worker-1-tc1/source:/opt/rustwide/workdir:ro,Z" "-v" "/var/lib/crater-agent-workspace/cargo-home:/opt/rustwide/cargo-home:ro,Z" "-v" "/var/lib/crater-agent-workspace/rustup-home:/opt/rustwide/rustup-home:ro,Z" "-e" "SOURCE_DIR=/opt/rustwide/workdir" "-e" "CARGO_TARGET_DIR=/opt/rustwide/target" "-e" "CARGO_INCREMENTAL=0" "-e" "RUST_BACKTRACE=full" "-e" "RUSTFLAGS=--cap-lints=warn" "-e" "RUSTDOCFLAGS=--cap-lints=warn" "-e" "CARGO_HOME=/opt/rustwide/cargo-home" "-e" "RUSTUP_HOME=/opt/rustwide/rustup-home" "-w" "/opt/rustwide/workdir" "-m" "1610612736" "--user" "0:0" "--network" "none" "ghcr.io/rust-lang/crates-build-env/linux@sha256:5ff2268d62e97bff2cde7d5815dd6ed5b47097566f13b8d0ca110b04b60e07ed" "/opt/rustwide/cargo-home/bin/cargo" "+1.69.0" "test" "--frozen" "--no-run" "--message-format=json", kill_on_drop: false }`
[INFO] [stdout] a7b61675a5f7cc9a8fc9d6879b201a89a6a7bbcb2f18d8ee61e6b1b0d1b58e57
[INFO] running `Command { std: "docker" "start" "-a" "a7b61675a5f7cc9a8fc9d6879b201a89a6a7bbcb2f18d8ee61e6b1b0d1b58e57", kill_on_drop: false }`
[INFO] [stderr]    Compiling memchr v2.5.0
[INFO] [stderr]    Compiling lock_api v0.4.9
[INFO] [stderr]    Compiling cc v1.0.79
[INFO] [stderr]    Compiling parking_lot_core v0.9.7
[INFO] [stderr]    Compiling gimli v0.27.2
[INFO] [stderr]    Compiling miniz_oxide v0.6.2
[INFO] [stderr]    Compiling syn v2.0.15
[INFO] [stderr]    Compiling tokio v1.28.0
[INFO] [stderr]    Compiling anyhow v1.0.71
[INFO] [stderr]    Compiling rustc-demangle v0.1.23
[INFO] [stderr]    Compiling parking_lot v0.12.1
[INFO] [stderr]    Compiling object v0.30.3
[INFO] [stderr]    Compiling mio v0.8.6
[INFO] [stderr]    Compiling socket2 v0.4.9
[INFO] [stderr]    Compiling bytes v1.4.0
[INFO] [stderr]    Compiling backtrace v0.3.67
[INFO] [stderr]    Compiling addr2line v0.19.0
[INFO] [stderr]    Compiling tokio-macros v2.1.0
[INFO] [stderr]    Compiling another-rxrust v0.0.45 (/opt/rustwide/workdir)
[INFO] [stderr]     Finished test [unoptimized + debuginfo] target(s) in 21.20s
[INFO] running `Command { std: "docker" "inspect" "a7b61675a5f7cc9a8fc9d6879b201a89a6a7bbcb2f18d8ee61e6b1b0d1b58e57", kill_on_drop: false }`
[INFO] running `Command { std: "docker" "rm" "-f" "a7b61675a5f7cc9a8fc9d6879b201a89a6a7bbcb2f18d8ee61e6b1b0d1b58e57", kill_on_drop: false }`
[INFO] [stdout] a7b61675a5f7cc9a8fc9d6879b201a89a6a7bbcb2f18d8ee61e6b1b0d1b58e57
[INFO] running `Command { std: "docker" "create" "-v" "/var/lib/crater-agent-workspace/builds/worker-1-tc1/target:/opt/rustwide/target:rw,Z" "-v" "/var/lib/crater-agent-workspace/builds/worker-1-tc1/source:/opt/rustwide/workdir:ro,Z" "-v" "/var/lib/crater-agent-workspace/cargo-home:/opt/rustwide/cargo-home:ro,Z" "-v" "/var/lib/crater-agent-workspace/rustup-home:/opt/rustwide/rustup-home:ro,Z" "-e" "SOURCE_DIR=/opt/rustwide/workdir" "-e" "CARGO_TARGET_DIR=/opt/rustwide/target" "-e" "CARGO_INCREMENTAL=0" "-e" "RUST_BACKTRACE=full" "-e" "RUSTFLAGS=--cap-lints=warn" "-e" "RUSTDOCFLAGS=--cap-lints=warn" "-e" "CARGO_HOME=/opt/rustwide/cargo-home" "-e" "RUSTUP_HOME=/opt/rustwide/rustup-home" "-w" "/opt/rustwide/workdir" "-m" "1610612736" "--user" "0:0" "--network" "none" "ghcr.io/rust-lang/crates-build-env/linux@sha256:5ff2268d62e97bff2cde7d5815dd6ed5b47097566f13b8d0ca110b04b60e07ed" "/opt/rustwide/cargo-home/bin/cargo" "+1.69.0" "test" "--frozen", kill_on_drop: false }`
[INFO] [stdout] ca33acb61b1740fd767c60d17d1f2e7390f18f7b785e1be42072d5fe76ba8ece
[INFO] running `Command { std: "docker" "start" "-a" "ca33acb61b1740fd767c60d17d1f2e7390f18f7b785e1be42072d5fe76ba8ece", kill_on_drop: false }`
[INFO] [stderr]     Finished test [unoptimized + debuginfo] target(s) in 0.05s
[INFO] [stderr]      Running unittests src/lib.rs (/opt/rustwide/target/debug/deps/another_rxrust-6dec11a4a74f0c91)
[INFO] [stdout] 
[INFO] [stdout] running 179 tests
[INFO] [stdout] test internals::function_wrapper::tset::borrow ... ok
[INFO] [stdout] test internals::function_wrapper::tset::borrow2 ... ok
[INFO] [stdout] test internals::function_wrapper::tset::call_if_available ... ok
[INFO] [stdout] test material::test::basic ... ok
[INFO] [stdout] test internals::function_wrapper::tset::call_and_clear_if_available ... ok
[INFO] [stdout] test material::test::omit_scope ... ok
[INFO] [stdout] test internals::function_wrapper::tset::basic ... ok
[INFO] [stdout] test observable::test::move_to_closure ... ok
[INFO] [stdout] test observable::test::thread ... ok
[INFO] [stdout] test observables::error::test::basic ... ok
[INFO] [stdout] test observables::from_iter::test::basic ... ok
[INFO] [stdout] test observables::defer::test::basic ... ok
[INFO] [stdout] test observables::empty::test::basic ... ok
[INFO] [stdout] test observables::from_iter::test::vec ... ok
[INFO] [stdout] test material::test::custom_type ... ok
[INFO] [stdout] test observable::test::basic ... ok
[INFO] [stdout] test observables::from_result::test::error_str ... ok
[INFO] [stdout] test observables::from_result::test::error_io ... ok
[INFO] [stdout] test observables::just::test::basic ... ok
[INFO] [stdout] test observables::from_result::test::basic ... ok
[INFO] [stdout] test observables::never::test::basic ... ok
[INFO] [stdout] test observables::range::test::basic ... ok
[INFO] [stdout] test observables::start::test::basic ... ok
[INFO] [stdout] test observables::repeat::test::basic ... ok
[INFO] [stdout] test observer::test::basic ... ok
[INFO] [stdout] test observer::test::basic_with_capture ... ok
[INFO] [stdout] test observer::test::clone_into_thread ... ok
[INFO] [stdout] test observer::test::close ... ok
[INFO] [stdout] test internals::function_wrapper::tset::call_and_clear_if_available_panic - should panic ... ok
[INFO] [stdout] test observables::from_result::test::error_anyhow ... ok
[INFO] [stdout] test operators::amb::test::basic ... ok
[INFO] [stdout] test observables::interval::test::basic ... ok
[INFO] [stdout] test operators::all::test::basic ... ok
[INFO] [stdout] test operators::combine_latest::test::basic ... ok
[INFO] [stdout] test observables::timer::test::basic ... ok
[INFO] [stdout] test operators::concat::test::basic ... ok
[INFO] [stdout] test operators::all::test::ne ... ok
[INFO] [stdout] test operators::contains::test::basic ... ok
[INFO] [stdout] test operators::contains::test::empty ... ok
[INFO] [stdout] test operators::contains::test::error ... ok
[INFO] [stdout] test operators::contains::test::not_found ... ok
[INFO] [stdout] test operators::count::test::basic ... ok
[INFO] [stdout] test operators::count::test::empty ... ok
[INFO] [stdout] test operators::count::test::error ... ok
[INFO] [stdout] test observables::interval::test::thread ... ok
[INFO] [stdout] test operators::default_if_empty::test::basic ... ok
[INFO] [stdout] test operators::default_if_empty::test::error ... ok
[INFO] [stdout] test operators::default_if_empty::test::not_empty ... ok
[INFO] [stdout] test observables::timer::test::thread ... ok
[INFO] [stdout] test operators::buffer_with_count::test::basic ... ok
[INFO] [stdout] test operators::dematerialize::test::basic ... ok
[INFO] [stdout] test operators::distinct_until_changed::test::basic ... ok
[INFO] [stdout] test operators::element_at::test::basic ... ok
[INFO] [stdout] test operators::filter::test::basic ... ok
[INFO] [stdout] test operators::first::test::basic ... ok
[INFO] [stdout] test operators::flat_map::test::basic ... ok
[INFO] [stdout] test operators::amb::test::thread ... ok
[INFO] [stdout] test observable::test::unsubscribe ... ok
[INFO] [stdout] test operators::group_by::test::basic ... ok
[INFO] [stdout] test operators::group_by::test::error ... ok
[INFO] [stdout] test operators::ignore_elements::test::basic ... ok
[INFO] [stdout] test operators::ignore_elements::test::error ... ok
[INFO] [stdout] test operators::last::test::basic ... ok
[INFO] [stdout] test operators::combine_latest::test::thread ... ok
[INFO] [stdout] test operators::map::test::basic ... ok
[INFO] [stdout] test operators::map_to_any::test::basic ... ok
[INFO] [stdout] test operators::concat::test::thread ... ok
[INFO] [stdout] test operators::materialize::test::basic ... ok
[INFO] [stdout] test operators::map_to_any::test::combination_with_zip ... ok
[INFO] [stdout] test operators::max::test::basic ... ok
[INFO] [stdout] test operators::max::test::empty ... ok
[INFO] [stdout] test operators::max::test::error ... ok
[INFO] [stdout] test operators::merge::test::basic ... ok
[INFO] [stdout] test operators::min::test::basic ... ok
[INFO] [stdout] test operators::min::test::empty ... ok
[INFO] [stdout] test operators::min::test::error ... ok
[INFO] [stdout] test operators::debounce::test::basic ... ok
[INFO] [stdout] test operators::flat_map::test::composite ... ok
[INFO] [stdout] test operators::on_error_resume_next::tset::basic ... ok
[INFO] [stdout] test operators::on_error_resume_next::tset::just ... ok
[INFO] [stdout] test operators::flat_map::test::thread ... ok
[INFO] [stdout] test operators::delay::test::thread ... ok
[INFO] [stdout] test operators::reduce::test::basic ... ok
[INFO] [stdout] test operators::reduce::test::empty ... ok
[INFO] [stdout] test operators::reduce::test::error ... ok
[INFO] [stdout] test operators::map::test::map_thread ... ok
[INFO] [stdout] test operators::reduce::test::single ... ok
[INFO] [stdout] test operators::reduce::test::string ... ok
[INFO] [stdout] test operators::ref_count::test::basic ... ok
[INFO] [stdout] test operators::replay::test::basic ... ok
[INFO] [stdout] test operators::merge::test::thread ... ok
[INFO] [stdout] test operators::retry::test::basic ... ok
[INFO] [stdout] test operators::retry_when::test::basic ... ok
[INFO] [stdout] test operators::observe_on::test::basic ... ok
[INFO] [stdout] test operators::scan::test::basic ... ok
[INFO] [stdout] test operators::scan::test::empty ... ok
[INFO] [stdout] test operators::scan::test::error ... ok
[INFO] [stdout] test operators::scan::test::single ... ok
[INFO] [stdout] test operators::scan::test::string ... ok
[INFO] [stdout] test operators::sequence_equal::test::basic ... ok
[INFO] [stdout] test operators::observe_on::test::multiple ... ok
[INFO] [stdout] test operators::delay::test::basic ... ok
[INFO] [stdout] test operators::skip::test::basic ... ok
[INFO] [stdout] test operators::sequence_equal::test::ne ... ok
[INFO] [stdout] test operators::skip_last::test::basic ... ok
[INFO] [stdout] test operators::replay::test::thread ... ok
[INFO] [stdout] test operators::sequence_equal::test::thread ... ok
[INFO] [stdout] test operators::skip_while::test::basic ... ok
[INFO] [stdout] test operators::start_with::test::multiple ... ok
[INFO] [stdout] test operators::start_with::test::single ... ok
[INFO] [stdout] test operators::publish::test::basic ... ok
[INFO] [stdout] test operators::publish::test::first_connect ... ok
[INFO] [stdout] test operators::sum::test::basic ... ok
[INFO] [stdout] test operators::sum::test::empty ... ok
[INFO] [stdout] test operators::sum::test::error ... ok
[INFO] [stdout] test operators::sum_and_count::test::basic ... ok
[INFO] [stdout] test operators::sum_and_count::test::empty ... ok
[INFO] [stdout] test operators::sum_and_count::test::error ... ok
[INFO] [stdout] test operators::ref_count::test::thread ... ok
[INFO] [stdout] test operators::take::test::basic ... ok
[INFO] [stdout] test operators::sample::test::basic ... ok
[INFO] [stdout] test operators::take_last::test::basic ... ok
[INFO] [stdout] test operators::skip::test::thread ... ok
[INFO] [stdout] test operators::skip_until::test::basic ... ok
[INFO] [stdout] test operators::skip_last::test::thread ... ok
[INFO] [stdout] test operators::take_while::test::basic ... ok
[INFO] [stdout] test operators::tap::test::basic ... ok
[INFO] [stdout] test operators::tap::test::error ... ok
[INFO] [stdout] test operators::subscribe_on::test::basic ... ok
[INFO] [stdout] test operators::subscribe_on::test::multiple ... ok
[INFO] [stdout] test operators::take::test::thread ... ok
[INFO] [stdout] test operators::to_vec::test::basic ... ok
[INFO] [stdout] test operators::take_until::test::basic ... ok
[INFO] [stdout] test operators::take_last::test::thread ... ok
[INFO] [stdout] test operators::window_with_count::test::basic ... ok
[INFO] [stdout] test operators::window_with_count::test::error ... ok
[INFO] [stdout] test operators::zip::test::basic ... ok
[INFO] [stdout] test operators::take_until::test::with_subject ... ok
[INFO] [stdout] test operators::to_vec::test::error ... ok
[INFO] [stdout] test rx_error::test::from_error ... ok
[INFO] [stdout] test rx_error::test::str_ref ... ok
[INFO] [stdout] test rx_error::test::anyhow_error ... ok
[INFO] [stdout] test operators::switch_on_next::test::basic ... ok
[INFO] [stdout] test operators::timeout::test::basic ... ok
[INFO] [stdout] test subjects::async_subject::tset::basic ... ok
[INFO] [stdout] test subjects::async_subject::tset::error ... ok
[INFO] [stdout] test subjects::behavior_subject::tset::basic ... ok
[INFO] [stdout] test subjects::behavior_subject::tset::double ... ok
[INFO] [stdout] test operators::to_vec::test::thread ... ok
[INFO] [stdout] test subjects::replay_subject::tset::basic ... ok
[INFO] [stdout] test subjects::replay_subject::tset::double ... ok
[INFO] [stdout] test operators::time_interval::test::basic ... ok
[INFO] [stdout] test subjects::subject::tset::basic ... ok
[INFO] [stdout] test subjects::subject::tset::double ... ok
[INFO] [stdout] test operators::timestamp::test::basic ... ok
[INFO] [stdout] test operators::zip::test::thread ... ok
[INFO] [stdout] test tests::basic::test::outside_var ... ok
[INFO] [stdout] test tests::copy_values::test::basic ... ok
[INFO] [stdout] test tests::basic::test::basic ... ok
[INFO] [stdout] test tests::copy_values::test::use_subject ... ok
[INFO] [stdout] test tests::copy_values::test::use_take ... ok
[INFO] [stdout] test tests::macros::test::basic ... ok
[INFO] [stdout] test tests::macros::test::panic_error - should panic ... ok
[INFO] [stdout] test tests::macros::test::print ... ok
[INFO] [stdout] test tests::macros::test::print_debug ... ok
[INFO] [stdout] test tests::macros::test::print_display ... ok
[INFO] [stdout] test tests::macros::test::print_error ... ok
[INFO] [stdout] test tests::macros::test::print_error_as ... ok
[INFO] [stdout] test tests::copy_values::test::use_observe_on ... ok
[INFO] [stdout] test utils::ready_set_go::test::basic ... ok
[INFO] [stdout] test utils::something::test::basic ... ok
[INFO] [stdout] test subjects::behavior_subject::tset::thread ... ok
[INFO] [stdout] test subjects::replay_subject::tset::thread ... ok
[INFO] [stdout] test subjects::subject::tset::thread ... ok
[INFO] [stdout] test schedulers::default_scheduler::test::basic ... ok
[INFO] [stdout] test tests::rxcpp_case5::test::rxcpp_case5 ... ok
[INFO] [stdout] test utils::using::test::basic ... ok
[INFO] [stdout] test schedulers::async_function_queue::test::basic ... ok
[INFO] [stdout] test schedulers::new_thread_scheduler::test::basic ... ok
[INFO] [stdout] 
[INFO] [stdout] test result: ok. 179 passed; 0 failed; 0 ignored; 0 measured; 0 filtered out; finished in 9.99s
[INFO] [stdout] 
[INFO] [stderr]    Doc-tests another-rxrust
[INFO] [stdout] 
[INFO] [stdout] running 3 tests
[INFO] [stdout] test src/lib.rs - (line 80) ... FAILED
[INFO] [stdout] test src/lib.rs - (line 53) ... FAILED
[INFO] [stderr] error: doctest failed, to rerun pass `--doc`
[INFO] [stdout] test src/lib.rs - (line 110) ... ok
[INFO] [stdout] 
[INFO] [stdout] failures:
[INFO] [stdout] 
[INFO] [stdout] ---- src/lib.rs - (line 80) stdout ----
[INFO] [stdout] error: cannot find macro `print_next_fmt` in this scope
[INFO] [stdout]   --> src/lib.rs:92:14
[INFO] [stdout]    |
[INFO] [stdout] 14 |   .subscribe(print_next_fmt!("{}"), print_error!(), print_complete!());
[INFO] [stdout]    |              ^^^^^^^^^^^^^^
[INFO] [stdout]    |
[INFO] [stdout]    = help: consider importing this macro:
[INFO] [stdout]            another_rxrust::print_next_fmt
[INFO] [stdout] 
[INFO] [stdout] error: cannot find macro `print_error` in this scope
[INFO] [stdout]   --> src/lib.rs:92:37
[INFO] [stdout]    |
[INFO] [stdout] 14 |   .subscribe(print_next_fmt!("{}"), print_error!(), print_complete!());
[INFO] [stdout]    |                                     ^^^^^^^^^^^
[INFO] [stdout]    |
[INFO] [stdout]    = help: consider importing this macro:
[INFO] [stdout]            another_rxrust::print_error
[INFO] [stdout] 
[INFO] [stdout] error: cannot find macro `print_complete` in this scope
[INFO] [stdout]   --> src/lib.rs:92:53
[INFO] [stdout]    |
[INFO] [stdout] 14 |   .subscribe(print_next_fmt!("{}"), print_error!(), print_complete!());
[INFO] [stdout]    |                                                     ^^^^^^^^^^^^^^
[INFO] [stdout]    |
[INFO] [stdout]    = help: consider importing this macro:
[INFO] [stdout]            another_rxrust::print_complete
[INFO] [stdout] 
[INFO] [stdout] error: aborting due to 3 previous errors
[INFO] [stdout] 
[INFO] [stdout] Couldn't compile the test.
[INFO] [stdout] ---- src/lib.rs - (line 53) stdout ----
[INFO] [stdout] error: cannot find macro `print_next_fmt` in this scope
[INFO] [stdout]  --> src/lib.rs:59:5
[INFO] [stdout]   |
[INFO] [stdout] 8 |     print_next_fmt!("{:?}"),
[INFO] [stdout]   |     ^^^^^^^^^^^^^^
[INFO] [stdout]   |
[INFO] [stdout]   = help: consider importing this macro:
[INFO] [stdout]           another_rxrust::print_next_fmt
[INFO] [stdout] 
[INFO] [stdout] error: cannot find macro `print_error` in this scope
[INFO] [stdout]  --> src/lib.rs:60:5
[INFO] [stdout]   |
[INFO] [stdout] 9 |     print_error!(),
[INFO] [stdout]   |     ^^^^^^^^^^^
[INFO] [stdout]   |
[INFO] [stdout]   = help: consider importing this macro:
[INFO] [stdout]           another_rxrust::print_error
[INFO] [stdout] 
[INFO] [stdout] error: cannot find macro `print_complete` in this scope
[INFO] [stdout]   --> src/lib.rs:61:5
[INFO] [stdout]    |
[INFO] [stdout] 10 |     print_complete!(),
[INFO] [stdout]    |     ^^^^^^^^^^^^^^
[INFO] [stdout]    |
[INFO] [stdout]    = help: consider importing this macro:
[INFO] [stdout]            another_rxrust::print_complete
[INFO] [stdout] 
[INFO] [stdout] error: aborting due to 3 previous errors
[INFO] [stdout] 
[INFO] [stdout] Couldn't compile the test.
[INFO] [stdout] 
[INFO] [stdout] failures:
[INFO] [stdout]     src/lib.rs - (line 53)
[INFO] [stdout]     src/lib.rs - (line 80)
[INFO] [stdout] 
[INFO] [stdout] test result: FAILED. 1 passed; 2 failed; 0 ignored; 0 measured; 0 filtered out; finished in 1.28s
[INFO] [stdout] 
[INFO] running `Command { std: "docker" "inspect" "ca33acb61b1740fd767c60d17d1f2e7390f18f7b785e1be42072d5fe76ba8ece", kill_on_drop: false }`
[INFO] running `Command { std: "docker" "rm" "-f" "ca33acb61b1740fd767c60d17d1f2e7390f18f7b785e1be42072d5fe76ba8ece", kill_on_drop: false }`
[INFO] [stdout] ca33acb61b1740fd767c60d17d1f2e7390f18f7b785e1be42072d5fe76ba8ece
