[INFO] fetching crate andax 0.1.2...
[INFO] testing andax-0.1.2 against 1.69.0 for beta-1.70-1
[INFO] extracting crate andax 0.1.2 into /workspace/builds/worker-1-tc1/source
[INFO] validating manifest of crates.io crate andax 0.1.2 on toolchain 1.69.0
[INFO] running `Command { std: CARGO_HOME="/workspace/cargo-home" RUSTUP_HOME="/workspace/rustup-home" "/workspace/cargo-home/bin/cargo" "+1.69.0" "metadata" "--manifest-path" "Cargo.toml" "--no-deps", kill_on_drop: false }`
[INFO] started tweaking crates.io crate andax 0.1.2
[INFO] finished tweaking crates.io crate andax 0.1.2
[INFO] tweaked toml for crates.io crate andax 0.1.2 written to /workspace/builds/worker-1-tc1/source/Cargo.toml
[INFO] running `Command { std: CARGO_HOME="/workspace/cargo-home" RUSTUP_HOME="/workspace/rustup-home" __CARGO_TEST_CHANNEL_OVERRIDE_DO_NOT_USE_THIS="nightly" "/workspace/cargo-home/bin/cargo" "+1.69.0" "generate-lockfile" "--manifest-path" "Cargo.toml" "-Zno-index-update", kill_on_drop: false }`
[INFO] running `Command { std: CARGO_HOME="/workspace/cargo-home" RUSTUP_HOME="/workspace/rustup-home" "/workspace/cargo-home/bin/cargo" "+1.69.0" "fetch" "--manifest-path" "Cargo.toml", kill_on_drop: false }`
[INFO] [stderr]  Downloading crates ...
[INFO] [stderr]   Downloaded tiny-keccak v2.0.2
[INFO] [stderr]   Downloaded smartstring v1.0.1
[INFO] [stderr]   Downloaded const-random-macro v0.1.15
[INFO] [stderr]   Downloaded const-random v0.1.15
[INFO] [stderr]   Downloaded proc-macro-hack v0.5.20+deprecated
[INFO] [stderr]   Downloaded tracing-subscriber v0.3.17
[INFO] [stderr]   Downloaded android_system_properties v0.1.5
[INFO] [stderr]   Downloaded cxxbridge-flags v1.0.94
[INFO] [stderr]   Downloaded uuid v1.3.2
[INFO] [stderr]   Downloaded iana-time-zone v0.1.56
[INFO] [stderr]   Downloaded static_assertions v1.1.0
[INFO] [stderr]   Downloaded walkdir v2.3.3
[INFO] [stderr]   Downloaded thread_local v1.1.7
[INFO] [stderr]   Downloaded crunchy v0.2.2
[INFO] [stderr]   Downloaded dotenv v0.15.0
[INFO] [stderr]   Downloaded aho-corasick v0.7.20
[INFO] [stderr]   Downloaded hcl-rs v0.9.3
[INFO] [stderr]   Downloaded anda-config v0.1.4
[INFO] [stderr]   Downloaded num-rational v0.4.1
[INFO] [stderr]   Downloaded ahash v0.8.3
[INFO] [stderr]   Downloaded iana-time-zone-haiku v0.1.1
[INFO] [stderr]   Downloaded scratch v1.0.5
[INFO] [stderr]   Downloaded num v0.4.0
[INFO] [stderr]   Downloaded globset v0.4.10
[INFO] [stderr]   Downloaded num-derive v0.3.3
[INFO] [stderr]   Downloaded link-cplusplus v1.0.8
[INFO] [stderr]   Downloaded vecmap-rs v0.1.10
[INFO] [stderr]   Downloaded tracing-attributes v0.1.24
[INFO] [stderr]   Downloaded termcolor v1.2.0
[INFO] [stderr]   Downloaded num-complex v0.4.3
[INFO] [stderr]   Downloaded rhai_codegen v1.5.0
[INFO] [stderr]   Downloaded codespan-reporting v0.11.1
[INFO] [stderr]   Downloaded cxxbridge-macro v1.0.94
[INFO] [stderr]   Downloaded ignore v0.4.20
[INFO] [stderr]   Downloaded num-bigint v0.4.3
[INFO] [stderr]   Downloaded cxx-build v1.0.94
[INFO] [stderr]   Downloaded ureq v2.6.2
[INFO] [stderr]   Downloaded chrono v0.4.24
[INFO] [stderr]   Downloaded cxx v1.0.94
[INFO] [stderr]   Downloaded rustls v0.20.8
[INFO] [stderr]   Downloaded rhai v1.13.0
[INFO] [stderr]   Downloaded bstr v1.4.0
[INFO] [stderr]   Downloaded webpki-roots v0.22.6
[INFO] [stderr]   Downloaded windows v0.48.0
[INFO] [stderr]   Downloaded rhai-fs v0.1.2
[INFO] running `Command { std: "docker" "create" "-v" "/var/lib/crater-agent-workspace/builds/worker-1-tc1/target:/opt/rustwide/target:rw,Z" "-v" "/var/lib/crater-agent-workspace/builds/worker-1-tc1/source:/opt/rustwide/workdir:ro,Z" "-v" "/var/lib/crater-agent-workspace/cargo-home:/opt/rustwide/cargo-home:ro,Z" "-v" "/var/lib/crater-agent-workspace/rustup-home:/opt/rustwide/rustup-home:ro,Z" "-e" "SOURCE_DIR=/opt/rustwide/workdir" "-e" "CARGO_TARGET_DIR=/opt/rustwide/target" "-e" "CARGO_HOME=/opt/rustwide/cargo-home" "-e" "RUSTUP_HOME=/opt/rustwide/rustup-home" "-w" "/opt/rustwide/workdir" "-m" "1610612736" "--user" "0:0" "--network" "none" "ghcr.io/rust-lang/crates-build-env/linux@sha256:5ff2268d62e97bff2cde7d5815dd6ed5b47097566f13b8d0ca110b04b60e07ed" "/opt/rustwide/cargo-home/bin/cargo" "+1.69.0" "metadata" "--no-deps" "--format-version=1", kill_on_drop: false }`
[INFO] [stdout] 26d786fb5ff09d0c91bad2b38ba90c0b2dee0c7427d93a4f3cea90f51b9bf5c0
[INFO] running `Command { std: "docker" "start" "-a" "26d786fb5ff09d0c91bad2b38ba90c0b2dee0c7427d93a4f3cea90f51b9bf5c0", kill_on_drop: false }`
[INFO] running `Command { std: "docker" "inspect" "26d786fb5ff09d0c91bad2b38ba90c0b2dee0c7427d93a4f3cea90f51b9bf5c0", kill_on_drop: false }`
[INFO] running `Command { std: "docker" "rm" "-f" "26d786fb5ff09d0c91bad2b38ba90c0b2dee0c7427d93a4f3cea90f51b9bf5c0", kill_on_drop: false }`
[INFO] [stdout] 26d786fb5ff09d0c91bad2b38ba90c0b2dee0c7427d93a4f3cea90f51b9bf5c0
[INFO] running `Command { std: "docker" "create" "-v" "/var/lib/crater-agent-workspace/builds/worker-1-tc1/target:/opt/rustwide/target:rw,Z" "-v" "/var/lib/crater-agent-workspace/builds/worker-1-tc1/source:/opt/rustwide/workdir:ro,Z" "-v" "/var/lib/crater-agent-workspace/cargo-home:/opt/rustwide/cargo-home:ro,Z" "-v" "/var/lib/crater-agent-workspace/rustup-home:/opt/rustwide/rustup-home:ro,Z" "-e" "SOURCE_DIR=/opt/rustwide/workdir" "-e" "CARGO_TARGET_DIR=/opt/rustwide/target" "-e" "CARGO_INCREMENTAL=0" "-e" "RUST_BACKTRACE=full" "-e" "RUSTFLAGS=--cap-lints=warn" "-e" "RUSTDOCFLAGS=--cap-lints=warn" "-e" "CARGO_HOME=/opt/rustwide/cargo-home" "-e" "RUSTUP_HOME=/opt/rustwide/rustup-home" "-w" "/opt/rustwide/workdir" "-m" "1610612736" "--user" "0:0" "--network" "none" "ghcr.io/rust-lang/crates-build-env/linux@sha256:5ff2268d62e97bff2cde7d5815dd6ed5b47097566f13b8d0ca110b04b60e07ed" "/opt/rustwide/cargo-home/bin/cargo" "+1.69.0" "build" "--frozen" "--message-format=json", kill_on_drop: false }`
[INFO] [stdout] 2edff48352494316f9bb4ec280049bac9e4dd9eadb67024590513f1ce6f7e27c
[INFO] running `Command { std: "docker" "start" "-a" "2edff48352494316f9bb4ec280049bac9e4dd9eadb67024590513f1ce6f7e27c", kill_on_drop: false }`
[INFO] [stderr]    Compiling unicode-ident v1.0.8
[INFO] [stderr]    Compiling once_cell v1.17.1
[INFO] [stderr]    Compiling serde v1.0.160
[INFO] [stderr]    Compiling num-traits v0.2.15
[INFO] [stderr]    Compiling crunchy v0.2.2
[INFO] [stderr]    Compiling tiny-keccak v2.0.2
[INFO] [stderr]    Compiling proc-macro-hack v0.5.20+deprecated
[INFO] [stderr]    Compiling libc v0.2.142
[INFO] [stderr]    Compiling syn v1.0.109
[INFO] [stderr]    Compiling ring v0.16.20
[INFO] [stderr]    Compiling ahash v0.8.3
[INFO] [stderr]    Compiling num-integer v0.1.45
[INFO] [stderr]    Compiling static_assertions v1.1.0
[INFO] [stderr]    Compiling smartstring v1.0.1
[INFO] [stderr]    Compiling ucd-trie v0.1.5
[INFO] [stderr]    Compiling proc-macro2 v1.0.56
[INFO] [stderr]    Compiling tracing-core v0.1.30
[INFO] [stderr]    Compiling thread_local v1.1.7
[INFO] [stderr]    Compiling getrandom v0.2.9
[INFO] [stderr]    Compiling num-bigint v0.4.3
[INFO] [stderr]    Compiling sharded-slab v0.1.4
[INFO] [stderr]    Compiling indexmap v1.9.3
[INFO] [stderr]    Compiling num-rational v0.4.1
[INFO] [stderr]    Compiling quote v1.0.26
[INFO] [stderr]    Compiling num-iter v0.1.43
[INFO] [stderr]    Compiling smallvec v1.10.0
[INFO] [stderr]    Compiling crc32fast v1.3.2
[INFO] [stderr]    Compiling syn v2.0.15
[INFO] [stderr]    Compiling bitflags v1.3.2
[INFO] [stderr]    Compiling bstr v1.4.0
[INFO] [stderr]    Compiling aho-corasick v0.7.20
[INFO] [stderr]    Compiling backtrace v0.3.67
[INFO] [stderr]    Compiling eyre v0.6.8
[INFO] [stderr]    Compiling rustls v0.20.8
[INFO] [stderr]    Compiling same-file v1.0.6
[INFO] [stderr]    Compiling idna v0.3.0
[INFO] [stderr]    Compiling tracing-subscriber v0.3.17
[INFO] [stderr]    Compiling const-random-macro v0.1.15
[INFO] [stderr]    Compiling walkdir v2.3.3
[INFO] [stderr]    Compiling form_urlencoded v1.1.0
[INFO] [stderr]    Compiling io-lifetimes v1.0.10
[INFO] [stderr]    Compiling miniz_oxide v0.7.1
[INFO] [stderr]    Compiling time v0.1.45
[INFO] [stderr]    Compiling owo-colors v3.5.0
[INFO] [stderr]    Compiling indenter v0.3.3
[INFO] [stderr]    Compiling iana-time-zone v0.1.56
[INFO] [stderr]    Compiling globset v0.4.10
[INFO] [stderr]    Compiling num-complex v0.4.3
[INFO] [stderr]    Compiling const-random v0.1.15
[INFO] [stderr]    Compiling ignore v0.4.20
[INFO] [stderr]    Compiling flate2 v1.0.26
[INFO] [stderr]    Compiling rustix v0.37.18
[INFO] [stderr]    Compiling url v2.3.1
[INFO] [stderr]    Compiling dotenv v0.15.0
[INFO] [stderr]    Compiling webpki v0.22.0
[INFO] [stderr]    Compiling sct v0.7.0
[INFO] [stderr]    Compiling webpki-roots v0.22.6
[INFO] [stderr]    Compiling serde_json v1.0.96
[INFO] [stderr]    Compiling num v0.4.0
[INFO] [stderr]    Compiling tempfile v3.5.0
[INFO] [stderr]    Compiling rhai_codegen v1.5.0
[INFO] [stderr]    Compiling num-derive v0.3.3
[INFO] [stderr]    Compiling serde_derive v1.0.160
[INFO] [stderr]    Compiling thiserror-impl v1.0.40
[INFO] [stderr]    Compiling tracing-attributes v0.1.24
[INFO] [stderr]    Compiling rhai v1.13.0
[INFO] [stderr]    Compiling thiserror v1.0.40
[INFO] [stderr]    Compiling pest v2.6.0
[INFO] [stderr]    Compiling tracing v0.1.37
[INFO] [stderr]    Compiling tracing-error v0.2.0
[INFO] [stderr]    Compiling color-spantrace v0.2.0
[INFO] [stderr]    Compiling color-eyre v0.6.2
[INFO] [stderr]    Compiling pest_meta v2.6.0
[INFO] [stderr]    Compiling pest_generator v2.6.0
[INFO] [stderr]    Compiling pest_derive v2.6.0
[INFO] [stderr]    Compiling vecmap-rs v0.1.10
[INFO] [stderr]    Compiling uuid v1.3.2
[INFO] [stderr]    Compiling chrono v0.4.24
[INFO] [stderr]    Compiling hcl-rs v0.9.3
[INFO] [stderr]    Compiling ureq v2.6.2
[INFO] [stderr]    Compiling anda-config v0.1.4
[INFO] [stderr]    Compiling rhai-fs v0.1.2
[INFO] [stderr]    Compiling andax v0.1.2 (/opt/rustwide/workdir)
[INFO] [stderr]     Finished dev [unoptimized + debuginfo] target(s) in 24.15s
[INFO] running `Command { std: "docker" "inspect" "2edff48352494316f9bb4ec280049bac9e4dd9eadb67024590513f1ce6f7e27c", kill_on_drop: false }`
[INFO] running `Command { std: "docker" "rm" "-f" "2edff48352494316f9bb4ec280049bac9e4dd9eadb67024590513f1ce6f7e27c", kill_on_drop: false }`
[INFO] [stdout] 2edff48352494316f9bb4ec280049bac9e4dd9eadb67024590513f1ce6f7e27c
[INFO] running `Command { std: "docker" "create" "-v" "/var/lib/crater-agent-workspace/builds/worker-1-tc1/target:/opt/rustwide/target:rw,Z" "-v" "/var/lib/crater-agent-workspace/builds/worker-1-tc1/source:/opt/rustwide/workdir:ro,Z" "-v" "/var/lib/crater-agent-workspace/cargo-home:/opt/rustwide/cargo-home:ro,Z" "-v" "/var/lib/crater-agent-workspace/rustup-home:/opt/rustwide/rustup-home:ro,Z" "-e" "SOURCE_DIR=/opt/rustwide/workdir" "-e" "CARGO_TARGET_DIR=/opt/rustwide/target" "-e" "CARGO_INCREMENTAL=0" "-e" "RUST_BACKTRACE=full" "-e" "RUSTFLAGS=--cap-lints=warn" "-e" "RUSTDOCFLAGS=--cap-lints=warn" "-e" "CARGO_HOME=/opt/rustwide/cargo-home" "-e" "RUSTUP_HOME=/opt/rustwide/rustup-home" "-w" "/opt/rustwide/workdir" "-m" "1610612736" "--user" "0:0" "--network" "none" "ghcr.io/rust-lang/crates-build-env/linux@sha256:5ff2268d62e97bff2cde7d5815dd6ed5b47097566f13b8d0ca110b04b60e07ed" "/opt/rustwide/cargo-home/bin/cargo" "+1.69.0" "test" "--frozen" "--no-run" "--message-format=json", kill_on_drop: false }`
[INFO] [stdout] 4dcb53c1fc909e7fa558a179bef196812d4511ad1d48adf3ed63447cfe4e6a2f
[INFO] running `Command { std: "docker" "start" "-a" "4dcb53c1fc909e7fa558a179bef196812d4511ad1d48adf3ed63447cfe4e6a2f", kill_on_drop: false }`
[INFO] [stderr]    Compiling andax v0.1.2 (/opt/rustwide/workdir)
[INFO] [stderr]     Finished test [unoptimized + debuginfo] target(s) in 0.80s
[INFO] running `Command { std: "docker" "inspect" "4dcb53c1fc909e7fa558a179bef196812d4511ad1d48adf3ed63447cfe4e6a2f", kill_on_drop: false }`
[INFO] running `Command { std: "docker" "rm" "-f" "4dcb53c1fc909e7fa558a179bef196812d4511ad1d48adf3ed63447cfe4e6a2f", kill_on_drop: false }`
[INFO] [stdout] 4dcb53c1fc909e7fa558a179bef196812d4511ad1d48adf3ed63447cfe4e6a2f
[INFO] running `Command { std: "docker" "create" "-v" "/var/lib/crater-agent-workspace/builds/worker-1-tc1/target:/opt/rustwide/target:rw,Z" "-v" "/var/lib/crater-agent-workspace/builds/worker-1-tc1/source:/opt/rustwide/workdir:ro,Z" "-v" "/var/lib/crater-agent-workspace/cargo-home:/opt/rustwide/cargo-home:ro,Z" "-v" "/var/lib/crater-agent-workspace/rustup-home:/opt/rustwide/rustup-home:ro,Z" "-e" "SOURCE_DIR=/opt/rustwide/workdir" "-e" "CARGO_TARGET_DIR=/opt/rustwide/target" "-e" "CARGO_INCREMENTAL=0" "-e" "RUST_BACKTRACE=full" "-e" "RUSTFLAGS=--cap-lints=warn" "-e" "RUSTDOCFLAGS=--cap-lints=warn" "-e" "CARGO_HOME=/opt/rustwide/cargo-home" "-e" "RUSTUP_HOME=/opt/rustwide/rustup-home" "-w" "/opt/rustwide/workdir" "-m" "1610612736" "--user" "0:0" "--network" "none" "ghcr.io/rust-lang/crates-build-env/linux@sha256:5ff2268d62e97bff2cde7d5815dd6ed5b47097566f13b8d0ca110b04b60e07ed" "/opt/rustwide/cargo-home/bin/cargo" "+1.69.0" "test" "--frozen", kill_on_drop: false }`
[INFO] [stdout] beefefcf2210b95b4528cbf8d1de8219099646619b3cca0395dbc81e1c09f41e
[INFO] running `Command { std: "docker" "start" "-a" "beefefcf2210b95b4528cbf8d1de8219099646619b3cca0395dbc81e1c09f41e", kill_on_drop: false }`
[INFO] [stderr]     Finished test [unoptimized + debuginfo] target(s) in 0.10s
[INFO] [stderr]      Running unittests src/lib.rs (/opt/rustwide/target/debug/deps/andax-9f04cdfe040dc7f3)
[INFO] [stdout] 
[INFO] [stdout] running 0 tests
[INFO] [stdout] 
[INFO] [stdout] test result: ok. 0 passed; 0 failed; 0 ignored; 0 measured; 0 filtered out; finished in 0.00s
[INFO] [stdout] 
[INFO] [stderr]    Doc-tests andax
[INFO] [stdout] 
[INFO] [stdout] running 1 test
[INFO] [stdout] test src/fns/io.rs - fns::io::ar (line 32) ... FAILED
[INFO] [stdout] 
[INFO] [stdout] failures:
[INFO] [stdout] 
[INFO] [stdout] ---- src/fns/io.rs - fns::io::ar (line 32) stdout ----
[INFO] [stdout] error[E0425]: cannot find function `sh` in this scope
[INFO] [stdout]  --> src/fns/io.rs:33:1
[INFO] [stdout]   |
[INFO] [stdout] 3 | sh("echo hai");
[INFO] [stdout]   | ^^ not found in this scope
[INFO] [stdout] 
[INFO] [stdout] error[E0425]: cannot find function `sh` in this scope
[INFO] [stdout]  --> src/fns/io.rs:34:1
[INFO] [stdout]   |
[INFO] [stdout] 4 | sh(["echo", "hai"]);
[INFO] [stdout]   | ^^ not found in this scope
[INFO] [stdout] 
[INFO] [stdout] error[E0425]: cannot find function `sh` in this scope
[INFO] [stdout]  --> src/fns/io.rs:35:1
[INFO] [stdout]   |
[INFO] [stdout] 5 | sh(["rm", "-rf", "/path/with/some space"]);
[INFO] [stdout]   | ^^ not found in this scope
[INFO] [stdout] 
[INFO] [stdout] error[E0425]: cannot find function `sh` in this scope
[INFO] [stdout]  --> src/fns/io.rs:36:1
[INFO] [stdout]   |
[INFO] [stdout] 6 | sh("ls -al", "/current/working/directory");
[INFO] [stdout]   | ^^ not found in this scope
[INFO] [stdout] 
[INFO] [stdout] error[E0425]: cannot find function `sh` in this scope
[INFO] [stdout]  --> src/fns/io.rs:37:1
[INFO] [stdout]   |
[INFO] [stdout] 7 | sh(["grep", "andaman", "file"], "/working/dir");
[INFO] [stdout]   | ^^ not found in this scope
[INFO] [stdout] 
[INFO] [stdout] error: aborting due to 5 previous errors
[INFO] [stdout] 
[INFO] [stdout] For more information about this error, try `rustc --explain E0425`.
[INFO] [stdout] Couldn't compile the test.
[INFO] [stdout] 
[INFO] [stdout] failures:
[INFO] [stdout]     src/fns/io.rs - fns::io::ar (line 32)
[INFO] [stdout] 
[INFO] [stdout] test result: FAILED. 0 passed; 1 failed; 0 ignored; 0 measured; 0 filtered out; finished in 0.07s
[INFO] [stdout] 
[INFO] [stderr] error: doctest failed, to rerun pass `--doc`
[INFO] running `Command { std: "docker" "inspect" "beefefcf2210b95b4528cbf8d1de8219099646619b3cca0395dbc81e1c09f41e", kill_on_drop: false }`
[INFO] running `Command { std: "docker" "rm" "-f" "beefefcf2210b95b4528cbf8d1de8219099646619b3cca0395dbc81e1c09f41e", kill_on_drop: false }`
[INFO] [stdout] beefefcf2210b95b4528cbf8d1de8219099646619b3cca0395dbc81e1c09f41e
