[INFO] fetching crate amethyst_derive 0.15.3...
[INFO] testing amethyst_derive-0.15.3 against 1.69.0 for beta-1.70-1
[INFO] extracting crate amethyst_derive 0.15.3 into /workspace/builds/worker-7-tc1/source
[INFO] validating manifest of crates.io crate amethyst_derive 0.15.3 on toolchain 1.69.0
[INFO] running `Command { std: CARGO_HOME="/workspace/cargo-home" RUSTUP_HOME="/workspace/rustup-home" "/workspace/cargo-home/bin/cargo" "+1.69.0" "metadata" "--manifest-path" "Cargo.toml" "--no-deps", kill_on_drop: false }`
[INFO] started tweaking crates.io crate amethyst_derive 0.15.3
[INFO] finished tweaking crates.io crate amethyst_derive 0.15.3
[INFO] tweaked toml for crates.io crate amethyst_derive 0.15.3 written to /workspace/builds/worker-7-tc1/source/Cargo.toml
[INFO] running `Command { std: CARGO_HOME="/workspace/cargo-home" RUSTUP_HOME="/workspace/rustup-home" __CARGO_TEST_CHANNEL_OVERRIDE_DO_NOT_USE_THIS="nightly" "/workspace/cargo-home/bin/cargo" "+1.69.0" "generate-lockfile" "--manifest-path" "Cargo.toml" "-Zno-index-update", kill_on_drop: false }`
[INFO] running `Command { std: CARGO_HOME="/workspace/cargo-home" RUSTUP_HOME="/workspace/rustup-home" "/workspace/cargo-home/bin/cargo" "+1.69.0" "fetch" "--manifest-path" "Cargo.toml", kill_on_drop: false }`
[INFO] [stderr]  Downloading crates ...
[INFO] [stderr]   Downloaded proc_macro_roids v0.7.0
[INFO] running `Command { std: "docker" "create" "-v" "/var/lib/crater-agent-workspace/builds/worker-7-tc1/target:/opt/rustwide/target:rw,Z" "-v" "/var/lib/crater-agent-workspace/builds/worker-7-tc1/source:/opt/rustwide/workdir:ro,Z" "-v" "/var/lib/crater-agent-workspace/cargo-home:/opt/rustwide/cargo-home:ro,Z" "-v" "/var/lib/crater-agent-workspace/rustup-home:/opt/rustwide/rustup-home:ro,Z" "-e" "SOURCE_DIR=/opt/rustwide/workdir" "-e" "CARGO_TARGET_DIR=/opt/rustwide/target" "-e" "CARGO_HOME=/opt/rustwide/cargo-home" "-e" "RUSTUP_HOME=/opt/rustwide/rustup-home" "-w" "/opt/rustwide/workdir" "-m" "1610612736" "--user" "0:0" "--network" "none" "ghcr.io/rust-lang/crates-build-env/linux@sha256:5ff2268d62e97bff2cde7d5815dd6ed5b47097566f13b8d0ca110b04b60e07ed" "/opt/rustwide/cargo-home/bin/cargo" "+1.69.0" "metadata" "--no-deps" "--format-version=1", kill_on_drop: false }`
[INFO] [stdout] 5684573e64d8c3b8d0e0d79ea0124635c73ce7ad845bde34c09f1f3cd9211657
[INFO] running `Command { std: "docker" "start" "-a" "5684573e64d8c3b8d0e0d79ea0124635c73ce7ad845bde34c09f1f3cd9211657", kill_on_drop: false }`
[INFO] running `Command { std: "docker" "inspect" "5684573e64d8c3b8d0e0d79ea0124635c73ce7ad845bde34c09f1f3cd9211657", kill_on_drop: false }`
[INFO] running `Command { std: "docker" "rm" "-f" "5684573e64d8c3b8d0e0d79ea0124635c73ce7ad845bde34c09f1f3cd9211657", kill_on_drop: false }`
[INFO] [stdout] 5684573e64d8c3b8d0e0d79ea0124635c73ce7ad845bde34c09f1f3cd9211657
[INFO] running `Command { std: "docker" "create" "-v" "/var/lib/crater-agent-workspace/builds/worker-7-tc1/target:/opt/rustwide/target:rw,Z" "-v" "/var/lib/crater-agent-workspace/builds/worker-7-tc1/source:/opt/rustwide/workdir:ro,Z" "-v" "/var/lib/crater-agent-workspace/cargo-home:/opt/rustwide/cargo-home:ro,Z" "-v" "/var/lib/crater-agent-workspace/rustup-home:/opt/rustwide/rustup-home:ro,Z" "-e" "SOURCE_DIR=/opt/rustwide/workdir" "-e" "CARGO_TARGET_DIR=/opt/rustwide/target" "-e" "CARGO_INCREMENTAL=0" "-e" "RUST_BACKTRACE=full" "-e" "RUSTFLAGS=--cap-lints=warn" "-e" "RUSTDOCFLAGS=--cap-lints=warn" "-e" "CARGO_HOME=/opt/rustwide/cargo-home" "-e" "RUSTUP_HOME=/opt/rustwide/rustup-home" "-w" "/opt/rustwide/workdir" "-m" "1610612736" "--user" "0:0" "--network" "none" "ghcr.io/rust-lang/crates-build-env/linux@sha256:5ff2268d62e97bff2cde7d5815dd6ed5b47097566f13b8d0ca110b04b60e07ed" "/opt/rustwide/cargo-home/bin/cargo" "+1.69.0" "build" "--frozen" "--message-format=json", kill_on_drop: false }`
[INFO] [stdout] 75b390032372397bf9d4c464c56169301d6c239147b7dd5d77a9e7f035bdbedd
[INFO] running `Command { std: "docker" "start" "-a" "75b390032372397bf9d4c464c56169301d6c239147b7dd5d77a9e7f035bdbedd", kill_on_drop: false }`
[INFO] [stderr]    Compiling unicode-segmentation v1.10.1
[INFO] [stderr]    Compiling serde v1.0.160
[INFO] [stderr]    Compiling syn v1.0.109
[INFO] [stderr]    Compiling heck v0.3.3
[INFO] [stderr]    Compiling toml v0.5.11
[INFO] [stderr]    Compiling proc_macro_roids v0.7.0
[INFO] [stderr]    Compiling proc-macro-crate v0.1.5
[INFO] [stderr]    Compiling amethyst_derive v0.15.3 (/opt/rustwide/workdir)
[INFO] [stdout] warning: field `is_self` is never read
[INFO] [stdout]    --> src/system_desc.rs:724:5
[INFO] [stdout]     |
[INFO] [stdout] 716 | struct Context<'c> {
[INFO] [stdout]     |        ------- field in this struct
[INFO] [stdout] ...
[INFO] [stdout] 724 |     is_self: bool,
[INFO] [stdout]     |     ^^^^^^^
[INFO] [stdout]     |
[INFO] [stdout]     = note: `Context` has a derived impl for the trait `Debug`, but this is intentionally ignored during dead code analysis
[INFO] [stdout]     = note: `#[warn(dead_code)]` on by default
[INFO] [stdout] 
[INFO] [stdout] 
[INFO] [stdout] warning: 1 warning emitted
[INFO] [stdout] 
[INFO] [stdout] 
[INFO] [stderr]     Finished dev [unoptimized + debuginfo] target(s) in 7.05s
[INFO] running `Command { std: "docker" "inspect" "75b390032372397bf9d4c464c56169301d6c239147b7dd5d77a9e7f035bdbedd", kill_on_drop: false }`
[INFO] running `Command { std: "docker" "rm" "-f" "75b390032372397bf9d4c464c56169301d6c239147b7dd5d77a9e7f035bdbedd", kill_on_drop: false }`
[INFO] [stdout] 75b390032372397bf9d4c464c56169301d6c239147b7dd5d77a9e7f035bdbedd
[INFO] running `Command { std: "docker" "create" "-v" "/var/lib/crater-agent-workspace/builds/worker-7-tc1/target:/opt/rustwide/target:rw,Z" "-v" "/var/lib/crater-agent-workspace/builds/worker-7-tc1/source:/opt/rustwide/workdir:ro,Z" "-v" "/var/lib/crater-agent-workspace/cargo-home:/opt/rustwide/cargo-home:ro,Z" "-v" "/var/lib/crater-agent-workspace/rustup-home:/opt/rustwide/rustup-home:ro,Z" "-e" "SOURCE_DIR=/opt/rustwide/workdir" "-e" "CARGO_TARGET_DIR=/opt/rustwide/target" "-e" "CARGO_INCREMENTAL=0" "-e" "RUST_BACKTRACE=full" "-e" "RUSTFLAGS=--cap-lints=warn" "-e" "RUSTDOCFLAGS=--cap-lints=warn" "-e" "CARGO_HOME=/opt/rustwide/cargo-home" "-e" "RUSTUP_HOME=/opt/rustwide/rustup-home" "-w" "/opt/rustwide/workdir" "-m" "1610612736" "--user" "0:0" "--network" "none" "ghcr.io/rust-lang/crates-build-env/linux@sha256:5ff2268d62e97bff2cde7d5815dd6ed5b47097566f13b8d0ca110b04b60e07ed" "/opt/rustwide/cargo-home/bin/cargo" "+1.69.0" "test" "--frozen" "--no-run" "--message-format=json", kill_on_drop: false }`
[INFO] [stdout] f2fd936d81438babb5e1eca53491ffafde81a994300340fe952493526069d25e
[INFO] running `Command { std: "docker" "start" "-a" "f2fd936d81438babb5e1eca53491ffafde81a994300340fe952493526069d25e", kill_on_drop: false }`
[INFO] [stderr]    Compiling proc-macro2 v1.0.56
[INFO] [stderr]    Compiling unicode-ident v1.0.8
[INFO] [stderr]    Compiling unicode-segmentation v1.10.1
[INFO] [stderr]    Compiling quote v1.0.26
[INFO] [stderr]    Compiling syn v1.0.109
[INFO] [stderr]    Compiling toml v0.5.11
[INFO] [stderr]    Compiling heck v0.3.3
[INFO] [stderr]    Compiling proc-macro-crate v0.1.5
[INFO] [stderr]    Compiling proc_macro_roids v0.7.0
[INFO] [stderr]    Compiling amethyst_derive v0.15.3 (/opt/rustwide/workdir)
[INFO] [stdout] warning: field `is_self` is never read
[INFO] [stdout]    --> src/system_desc.rs:724:5
[INFO] [stdout]     |
[INFO] [stdout] 716 | struct Context<'c> {
[INFO] [stdout]     |        ------- field in this struct
[INFO] [stdout] ...
[INFO] [stdout] 724 |     is_self: bool,
[INFO] [stdout]     |     ^^^^^^^
[INFO] [stdout]     |
[INFO] [stdout]     = note: `Context` has a derived impl for the trait `Debug`, but this is intentionally ignored during dead code analysis
[INFO] [stdout]     = note: `#[warn(dead_code)]` on by default
[INFO] [stdout] 
[INFO] [stdout] 
[INFO] [stdout] warning: field `is_self` is never read
[INFO] [stdout]    --> src/system_desc.rs:724:5
[INFO] [stdout]     |
[INFO] [stdout] 716 | struct Context<'c> {
[INFO] [stdout]     |        ------- field in this struct
[INFO] [stdout] ...
[INFO] [stdout] 724 |     is_self: bool,
[INFO] [stdout]     |     ^^^^^^^
[INFO] [stdout]     |
[INFO] [stdout]     = note: `Context` has a derived impl for the trait `Debug`, but this is intentionally ignored during dead code analysis
[INFO] [stdout]     = note: `#[warn(dead_code)]` on by default
[INFO] [stdout] 
[INFO] [stdout] 
[INFO] [stdout] warning: 1 warning emitted
[INFO] [stdout] 
[INFO] [stdout] 
[INFO] [stdout] warning: 1 warning emitted
[INFO] [stdout] 
[INFO] [stdout] 
[INFO] [stdout] error[E0433]: failed to resolve: use of undeclared crate or module `amethyst_core`
[INFO] [stdout]  --> tests/test.rs:9:5
[INFO] [stdout]   |
[INFO] [stdout] 9 | use amethyst_core::{
[INFO] [stdout]   |     ^^^^^^^^^^^^^ use of undeclared crate or module `amethyst_core`
[INFO] [stdout]   |
[INFO] [stdout] help: there is a crate or module with a similar name
[INFO] [stdout]   |
[INFO] [stdout] 9 | use amethyst_derive::{
[INFO] [stdout]   |     ~~~~~~~~~~~~~~~
[INFO] [stdout] 
[INFO] [stdout] 
[INFO] [stdout] error[E0432]: unresolved import `amethyst_assets`
[INFO] [stdout]  --> tests/test.rs:8:5
[INFO] [stdout]   |
[INFO] [stdout] 8 | use amethyst_assets::{PrefabData, ProgressCounter};
[INFO] [stdout]   |     ^^^^^^^^^^^^^^^ use of undeclared crate or module `amethyst_assets`
[INFO] [stdout] 
[INFO] [stdout] 
[INFO] [stdout] error[E0432]: unresolved import `amethyst_core`
[INFO] [stdout]  --> tests/test.rs:9:5
[INFO] [stdout]   |
[INFO] [stdout] 9 | use amethyst_core::{
[INFO] [stdout]   |     ^^^^^^^^^^^^^ use of undeclared crate or module `amethyst_core`
[INFO] [stdout]   |
[INFO] [stdout] help: there is a crate or module with a similar name
[INFO] [stdout]   |
[INFO] [stdout] 9 | use amethyst_derive::{
[INFO] [stdout]   |     ~~~~~~~~~~~~~~~
[INFO] [stdout] 
[INFO] [stdout] 
[INFO] [stdout] error[E0433]: failed to resolve: use of undeclared crate or module `amethyst_test`
[INFO] [stdout]    --> tests/test.rs:106:9
[INFO] [stdout]     |
[INFO] [stdout] 106 |     use amethyst_test::prelude::*;
[INFO] [stdout]     |         ^^^^^^^^^^^^^ use of undeclared crate or module `amethyst_test`
[INFO] [stdout] 
[INFO] [stdout] 
[INFO] [stdout] error[E0432]: unresolved import `amethyst_error`
[INFO] [stdout]   --> tests/test.rs:14:5
[INFO] [stdout]    |
[INFO] [stdout] 14 | use amethyst_error::Error;
[INFO] [stdout]    |     ^^^^^^^^^^^^^^ use of undeclared crate or module `amethyst_error`
[INFO] [stdout]    |
[INFO] [stdout] help: there is a crate or module with a similar name
[INFO] [stdout]    |
[INFO] [stdout] 14 | use amethyst_derive::Error;
[INFO] [stdout]    |     ~~~~~~~~~~~~~~~
[INFO] [stdout] 
[INFO] [stdout] 
[INFO] [stdout] error[E0433]: failed to resolve: use of undeclared crate or module `amethyst_core`
[INFO] [stdout]    --> tests/test.rs:105:9
[INFO] [stdout]     |
[INFO] [stdout] 105 |     use amethyst_core::ecs::{world::EntitiesRes, Builder, Join, WorldExt};
[INFO] [stdout]     |         ^^^^^^^^^^^^^ use of undeclared crate or module `amethyst_core`
[INFO] [stdout]     |
[INFO] [stdout] help: there is a crate or module with a similar name
[INFO] [stdout]     |
[INFO] [stdout] 105 |     use amethyst_derive::ecs::{world::EntitiesRes, Builder, Join, WorldExt};
[INFO] [stdout]     |         ~~~~~~~~~~~~~~~
[INFO] [stdout] 
[INFO] [stdout] 
[INFO] [stdout] error[E0432]: unresolved imports `amethyst_assets`, `amethyst_core::ecs::world::EntitiesRes`, `amethyst_core::ecs::Builder`, `amethyst_core::ecs::Join`, `amethyst_core::ecs::WorldExt`
[INFO] [stdout]    --> tests/test.rs:104:9
[INFO] [stdout]     |
[INFO] [stdout] 104 |     use amethyst_assets::{AssetStorage, Loader, Prefab, PrefabLoaderSystemDesc};
[INFO] [stdout]     |         ^^^^^^^^^^^^^^^ use of undeclared crate or module `amethyst_assets`
[INFO] [stdout] 105 |     use amethyst_core::ecs::{world::EntitiesRes, Builder, Join, WorldExt};
[INFO] [stdout]     |                              ^^^^^^^^^^^^^^^^^^  ^^^^^^^  ^^^^  ^^^^^^^^
[INFO] [stdout] 
[INFO] [stdout] 
[INFO] [stdout] error[E0433]: failed to resolve: use of undeclared type `AmethystApplication`
[INFO] [stdout]    --> tests/test.rs:110:21
[INFO] [stdout]     |
[INFO] [stdout] 110 |               assert!(AmethystApplication::blank()
[INFO] [stdout]     |                       ^^^^^^^^^^^^^^^^^^^ use of undeclared type `AmethystApplication`
[INFO] [stdout] ...
[INFO] [stdout] 134 | /         assert_prefab!(
[INFO] [stdout] 135 | |             Outer,
[INFO] [stdout] 136 | |             Outer {
[INFO] [stdout] 137 | |                 external: External { inner: 100 }
[INFO] [stdout] ...   |
[INFO] [stdout] 149 | |             }
[INFO] [stdout] 150 | |         );
[INFO] [stdout]     | |_________- in this macro invocation
[INFO] [stdout]     |
[INFO] [stdout]     = note: this error originates in the macro `assert_prefab` (in Nightly builds, run with -Z macro-backtrace for more info)
[INFO] [stdout] 
[INFO] [stdout] 
[INFO] [stdout] error[E0433]: failed to resolve: use of undeclared type `AmethystApplication`
[INFO] [stdout]    --> tests/test.rs:110:21
[INFO] [stdout]     |
[INFO] [stdout] 110 |               assert!(AmethystApplication::blank()
[INFO] [stdout]     |                       ^^^^^^^^^^^^^^^^^^^ use of undeclared type `AmethystApplication`
[INFO] [stdout] ...
[INFO] [stdout] 155 | /         assert_prefab!(
[INFO] [stdout] 156 | |             EnumPrefab,
[INFO] [stdout] 157 | |             EnumPrefab::One {
[INFO] [stdout] 158 | |                 number: Stuff { inner: 1 }
[INFO] [stdout] ...   |
[INFO] [stdout] 170 | |             }
[INFO] [stdout] 171 | |         );
[INFO] [stdout]     | |_________- in this macro invocation
[INFO] [stdout]     |
[INFO] [stdout]     = note: this error originates in the macro `assert_prefab` (in Nightly builds, run with -Z macro-backtrace for more info)
[INFO] [stdout] 
[INFO] [stdout] 
[INFO] [stdout] error[E0433]: failed to resolve: use of undeclared type `AmethystApplication`
[INFO] [stdout]    --> tests/test.rs:110:21
[INFO] [stdout]     |
[INFO] [stdout] 110 |               assert!(AmethystApplication::blank()
[INFO] [stdout]     |                       ^^^^^^^^^^^^^^^^^^^ use of undeclared type `AmethystApplication`
[INFO] [stdout] ...
[INFO] [stdout] 176 | /         assert_prefab!(
[INFO] [stdout] 177 | |             EnumPrefab,
[INFO] [stdout] 178 | |             EnumPrefab::Two {
[INFO] [stdout] 179 | |                 component: External { inner: 2 }
[INFO] [stdout] ...   |
[INFO] [stdout] 191 | |             }
[INFO] [stdout] 192 | |         );
[INFO] [stdout]     | |_________- in this macro invocation
[INFO] [stdout]     |
[INFO] [stdout]     = note: this error originates in the macro `assert_prefab` (in Nightly builds, run with -Z macro-backtrace for more info)
[INFO] [stdout] 
[INFO] [stdout] 
[INFO] [stdout] error[E0433]: failed to resolve: use of undeclared type `AmethystApplication`
[INFO] [stdout]    --> tests/test.rs:110:21
[INFO] [stdout]     |
[INFO] [stdout] 110 |               assert!(AmethystApplication::blank()
[INFO] [stdout]     |                       ^^^^^^^^^^^^^^^^^^^ use of undeclared type `AmethystApplication`
[INFO] [stdout] ...
[INFO] [stdout] 197 | /         assert_prefab!(
[INFO] [stdout] 198 | |             EnumPrefab,
[INFO] [stdout] 199 | |             EnumPrefab::Five(
[INFO] [stdout] 200 | |                 Stuff {
[INFO] [stdout] ...   |
[INFO] [stdout] 219 | |             }
[INFO] [stdout] 220 | |         );
[INFO] [stdout]     | |_________- in this macro invocation
[INFO] [stdout]     |
[INFO] [stdout]     = note: this error originates in the macro `assert_prefab` (in Nightly builds, run with -Z macro-backtrace for more info)
[INFO] [stdout] 
[INFO] [stdout] 
[INFO] [stdout] error: aborting due to 11 previous errors
[INFO] [stdout] 
[INFO] [stdout] 
[INFO] [stdout] Some errors have detailed explanations: E0432, E0433.
[INFO] [stdout] 
[INFO] [stdout] For more information about an error, try `rustc --explain E0432`.
[INFO] [stdout] 
[INFO] [stdout] error[E0433]: failed to resolve: use of undeclared crate or module `amethyst_core`
[INFO] [stdout]  --> tests/system_desc.rs:3:5
[INFO] [stdout]   |
[INFO] [stdout] 3 | use amethyst_core::{
[INFO] [stdout]   |     ^^^^^^^^^^^^^ use of undeclared crate or module `amethyst_core`
[INFO] [stdout]   |
[INFO] [stdout] help: there is a crate or module with a similar name
[INFO] [stdout]   |
[INFO] [stdout] 3 | use amethyst_derive::{
[INFO] [stdout]   |     ~~~~~~~~~~~~~~~
[INFO] [stdout] 
[INFO] [stdout] 
[INFO] [stderr] error: could not compile `amethyst_derive` due to 12 previous errors
[INFO] [stderr] warning: build failed, waiting for other jobs to finish...
[INFO] [stdout] error[E0432]: unresolved import `amethyst_core`
[INFO] [stdout]  --> tests/system_desc.rs:3:5
[INFO] [stdout]   |
[INFO] [stdout] 3 | use amethyst_core::{
[INFO] [stdout]   |     ^^^^^^^^^^^^^ use of undeclared crate or module `amethyst_core`
[INFO] [stdout]   |
[INFO] [stdout] help: there is a crate or module with a similar name
[INFO] [stdout]   |
[INFO] [stdout] 3 | use amethyst_derive::{
[INFO] [stdout]   |     ~~~~~~~~~~~~~~~
[INFO] [stdout] 
[INFO] [stdout] 
[INFO] [stdout] error[E0433]: failed to resolve: use of undeclared crate or module `amethyst_core`
[INFO] [stdout]    --> tests/system_desc.rs:339:9
[INFO] [stdout]     |
[INFO] [stdout] 339 |     use amethyst_core::{ecs::storage::ComponentEvent, transform::Transform};
[INFO] [stdout]     |         ^^^^^^^^^^^^^ use of undeclared crate or module `amethyst_core`
[INFO] [stdout]     |
[INFO] [stdout] help: there is a crate or module with a similar name
[INFO] [stdout]     |
[INFO] [stdout] 339 |     use amethyst_derive::{ecs::storage::ComponentEvent, transform::Transform};
[INFO] [stdout]     |         ~~~~~~~~~~~~~~~
[INFO] [stdout] 
[INFO] [stdout] 
[INFO] [stdout] error[E0432]: unresolved import `amethyst_error`
[INFO] [stdout]  --> tests/system_desc.rs:8:5
[INFO] [stdout]   |
[INFO] [stdout] 8 | use amethyst_error::Error;
[INFO] [stdout]   |     ^^^^^^^^^^^^^^ use of undeclared crate or module `amethyst_error`
[INFO] [stdout]   |
[INFO] [stdout] help: there is a crate or module with a similar name
[INFO] [stdout]   |
[INFO] [stdout] 8 | use amethyst_derive::Error;
[INFO] [stdout]   |     ~~~~~~~~~~~~~~~
[INFO] [stdout] 
[INFO] [stdout] 
[INFO] [stdout] error[E0433]: failed to resolve: could not find `amethyst` in the list of imported crates
[INFO] [stdout]   --> tests/system_desc.rs:14:21
[INFO] [stdout]    |
[INFO] [stdout] 14 |     #[derive(Debug, SystemDesc)]
[INFO] [stdout]    |                     ^^^^^^^^^^ could not find `amethyst` in the list of imported crates
[INFO] [stdout]    |
[INFO] [stdout]    = note: this error originates in the derive macro `SystemDesc` (in Nightly builds, run with -Z macro-backtrace for more info)
[INFO] [stdout] 
[INFO] [stdout] 
[INFO] [stdout] error[E0433]: failed to resolve: could not find `amethyst` in the list of imported crates
[INFO] [stdout]   --> tests/system_desc.rs:31:21
[INFO] [stdout]    |
[INFO] [stdout] 31 |     #[derive(Debug, SystemDesc)]
[INFO] [stdout]    |                     ^^^^^^^^^^ could not find `amethyst` in the list of imported crates
[INFO] [stdout]    |
[INFO] [stdout]    = note: this error originates in the derive macro `SystemDesc` (in Nightly builds, run with -Z macro-backtrace for more info)
[INFO] [stdout] 
[INFO] [stdout] 
[INFO] [stdout] error[E0433]: failed to resolve: could not find `amethyst` in the list of imported crates
[INFO] [stdout]   --> tests/system_desc.rs:50:21
[INFO] [stdout]    |
[INFO] [stdout] 50 |     #[derive(Debug, SystemDesc)]
[INFO] [stdout]    |                     ^^^^^^^^^^ could not find `amethyst` in the list of imported crates
[INFO] [stdout]    |
[INFO] [stdout]    = note: this error originates in the derive macro `SystemDesc` (in Nightly builds, run with -Z macro-backtrace for more info)
[INFO] [stdout] 
[INFO] [stdout] 
[INFO] [stdout] error[E0433]: failed to resolve: could not find `amethyst` in the list of imported crates
[INFO] [stdout]   --> tests/system_desc.rs:74:30
[INFO] [stdout]    |
[INFO] [stdout] 74 |     #[derive(Debug, Default, SystemDesc)]
[INFO] [stdout]    |                              ^^^^^^^^^^ could not find `amethyst` in the list of imported crates
[INFO] [stdout]    |
[INFO] [stdout]    = note: this error originates in the derive macro `SystemDesc` (in Nightly builds, run with -Z macro-backtrace for more info)
[INFO] [stdout] 
[INFO] [stdout] 
[INFO] [stdout] error[E0433]: failed to resolve: could not find `amethyst` in the list of imported crates
[INFO] [stdout]   --> tests/system_desc.rs:92:30
[INFO] [stdout]    |
[INFO] [stdout] 92 |     #[derive(Debug, Default, SystemDesc)]
[INFO] [stdout]    |                              ^^^^^^^^^^ could not find `amethyst` in the list of imported crates
[INFO] [stdout]    |
[INFO] [stdout]    = note: this error originates in the derive macro `SystemDesc` (in Nightly builds, run with -Z macro-backtrace for more info)
[INFO] [stdout] 
[INFO] [stdout] 
[INFO] [stdout] error[E0433]: failed to resolve: could not find `amethyst` in the list of imported crates
[INFO] [stdout]    --> tests/system_desc.rs:111:21
[INFO] [stdout]     |
[INFO] [stdout] 111 |     #[derive(Debug, SystemDesc)]
[INFO] [stdout]     |                     ^^^^^^^^^^ could not find `amethyst` in the list of imported crates
[INFO] [stdout]     |
[INFO] [stdout]     = note: this error originates in the derive macro `SystemDesc` (in Nightly builds, run with -Z macro-backtrace for more info)
[INFO] [stdout] 
[INFO] [stdout] 
[INFO] [stdout] error[E0433]: failed to resolve: could not find `amethyst` in the list of imported crates
[INFO] [stdout]    --> tests/system_desc.rs:140:21
[INFO] [stdout]     |
[INFO] [stdout] 140 |     #[derive(Debug, SystemDesc)]
[INFO] [stdout]     |                     ^^^^^^^^^^ could not find `amethyst` in the list of imported crates
[INFO] [stdout]     |
[INFO] [stdout]     = note: this error originates in the derive macro `SystemDesc` (in Nightly builds, run with -Z macro-backtrace for more info)
[INFO] [stdout] 
[INFO] [stdout] 
[INFO] [stdout] error[E0433]: failed to resolve: could not find `amethyst` in the list of imported crates
[INFO] [stdout]    --> tests/system_desc.rs:184:21
[INFO] [stdout]     |
[INFO] [stdout] 184 |     #[derive(Debug, SystemDesc)]
[INFO] [stdout]     |                     ^^^^^^^^^^ could not find `amethyst` in the list of imported crates
[INFO] [stdout]     |
[INFO] [stdout]     = note: this error originates in the derive macro `SystemDesc` (in Nightly builds, run with -Z macro-backtrace for more info)
[INFO] [stdout] 
[INFO] [stdout] 
[INFO] [stdout] error[E0433]: failed to resolve: could not find `amethyst` in the list of imported crates
[INFO] [stdout]    --> tests/system_desc.rs:212:30
[INFO] [stdout]     |
[INFO] [stdout] 212 |     #[derive(Debug, Default, SystemDesc)]
[INFO] [stdout]     |                              ^^^^^^^^^^ could not find `amethyst` in the list of imported crates
[INFO] [stdout]     |
[INFO] [stdout]     = note: this error originates in the derive macro `SystemDesc` (in Nightly builds, run with -Z macro-backtrace for more info)
[INFO] [stdout] 
[INFO] [stdout] 
[INFO] [stdout] error[E0433]: failed to resolve: could not find `amethyst` in the list of imported crates
[INFO] [stdout]    --> tests/system_desc.rs:233:30
[INFO] [stdout]     |
[INFO] [stdout] 233 |     #[derive(Debug, Default, SystemDesc)]
[INFO] [stdout]     |                              ^^^^^^^^^^ could not find `amethyst` in the list of imported crates
[INFO] [stdout]     |
[INFO] [stdout]     = note: this error originates in the derive macro `SystemDesc` (in Nightly builds, run with -Z macro-backtrace for more info)
[INFO] [stdout] 
[INFO] [stdout] 
[INFO] [stdout] error[E0433]: failed to resolve: could not find `amethyst` in the list of imported crates
[INFO] [stdout]    --> tests/system_desc.rs:254:21
[INFO] [stdout]     |
[INFO] [stdout] 254 |     #[derive(Debug, SystemDesc)]
[INFO] [stdout]     |                     ^^^^^^^^^^ could not find `amethyst` in the list of imported crates
[INFO] [stdout]     |
[INFO] [stdout]     = note: this error originates in the derive macro `SystemDesc` (in Nightly builds, run with -Z macro-backtrace for more info)
[INFO] [stdout] 
[INFO] [stdout] 
[INFO] [stdout] error[E0433]: failed to resolve: could not find `amethyst` in the list of imported crates
[INFO] [stdout]    --> tests/system_desc.rs:286:21
[INFO] [stdout]     |
[INFO] [stdout] 286 |     #[derive(Debug, SystemDesc)]
[INFO] [stdout]     |                     ^^^^^^^^^^ could not find `amethyst` in the list of imported crates
[INFO] [stdout]     |
[INFO] [stdout]     = note: this error originates in the derive macro `SystemDesc` (in Nightly builds, run with -Z macro-backtrace for more info)
[INFO] [stdout] 
[INFO] [stdout] 
[INFO] [stdout] error[E0433]: failed to resolve: could not find `amethyst` in the list of imported crates
[INFO] [stdout]    --> tests/system_desc.rs:342:21
[INFO] [stdout]     |
[INFO] [stdout] 342 |     #[derive(Debug, SystemDesc)]
[INFO] [stdout]     |                     ^^^^^^^^^^ could not find `amethyst` in the list of imported crates
[INFO] [stdout]     |
[INFO] [stdout]     = note: this error originates in the derive macro `SystemDesc` (in Nightly builds, run with -Z macro-backtrace for more info)
[INFO] [stdout] 
[INFO] [stdout] 
[INFO] [stdout] error: aborting due to 17 previous errors
[INFO] [stdout] 
[INFO] [stdout] 
[INFO] [stdout] Some errors have detailed explanations: E0432, E0433.
[INFO] [stdout] 
[INFO] [stdout] For more information about an error, try `rustc --explain E0432`.
[INFO] [stdout] 
[INFO] [stderr] error: could not compile `amethyst_derive` due to 18 previous errors
[INFO] running `Command { std: "docker" "inspect" "f2fd936d81438babb5e1eca53491ffafde81a994300340fe952493526069d25e", kill_on_drop: false }`
[INFO] running `Command { std: "docker" "rm" "-f" "f2fd936d81438babb5e1eca53491ffafde81a994300340fe952493526069d25e", kill_on_drop: false }`
[INFO] [stdout] f2fd936d81438babb5e1eca53491ffafde81a994300340fe952493526069d25e
