[INFO] fetching crate amdgpu-sysfs 0.11.0...
[INFO] testing amdgpu-sysfs-0.11.0 against 1.69.0 for beta-1.70-1
[INFO] extracting crate amdgpu-sysfs 0.11.0 into /workspace/builds/worker-0-tc1/source
[INFO] validating manifest of crates.io crate amdgpu-sysfs 0.11.0 on toolchain 1.69.0
[INFO] running `Command { std: CARGO_HOME="/workspace/cargo-home" RUSTUP_HOME="/workspace/rustup-home" "/workspace/cargo-home/bin/cargo" "+1.69.0" "metadata" "--manifest-path" "Cargo.toml" "--no-deps", kill_on_drop: false }`
[INFO] started tweaking crates.io crate amdgpu-sysfs 0.11.0
[INFO] finished tweaking crates.io crate amdgpu-sysfs 0.11.0
[INFO] tweaked toml for crates.io crate amdgpu-sysfs 0.11.0 written to /workspace/builds/worker-0-tc1/source/Cargo.toml
[INFO] running `Command { std: CARGO_HOME="/workspace/cargo-home" RUSTUP_HOME="/workspace/rustup-home" __CARGO_TEST_CHANNEL_OVERRIDE_DO_NOT_USE_THIS="nightly" "/workspace/cargo-home/bin/cargo" "+1.69.0" "generate-lockfile" "--manifest-path" "Cargo.toml" "-Zno-index-update", kill_on_drop: false }`
[INFO] running `Command { std: CARGO_HOME="/workspace/cargo-home" RUSTUP_HOME="/workspace/rustup-home" "/workspace/cargo-home/bin/cargo" "+1.69.0" "fetch" "--manifest-path" "Cargo.toml", kill_on_drop: false }`
[INFO] [stderr]  Downloading crates ...
[INFO] [stderr]   Downloaded pretty_assertions v1.3.0
[INFO] [stderr]   Downloaded similar v2.2.1
[INFO] [stderr]   Downloaded pest v2.6.0
[INFO] [stderr]   Downloaded rust-embed-utils v7.5.0
[INFO] [stderr]   Downloaded pest_meta v2.6.0
[INFO] [stderr]   Downloaded yansi v0.5.1
[INFO] [stderr]   Downloaded rust-embed-impl v6.5.0
[INFO] [stderr]   Downloaded enum_dispatch v0.3.11
[INFO] [stderr]   Downloaded pest_derive v2.6.0
[INFO] [stderr]   Downloaded ctor v0.1.26
[INFO] [stderr]   Downloaded rust-embed v6.6.1
[INFO] [stderr]   Downloaded diff v0.1.13
[INFO] [stderr]   Downloaded insta v1.29.0
[INFO] [stderr]   Downloaded output_vt100 v0.1.3
[INFO] [stderr]   Downloaded pest_generator v2.6.0
[INFO] running `Command { std: "docker" "create" "-v" "/var/lib/crater-agent-workspace/builds/worker-0-tc1/target:/opt/rustwide/target:rw,Z" "-v" "/var/lib/crater-agent-workspace/builds/worker-0-tc1/source:/opt/rustwide/workdir:ro,Z" "-v" "/var/lib/crater-agent-workspace/cargo-home:/opt/rustwide/cargo-home:ro,Z" "-v" "/var/lib/crater-agent-workspace/rustup-home:/opt/rustwide/rustup-home:ro,Z" "-e" "SOURCE_DIR=/opt/rustwide/workdir" "-e" "CARGO_TARGET_DIR=/opt/rustwide/target" "-e" "CARGO_HOME=/opt/rustwide/cargo-home" "-e" "RUSTUP_HOME=/opt/rustwide/rustup-home" "-w" "/opt/rustwide/workdir" "-m" "1610612736" "--user" "0:0" "--network" "none" "ghcr.io/rust-lang/crates-build-env/linux@sha256:5ff2268d62e97bff2cde7d5815dd6ed5b47097566f13b8d0ca110b04b60e07ed" "/opt/rustwide/cargo-home/bin/cargo" "+1.69.0" "metadata" "--no-deps" "--format-version=1", kill_on_drop: false }`
[INFO] [stdout] ea4199da715ea2690c5ac3c301e73581d2d3a77eb67b726d5c8fc36fd00a50ee
[INFO] running `Command { std: "docker" "start" "-a" "ea4199da715ea2690c5ac3c301e73581d2d3a77eb67b726d5c8fc36fd00a50ee", kill_on_drop: false }`
[INFO] running `Command { std: "docker" "inspect" "ea4199da715ea2690c5ac3c301e73581d2d3a77eb67b726d5c8fc36fd00a50ee", kill_on_drop: false }`
[INFO] running `Command { std: "docker" "rm" "-f" "ea4199da715ea2690c5ac3c301e73581d2d3a77eb67b726d5c8fc36fd00a50ee", kill_on_drop: false }`
[INFO] [stdout] ea4199da715ea2690c5ac3c301e73581d2d3a77eb67b726d5c8fc36fd00a50ee
[INFO] running `Command { std: "docker" "create" "-v" "/var/lib/crater-agent-workspace/builds/worker-0-tc1/target:/opt/rustwide/target:rw,Z" "-v" "/var/lib/crater-agent-workspace/builds/worker-0-tc1/source:/opt/rustwide/workdir:ro,Z" "-v" "/var/lib/crater-agent-workspace/cargo-home:/opt/rustwide/cargo-home:ro,Z" "-v" "/var/lib/crater-agent-workspace/rustup-home:/opt/rustwide/rustup-home:ro,Z" "-e" "SOURCE_DIR=/opt/rustwide/workdir" "-e" "CARGO_TARGET_DIR=/opt/rustwide/target" "-e" "CARGO_INCREMENTAL=0" "-e" "RUST_BACKTRACE=full" "-e" "RUSTFLAGS=--cap-lints=warn" "-e" "RUSTDOCFLAGS=--cap-lints=warn" "-e" "CARGO_HOME=/opt/rustwide/cargo-home" "-e" "RUSTUP_HOME=/opt/rustwide/rustup-home" "-w" "/opt/rustwide/workdir" "-m" "1610612736" "--user" "0:0" "--network" "none" "ghcr.io/rust-lang/crates-build-env/linux@sha256:5ff2268d62e97bff2cde7d5815dd6ed5b47097566f13b8d0ca110b04b60e07ed" "/opt/rustwide/cargo-home/bin/cargo" "+1.69.0" "build" "--frozen" "--message-format=json", kill_on_drop: false }`
[INFO] [stdout] 5d4718e193a528f7d8c3039f97ecc91454b26d5c8e12ca8af515f19d304d9c05
[INFO] running `Command { std: "docker" "start" "-a" "5d4718e193a528f7d8c3039f97ecc91454b26d5c8e12ca8af515f19d304d9c05", kill_on_drop: false }`
[INFO] [stderr]    Compiling syn v1.0.109
[INFO] [stderr]    Compiling enum_dispatch v0.3.11
[INFO] [stderr]    Compiling amdgpu-sysfs v0.11.0 (/opt/rustwide/workdir)
[INFO] [stderr]     Finished dev [unoptimized + debuginfo] target(s) in 3.51s
[INFO] running `Command { std: "docker" "inspect" "5d4718e193a528f7d8c3039f97ecc91454b26d5c8e12ca8af515f19d304d9c05", kill_on_drop: false }`
[INFO] running `Command { std: "docker" "rm" "-f" "5d4718e193a528f7d8c3039f97ecc91454b26d5c8e12ca8af515f19d304d9c05", kill_on_drop: false }`
[INFO] [stdout] 5d4718e193a528f7d8c3039f97ecc91454b26d5c8e12ca8af515f19d304d9c05
[INFO] running `Command { std: "docker" "create" "-v" "/var/lib/crater-agent-workspace/builds/worker-0-tc1/target:/opt/rustwide/target:rw,Z" "-v" "/var/lib/crater-agent-workspace/builds/worker-0-tc1/source:/opt/rustwide/workdir:ro,Z" "-v" "/var/lib/crater-agent-workspace/cargo-home:/opt/rustwide/cargo-home:ro,Z" "-v" "/var/lib/crater-agent-workspace/rustup-home:/opt/rustwide/rustup-home:ro,Z" "-e" "SOURCE_DIR=/opt/rustwide/workdir" "-e" "CARGO_TARGET_DIR=/opt/rustwide/target" "-e" "CARGO_INCREMENTAL=0" "-e" "RUST_BACKTRACE=full" "-e" "RUSTFLAGS=--cap-lints=warn" "-e" "RUSTDOCFLAGS=--cap-lints=warn" "-e" "CARGO_HOME=/opt/rustwide/cargo-home" "-e" "RUSTUP_HOME=/opt/rustwide/rustup-home" "-w" "/opt/rustwide/workdir" "-m" "1610612736" "--user" "0:0" "--network" "none" "ghcr.io/rust-lang/crates-build-env/linux@sha256:5ff2268d62e97bff2cde7d5815dd6ed5b47097566f13b8d0ca110b04b60e07ed" "/opt/rustwide/cargo-home/bin/cargo" "+1.69.0" "test" "--frozen" "--no-run" "--message-format=json", kill_on_drop: false }`
[INFO] [stdout] d4adbc7b9421aa1cb298313e5829be40c1c8018c2dc4bee177dfd162ae50071b
[INFO] running `Command { std: "docker" "start" "-a" "d4adbc7b9421aa1cb298313e5829be40c1c8018c2dc4bee177dfd162ae50071b", kill_on_drop: false }`
[INFO] [stderr]    Compiling libc v0.2.142
[INFO] [stderr]    Compiling ucd-trie v0.1.5
[INFO] [stderr]    Compiling io-lifetimes v1.0.10
[INFO] [stderr]    Compiling rustix v0.37.18
[INFO] [stderr]    Compiling serde v1.0.160
[INFO] [stderr]    Compiling linux-raw-sys v0.3.6
[INFO] [stderr]    Compiling rust-embed-utils v7.5.0
[INFO] [stderr]    Compiling linked-hash-map v0.5.6
[INFO] [stderr]    Compiling pest v2.6.0
[INFO] [stderr]    Compiling rust-embed-impl v6.5.0
[INFO] [stderr]    Compiling yaml-rust v0.4.5
[INFO] [stderr]    Compiling diff v0.1.13
[INFO] [stderr]    Compiling similar v2.2.1
[INFO] [stderr]    Compiling yansi v0.5.1
[INFO] [stderr]    Compiling fastrand v1.9.0
[INFO] [stderr]    Compiling rust-embed v6.6.1
[INFO] [stderr]    Compiling pretty_assertions v1.3.0
[INFO] [stderr]    Compiling pest_meta v2.6.0
[INFO] [stderr]    Compiling console v0.15.5
[INFO] [stderr]    Compiling pest_generator v2.6.0
[INFO] [stderr]    Compiling pest_derive v2.6.0
[INFO] [stderr]    Compiling insta v1.29.0
[INFO] [stderr]    Compiling tempfile v3.5.0
[INFO] [stderr]    Compiling amdgpu-sysfs v0.11.0 (/opt/rustwide/workdir)
[INFO] [stdout] error[E0277]: the trait bound `vega20::Table: serde::ser::Serialize` is not satisfied
[INFO] [stdout]    --> src/gpu_handle/overdrive/vega20.rs:494:9
[INFO] [stdout]     |
[INFO] [stdout] 494 |         assert_yaml_snapshot!(table);
[INFO] [stdout]     |         ^^^^^^^^^^^^^^^^^^^^^^^^^^^^
[INFO] [stdout]     |         |
[INFO] [stdout]     |         the trait `serde::ser::Serialize` is not implemented for `vega20::Table`
[INFO] [stdout]     |         required by a bound introduced by this call
[INFO] [stdout]     |
[INFO] [stdout]     = help: the following other types implement trait `serde::ser::Serialize`:
[INFO] [stdout]               &'a T
[INFO] [stdout]               &'a mut T
[INFO] [stdout]               ()
[INFO] [stdout]               (T0, T1)
[INFO] [stdout]               (T0, T1, T2)
[INFO] [stdout]               (T0, T1, T2, T3)
[INFO] [stdout]               (T0, T1, T2, T3, T4)
[INFO] [stdout]               (T0, T1, T2, T3, T4, T5)
[INFO] [stdout]             and 125 others
[INFO] [stdout] note: required by a bound in `serialize_value`
[INFO] [stdout]    --> /opt/rustwide/cargo-home/registry/src/github.com-1ecc6299db9ec823/insta-1.29.0/src/serialization.rs:100:27
[INFO] [stdout]     |
[INFO] [stdout] 100 | pub fn serialize_value<S: Serialize>(
[INFO] [stdout]     |                           ^^^^^^^^^ required by this bound in `serialize_value`
[INFO] [stdout]     = note: this error originates in the macro `$crate::_assert_serialized_snapshot` which comes from the expansion of the macro `assert_yaml_snapshot` (in Nightly builds, run with -Z macro-backtrace for more info)
[INFO] [stdout] 
[INFO] [stdout] 
[INFO] [stdout] error[E0277]: the trait bound `vega20::Table: serde::ser::Serialize` is not satisfied
[INFO] [stdout]    --> src/gpu_handle/overdrive/vega20.rs:522:9
[INFO] [stdout]     |
[INFO] [stdout] 522 |         assert_yaml_snapshot!(table);
[INFO] [stdout]     |         ^^^^^^^^^^^^^^^^^^^^^^^^^^^^
[INFO] [stdout]     |         |
[INFO] [stdout]     |         the trait `serde::ser::Serialize` is not implemented for `vega20::Table`
[INFO] [stdout]     |         required by a bound introduced by this call
[INFO] [stdout]     |
[INFO] [stdout]     = help: the following other types implement trait `serde::ser::Serialize`:
[INFO] [stdout]               &'a T
[INFO] [stdout]               &'a mut T
[INFO] [stdout]               ()
[INFO] [stdout]               (T0, T1)
[INFO] [stdout]               (T0, T1, T2)
[INFO] [stdout]               (T0, T1, T2, T3)
[INFO] [stdout]               (T0, T1, T2, T3, T4)
[INFO] [stdout]               (T0, T1, T2, T3, T4, T5)
[INFO] [stdout]             and 125 others
[INFO] [stdout] note: required by a bound in `serialize_value`
[INFO] [stdout]    --> /opt/rustwide/cargo-home/registry/src/github.com-1ecc6299db9ec823/insta-1.29.0/src/serialization.rs:100:27
[INFO] [stdout]     |
[INFO] [stdout] 100 | pub fn serialize_value<S: Serialize>(
[INFO] [stdout]     |                           ^^^^^^^^^ required by this bound in `serialize_value`
[INFO] [stdout]     = note: this error originates in the macro `$crate::_assert_serialized_snapshot` which comes from the expansion of the macro `assert_yaml_snapshot` (in Nightly builds, run with -Z macro-backtrace for more info)
[INFO] [stdout] 
[INFO] [stdout] 
[INFO] [stdout] error[E0277]: the trait bound `vega20::Table: serde::ser::Serialize` is not satisfied
[INFO] [stdout]    --> src/gpu_handle/overdrive/vega20.rs:563:9
[INFO] [stdout]     |
[INFO] [stdout] 563 |         assert_yaml_snapshot!(table);
[INFO] [stdout]     |         ^^^^^^^^^^^^^^^^^^^^^^^^^^^^
[INFO] [stdout]     |         |
[INFO] [stdout]     |         the trait `serde::ser::Serialize` is not implemented for `vega20::Table`
[INFO] [stdout]     |         required by a bound introduced by this call
[INFO] [stdout]     |
[INFO] [stdout]     = help: the following other types implement trait `serde::ser::Serialize`:
[INFO] [stdout]               &'a T
[INFO] [stdout]               &'a mut T
[INFO] [stdout]               ()
[INFO] [stdout]               (T0, T1)
[INFO] [stdout]               (T0, T1, T2)
[INFO] [stdout]               (T0, T1, T2, T3)
[INFO] [stdout]               (T0, T1, T2, T3, T4)
[INFO] [stdout]               (T0, T1, T2, T3, T4, T5)
[INFO] [stdout]             and 125 others
[INFO] [stdout] note: required by a bound in `serialize_value`
[INFO] [stdout]    --> /opt/rustwide/cargo-home/registry/src/github.com-1ecc6299db9ec823/insta-1.29.0/src/serialization.rs:100:27
[INFO] [stdout]     |
[INFO] [stdout] 100 | pub fn serialize_value<S: Serialize>(
[INFO] [stdout]     |                           ^^^^^^^^^ required by this bound in `serialize_value`
[INFO] [stdout]     = note: this error originates in the macro `$crate::_assert_serialized_snapshot` which comes from the expansion of the macro `assert_yaml_snapshot` (in Nightly builds, run with -Z macro-backtrace for more info)
[INFO] [stdout] 
[INFO] [stdout] 
[INFO] [stdout] error[E0277]: the trait bound `PowerProfileModesTable: serde::ser::Serialize` is not satisfied
[INFO] [stdout]    --> src/gpu_handle/power_profile_mode.rs:75:9
[INFO] [stdout]     |
[INFO] [stdout] 75  |         assert_yaml_snapshot!(table);
[INFO] [stdout]     |         ^^^^^^^^^^^^^^^^^^^^^^^^^^^^
[INFO] [stdout]     |         |
[INFO] [stdout]     |         the trait `serde::ser::Serialize` is not implemented for `PowerProfileModesTable`
[INFO] [stdout]     |         required by a bound introduced by this call
[INFO] [stdout]     |
[INFO] [stdout]     = help: the following other types implement trait `serde::ser::Serialize`:
[INFO] [stdout]               &'a T
[INFO] [stdout]               &'a mut T
[INFO] [stdout]               ()
[INFO] [stdout]               (T0, T1)
[INFO] [stdout]               (T0, T1, T2)
[INFO] [stdout]               (T0, T1, T2, T3)
[INFO] [stdout]               (T0, T1, T2, T3, T4)
[INFO] [stdout]               (T0, T1, T2, T3, T4, T5)
[INFO] [stdout]             and 125 others
[INFO] [stdout] note: required by a bound in `serialize_value`
[INFO] [stdout]    --> /opt/rustwide/cargo-home/registry/src/github.com-1ecc6299db9ec823/insta-1.29.0/src/serialization.rs:100:27
[INFO] [stdout]     |
[INFO] [stdout] 100 | pub fn serialize_value<S: Serialize>(
[INFO] [stdout]     |                           ^^^^^^^^^ required by this bound in `serialize_value`
[INFO] [stdout]     = note: this error originates in the macro `$crate::_assert_serialized_snapshot` which comes from the expansion of the macro `assert_yaml_snapshot` (in Nightly builds, run with -Z macro-backtrace for more info)
[INFO] [stdout] 
[INFO] [stdout] 
[INFO] [stdout] error[E0277]: the trait bound `PowerProfileModesTable: serde::ser::Serialize` is not satisfied
[INFO] [stdout]    --> src/gpu_handle/power_profile_mode.rs:81:9
[INFO] [stdout]     |
[INFO] [stdout] 81  |         assert_yaml_snapshot!(table);
[INFO] [stdout]     |         ^^^^^^^^^^^^^^^^^^^^^^^^^^^^
[INFO] [stdout]     |         |
[INFO] [stdout]     |         the trait `serde::ser::Serialize` is not implemented for `PowerProfileModesTable`
[INFO] [stdout]     |         required by a bound introduced by this call
[INFO] [stdout]     |
[INFO] [stdout]     = help: the following other types implement trait `serde::ser::Serialize`:
[INFO] [stdout]               &'a T
[INFO] [stdout]               &'a mut T
[INFO] [stdout]               ()
[INFO] [stdout]               (T0, T1)
[INFO] [stdout]               (T0, T1, T2)
[INFO] [stdout]               (T0, T1, T2, T3)
[INFO] [stdout]               (T0, T1, T2, T3, T4)
[INFO] [stdout]               (T0, T1, T2, T3, T4, T5)
[INFO] [stdout]             and 125 others
[INFO] [stdout] note: required by a bound in `serialize_value`
[INFO] [stdout]    --> /opt/rustwide/cargo-home/registry/src/github.com-1ecc6299db9ec823/insta-1.29.0/src/serialization.rs:100:27
[INFO] [stdout]     |
[INFO] [stdout] 100 | pub fn serialize_value<S: Serialize>(
[INFO] [stdout]     |                           ^^^^^^^^^ required by this bound in `serialize_value`
[INFO] [stdout]     = note: this error originates in the macro `$crate::_assert_serialized_snapshot` which comes from the expansion of the macro `assert_yaml_snapshot` (in Nightly builds, run with -Z macro-backtrace for more info)
[INFO] [stdout] 
[INFO] [stdout] 
[INFO] [stdout] error[E0277]: the trait bound `PowerProfileModesTable: serde::ser::Serialize` is not satisfied
[INFO] [stdout]    --> src/gpu_handle/power_profile_mode.rs:87:9
[INFO] [stdout]     |
[INFO] [stdout] 87  |         assert_yaml_snapshot!(table);
[INFO] [stdout]     |         ^^^^^^^^^^^^^^^^^^^^^^^^^^^^
[INFO] [stdout]     |         |
[INFO] [stdout]     |         the trait `serde::ser::Serialize` is not implemented for `PowerProfileModesTable`
[INFO] [stdout]     |         required by a bound introduced by this call
[INFO] [stdout]     |
[INFO] [stdout]     = help: the following other types implement trait `serde::ser::Serialize`:
[INFO] [stdout]               &'a T
[INFO] [stdout]               &'a mut T
[INFO] [stdout]               ()
[INFO] [stdout]               (T0, T1)
[INFO] [stdout]               (T0, T1, T2)
[INFO] [stdout]               (T0, T1, T2, T3)
[INFO] [stdout]               (T0, T1, T2, T3, T4)
[INFO] [stdout]               (T0, T1, T2, T3, T4, T5)
[INFO] [stdout]             and 125 others
[INFO] [stdout] note: required by a bound in `serialize_value`
[INFO] [stdout]    --> /opt/rustwide/cargo-home/registry/src/github.com-1ecc6299db9ec823/insta-1.29.0/src/serialization.rs:100:27
[INFO] [stdout]     |
[INFO] [stdout] 100 | pub fn serialize_value<S: Serialize>(
[INFO] [stdout]     |                           ^^^^^^^^^ required by this bound in `serialize_value`
[INFO] [stdout]     = note: this error originates in the macro `$crate::_assert_serialized_snapshot` which comes from the expansion of the macro `assert_yaml_snapshot` (in Nightly builds, run with -Z macro-backtrace for more info)
[INFO] [stdout] 
[INFO] [stdout] 
[INFO] [stdout] error[E0277]: the trait bound `PowerProfileModesTable: serde::ser::Serialize` is not satisfied
[INFO] [stdout]    --> src/gpu_handle/power_profile_mode.rs:93:9
[INFO] [stdout]     |
[INFO] [stdout] 93  |         assert_yaml_snapshot!(table);
[INFO] [stdout]     |         ^^^^^^^^^^^^^^^^^^^^^^^^^^^^
[INFO] [stdout]     |         |
[INFO] [stdout]     |         the trait `serde::ser::Serialize` is not implemented for `PowerProfileModesTable`
[INFO] [stdout]     |         required by a bound introduced by this call
[INFO] [stdout]     |
[INFO] [stdout]     = help: the following other types implement trait `serde::ser::Serialize`:
[INFO] [stdout]               &'a T
[INFO] [stdout]               &'a mut T
[INFO] [stdout]               ()
[INFO] [stdout]               (T0, T1)
[INFO] [stdout]               (T0, T1, T2)
[INFO] [stdout]               (T0, T1, T2, T3)
[INFO] [stdout]               (T0, T1, T2, T3, T4)
[INFO] [stdout]               (T0, T1, T2, T3, T4, T5)
[INFO] [stdout]             and 125 others
[INFO] [stdout] note: required by a bound in `serialize_value`
[INFO] [stdout]    --> /opt/rustwide/cargo-home/registry/src/github.com-1ecc6299db9ec823/insta-1.29.0/src/serialization.rs:100:27
[INFO] [stdout]     |
[INFO] [stdout] 100 | pub fn serialize_value<S: Serialize>(
[INFO] [stdout]     |                           ^^^^^^^^^ required by this bound in `serialize_value`
[INFO] [stdout]     = note: this error originates in the macro `$crate::_assert_serialized_snapshot` which comes from the expansion of the macro `assert_yaml_snapshot` (in Nightly builds, run with -Z macro-backtrace for more info)
[INFO] [stdout] 
[INFO] [stdout] 
[INFO] [stdout] error: aborting due to 7 previous errors
[INFO] [stdout] 
[INFO] [stdout] 
[INFO] [stdout] For more information about this error, try `rustc --explain E0277`.
[INFO] [stdout] 
[INFO] [stderr] error: could not compile `amdgpu-sysfs` due to 8 previous errors
[INFO] [stderr] warning: build failed, waiting for other jobs to finish...
[INFO] running `Command { std: "docker" "inspect" "d4adbc7b9421aa1cb298313e5829be40c1c8018c2dc4bee177dfd162ae50071b", kill_on_drop: false }`
[INFO] running `Command { std: "docker" "rm" "-f" "d4adbc7b9421aa1cb298313e5829be40c1c8018c2dc4bee177dfd162ae50071b", kill_on_drop: false }`
[INFO] [stdout] d4adbc7b9421aa1cb298313e5829be40c1c8018c2dc4bee177dfd162ae50071b
