[INFO] fetching crate altv_internal_core_resource 15.0.0-dev.13...
[INFO] testing altv_internal_core_resource-15.0.0-dev.13 against 1.69.0 for beta-1.70-1
[INFO] extracting crate altv_internal_core_resource 15.0.0-dev.13 into /workspace/builds/worker-2-tc1/source
[INFO] validating manifest of crates.io crate altv_internal_core_resource 15.0.0-dev.13 on toolchain 1.69.0
[INFO] running `Command { std: CARGO_HOME="/workspace/cargo-home" RUSTUP_HOME="/workspace/rustup-home" "/workspace/cargo-home/bin/cargo" "+1.69.0" "metadata" "--manifest-path" "Cargo.toml" "--no-deps", kill_on_drop: false }`
[INFO] started tweaking crates.io crate altv_internal_core_resource 15.0.0-dev.13
[INFO] finished tweaking crates.io crate altv_internal_core_resource 15.0.0-dev.13
[INFO] tweaked toml for crates.io crate altv_internal_core_resource 15.0.0-dev.13 written to /workspace/builds/worker-2-tc1/source/Cargo.toml
[INFO] running `Command { std: CARGO_HOME="/workspace/cargo-home" RUSTUP_HOME="/workspace/rustup-home" __CARGO_TEST_CHANNEL_OVERRIDE_DO_NOT_USE_THIS="nightly" "/workspace/cargo-home/bin/cargo" "+1.69.0" "generate-lockfile" "--manifest-path" "Cargo.toml" "-Zno-index-update", kill_on_drop: false }`
[INFO] running `Command { std: CARGO_HOME="/workspace/cargo-home" RUSTUP_HOME="/workspace/rustup-home" "/workspace/cargo-home/bin/cargo" "+1.69.0" "fetch" "--manifest-path" "Cargo.toml", kill_on_drop: false }`
[INFO] [stderr]  Downloading crates ...
[INFO] [stderr]   Downloaded moveit v0.5.1
[INFO] [stderr]   Downloaded cexpr v0.6.0
[INFO] [stderr]   Downloaded shlex v1.1.0
[INFO] [stderr]   Downloaded colored v2.0.0
[INFO] [stderr]   Downloaded altv_internal_logger v15.0.0-dev.14
[INFO] [stderr]   Downloaded indoc v1.0.9
[INFO] [stderr]   Downloaded autocxx-build v0.24.0
[INFO] [stderr]   Downloaded autocxx-parser v0.24.0
[INFO] [stderr]   Downloaded autocxx-macro v0.24.0
[INFO] [stderr]   Downloaded humantime v2.1.0
[INFO] [stderr]   Downloaded miette-derive v5.8.0
[INFO] [stderr]   Downloaded altv_internal_core_shared v15.0.0-dev.14
[INFO] [stderr]   Downloaded autocxx v0.24.0
[INFO] [stderr]   Downloaded libloading v0.7.4
[INFO] [stderr]   Downloaded which v4.4.0
[INFO] [stderr]   Downloaded altv_internal_sdk v15.0.0-dev.14
[INFO] [stderr]   Downloaded clang-sys v1.6.1
[INFO] [stderr]   Downloaded env_logger v0.9.3
[INFO] [stderr]   Downloaded cxx-gen v0.7.94
[INFO] [stderr]   Downloaded itertools v0.9.0
[INFO] [stderr]   Downloaded prettyplease v0.1.25
[INFO] [stderr]   Downloaded autocxx-bindgen v0.62.1
[INFO] [stderr]   Downloaded miette v5.8.0
[INFO] [stderr]   Downloaded aquamarine v0.1.12
[INFO] [stderr]   Downloaded autocxx-engine v0.24.0
[INFO] running `Command { std: "docker" "create" "-v" "/var/lib/crater-agent-workspace/builds/worker-2-tc1/target:/opt/rustwide/target:rw,Z" "-v" "/var/lib/crater-agent-workspace/builds/worker-2-tc1/source:/opt/rustwide/workdir:ro,Z" "-v" "/var/lib/crater-agent-workspace/cargo-home:/opt/rustwide/cargo-home:ro,Z" "-v" "/var/lib/crater-agent-workspace/rustup-home:/opt/rustwide/rustup-home:ro,Z" "-e" "SOURCE_DIR=/opt/rustwide/workdir" "-e" "CARGO_TARGET_DIR=/opt/rustwide/target" "-e" "CARGO_HOME=/opt/rustwide/cargo-home" "-e" "RUSTUP_HOME=/opt/rustwide/rustup-home" "-w" "/opt/rustwide/workdir" "-m" "1610612736" "--user" "0:0" "--network" "none" "ghcr.io/rust-lang/crates-build-env/linux@sha256:5ff2268d62e97bff2cde7d5815dd6ed5b47097566f13b8d0ca110b04b60e07ed" "/opt/rustwide/cargo-home/bin/cargo" "+1.69.0" "metadata" "--no-deps" "--format-version=1", kill_on_drop: false }`
[INFO] [stdout] 435e1201c3847d3ed875028fd1de48120a10316fc768cd037413019281daf68b
[INFO] running `Command { std: "docker" "start" "-a" "435e1201c3847d3ed875028fd1de48120a10316fc768cd037413019281daf68b", kill_on_drop: false }`
[INFO] running `Command { std: "docker" "inspect" "435e1201c3847d3ed875028fd1de48120a10316fc768cd037413019281daf68b", kill_on_drop: false }`
[INFO] running `Command { std: "docker" "rm" "-f" "435e1201c3847d3ed875028fd1de48120a10316fc768cd037413019281daf68b", kill_on_drop: false }`
[INFO] [stdout] 435e1201c3847d3ed875028fd1de48120a10316fc768cd037413019281daf68b
[INFO] running `Command { std: "docker" "create" "-v" "/var/lib/crater-agent-workspace/builds/worker-2-tc1/target:/opt/rustwide/target:rw,Z" "-v" "/var/lib/crater-agent-workspace/builds/worker-2-tc1/source:/opt/rustwide/workdir:ro,Z" "-v" "/var/lib/crater-agent-workspace/cargo-home:/opt/rustwide/cargo-home:ro,Z" "-v" "/var/lib/crater-agent-workspace/rustup-home:/opt/rustwide/rustup-home:ro,Z" "-e" "SOURCE_DIR=/opt/rustwide/workdir" "-e" "CARGO_TARGET_DIR=/opt/rustwide/target" "-e" "CARGO_INCREMENTAL=0" "-e" "RUST_BACKTRACE=full" "-e" "RUSTFLAGS=--cap-lints=warn" "-e" "RUSTDOCFLAGS=--cap-lints=warn" "-e" "CARGO_HOME=/opt/rustwide/cargo-home" "-e" "RUSTUP_HOME=/opt/rustwide/rustup-home" "-w" "/opt/rustwide/workdir" "-m" "1610612736" "--user" "0:0" "--network" "none" "ghcr.io/rust-lang/crates-build-env/linux@sha256:5ff2268d62e97bff2cde7d5815dd6ed5b47097566f13b8d0ca110b04b60e07ed" "/opt/rustwide/cargo-home/bin/cargo" "+1.69.0" "build" "--frozen" "--message-format=json", kill_on_drop: false }`
[INFO] [stdout] 09a505990bf2f2a6cf5c4a45430ae63b5538d2efb52dca9c6813a46f84f1cb39
[INFO] running `Command { std: "docker" "start" "-a" "09a505990bf2f2a6cf5c4a45430ae63b5538d2efb52dca9c6813a46f84f1cb39", kill_on_drop: false }`
[INFO] [stderr]    Compiling proc-macro2 v1.0.56
[INFO] [stderr]    Compiling libc v0.2.142
[INFO] [stderr]    Compiling syn v1.0.109
[INFO] [stderr]    Compiling log v0.4.17
[INFO] [stderr]    Compiling either v1.8.1
[INFO] [stderr]    Compiling serde v1.0.160
[INFO] [stderr]    Compiling proc-macro-error-attr v1.0.4
[INFO] [stderr]    Compiling thiserror v1.0.40
[INFO] [stderr]    Compiling indexmap v1.9.3
[INFO] [stderr]    Compiling proc-macro-error v1.0.4
[INFO] [stderr]    Compiling glob v0.3.1
[INFO] [stderr]    Compiling serde_json v1.0.96
[INFO] [stderr]    Compiling itertools v0.10.5
[INFO] [stderr]    Compiling io-lifetimes v1.0.10
[INFO] [stderr]    Compiling hashbrown v0.12.3
[INFO] [stderr]    Compiling itoa v1.0.6
[INFO] [stderr]    Compiling once_cell v1.17.1
[INFO] [stderr]    Compiling ryu v1.0.13
[INFO] [stderr]    Compiling clang-sys v1.6.1
[INFO] [stderr]    Compiling aho-corasick v1.0.1
[INFO] [stderr]    Compiling link-cplusplus v1.0.8
[INFO] [stderr]    Compiling quote v1.0.26
[INFO] [stderr]    Compiling termcolor v1.2.0
[INFO] [stderr]    Compiling rustversion v1.0.12
[INFO] [stderr]    Compiling minimal-lexical v0.2.1
[INFO] [stderr]    Compiling syn v2.0.15
[INFO] [stderr]    Compiling rustix v0.37.18
[INFO] [stderr]    Compiling bitflags v1.3.2
[INFO] [stderr]    Compiling regex-syntax v0.7.1
[INFO] [stderr]    Compiling unicode-width v0.1.10
[INFO] [stderr]    Compiling atty v0.2.14
[INFO] [stderr]    Compiling nom v7.1.3
[INFO] [stderr]    Compiling itertools v0.9.0
[INFO] [stderr]    Compiling libloading v0.7.4
[INFO] [stderr]    Compiling linux-raw-sys v0.3.6
[INFO] [stderr]    Compiling cxxbridge-flags v1.0.94
[INFO] [stderr]    Compiling autocxx-bindgen v0.62.1
[INFO] [stderr]    Compiling prettyplease v0.1.25
[INFO] [stderr]    Compiling cxx v1.0.94
[INFO] [stderr]    Compiling codespan-reporting v0.11.1
[INFO] [stderr]    Compiling regex v1.8.1
[INFO] [stderr]    Compiling cexpr v0.6.0
[INFO] [stderr]    Compiling which v4.4.0
[INFO] [stderr]    Compiling lazycell v1.3.0
[INFO] [stderr]    Compiling heck v0.4.1
[INFO] [stderr]    Compiling peeking_take_while v0.1.2
[INFO] [stderr]    Compiling fastrand v1.9.0
[INFO] [stderr]    Compiling rustc-hash v1.1.0
[INFO] [stderr]    Compiling shlex v1.1.0
[INFO] [stderr]    Compiling tempfile v3.5.0
[INFO] [stderr]    Compiling cxx-gen v0.7.94
[INFO] [stderr]    Compiling serde_derive v1.0.160
[INFO] [stderr]    Compiling thiserror-impl v1.0.40
[INFO] [stderr]    Compiling miette-derive v5.8.0
[INFO] [stderr]    Compiling aquamarine v0.1.12
[INFO] [stderr]    Compiling strum_macros v0.24.3
[INFO] [stderr]    Compiling humantime v2.1.0
[INFO] [stderr]    Compiling indoc v1.0.9
[INFO] [stderr]    Compiling cxxbridge-macro v1.0.94
[INFO] [stderr]    Compiling miette v5.8.0
[INFO] [stderr]    Compiling env_logger v0.9.3
[INFO] [stderr]    Compiling backtrace v0.3.67
[INFO] [stderr]    Compiling adler v1.0.2
[INFO] [stderr]    Compiling gimli v0.27.2
[INFO] [stderr]    Compiling miniz_oxide v0.6.2
[INFO] [stderr]    Compiling object v0.30.3
[INFO] [stderr]    Compiling anyhow v1.0.71
[INFO] [stderr]    Compiling rustc-demangle v0.1.23
[INFO] [stderr]    Compiling colored v2.0.0
[INFO] [stderr]    Compiling altv_internal_logger v15.0.0-dev.14
[INFO] [stderr]    Compiling addr2line v0.19.0
[INFO] [stderr]    Compiling moveit v0.5.1
[INFO] [stderr]    Compiling autocxx-parser v0.24.0
[INFO] [stderr]    Compiling autocxx-engine v0.24.0
[INFO] [stderr]    Compiling autocxx-macro v0.24.0
[INFO] [stderr]    Compiling autocxx v0.24.0
[INFO] [stderr]    Compiling autocxx-build v0.24.0
[INFO] [stderr]    Compiling altv_internal_sdk v15.0.0-dev.14
[INFO] [stderr]    Compiling altv_internal_core_shared v15.0.0-dev.14
[INFO] [stderr]    Compiling altv_internal_core_resource v15.0.0-dev.13 (/opt/rustwide/workdir)
[INFO] [stderr]     Finished dev [unoptimized + debuginfo] target(s) in 42.98s
[INFO] running `Command { std: "docker" "inspect" "09a505990bf2f2a6cf5c4a45430ae63b5538d2efb52dca9c6813a46f84f1cb39", kill_on_drop: false }`
[INFO] running `Command { std: "docker" "rm" "-f" "09a505990bf2f2a6cf5c4a45430ae63b5538d2efb52dca9c6813a46f84f1cb39", kill_on_drop: false }`
[INFO] [stdout] 09a505990bf2f2a6cf5c4a45430ae63b5538d2efb52dca9c6813a46f84f1cb39
[INFO] running `Command { std: "docker" "create" "-v" "/var/lib/crater-agent-workspace/builds/worker-2-tc1/target:/opt/rustwide/target:rw,Z" "-v" "/var/lib/crater-agent-workspace/builds/worker-2-tc1/source:/opt/rustwide/workdir:ro,Z" "-v" "/var/lib/crater-agent-workspace/cargo-home:/opt/rustwide/cargo-home:ro,Z" "-v" "/var/lib/crater-agent-workspace/rustup-home:/opt/rustwide/rustup-home:ro,Z" "-e" "SOURCE_DIR=/opt/rustwide/workdir" "-e" "CARGO_TARGET_DIR=/opt/rustwide/target" "-e" "CARGO_INCREMENTAL=0" "-e" "RUST_BACKTRACE=full" "-e" "RUSTFLAGS=--cap-lints=warn" "-e" "RUSTDOCFLAGS=--cap-lints=warn" "-e" "CARGO_HOME=/opt/rustwide/cargo-home" "-e" "RUSTUP_HOME=/opt/rustwide/rustup-home" "-w" "/opt/rustwide/workdir" "-m" "1610612736" "--user" "0:0" "--network" "none" "ghcr.io/rust-lang/crates-build-env/linux@sha256:5ff2268d62e97bff2cde7d5815dd6ed5b47097566f13b8d0ca110b04b60e07ed" "/opt/rustwide/cargo-home/bin/cargo" "+1.69.0" "test" "--frozen" "--no-run" "--message-format=json", kill_on_drop: false }`
[INFO] [stdout] 0634387849bb7ff8e3d1b6bf51d79d5f52fa9c4d0837741a422ba8219a0e2510
[INFO] running `Command { std: "docker" "start" "-a" "0634387849bb7ff8e3d1b6bf51d79d5f52fa9c4d0837741a422ba8219a0e2510", kill_on_drop: false }`
[INFO] [stderr]    Compiling altv_internal_sdk v15.0.0-dev.14
[INFO] [stderr]    Compiling altv_internal_core_shared v15.0.0-dev.14
[INFO] [stderr]    Compiling altv_internal_core_resource v15.0.0-dev.13 (/opt/rustwide/workdir)
[INFO] [stderr]     Finished test [unoptimized + debuginfo] target(s) in 23.01s
[INFO] running `Command { std: "docker" "inspect" "0634387849bb7ff8e3d1b6bf51d79d5f52fa9c4d0837741a422ba8219a0e2510", kill_on_drop: false }`
[INFO] running `Command { std: "docker" "rm" "-f" "0634387849bb7ff8e3d1b6bf51d79d5f52fa9c4d0837741a422ba8219a0e2510", kill_on_drop: false }`
[INFO] [stdout] 0634387849bb7ff8e3d1b6bf51d79d5f52fa9c4d0837741a422ba8219a0e2510
[INFO] running `Command { std: "docker" "create" "-v" "/var/lib/crater-agent-workspace/builds/worker-2-tc1/target:/opt/rustwide/target:rw,Z" "-v" "/var/lib/crater-agent-workspace/builds/worker-2-tc1/source:/opt/rustwide/workdir:ro,Z" "-v" "/var/lib/crater-agent-workspace/cargo-home:/opt/rustwide/cargo-home:ro,Z" "-v" "/var/lib/crater-agent-workspace/rustup-home:/opt/rustwide/rustup-home:ro,Z" "-e" "SOURCE_DIR=/opt/rustwide/workdir" "-e" "CARGO_TARGET_DIR=/opt/rustwide/target" "-e" "CARGO_INCREMENTAL=0" "-e" "RUST_BACKTRACE=full" "-e" "RUSTFLAGS=--cap-lints=warn" "-e" "RUSTDOCFLAGS=--cap-lints=warn" "-e" "CARGO_HOME=/opt/rustwide/cargo-home" "-e" "RUSTUP_HOME=/opt/rustwide/rustup-home" "-w" "/opt/rustwide/workdir" "-m" "1610612736" "--user" "0:0" "--network" "none" "ghcr.io/rust-lang/crates-build-env/linux@sha256:5ff2268d62e97bff2cde7d5815dd6ed5b47097566f13b8d0ca110b04b60e07ed" "/opt/rustwide/cargo-home/bin/cargo" "+1.69.0" "test" "--frozen", kill_on_drop: false }`
[INFO] [stdout] 26c7290b4d2f609c5c334e340cb72415569c60ed5813e32762148e733ee13cd6
[INFO] running `Command { std: "docker" "start" "-a" "26c7290b4d2f609c5c334e340cb72415569c60ed5813e32762148e733ee13cd6", kill_on_drop: false }`
[INFO] [stderr]     Finished test [unoptimized + debuginfo] target(s) in 0.07s
[INFO] [stderr]      Running unittests src/lib.rs (/opt/rustwide/target/debug/deps/altv_internal_core_resource-9dc4a5c39626c57e)
[INFO] [stdout] 
[INFO] [stdout] running 0 tests
[INFO] [stdout] 
[INFO] [stdout] test result: ok. 0 passed; 0 failed; 0 ignored; 0 measured; 0 filtered out; finished in 0.00s
[INFO] [stdout] 
[INFO] [stderr]    Doc-tests altv_internal_core_resource
[INFO] [stdout] 
[INFO] [stdout] running 7 tests
[INFO] [stdout] test src/exports.rs - exports::events::__emit (line 204) ... FAILED
[INFO] [stdout] test src/exports.rs - exports::events::__emit (line 209) ... FAILED
[INFO] [stdout] test src/exports.rs - exports::events::__emit (line 199) ... FAILED
[INFO] [stdout] test src/player.rs - player::player::Player::play_animation (line 783) ... FAILED
[INFO] [stdout] test src/player.rs - player::player::Player::play_animation (line 787) ... FAILED
[INFO] [stdout] test src/virtual_entities/virtual_entity.rs - virtual_entities::virtual_entity::virtual_entity::VirtualEntity::new (line 23) ... FAILED
[INFO] [stdout] test src/virtual_entities/virtual_entity.rs - virtual_entities::virtual_entity::virtual_entity::VirtualEntity::new_with_stream_meta (line 51) ... FAILED
[INFO] [stdout] 
[INFO] [stdout] failures:
[INFO] [stdout] 
[INFO] [stdout] ---- src/exports.rs - exports::events::__emit (line 204) stdout ----
[INFO] [stdout] error[E0433]: failed to resolve: use of undeclared crate or module `altv`
[INFO] [stdout]  --> src/exports.rs:205:1
[INFO] [stdout]   |
[INFO] [stdout] 3 | altv::events::emit!("example", 1, 2, 3).unwrap();
[INFO] [stdout]   | ^^^^ use of undeclared crate or module `altv`
[INFO] [stdout] 
[INFO] [stdout] error: aborting due to previous error
[INFO] [stdout] 
[INFO] [stdout] For more information about this error, try `rustc --explain E0433`.
[INFO] [stdout] Couldn't compile the test.
[INFO] [stdout] ---- src/exports.rs - exports::events::__emit (line 209) stdout ----
[INFO] [stdout] error[E0433]: failed to resolve: use of undeclared crate or module `altv`
[INFO] [stdout]  --> src/exports.rs:210:1
[INFO] [stdout]   |
[INFO] [stdout] 3 | altv::events::emit!("example", altv::events::list![1, 2, 3]).unwrap();
[INFO] [stdout]   | ^^^^ use of undeclared crate or module `altv`
[INFO] [stdout] 
[INFO] [stdout] error: aborting due to previous error
[INFO] [stdout] 
[INFO] [stdout] For more information about this error, try `rustc --explain E0433`.
[INFO] [stdout] Couldn't compile the test.
[INFO] [stdout] ---- src/exports.rs - exports::events::__emit (line 199) stdout ----
[INFO] [stdout] error[E0433]: failed to resolve: use of undeclared crate or module `altv`
[INFO] [stdout]  --> src/exports.rs:200:1
[INFO] [stdout]   |
[INFO] [stdout] 3 | altv::events::emit!("example");
[INFO] [stdout]   | ^^^^ use of undeclared crate or module `altv`
[INFO] [stdout] 
[INFO] [stdout] error: aborting due to previous error
[INFO] [stdout] 
[INFO] [stdout] For more information about this error, try `rustc --explain E0433`.
[INFO] [stdout] Couldn't compile the test.
[INFO] [stdout] ---- src/player.rs - player::player::Player::play_animation (line 783) stdout ----
[INFO] [stdout] error[E0425]: cannot find value `player` in this scope
[INFO] [stdout]  --> src/player.rs:784:1
[INFO] [stdout]   |
[INFO] [stdout] 3 | player.play_animation("cellphone@", "cellphone_text_in", Default::default()).unwrap();
[INFO] [stdout]   | ^^^^^^ not found in this scope
[INFO] [stdout] 
[INFO] [stdout] error: aborting due to previous error
[INFO] [stdout] 
[INFO] [stdout] For more information about this error, try `rustc --explain E0425`.
[INFO] [stdout] Couldn't compile the test.
[INFO] [stdout] ---- src/player.rs - player::player::Player::play_animation (line 787) stdout ----
[INFO] [stdout] error[E0433]: failed to resolve: use of undeclared crate or module `altv`
[INFO] [stdout]  --> src/player.rs:791:5
[INFO] [stdout]   |
[INFO] [stdout] 6 |     altv::PlayAnimation {
[INFO] [stdout]   |     ^^^^ use of undeclared crate or module `altv`
[INFO] [stdout] 
[INFO] [stdout] error[E0433]: failed to resolve: use of undeclared crate or module `altv`
[INFO] [stdout]  --> src/player.rs:792:16
[INFO] [stdout]   |
[INFO] [stdout] 7 |         flags: altv::AnimationFlags::HoldLastFrame | altv::AnimationFlags::AbortOnWeaponDamage,
[INFO] [stdout]   |                ^^^^ use of undeclared crate or module `altv`
[INFO] [stdout] 
[INFO] [stdout] error[E0433]: failed to resolve: use of undeclared crate or module `altv`
[INFO] [stdout]  --> src/player.rs:792:54
[INFO] [stdout]   |
[INFO] [stdout] 7 |         flags: altv::AnimationFlags::HoldLastFrame | altv::AnimationFlags::AbortOnWeaponDamage,
[INFO] [stdout]   |                                                      ^^^^ use of undeclared crate or module `altv`
[INFO] [stdout] 
[INFO] [stdout] error[E0425]: cannot find value `player` in this scope
[INFO] [stdout]  --> src/player.rs:788:1
[INFO] [stdout]   |
[INFO] [stdout] 3 | player.play_animation(
[INFO] [stdout]   | ^^^^^^ not found in this scope
[INFO] [stdout] 
[INFO] [stdout] error: aborting due to 4 previous errors
[INFO] [stdout] 
[INFO] [stdout] Some errors have detailed explanations: E0425, E0433.
[INFO] [stdout] For more information about an error, try `rustc --explain E0425`.
[INFO] [stdout] Couldn't compile the test.
[INFO] [stdout] ---- src/virtual_entities/virtual_entity.rs - virtual_entities::virtual_entity::virtual_entity::VirtualEntity::new (line 23) stdout ----
[INFO] [stdout] error[E0433]: failed to resolve: use of undeclared crate or module `altv`
[INFO] [stdout]  --> src/virtual_entities/virtual_entity.rs:24:13
[INFO] [stdout]   |
[INFO] [stdout] 3 | let group = altv::VirtualEntityGroup::new(10);
[INFO] [stdout]   |             ^^^^ use of undeclared crate or module `altv`
[INFO] [stdout]   |
[INFO] [stdout] help: consider importing this type alias
[INFO] [stdout]   |
[INFO] [stdout] 2 | use altv_internal_core_resource::exports::VirtualEntityGroup;
[INFO] [stdout]   |
[INFO] [stdout] help: if you import `VirtualEntityGroup`, refer to it directly
[INFO] [stdout]   |
[INFO] [stdout] 3 - let group = altv::VirtualEntityGroup::new(10);
[INFO] [stdout] 3 + let group = VirtualEntityGroup::new(10);
[INFO] [stdout]   |
[INFO] [stdout] 
[INFO] [stdout] error[E0433]: failed to resolve: use of undeclared crate or module `altv`
[INFO] [stdout]  --> src/virtual_entities/virtual_entity.rs:25:14
[INFO] [stdout]   |
[INFO] [stdout] 4 | let entity = altv::VirtualEntity::new(
[INFO] [stdout]   |              ^^^^ use of undeclared crate or module `altv`
[INFO] [stdout]   |
[INFO] [stdout] help: consider importing this type alias
[INFO] [stdout]   |
[INFO] [stdout] 2 | use altv_internal_core_resource::exports::VirtualEntity;
[INFO] [stdout]   |
[INFO] [stdout] help: if you import `VirtualEntity`, refer to it directly
[INFO] [stdout]   |
[INFO] [stdout] 4 - let entity = altv::VirtualEntity::new(
[INFO] [stdout] 4 + let entity = VirtualEntity::new(
[INFO] [stdout]   |
[INFO] [stdout] 
[INFO] [stdout] error[E0433]: failed to resolve: use of undeclared crate or module `altv`
[INFO] [stdout]  --> src/virtual_entities/virtual_entity.rs:27:5
[INFO] [stdout]   |
[INFO] [stdout] 6 |     altv::Vector3::new(0, 0, 72),
[INFO] [stdout]   |     ^^^^ use of undeclared crate or module `altv`
[INFO] [stdout]   |
[INFO] [stdout] help: consider importing this struct
[INFO] [stdout]   |
[INFO] [stdout] 2 | use altv_internal_core_resource::exports::Vector3;
[INFO] [stdout]   |
[INFO] [stdout] help: if you import `Vector3`, refer to it directly
[INFO] [stdout]   |
[INFO] [stdout] 6 -     altv::Vector3::new(0, 0, 72),
[INFO] [stdout] 6 +     Vector3::new(0, 0, 72),
[INFO] [stdout]   |
[INFO] [stdout] 
[INFO] [stdout] error: aborting due to 3 previous errors
[INFO] [stdout] 
[INFO] [stdout] For more information about this error, try `rustc --explain E0433`.
[INFO] [stdout] Couldn't compile the test.
[INFO] [stdout] ---- src/virtual_entities/virtual_entity.rs - virtual_entities::virtual_entity::virtual_entity::VirtualEntity::new_with_stream_meta (line 51) stdout ----
[INFO] [stdout] error[E0433]: failed to resolve: use of undeclared crate or module `altv`
[INFO] [stdout]  --> src/virtual_entities/virtual_entity.rs:52:13
[INFO] [stdout]   |
[INFO] [stdout] 3 | let group = altv::VirtualEntityGroup::new(10);
[INFO] [stdout]   |             ^^^^ use of undeclared crate or module `altv`
[INFO] [stdout]   |
[INFO] [stdout] help: consider importing this type alias
[INFO] [stdout]   |
[INFO] [stdout] 2 | use altv_internal_core_resource::exports::VirtualEntityGroup;
[INFO] [stdout]   |
[INFO] [stdout] help: if you import `VirtualEntityGroup`, refer to it directly
[INFO] [stdout]   |
[INFO] [stdout] 3 - let group = altv::VirtualEntityGroup::new(10);
[INFO] [stdout] 3 + let group = VirtualEntityGroup::new(10);
[INFO] [stdout]   |
[INFO] [stdout] 
[INFO] [stdout] error[E0433]: failed to resolve: use of undeclared crate or module `altv`
[INFO] [stdout]  --> src/virtual_entities/virtual_entity.rs:53:14
[INFO] [stdout]   |
[INFO] [stdout] 4 | let entity = altv::VirtualEntity::new_with_stream_meta(
[INFO] [stdout]   |              ^^^^ use of undeclared crate or module `altv`
[INFO] [stdout]   |
[INFO] [stdout] help: consider importing this type alias
[INFO] [stdout]   |
[INFO] [stdout] 2 | use altv_internal_core_resource::exports::VirtualEntity;
[INFO] [stdout]   |
[INFO] [stdout] help: if you import `VirtualEntity`, refer to it directly
[INFO] [stdout]   |
[INFO] [stdout] 4 - let entity = altv::VirtualEntity::new_with_stream_meta(
[INFO] [stdout] 4 + let entity = VirtualEntity::new_with_stream_meta(
[INFO] [stdout]   |
[INFO] [stdout] 
[INFO] [stdout] error[E0433]: failed to resolve: use of undeclared crate or module `altv`
[INFO] [stdout]  --> src/virtual_entities/virtual_entity.rs:55:5
[INFO] [stdout]   |
[INFO] [stdout] 6 |     altv::Vector3::new(0, 0, 72),
[INFO] [stdout]   |     ^^^^ use of undeclared crate or module `altv`
[INFO] [stdout]   |
[INFO] [stdout] help: consider importing this struct
[INFO] [stdout]   |
[INFO] [stdout] 2 | use altv_internal_core_resource::exports::Vector3;
[INFO] [stdout]   |
[INFO] [stdout] help: if you import `Vector3`, refer to it directly
[INFO] [stdout]   |
[INFO] [stdout] 6 -     altv::Vector3::new(0, 0, 72),
[INFO] [stdout] 6 +     Vector3::new(0, 0, 72),
[INFO] [stdout]   |
[INFO] [stdout] 
[INFO] [stdout] error[E0433]: failed to resolve: use of undeclared type `HashMap`
[INFO] [stdout]  --> src/virtual_entities/virtual_entity.rs:57:5
[INFO] [stdout]   |
[INFO] [stdout] 8 |     HashMap::from([("example", 123)]),
[INFO] [stdout]   |     ^^^^^^^ use of undeclared type `HashMap`
[INFO] [stdout]   |
[INFO] [stdout] help: consider importing this struct
[INFO] [stdout]   |
[INFO] [stdout] 2 | use std::collections::HashMap;
[INFO] [stdout]   |
[INFO] [stdout] 
[INFO] [stdout] error: aborting due to 4 previous errors
[INFO] [stdout] 
[INFO] [stdout] For more information about this error, try `rustc --explain E0433`.
[INFO] [stdout] Couldn't compile the test.
[INFO] [stdout] 
[INFO] [stdout] failures:
[INFO] [stdout]     src/exports.rs - exports::events::__emit (line 199)
[INFO] [stdout]     src/exports.rs - exports::events::__emit (line 204)
[INFO] [stdout]     src/exports.rs - exports::events::__emit (line 209)
[INFO] [stdout]     src/player.rs - player::player::Player::play_animation (line 783)
[INFO] [stdout]     src/player.rs - player::player::Player::play_animation (line 787)
[INFO] [stdout]     src/virtual_entities/virtual_entity.rs - virtual_entities::virtual_entity::virtual_entity::VirtualEntity::new (line 23)
[INFO] [stdout]     src/virtual_entities/virtual_entity.rs - virtual_entities::virtual_entity::virtual_entity::VirtualEntity::new_with_stream_meta (line 51)
[INFO] [stdout] 
[INFO] [stdout] test result: FAILED. 0 passed; 7 failed; 0 ignored; 0 measured; 0 filtered out; finished in 0.04s
[INFO] [stdout] 
[INFO] [stderr] error: doctest failed, to rerun pass `--doc`
[INFO] running `Command { std: "docker" "inspect" "26c7290b4d2f609c5c334e340cb72415569c60ed5813e32762148e733ee13cd6", kill_on_drop: false }`
[INFO] running `Command { std: "docker" "rm" "-f" "26c7290b4d2f609c5c334e340cb72415569c60ed5813e32762148e733ee13cd6", kill_on_drop: false }`
[INFO] [stdout] 26c7290b4d2f609c5c334e340cb72415569c60ed5813e32762148e733ee13cd6
