[INFO] fetching crate altv 15.0.0-dev.13...
[INFO] testing altv-15.0.0-dev.13 against 1.69.0 for beta-1.70-1
[INFO] extracting crate altv 15.0.0-dev.13 into /workspace/builds/worker-1-tc1/source
[INFO] validating manifest of crates.io crate altv 15.0.0-dev.13 on toolchain 1.69.0
[INFO] running `Command { std: CARGO_HOME="/workspace/cargo-home" RUSTUP_HOME="/workspace/rustup-home" "/workspace/cargo-home/bin/cargo" "+1.69.0" "metadata" "--manifest-path" "Cargo.toml" "--no-deps", kill_on_drop: false }`
[INFO] started tweaking crates.io crate altv 15.0.0-dev.13
[INFO] finished tweaking crates.io crate altv 15.0.0-dev.13
[INFO] tweaked toml for crates.io crate altv 15.0.0-dev.13 written to /workspace/builds/worker-1-tc1/source/Cargo.toml
[INFO] running `Command { std: CARGO_HOME="/workspace/cargo-home" RUSTUP_HOME="/workspace/rustup-home" __CARGO_TEST_CHANNEL_OVERRIDE_DO_NOT_USE_THIS="nightly" "/workspace/cargo-home/bin/cargo" "+1.69.0" "generate-lockfile" "--manifest-path" "Cargo.toml" "-Zno-index-update", kill_on_drop: false }`
[INFO] running `Command { std: CARGO_HOME="/workspace/cargo-home" RUSTUP_HOME="/workspace/rustup-home" "/workspace/cargo-home/bin/cargo" "+1.69.0" "fetch" "--manifest-path" "Cargo.toml", kill_on_drop: false }`
[INFO] [stderr]  Downloading crates ...
[INFO] [stderr]   Downloaded altv_internal_resource_main_macro v15.0.0-dev.14
[INFO] [stderr]   Downloaded altv_internal_logger v15.0.0-dev.14
[INFO] [stderr]   Downloaded altv_internal_core_resource v15.0.0-dev.14
[INFO] [stderr]   Downloaded altv_internal_core_shared v15.0.0-dev.14
[INFO] [stderr]   Downloaded prettyplease v0.1.25
[INFO] [stderr]   Downloaded autocxx-build v0.24.0
[INFO] [stderr]   Downloaded autocxx-parser v0.24.0
[INFO] [stderr]   Downloaded autocxx-macro v0.24.0
[INFO] [stderr]   Downloaded indoc v1.0.9
[INFO] [stderr]   Downloaded itertools v0.9.0
[INFO] [stderr]   Downloaded autocxx v0.24.0
[INFO] [stderr]   Downloaded miette-derive v5.8.0
[INFO] [stderr]   Downloaded moveit v0.5.1
[INFO] [stderr]   Downloaded cxx-gen v0.7.94
[INFO] [stderr]   Downloaded altv_internal_sdk v15.0.0-dev.14
[INFO] [stderr]   Downloaded miette v5.8.0
[INFO] [stderr]   Downloaded autocxx-engine v0.24.0
[INFO] [stderr]   Downloaded aquamarine v0.1.12
[INFO] [stderr]   Downloaded autocxx-bindgen v0.62.1
[INFO] running `Command { std: "docker" "create" "-v" "/var/lib/crater-agent-workspace/builds/worker-1-tc1/target:/opt/rustwide/target:rw,Z" "-v" "/var/lib/crater-agent-workspace/builds/worker-1-tc1/source:/opt/rustwide/workdir:ro,Z" "-v" "/var/lib/crater-agent-workspace/cargo-home:/opt/rustwide/cargo-home:ro,Z" "-v" "/var/lib/crater-agent-workspace/rustup-home:/opt/rustwide/rustup-home:ro,Z" "-e" "SOURCE_DIR=/opt/rustwide/workdir" "-e" "CARGO_TARGET_DIR=/opt/rustwide/target" "-e" "CARGO_HOME=/opt/rustwide/cargo-home" "-e" "RUSTUP_HOME=/opt/rustwide/rustup-home" "-w" "/opt/rustwide/workdir" "-m" "1610612736" "--user" "0:0" "--network" "none" "ghcr.io/rust-lang/crates-build-env/linux@sha256:5ff2268d62e97bff2cde7d5815dd6ed5b47097566f13b8d0ca110b04b60e07ed" "/opt/rustwide/cargo-home/bin/cargo" "+1.69.0" "metadata" "--no-deps" "--format-version=1", kill_on_drop: false }`
[INFO] [stdout] cceb8fc96d18f9d03efc6e4397d03bcbe07cea13a3baab74f016bb8b6665d683
[INFO] running `Command { std: "docker" "start" "-a" "cceb8fc96d18f9d03efc6e4397d03bcbe07cea13a3baab74f016bb8b6665d683", kill_on_drop: false }`
[INFO] running `Command { std: "docker" "inspect" "cceb8fc96d18f9d03efc6e4397d03bcbe07cea13a3baab74f016bb8b6665d683", kill_on_drop: false }`
[INFO] running `Command { std: "docker" "rm" "-f" "cceb8fc96d18f9d03efc6e4397d03bcbe07cea13a3baab74f016bb8b6665d683", kill_on_drop: false }`
[INFO] [stdout] cceb8fc96d18f9d03efc6e4397d03bcbe07cea13a3baab74f016bb8b6665d683
[INFO] running `Command { std: "docker" "create" "-v" "/var/lib/crater-agent-workspace/builds/worker-1-tc1/target:/opt/rustwide/target:rw,Z" "-v" "/var/lib/crater-agent-workspace/builds/worker-1-tc1/source:/opt/rustwide/workdir:ro,Z" "-v" "/var/lib/crater-agent-workspace/cargo-home:/opt/rustwide/cargo-home:ro,Z" "-v" "/var/lib/crater-agent-workspace/rustup-home:/opt/rustwide/rustup-home:ro,Z" "-e" "SOURCE_DIR=/opt/rustwide/workdir" "-e" "CARGO_TARGET_DIR=/opt/rustwide/target" "-e" "CARGO_INCREMENTAL=0" "-e" "RUST_BACKTRACE=full" "-e" "RUSTFLAGS=--cap-lints=warn" "-e" "RUSTDOCFLAGS=--cap-lints=warn" "-e" "CARGO_HOME=/opt/rustwide/cargo-home" "-e" "RUSTUP_HOME=/opt/rustwide/rustup-home" "-w" "/opt/rustwide/workdir" "-m" "1610612736" "--user" "0:0" "--network" "none" "ghcr.io/rust-lang/crates-build-env/linux@sha256:5ff2268d62e97bff2cde7d5815dd6ed5b47097566f13b8d0ca110b04b60e07ed" "/opt/rustwide/cargo-home/bin/cargo" "+1.69.0" "build" "--frozen" "--message-format=json", kill_on_drop: false }`
[INFO] [stdout] 229ab33d0b126add5bbb7053e6f44e1aee05a5045d208919270428b0a69e2c86
[INFO] running `Command { std: "docker" "start" "-a" "229ab33d0b126add5bbb7053e6f44e1aee05a5045d208919270428b0a69e2c86", kill_on_drop: false }`
[INFO] [stderr]    Compiling proc-macro2 v1.0.56
[INFO] [stderr]    Compiling libc v0.2.142
[INFO] [stderr]    Compiling syn v1.0.109
[INFO] [stderr]    Compiling either v1.8.1
[INFO] [stderr]    Compiling log v0.4.17
[INFO] [stderr]    Compiling serde v1.0.160
[INFO] [stderr]    Compiling thiserror v1.0.40
[INFO] [stderr]    Compiling indexmap v1.9.3
[INFO] [stderr]    Compiling serde_json v1.0.96
[INFO] [stderr]    Compiling glob v0.3.1
[INFO] [stderr]    Compiling itertools v0.10.5
[INFO] [stderr]    Compiling itoa v1.0.6
[INFO] [stderr]    Compiling hashbrown v0.12.3
[INFO] [stderr]    Compiling io-lifetimes v1.0.10
[INFO] [stderr]    Compiling ryu v1.0.13
[INFO] [stderr]    Compiling clang-sys v1.6.1
[INFO] [stderr]    Compiling aho-corasick v1.0.1
[INFO] [stderr]    Compiling link-cplusplus v1.0.8
[INFO] [stderr]    Compiling quote v1.0.26
[INFO] [stderr]    Compiling regex-syntax v0.7.1
[INFO] [stderr]    Compiling syn v2.0.15
[INFO] [stderr]    Compiling termcolor v1.2.0
[INFO] [stderr]    Compiling proc-macro-error-attr v1.0.4
[INFO] [stderr]    Compiling minimal-lexical v0.2.1
[INFO] [stderr]    Compiling unicode-width v0.1.10
[INFO] [stderr]    Compiling bitflags v1.3.2
[INFO] [stderr]    Compiling rustix v0.37.18
[INFO] [stderr]    Compiling nom v7.1.3
[INFO] [stderr]    Compiling atty v0.2.14
[INFO] [stderr]    Compiling itertools v0.9.0
[INFO] [stderr]    Compiling libloading v0.7.4
[INFO] [stderr]    Compiling prettyplease v0.1.25
[INFO] [stderr]    Compiling linux-raw-sys v0.3.6
[INFO] [stderr]    Compiling autocxx-bindgen v0.62.1
[INFO] [stderr]    Compiling cxxbridge-flags v1.0.94
[INFO] [stderr]    Compiling cxx v1.0.94
[INFO] [stderr]    Compiling regex v1.8.1
[INFO] [stderr]    Compiling codespan-reporting v0.11.1
[INFO] [stderr]    Compiling cexpr v0.6.0
[INFO] [stderr]    Compiling which v4.4.0
[INFO] [stderr]    Compiling proc-macro-error v1.0.4
[INFO] [stderr]    Compiling lazycell v1.3.0
[INFO] [stderr]    Compiling shlex v1.1.0
[INFO] [stderr]    Compiling rustc-hash v1.1.0
[INFO] [stderr]    Compiling fastrand v1.9.0
[INFO] [stderr]    Compiling peeking_take_while v0.1.2
[INFO] [stderr]    Compiling cxx-gen v0.7.94
[INFO] [stderr]    Compiling tempfile v3.5.0
[INFO] [stderr]    Compiling humantime v2.1.0
[INFO] [stderr]    Compiling serde_derive v1.0.160
[INFO] [stderr]    Compiling thiserror-impl v1.0.40
[INFO] [stderr]    Compiling miette-derive v5.8.0
[INFO] [stderr]    Compiling aquamarine v0.1.12
[INFO] [stderr]    Compiling strum_macros v0.24.3
[INFO] [stderr]    Compiling indoc v1.0.9
[INFO] [stderr]    Compiling env_logger v0.9.3
[INFO] [stderr]    Compiling cxxbridge-macro v1.0.94
[INFO] [stderr]    Compiling miette v5.8.0
[INFO] [stderr]    Compiling backtrace v0.3.67
[INFO] [stderr]    Compiling gimli v0.27.2
[INFO] [stderr]    Compiling miniz_oxide v0.6.2
[INFO] [stderr]    Compiling object v0.30.3
[INFO] [stderr]    Compiling rustc-demangle v0.1.23
[INFO] [stderr]    Compiling anyhow v1.0.71
[INFO] [stderr]    Compiling colored v2.0.0
[INFO] [stderr]    Compiling altv_internal_resource_main_macro v15.0.0-dev.14
[INFO] [stderr]    Compiling altv_internal_logger v15.0.0-dev.14
[INFO] [stderr]    Compiling addr2line v0.19.0
[INFO] [stderr]    Compiling moveit v0.5.1
[INFO] [stderr]    Compiling autocxx-parser v0.24.0
[INFO] [stderr]    Compiling autocxx-engine v0.24.0
[INFO] [stderr]    Compiling autocxx-macro v0.24.0
[INFO] [stderr]    Compiling autocxx v0.24.0
[INFO] [stderr]    Compiling autocxx-build v0.24.0
[INFO] [stderr]    Compiling altv_internal_sdk v15.0.0-dev.14
[INFO] [stderr]    Compiling altv_internal_core_shared v15.0.0-dev.14
[INFO] [stderr]    Compiling altv_internal_core_resource v15.0.0-dev.14
[INFO] [stderr]    Compiling altv v15.0.0-dev.13 (/opt/rustwide/workdir)
[INFO] [stderr]     Finished dev [unoptimized + debuginfo] target(s) in 51.60s
[INFO] running `Command { std: "docker" "inspect" "229ab33d0b126add5bbb7053e6f44e1aee05a5045d208919270428b0a69e2c86", kill_on_drop: false }`
[INFO] running `Command { std: "docker" "rm" "-f" "229ab33d0b126add5bbb7053e6f44e1aee05a5045d208919270428b0a69e2c86", kill_on_drop: false }`
[INFO] [stdout] 229ab33d0b126add5bbb7053e6f44e1aee05a5045d208919270428b0a69e2c86
[INFO] running `Command { std: "docker" "create" "-v" "/var/lib/crater-agent-workspace/builds/worker-1-tc1/target:/opt/rustwide/target:rw,Z" "-v" "/var/lib/crater-agent-workspace/builds/worker-1-tc1/source:/opt/rustwide/workdir:ro,Z" "-v" "/var/lib/crater-agent-workspace/cargo-home:/opt/rustwide/cargo-home:ro,Z" "-v" "/var/lib/crater-agent-workspace/rustup-home:/opt/rustwide/rustup-home:ro,Z" "-e" "SOURCE_DIR=/opt/rustwide/workdir" "-e" "CARGO_TARGET_DIR=/opt/rustwide/target" "-e" "CARGO_INCREMENTAL=0" "-e" "RUST_BACKTRACE=full" "-e" "RUSTFLAGS=--cap-lints=warn" "-e" "RUSTDOCFLAGS=--cap-lints=warn" "-e" "CARGO_HOME=/opt/rustwide/cargo-home" "-e" "RUSTUP_HOME=/opt/rustwide/rustup-home" "-w" "/opt/rustwide/workdir" "-m" "1610612736" "--user" "0:0" "--network" "none" "ghcr.io/rust-lang/crates-build-env/linux@sha256:5ff2268d62e97bff2cde7d5815dd6ed5b47097566f13b8d0ca110b04b60e07ed" "/opt/rustwide/cargo-home/bin/cargo" "+1.69.0" "test" "--frozen" "--no-run" "--message-format=json", kill_on_drop: false }`
[INFO] [stdout] 61ac7bdbcdd78bda21fdbe5f03088b652a28079a016646fd14ccf3220d3b6c30
[INFO] running `Command { std: "docker" "start" "-a" "61ac7bdbcdd78bda21fdbe5f03088b652a28079a016646fd14ccf3220d3b6c30", kill_on_drop: false }`
[INFO] [stderr]    Compiling altv_internal_sdk v15.0.0-dev.14
[INFO] [stderr]    Compiling altv_internal_core_shared v15.0.0-dev.14
[INFO] [stderr]    Compiling altv_internal_core_resource v15.0.0-dev.14
[INFO] [stderr]    Compiling altv v15.0.0-dev.13 (/opt/rustwide/workdir)
[INFO] [stderr]     Finished test [unoptimized + debuginfo] target(s) in 27.18s
[INFO] running `Command { std: "docker" "inspect" "61ac7bdbcdd78bda21fdbe5f03088b652a28079a016646fd14ccf3220d3b6c30", kill_on_drop: false }`
[INFO] running `Command { std: "docker" "rm" "-f" "61ac7bdbcdd78bda21fdbe5f03088b652a28079a016646fd14ccf3220d3b6c30", kill_on_drop: false }`
[INFO] [stdout] 61ac7bdbcdd78bda21fdbe5f03088b652a28079a016646fd14ccf3220d3b6c30
[INFO] running `Command { std: "docker" "create" "-v" "/var/lib/crater-agent-workspace/builds/worker-1-tc1/target:/opt/rustwide/target:rw,Z" "-v" "/var/lib/crater-agent-workspace/builds/worker-1-tc1/source:/opt/rustwide/workdir:ro,Z" "-v" "/var/lib/crater-agent-workspace/cargo-home:/opt/rustwide/cargo-home:ro,Z" "-v" "/var/lib/crater-agent-workspace/rustup-home:/opt/rustwide/rustup-home:ro,Z" "-e" "SOURCE_DIR=/opt/rustwide/workdir" "-e" "CARGO_TARGET_DIR=/opt/rustwide/target" "-e" "CARGO_INCREMENTAL=0" "-e" "RUST_BACKTRACE=full" "-e" "RUSTFLAGS=--cap-lints=warn" "-e" "RUSTDOCFLAGS=--cap-lints=warn" "-e" "CARGO_HOME=/opt/rustwide/cargo-home" "-e" "RUSTUP_HOME=/opt/rustwide/rustup-home" "-w" "/opt/rustwide/workdir" "-m" "1610612736" "--user" "0:0" "--network" "none" "ghcr.io/rust-lang/crates-build-env/linux@sha256:5ff2268d62e97bff2cde7d5815dd6ed5b47097566f13b8d0ca110b04b60e07ed" "/opt/rustwide/cargo-home/bin/cargo" "+1.69.0" "test" "--frozen", kill_on_drop: false }`
[INFO] [stdout] f08e29a68b845bb36d01877a3d4aa4f0848c706037b8b7f52d3ae2206be8cc09
[INFO] running `Command { std: "docker" "start" "-a" "f08e29a68b845bb36d01877a3d4aa4f0848c706037b8b7f52d3ae2206be8cc09", kill_on_drop: false }`
[INFO] [stderr]     Finished test [unoptimized + debuginfo] target(s) in 0.10s
[INFO] [stderr]      Running unittests src/lib.rs (/opt/rustwide/target/debug/deps/altv-5a6d2241512d6ec1)
[INFO] [stdout] 
[INFO] [stdout] running 0 tests
[INFO] [stdout] 
[INFO] [stdout] test result: ok. 0 passed; 0 failed; 0 ignored; 0 measured; 0 filtered out; finished in 0.00s
[INFO] [stdout] 
[INFO] [stderr]    Doc-tests altv
[INFO] [stdout] 
[INFO] [stdout] running 4 tests
[INFO] [stdout] test src/mvalue.rs - mvalue (line 37) ... FAILED
[INFO] [stdout] test src/mvalue.rs - mvalue (line 13) ... FAILED
[INFO] [stdout] test src/lib.rs - set_timeout (line 72) ... FAILED
[INFO] [stdout] test src/lib.rs - set_interval (line 86) ... FAILED
[INFO] [stdout] 
[INFO] [stdout] failures:
[INFO] [stdout] 
[INFO] [stdout] ---- src/mvalue.rs - mvalue (line 37) stdout ----
[INFO] [stdout] error[E0599]: no method named `set_meta` found for struct `Rc<BaseObjectWrapper<IVehicle, WorldEntity>>` in the current scope
[INFO] [stdout]  --> src/mvalue.rs:43:9
[INFO] [stdout]   |
[INFO] [stdout] 9 | vehicle.set_meta("example", altv::mvalue::dict!{ "example" => 123 }.unwrap()).unwrap();
[INFO] [stdout]   |         ^^^^^^^^ method not found in `Rc<BaseObjectWrapper<IVehicle, WorldEntity>>`
[INFO] [stdout]   |
[INFO] [stdout]   = note: the full type name has been written to '/tmp/rustdoctestzdImeb/rust_out.long-type-5431726756134120867.txt'
[INFO] [stdout]   = help: items from traits can only be used if the trait is in scope
[INFO] [stdout] help: the following trait is implemented but not in scope; perhaps add a `use` for it:
[INFO] [stdout]   |
[INFO] [stdout] 3 | use crate::altv::prelude::BaseObjectMeta;
[INFO] [stdout]   |
[INFO] [stdout] 
[INFO] [stdout] error: aborting due to previous error
[INFO] [stdout] 
[INFO] [stdout] For more information about this error, try `rustc --explain E0599`.
[INFO] [stdout] Couldn't compile the test.
[INFO] [stdout] ---- src/mvalue.rs - mvalue (line 13) stdout ----
[INFO] [stdout] error[E0599]: no method named `set_meta` found for struct `Rc<BaseObjectWrapper<IVehicle, WorldEntity>>` in the current scope
[INFO] [stdout]  --> src/mvalue.rs:19:9
[INFO] [stdout]   |
[INFO] [stdout] 9 | vehicle.set_meta("example", altv::mvalue::list![1, 2, 3].unwrap()).unwrap();
[INFO] [stdout]   |         ^^^^^^^^ method not found in `Rc<BaseObjectWrapper<IVehicle, WorldEntity>>`
[INFO] [stdout]   |
[INFO] [stdout]   = note: the full type name has been written to '/tmp/rustdoctestmjxqYP/rust_out.long-type-17993325483565174183.txt'
[INFO] [stdout]   = help: items from traits can only be used if the trait is in scope
[INFO] [stdout] help: the following trait is implemented but not in scope; perhaps add a `use` for it:
[INFO] [stdout]   |
[INFO] [stdout] 3 | use crate::altv::prelude::BaseObjectMeta;
[INFO] [stdout]   |
[INFO] [stdout] 
[INFO] [stdout] error: aborting due to previous error
[INFO] [stdout] 
[INFO] [stdout] For more information about this error, try `rustc --explain E0599`.
[INFO] [stdout] Couldn't compile the test.
[INFO] [stdout] ---- src/lib.rs - set_timeout (line 72) stdout ----
[INFO] [stdout] Test executable failed (exit status: 101).
[INFO] [stdout] 
[INFO] [stdout] stderr:
[INFO] [stdout] thread 'main' panicked at 'called `Option::unwrap()` on a `None` value', /opt/rustwide/cargo-home/registry/src/github.com-1ecc6299db9ec823/altv_internal_core_resource-15.0.0-dev.14/src/resource.rs:142:5
[INFO] [stdout] stack backtrace:
[INFO] [stdout]    0:     0x564fd011879a - std::backtrace_rs::backtrace::libunwind::trace::ha9053a9a07ca49cb
[INFO] [stdout]                                at /rustc/84c898d65adf2f39a5a98507f1fe0ce10a2b8dbc/library/std/src/../../backtrace/src/backtrace/libunwind.rs:93:5
[INFO] [stdout]    1:     0x564fd011879a - std::backtrace_rs::backtrace::trace_unsynchronized::h9c2852a457ad564e
[INFO] [stdout]                                at /rustc/84c898d65adf2f39a5a98507f1fe0ce10a2b8dbc/library/std/src/../../backtrace/src/backtrace/mod.rs:66:5
[INFO] [stdout]    2:     0x564fd011879a - std::sys_common::backtrace::_print_fmt::h457936fbfaa0070f
[INFO] [stdout]                                at /rustc/84c898d65adf2f39a5a98507f1fe0ce10a2b8dbc/library/std/src/sys_common/backtrace.rs:65:5
[INFO] [stdout]    3:     0x564fd011879a - <std::sys_common::backtrace::_print::DisplayBacktrace as core::fmt::Display>::fmt::h5779d7bf7f70cb0c
[INFO] [stdout]                                at /rustc/84c898d65adf2f39a5a98507f1fe0ce10a2b8dbc/library/std/src/sys_common/backtrace.rs:44:22
[INFO] [stdout]    4:     0x564fd013295e - core::fmt::write::h5a4baaff1bcd3eb5
[INFO] [stdout]                                at /rustc/84c898d65adf2f39a5a98507f1fe0ce10a2b8dbc/library/core/src/fmt/mod.rs:1232:17
[INFO] [stdout]    5:     0x564fd0116895 - std::io::Write::write_fmt::h4bc1f301cb9e9cce
[INFO] [stdout]                                at /rustc/84c898d65adf2f39a5a98507f1fe0ce10a2b8dbc/library/std/src/io/mod.rs:1684:15
[INFO] [stdout]    6:     0x564fd0118565 - std::sys_common::backtrace::_print::h5fcdc36060f177e8
[INFO] [stdout]                                at /rustc/84c898d65adf2f39a5a98507f1fe0ce10a2b8dbc/library/std/src/sys_common/backtrace.rs:47:5
[INFO] [stdout]    7:     0x564fd0118565 - std::sys_common::backtrace::print::h54ca9458b876c8bf
[INFO] [stdout]                                at /rustc/84c898d65adf2f39a5a98507f1fe0ce10a2b8dbc/library/std/src/sys_common/backtrace.rs:34:9
[INFO] [stdout]    8:     0x564fd0119bbf - std::panicking::default_hook::{{closure}}::hbe471161c7664ed6
[INFO] [stdout]                                at /rustc/84c898d65adf2f39a5a98507f1fe0ce10a2b8dbc/library/std/src/panicking.rs:271:22
[INFO] [stdout]    9:     0x564fd01198fb - std::panicking::default_hook::ha3500da57aa4ac4f
[INFO] [stdout]                                at /rustc/84c898d65adf2f39a5a98507f1fe0ce10a2b8dbc/library/std/src/panicking.rs:290:9
[INFO] [stdout]   10:     0x564fd011a168 - std::panicking::rust_panic_with_hook::h50c09d000dc561d2
[INFO] [stdout]                                at /rustc/84c898d65adf2f39a5a98507f1fe0ce10a2b8dbc/library/std/src/panicking.rs:692:13
[INFO] [stdout]   11:     0x564fd011a022 - std::panicking::begin_panic_handler::{{closure}}::h9e2b2176e00e0d9c
[INFO] [stdout]                                at /rustc/84c898d65adf2f39a5a98507f1fe0ce10a2b8dbc/library/std/src/panicking.rs:581:13
[INFO] [stdout]   12:     0x564fd0118c06 - std::sys_common::backtrace::__rust_end_short_backtrace::h5739b8e512c09d02
[INFO] [stdout]                                at /rustc/84c898d65adf2f39a5a98507f1fe0ce10a2b8dbc/library/std/src/sys_common/backtrace.rs:150:18
[INFO] [stdout]   13:     0x564fd0119d72 - rust_begin_unwind
[INFO] [stdout]                                at /rustc/84c898d65adf2f39a5a98507f1fe0ce10a2b8dbc/library/std/src/panicking.rs:579:5
[INFO] [stdout]   14:     0x564fd00e0033 - core::panicking::panic_fmt::hf33a1475b4dc5c3e
[INFO] [stdout]                                at /rustc/84c898d65adf2f39a5a98507f1fe0ce10a2b8dbc/library/core/src/panicking.rs:64:14
[INFO] [stdout]   15:     0x564fd00e00cd - core::panicking::panic::h9533b2fee90b999e
[INFO] [stdout]                                at /rustc/84c898d65adf2f39a5a98507f1fe0ce10a2b8dbc/library/core/src/panicking.rs:114:5
[INFO] [stdout]   16:     0x564fd00e7c50 - core::option::Option<T>::unwrap::heb7a68e60bcccfe2
[INFO] [stdout]                                at /rustc/84c898d65adf2f39a5a98507f1fe0ce10a2b8dbc/library/core/src/option.rs:942:21
[INFO] [stdout]   17:     0x564fd00e7a08 - altv_internal_core_resource::resource::Resource::with_timer_schedule_mut::{{closure}}::h19f6d7f208966a87
[INFO] [stdout]                                at /opt/rustwide/cargo-home/registry/src/github.com-1ecc6299db9ec823/altv_internal_core_resource-15.0.0-dev.14/src/resource.rs:41:32
[INFO] [stdout]   18:     0x564fd00f8614 - std::thread::local::LocalKey<T>::try_with::h55a3885c48efb02d
[INFO] [stdout]                                at /rustc/84c898d65adf2f39a5a98507f1fe0ce10a2b8dbc/library/std/src/thread/local.rs:446:16
[INFO] [stdout]   19:     0x564fd00f84cb - std::thread::local::LocalKey<T>::with::h0674c7de15817eb1
[INFO] [stdout]                                at /rustc/84c898d65adf2f39a5a98507f1fe0ce10a2b8dbc/library/std/src/thread/local.rs:422:9
[INFO] [stdout]   20:     0x564fd00e78e9 - altv_internal_core_resource::resource::Resource::with_timer_schedule_mut::h4d7c5ca40e4de2ef
[INFO] [stdout]                                at /opt/rustwide/cargo-home/registry/src/github.com-1ecc6299db9ec823/altv_internal_core_resource-15.0.0-dev.14/src/resource.rs:68:17
[INFO] [stdout]   21:     0x564fd00e7fe4 - altv_internal_core_resource::timers::create_timer::h1be8a5c9d5af8274
[INFO] [stdout]                                at /opt/rustwide/cargo-home/registry/src/github.com-1ecc6299db9ec823/altv_internal_core_resource-15.0.0-dev.14/src/timers.rs:87:5
[INFO] [stdout]   22:     0x564fd00e06f4 - altv::set_timeout::hd0d791bae36460b1
[INFO] [stdout]   23:     0x564fd00e0d3b - rust_out::main::_doctest_main_src_lib_rs_72_0::hb98f7d6be81e0842
[INFO] [stdout]   24:     0x564fd00e0d26 - rust_out::main::h045d0fd74ed7290e
[INFO] [stdout]   25:     0x564fd00e08a3 - core::ops::function::FnOnce::call_once::h5b89dea722ea21ad
[INFO] [stdout]   26:     0x564fd00e0639 - std::sys_common::backtrace::__rust_begin_short_backtrace::hc178e4cfacf1803d
[INFO] [stdout]   27:     0x564fd00e0689 - std::rt::lang_start::{{closure}}::he8c5d60628d06093
[INFO] [stdout]   28:     0x564fd01148cc - core::ops::function::impls::<impl core::ops::function::FnOnce<A> for &F>::call_once::hd6efcd3bec896f2c
[INFO] [stdout]                                at /rustc/84c898d65adf2f39a5a98507f1fe0ce10a2b8dbc/library/core/src/ops/function.rs:287:13
[INFO] [stdout]   29:     0x564fd01148cc - std::panicking::try::do_call::hce04e543bb1f4cbb
[INFO] [stdout]                                at /rustc/84c898d65adf2f39a5a98507f1fe0ce10a2b8dbc/library/std/src/panicking.rs:487:40
[INFO] [stdout]   30:     0x564fd01148cc - std::panicking::try::h3342dd4e1f680968
[INFO] [stdout]                                at /rustc/84c898d65adf2f39a5a98507f1fe0ce10a2b8dbc/library/std/src/panicking.rs:451:19
[INFO] [stdout]   31:     0x564fd01148cc - std::panic::catch_unwind::h148ce1e59ac0cee7
[INFO] [stdout]                                at /rustc/84c898d65adf2f39a5a98507f1fe0ce10a2b8dbc/library/std/src/panic.rs:140:14
[INFO] [stdout]   32:     0x564fd01148cc - std::rt::lang_start_internal::{{closure}}::h25f9dda2057a67fe
[INFO] [stdout]                                at /rustc/84c898d65adf2f39a5a98507f1fe0ce10a2b8dbc/library/std/src/rt.rs:148:48
[INFO] [stdout]   33:     0x564fd01148cc - std::panicking::try::do_call::h7caaaeaf9401650b
[INFO] [stdout]                                at /rustc/84c898d65adf2f39a5a98507f1fe0ce10a2b8dbc/library/std/src/panicking.rs:487:40
[INFO] [stdout]   34:     0x564fd01148cc - std::panicking::try::he7d15285746cbbc2
[INFO] [stdout]                                at /rustc/84c898d65adf2f39a5a98507f1fe0ce10a2b8dbc/library/std/src/panicking.rs:451:19
[INFO] [stdout]   35:     0x564fd01148cc - std::panic::catch_unwind::h89fb4f50c0301fe0
[INFO] [stdout]                                at /rustc/84c898d65adf2f39a5a98507f1fe0ce10a2b8dbc/library/std/src/panic.rs:140:14
[INFO] [stdout]   36:     0x564fd01148cc - std::rt::lang_start_internal::h078acd489417d3c1
[INFO] [stdout]                                at /rustc/84c898d65adf2f39a5a98507f1fe0ce10a2b8dbc/library/std/src/rt.rs:148:20
[INFO] [stdout]   37:     0x564fd00e0667 - std::rt::lang_start::h335d6166ecad8ac7
[INFO] [stdout]   38:     0x564fd00e0e35 - main
[INFO] [stdout]   39:     0x7fd07916fd90 - <unknown>
[INFO] [stdout]   40:     0x7fd07916fe40 - __libc_start_main
[INFO] [stdout]   41:     0x564fd00e0565 - _start
[INFO] [stdout]   42:                0x0 - <unknown>
[INFO] [stdout] 
[INFO] [stdout] 
[INFO] [stdout] ---- src/lib.rs - set_interval (line 86) stdout ----
[INFO] [stdout] Test executable failed (exit status: 101).
[INFO] [stdout] 
[INFO] [stdout] stderr:
[INFO] [stdout] thread 'main' panicked at 'called `Option::unwrap()` on a `None` value', /opt/rustwide/cargo-home/registry/src/github.com-1ecc6299db9ec823/altv_internal_core_resource-15.0.0-dev.14/src/resource.rs:142:5
[INFO] [stdout] stack backtrace:
[INFO] [stdout]    0:     0x555f0b78779a - std::backtrace_rs::backtrace::libunwind::trace::ha9053a9a07ca49cb
[INFO] [stdout]                                at /rustc/84c898d65adf2f39a5a98507f1fe0ce10a2b8dbc/library/std/src/../../backtrace/src/backtrace/libunwind.rs:93:5
[INFO] [stdout]    1:     0x555f0b78779a - std::backtrace_rs::backtrace::trace_unsynchronized::h9c2852a457ad564e
[INFO] [stdout]                                at /rustc/84c898d65adf2f39a5a98507f1fe0ce10a2b8dbc/library/std/src/../../backtrace/src/backtrace/mod.rs:66:5
[INFO] [stdout]    2:     0x555f0b78779a - std::sys_common::backtrace::_print_fmt::h457936fbfaa0070f
[INFO] [stdout]                                at /rustc/84c898d65adf2f39a5a98507f1fe0ce10a2b8dbc/library/std/src/sys_common/backtrace.rs:65:5
[INFO] [stdout]    3:     0x555f0b78779a - <std::sys_common::backtrace::_print::DisplayBacktrace as core::fmt::Display>::fmt::h5779d7bf7f70cb0c
[INFO] [stdout]                                at /rustc/84c898d65adf2f39a5a98507f1fe0ce10a2b8dbc/library/std/src/sys_common/backtrace.rs:44:22
[INFO] [stdout]    4:     0x555f0b7a195e - core::fmt::write::h5a4baaff1bcd3eb5
[INFO] [stdout]                                at /rustc/84c898d65adf2f39a5a98507f1fe0ce10a2b8dbc/library/core/src/fmt/mod.rs:1232:17
[INFO] [stdout]    5:     0x555f0b785895 - std::io::Write::write_fmt::h4bc1f301cb9e9cce
[INFO] [stdout]                                at /rustc/84c898d65adf2f39a5a98507f1fe0ce10a2b8dbc/library/std/src/io/mod.rs:1684:15
[INFO] [stdout]    6:     0x555f0b787565 - std::sys_common::backtrace::_print::h5fcdc36060f177e8
[INFO] [stdout]                                at /rustc/84c898d65adf2f39a5a98507f1fe0ce10a2b8dbc/library/std/src/sys_common/backtrace.rs:47:5
[INFO] [stdout]    7:     0x555f0b787565 - std::sys_common::backtrace::print::h54ca9458b876c8bf
[INFO] [stdout]                                at /rustc/84c898d65adf2f39a5a98507f1fe0ce10a2b8dbc/library/std/src/sys_common/backtrace.rs:34:9
[INFO] [stdout]    8:     0x555f0b788bbf - std::panicking::default_hook::{{closure}}::hbe471161c7664ed6
[INFO] [stdout]                                at /rustc/84c898d65adf2f39a5a98507f1fe0ce10a2b8dbc/library/std/src/panicking.rs:271:22
[INFO] [stdout]    9:     0x555f0b7888fb - std::panicking::default_hook::ha3500da57aa4ac4f
[INFO] [stdout]                                at /rustc/84c898d65adf2f39a5a98507f1fe0ce10a2b8dbc/library/std/src/panicking.rs:290:9
[INFO] [stdout]   10:     0x555f0b789168 - std::panicking::rust_panic_with_hook::h50c09d000dc561d2
[INFO] [stdout]                                at /rustc/84c898d65adf2f39a5a98507f1fe0ce10a2b8dbc/library/std/src/panicking.rs:692:13
[INFO] [stdout]   11:     0x555f0b789022 - std::panicking::begin_panic_handler::{{closure}}::h9e2b2176e00e0d9c
[INFO] [stdout]                                at /rustc/84c898d65adf2f39a5a98507f1fe0ce10a2b8dbc/library/std/src/panicking.rs:581:13
[INFO] [stdout]   12:     0x555f0b787c06 - std::sys_common::backtrace::__rust_end_short_backtrace::h5739b8e512c09d02
[INFO] [stdout]                                at /rustc/84c898d65adf2f39a5a98507f1fe0ce10a2b8dbc/library/std/src/sys_common/backtrace.rs:150:18
[INFO] [stdout]   13:     0x555f0b788d72 - rust_begin_unwind
[INFO] [stdout]                                at /rustc/84c898d65adf2f39a5a98507f1fe0ce10a2b8dbc/library/std/src/panicking.rs:579:5
[INFO] [stdout]   14:     0x555f0b74f033 - core::panicking::panic_fmt::hf33a1475b4dc5c3e
[INFO] [stdout]                                at /rustc/84c898d65adf2f39a5a98507f1fe0ce10a2b8dbc/library/core/src/panicking.rs:64:14
[INFO] [stdout]   15:     0x555f0b74f0cd - core::panicking::panic::h9533b2fee90b999e
[INFO] [stdout]                                at /rustc/84c898d65adf2f39a5a98507f1fe0ce10a2b8dbc/library/core/src/panicking.rs:114:5
[INFO] [stdout]   16:     0x555f0b756c50 - core::option::Option<T>::unwrap::heb7a68e60bcccfe2
[INFO] [stdout]                                at /rustc/84c898d65adf2f39a5a98507f1fe0ce10a2b8dbc/library/core/src/option.rs:942:21
[INFO] [stdout]   17:     0x555f0b756a08 - altv_internal_core_resource::resource::Resource::with_timer_schedule_mut::{{closure}}::h19f6d7f208966a87
[INFO] [stdout]                                at /opt/rustwide/cargo-home/registry/src/github.com-1ecc6299db9ec823/altv_internal_core_resource-15.0.0-dev.14/src/resource.rs:41:32
[INFO] [stdout]   18:     0x555f0b767614 - std::thread::local::LocalKey<T>::try_with::h55a3885c48efb02d
[INFO] [stdout]                                at /rustc/84c898d65adf2f39a5a98507f1fe0ce10a2b8dbc/library/std/src/thread/local.rs:446:16
[INFO] [stdout]   19:     0x555f0b7674cb - std::thread::local::LocalKey<T>::with::h0674c7de15817eb1
[INFO] [stdout]                                at /rustc/84c898d65adf2f39a5a98507f1fe0ce10a2b8dbc/library/std/src/thread/local.rs:422:9
[INFO] [stdout]   20:     0x555f0b7568e9 - altv_internal_core_resource::resource::Resource::with_timer_schedule_mut::h4d7c5ca40e4de2ef
[INFO] [stdout]                                at /opt/rustwide/cargo-home/registry/src/github.com-1ecc6299db9ec823/altv_internal_core_resource-15.0.0-dev.14/src/resource.rs:68:17
[INFO] [stdout]   21:     0x555f0b756fe4 - altv_internal_core_resource::timers::create_timer::h1be8a5c9d5af8274
[INFO] [stdout]                                at /opt/rustwide/cargo-home/registry/src/github.com-1ecc6299db9ec823/altv_internal_core_resource-15.0.0-dev.14/src/timers.rs:87:5
[INFO] [stdout]   22:     0x555f0b74f6f1 - altv::set_interval::h0b45663c509f1330
[INFO] [stdout]   23:     0x555f0b74fd3b - rust_out::main::_doctest_main_src_lib_rs_86_0::hcc9bf56be709e36f
[INFO] [stdout]   24:     0x555f0b74fd26 - rust_out::main::h045d0fd74ed7290e
[INFO] [stdout]   25:     0x555f0b74f8a3 - core::ops::function::FnOnce::call_once::h5b89dea722ea21ad
[INFO] [stdout]   26:     0x555f0b74f639 - std::sys_common::backtrace::__rust_begin_short_backtrace::hc178e4cfacf1803d
[INFO] [stdout]   27:     0x555f0b74f689 - std::rt::lang_start::{{closure}}::he8c5d60628d06093
[INFO] [stdout]   28:     0x555f0b7838cc - core::ops::function::impls::<impl core::ops::function::FnOnce<A> for &F>::call_once::hd6efcd3bec896f2c
[INFO] [stdout]                                at /rustc/84c898d65adf2f39a5a98507f1fe0ce10a2b8dbc/library/core/src/ops/function.rs:287:13
[INFO] [stdout]   29:     0x555f0b7838cc - std::panicking::try::do_call::hce04e543bb1f4cbb
[INFO] [stdout]                                at /rustc/84c898d65adf2f39a5a98507f1fe0ce10a2b8dbc/library/std/src/panicking.rs:487:40
[INFO] [stdout]   30:     0x555f0b7838cc - std::panicking::try::h3342dd4e1f680968
[INFO] [stdout]                                at /rustc/84c898d65adf2f39a5a98507f1fe0ce10a2b8dbc/library/std/src/panicking.rs:451:19
[INFO] [stdout]   31:     0x555f0b7838cc - std::panic::catch_unwind::h148ce1e59ac0cee7
[INFO] [stdout]                                at /rustc/84c898d65adf2f39a5a98507f1fe0ce10a2b8dbc/library/std/src/panic.rs:140:14
[INFO] [stdout]   32:     0x555f0b7838cc - std::rt::lang_start_internal::{{closure}}::h25f9dda2057a67fe
[INFO] [stdout]                                at /rustc/84c898d65adf2f39a5a98507f1fe0ce10a2b8dbc/library/std/src/rt.rs:148:48
[INFO] [stdout]   33:     0x555f0b7838cc - std::panicking::try::do_call::h7caaaeaf9401650b
[INFO] [stdout]                                at /rustc/84c898d65adf2f39a5a98507f1fe0ce10a2b8dbc/library/std/src/panicking.rs:487:40
[INFO] [stdout]   34:     0x555f0b7838cc - std::panicking::try::he7d15285746cbbc2
[INFO] [stdout]                                at /rustc/84c898d65adf2f39a5a98507f1fe0ce10a2b8dbc/library/std/src/panicking.rs:451:19
[INFO] [stdout]   35:     0x555f0b7838cc - std::panic::catch_unwind::h89fb4f50c0301fe0
[INFO] [stdout]                                at /rustc/84c898d65adf2f39a5a98507f1fe0ce10a2b8dbc/library/std/src/panic.rs:140:14
[INFO] [stdout]   36:     0x555f0b7838cc - std::rt::lang_start_internal::h078acd489417d3c1
[INFO] [stdout]                                at /rustc/84c898d65adf2f39a5a98507f1fe0ce10a2b8dbc/library/std/src/rt.rs:148:20
[INFO] [stdout]   37:     0x555f0b74f667 - std::rt::lang_start::h335d6166ecad8ac7
[INFO] [stdout]   38:     0x555f0b74fe35 - main
[INFO] [stdout]   39:     0x7fb593a03d90 - <unknown>
[INFO] [stdout]   40:     0x7fb593a03e40 - __libc_start_main
[INFO] [stdout]   41:     0x555f0b74f565 - _start
[INFO] [stdout]   42:                0x0 - <unknown>
[INFO] [stdout] 
[INFO] [stdout] 
[INFO] [stdout] 
[INFO] [stdout] failures:
[INFO] [stdout]     src/lib.rs - set_interval (line 86)
[INFO] [stdout]     src/lib.rs - set_timeout (line 72)
[INFO] [stdout]     src/mvalue.rs - mvalue (line 13)
[INFO] [stdout]     src/mvalue.rs - mvalue (line 37)
[INFO] [stdout] 
[INFO] [stdout] test result: FAILED. 0 passed; 4 failed; 0 ignored; 0 measured; 0 filtered out; finished in 1.42s
[INFO] [stdout] 
[INFO] [stderr] error: doctest failed, to rerun pass `--doc`
[INFO] running `Command { std: "docker" "inspect" "f08e29a68b845bb36d01877a3d4aa4f0848c706037b8b7f52d3ae2206be8cc09", kill_on_drop: false }`
[INFO] running `Command { std: "docker" "rm" "-f" "f08e29a68b845bb36d01877a3d4aa4f0848c706037b8b7f52d3ae2206be8cc09", kill_on_drop: false }`
[INFO] [stdout] f08e29a68b845bb36d01877a3d4aa4f0848c706037b8b7f52d3ae2206be8cc09
