[INFO] fetching crate alpm-utils-ll 2.0.0...
[INFO] testing alpm-utils-ll-2.0.0 against 1.69.0 for beta-1.70-1
[INFO] extracting crate alpm-utils-ll 2.0.0 into /workspace/builds/worker-0-tc1/source
[INFO] validating manifest of crates.io crate alpm-utils-ll 2.0.0 on toolchain 1.69.0
[INFO] running `Command { std: CARGO_HOME="/workspace/cargo-home" RUSTUP_HOME="/workspace/rustup-home" "/workspace/cargo-home/bin/cargo" "+1.69.0" "metadata" "--manifest-path" "Cargo.toml" "--no-deps", kill_on_drop: false }`
[INFO] started tweaking crates.io crate alpm-utils-ll 2.0.0
[INFO] finished tweaking crates.io crate alpm-utils-ll 2.0.0
[INFO] tweaked toml for crates.io crate alpm-utils-ll 2.0.0 written to /workspace/builds/worker-0-tc1/source/Cargo.toml
[INFO] running `Command { std: CARGO_HOME="/workspace/cargo-home" RUSTUP_HOME="/workspace/rustup-home" __CARGO_TEST_CHANNEL_OVERRIDE_DO_NOT_USE_THIS="nightly" "/workspace/cargo-home/bin/cargo" "+1.69.0" "generate-lockfile" "--manifest-path" "Cargo.toml" "-Zno-index-update", kill_on_drop: false }`
[INFO] running `Command { std: CARGO_HOME="/workspace/cargo-home" RUSTUP_HOME="/workspace/rustup-home" "/workspace/cargo-home/bin/cargo" "+1.69.0" "fetch" "--manifest-path" "Cargo.toml", kill_on_drop: false }`
[INFO] [stderr]  Downloading crates ...
[INFO] [stderr]   Downloaded cini v1.0.0
[INFO] [stderr]   Downloaded alpm-sys-ll v3.0.0
[INFO] [stderr]   Downloaded clap v3.2.25
[INFO] [stderr]   Downloaded alpm-ll v3.0.0
[INFO] [stderr]   Downloaded pacmanconf v2.0.0
[INFO] running `Command { std: "docker" "create" "-v" "/var/lib/crater-agent-workspace/builds/worker-0-tc1/target:/opt/rustwide/target:rw,Z" "-v" "/var/lib/crater-agent-workspace/builds/worker-0-tc1/source:/opt/rustwide/workdir:ro,Z" "-v" "/var/lib/crater-agent-workspace/cargo-home:/opt/rustwide/cargo-home:ro,Z" "-v" "/var/lib/crater-agent-workspace/rustup-home:/opt/rustwide/rustup-home:ro,Z" "-e" "SOURCE_DIR=/opt/rustwide/workdir" "-e" "CARGO_TARGET_DIR=/opt/rustwide/target" "-e" "CARGO_HOME=/opt/rustwide/cargo-home" "-e" "RUSTUP_HOME=/opt/rustwide/rustup-home" "-w" "/opt/rustwide/workdir" "-m" "1610612736" "--user" "0:0" "--network" "none" "ghcr.io/rust-lang/crates-build-env/linux@sha256:5ff2268d62e97bff2cde7d5815dd6ed5b47097566f13b8d0ca110b04b60e07ed" "/opt/rustwide/cargo-home/bin/cargo" "+1.69.0" "metadata" "--no-deps" "--format-version=1", kill_on_drop: false }`
[INFO] [stdout] 1a1f3ed48073358d3170ff15972ce0770b8316cf597fffc252ec8eb66d396d17
[INFO] running `Command { std: "docker" "start" "-a" "1a1f3ed48073358d3170ff15972ce0770b8316cf597fffc252ec8eb66d396d17", kill_on_drop: false }`
[INFO] running `Command { std: "docker" "inspect" "1a1f3ed48073358d3170ff15972ce0770b8316cf597fffc252ec8eb66d396d17", kill_on_drop: false }`
[INFO] running `Command { std: "docker" "rm" "-f" "1a1f3ed48073358d3170ff15972ce0770b8316cf597fffc252ec8eb66d396d17", kill_on_drop: false }`
[INFO] [stdout] 1a1f3ed48073358d3170ff15972ce0770b8316cf597fffc252ec8eb66d396d17
[INFO] running `Command { std: "docker" "create" "-v" "/var/lib/crater-agent-workspace/builds/worker-0-tc1/target:/opt/rustwide/target:rw,Z" "-v" "/var/lib/crater-agent-workspace/builds/worker-0-tc1/source:/opt/rustwide/workdir:ro,Z" "-v" "/var/lib/crater-agent-workspace/cargo-home:/opt/rustwide/cargo-home:ro,Z" "-v" "/var/lib/crater-agent-workspace/rustup-home:/opt/rustwide/rustup-home:ro,Z" "-e" "SOURCE_DIR=/opt/rustwide/workdir" "-e" "CARGO_TARGET_DIR=/opt/rustwide/target" "-e" "CARGO_INCREMENTAL=0" "-e" "RUST_BACKTRACE=full" "-e" "RUSTFLAGS=--cap-lints=warn" "-e" "RUSTDOCFLAGS=--cap-lints=warn" "-e" "CARGO_HOME=/opt/rustwide/cargo-home" "-e" "RUSTUP_HOME=/opt/rustwide/rustup-home" "-w" "/opt/rustwide/workdir" "-m" "1610612736" "--user" "0:0" "--network" "none" "ghcr.io/rust-lang/crates-build-env/linux@sha256:5ff2268d62e97bff2cde7d5815dd6ed5b47097566f13b8d0ca110b04b60e07ed" "/opt/rustwide/cargo-home/bin/cargo" "+1.69.0" "build" "--frozen" "--message-format=json", kill_on_drop: false }`
[INFO] [stdout] d124a5869f802698b5792bc37188ee4aa42fe38f7a107d6980173b7bec0d6a2e
[INFO] running `Command { std: "docker" "start" "-a" "d124a5869f802698b5792bc37188ee4aa42fe38f7a107d6980173b7bec0d6a2e", kill_on_drop: false }`
[INFO] [stderr]    Compiling alpm-sys-ll v3.0.0
[INFO] [stderr]    Compiling cini v1.0.0
[INFO] [stderr]    Compiling libloading v0.7.4
[INFO] [stderr]    Compiling pacmanconf v2.0.0
[INFO] [stderr]    Compiling alpm-ll v3.0.0
[INFO] [stderr]    Compiling alpm-utils-ll v2.0.0 (/opt/rustwide/workdir)
[INFO] [stderr]     Finished dev [unoptimized + debuginfo] target(s) in 2.96s
[INFO] running `Command { std: "docker" "inspect" "d124a5869f802698b5792bc37188ee4aa42fe38f7a107d6980173b7bec0d6a2e", kill_on_drop: false }`
[INFO] running `Command { std: "docker" "rm" "-f" "d124a5869f802698b5792bc37188ee4aa42fe38f7a107d6980173b7bec0d6a2e", kill_on_drop: false }`
[INFO] [stdout] d124a5869f802698b5792bc37188ee4aa42fe38f7a107d6980173b7bec0d6a2e
[INFO] running `Command { std: "docker" "create" "-v" "/var/lib/crater-agent-workspace/builds/worker-0-tc1/target:/opt/rustwide/target:rw,Z" "-v" "/var/lib/crater-agent-workspace/builds/worker-0-tc1/source:/opt/rustwide/workdir:ro,Z" "-v" "/var/lib/crater-agent-workspace/cargo-home:/opt/rustwide/cargo-home:ro,Z" "-v" "/var/lib/crater-agent-workspace/rustup-home:/opt/rustwide/rustup-home:ro,Z" "-e" "SOURCE_DIR=/opt/rustwide/workdir" "-e" "CARGO_TARGET_DIR=/opt/rustwide/target" "-e" "CARGO_INCREMENTAL=0" "-e" "RUST_BACKTRACE=full" "-e" "RUSTFLAGS=--cap-lints=warn" "-e" "RUSTDOCFLAGS=--cap-lints=warn" "-e" "CARGO_HOME=/opt/rustwide/cargo-home" "-e" "RUSTUP_HOME=/opt/rustwide/rustup-home" "-w" "/opt/rustwide/workdir" "-m" "1610612736" "--user" "0:0" "--network" "none" "ghcr.io/rust-lang/crates-build-env/linux@sha256:5ff2268d62e97bff2cde7d5815dd6ed5b47097566f13b8d0ca110b04b60e07ed" "/opt/rustwide/cargo-home/bin/cargo" "+1.69.0" "test" "--frozen" "--no-run" "--message-format=json", kill_on_drop: false }`
[INFO] [stdout] c2f1e104d61518ff7f47fc8690191f07fe60dd029b0ad2499aaa2b532cfc483b
[INFO] running `Command { std: "docker" "start" "-a" "c2f1e104d61518ff7f47fc8690191f07fe60dd029b0ad2499aaa2b532cfc483b", kill_on_drop: false }`
[INFO] [stderr]    Compiling alpm-utils-ll v2.0.0 (/opt/rustwide/workdir)
[INFO] [stderr]     Finished test [unoptimized + debuginfo] target(s) in 0.32s
[INFO] running `Command { std: "docker" "inspect" "c2f1e104d61518ff7f47fc8690191f07fe60dd029b0ad2499aaa2b532cfc483b", kill_on_drop: false }`
[INFO] running `Command { std: "docker" "rm" "-f" "c2f1e104d61518ff7f47fc8690191f07fe60dd029b0ad2499aaa2b532cfc483b", kill_on_drop: false }`
[INFO] [stdout] c2f1e104d61518ff7f47fc8690191f07fe60dd029b0ad2499aaa2b532cfc483b
[INFO] running `Command { std: "docker" "create" "-v" "/var/lib/crater-agent-workspace/builds/worker-0-tc1/target:/opt/rustwide/target:rw,Z" "-v" "/var/lib/crater-agent-workspace/builds/worker-0-tc1/source:/opt/rustwide/workdir:ro,Z" "-v" "/var/lib/crater-agent-workspace/cargo-home:/opt/rustwide/cargo-home:ro,Z" "-v" "/var/lib/crater-agent-workspace/rustup-home:/opt/rustwide/rustup-home:ro,Z" "-e" "SOURCE_DIR=/opt/rustwide/workdir" "-e" "CARGO_TARGET_DIR=/opt/rustwide/target" "-e" "CARGO_INCREMENTAL=0" "-e" "RUST_BACKTRACE=full" "-e" "RUSTFLAGS=--cap-lints=warn" "-e" "RUSTDOCFLAGS=--cap-lints=warn" "-e" "CARGO_HOME=/opt/rustwide/cargo-home" "-e" "RUSTUP_HOME=/opt/rustwide/rustup-home" "-w" "/opt/rustwide/workdir" "-m" "1610612736" "--user" "0:0" "--network" "none" "ghcr.io/rust-lang/crates-build-env/linux@sha256:5ff2268d62e97bff2cde7d5815dd6ed5b47097566f13b8d0ca110b04b60e07ed" "/opt/rustwide/cargo-home/bin/cargo" "+1.69.0" "test" "--frozen", kill_on_drop: false }`
[INFO] [stdout] c9ef5dd10fd8b62e32f73a00fa4087e77978a017aa50c650ad030771f7cc68e5
[INFO] running `Command { std: "docker" "start" "-a" "c9ef5dd10fd8b62e32f73a00fa4087e77978a017aa50c650ad030771f7cc68e5", kill_on_drop: false }`
[INFO] [stderr]     Finished test [unoptimized + debuginfo] target(s) in 0.01s
[INFO] [stderr]      Running unittests src/lib.rs (/opt/rustwide/target/debug/deps/alpm_utils_ll-f5d362faee045245)
[INFO] [stdout] 
[INFO] [stdout] running 1 test
[INFO] [stdout] test target::tests::test_target ... ok
[INFO] [stdout] 
[INFO] [stdout] test result: ok. 1 passed; 0 failed; 0 ignored; 0 measured; 0 filtered out; finished in 0.00s
[INFO] [stdout] 
[INFO] [stderr]    Doc-tests alpm-utils-ll
[INFO] [stdout] 
[INFO] [stdout] running 2 tests
[INFO] [stdout] test src/conf.rs - conf::alpm_with_conf (line 6) - compile ... FAILED
[INFO] [stdout] test src/conf.rs - conf::configure_alpm (line 26) - compile ... FAILED
[INFO] [stdout] 
[INFO] [stdout] failures:
[INFO] [stdout] 
[INFO] [stdout] ---- src/conf.rs - conf::alpm_with_conf (line 6) stdout ----
[INFO] [stdout] error[E0432]: unresolved import `alpm_utils`
[INFO] [stdout]  --> src/conf.rs:8:5
[INFO] [stdout]   |
[INFO] [stdout] 3 | use alpm_utils::alpm_with_conf;
[INFO] [stdout]   |     ^^^^^^^^^^ use of undeclared crate or module `alpm_utils`
[INFO] [stdout]   |
[INFO] [stdout] help: there is a crate or module with a similar name
[INFO] [stdout]   |
[INFO] [stdout] 3 | use alpm_utils_ll::alpm_with_conf;
[INFO] [stdout]   |     ~~~~~~~~~~~~~
[INFO] [stdout] 
[INFO] [stdout] error: aborting due to previous error
[INFO] [stdout] 
[INFO] [stdout] For more information about this error, try `rustc --explain E0432`.
[INFO] [stdout] Couldn't compile the test.
[INFO] [stdout] ---- src/conf.rs - conf::configure_alpm (line 26) stdout ----
[INFO] [stdout] error[E0432]: unresolved import `alpm_utils`
[INFO] [stdout]  --> src/conf.rs:28:5
[INFO] [stdout]   |
[INFO] [stdout] 3 | use alpm_utils::configure_alpm;
[INFO] [stdout]   |     ^^^^^^^^^^ use of undeclared crate or module `alpm_utils`
[INFO] [stdout]   |
[INFO] [stdout] help: there is a crate or module with a similar name
[INFO] [stdout]   |
[INFO] [stdout] 3 | use alpm_utils_ll::configure_alpm;
[INFO] [stdout]   |     ~~~~~~~~~~~~~
[INFO] [stdout] 
[INFO] [stdout] error[E0432]: unresolved import `alpm`
[INFO] [stdout]  --> src/conf.rs:29:5
[INFO] [stdout]   |
[INFO] [stdout] 4 | use alpm::Alpm;
[INFO] [stdout]   |     ^^^^ use of undeclared crate or module `alpm`
[INFO] [stdout] 
[INFO] [stdout] error: aborting due to 2 previous errors
[INFO] [stdout] 
[INFO] [stdout] For more information about this error, try `rustc --explain E0432`.
[INFO] [stdout] Couldn't compile the test.
[INFO] [stdout] 
[INFO] [stdout] failures:
[INFO] [stdout]     src/conf.rs - conf::alpm_with_conf (line 6)
[INFO] [stdout]     src/conf.rs - conf::configure_alpm (line 26)
[INFO] [stdout] 
[INFO] [stdout] test result: FAILED. 0 passed; 2 failed; 0 ignored; 0 measured; 0 filtered out; finished in 0.02s
[INFO] [stdout] 
[INFO] [stderr] error: doctest failed, to rerun pass `--doc`
[INFO] running `Command { std: "docker" "inspect" "c9ef5dd10fd8b62e32f73a00fa4087e77978a017aa50c650ad030771f7cc68e5", kill_on_drop: false }`
[INFO] running `Command { std: "docker" "rm" "-f" "c9ef5dd10fd8b62e32f73a00fa4087e77978a017aa50c650ad030771f7cc68e5", kill_on_drop: false }`
[INFO] [stdout] c9ef5dd10fd8b62e32f73a00fa4087e77978a017aa50c650ad030771f7cc68e5
