[INFO] fetching crate alloy-core 0.0.10...
[INFO] testing alloy-core-0.0.10 against 1.69.0 for beta-1.70-1
[INFO] extracting crate alloy-core 0.0.10 into /workspace/builds/worker-6-tc1/source
[INFO] validating manifest of crates.io crate alloy-core 0.0.10 on toolchain 1.69.0
[INFO] running `Command { std: CARGO_HOME="/workspace/cargo-home" RUSTUP_HOME="/workspace/rustup-home" "/workspace/cargo-home/bin/cargo" "+1.69.0" "metadata" "--manifest-path" "Cargo.toml" "--no-deps", kill_on_drop: false }`
[INFO] started tweaking crates.io crate alloy-core 0.0.10
[INFO] finished tweaking crates.io crate alloy-core 0.0.10
[INFO] tweaked toml for crates.io crate alloy-core 0.0.10 written to /workspace/builds/worker-6-tc1/source/Cargo.toml
[INFO] running `Command { std: CARGO_HOME="/workspace/cargo-home" RUSTUP_HOME="/workspace/rustup-home" __CARGO_TEST_CHANNEL_OVERRIDE_DO_NOT_USE_THIS="nightly" "/workspace/cargo-home/bin/cargo" "+1.69.0" "generate-lockfile" "--manifest-path" "Cargo.toml" "-Zno-index-update", kill_on_drop: false }`
[INFO] running `Command { std: CARGO_HOME="/workspace/cargo-home" RUSTUP_HOME="/workspace/rustup-home" "/workspace/cargo-home/bin/cargo" "+1.69.0" "fetch" "--manifest-path" "Cargo.toml", kill_on_drop: false }`
[INFO] [stderr]  Downloading crates ...
[INFO] [stderr]   Downloaded axum-core v0.2.9
[INFO] [stderr]   Downloaded sync_wrapper v0.1.2
[INFO] [stderr]   Downloaded http-range-header v0.3.0
[INFO] [stderr]   Downloaded matchit v0.5.0
[INFO] [stderr]   Downloaded tower-http v0.3.5
[INFO] [stderr]   Downloaded tower v0.4.13
[INFO] [stderr]   Downloaded axum v0.5.17
[INFO] running `Command { std: "docker" "create" "-v" "/var/lib/crater-agent-workspace/builds/worker-6-tc1/target:/opt/rustwide/target:rw,Z" "-v" "/var/lib/crater-agent-workspace/builds/worker-6-tc1/source:/opt/rustwide/workdir:ro,Z" "-v" "/var/lib/crater-agent-workspace/cargo-home:/opt/rustwide/cargo-home:ro,Z" "-v" "/var/lib/crater-agent-workspace/rustup-home:/opt/rustwide/rustup-home:ro,Z" "-e" "SOURCE_DIR=/opt/rustwide/workdir" "-e" "CARGO_TARGET_DIR=/opt/rustwide/target" "-e" "CARGO_HOME=/opt/rustwide/cargo-home" "-e" "RUSTUP_HOME=/opt/rustwide/rustup-home" "-w" "/opt/rustwide/workdir" "-m" "1610612736" "--user" "0:0" "--network" "none" "ghcr.io/rust-lang/crates-build-env/linux@sha256:5ff2268d62e97bff2cde7d5815dd6ed5b47097566f13b8d0ca110b04b60e07ed" "/opt/rustwide/cargo-home/bin/cargo" "+1.69.0" "metadata" "--no-deps" "--format-version=1", kill_on_drop: false }`
[INFO] [stdout] 78908e340a7d29312647a2f56670011dcd75d156e3e0a0cabaf0d9844bdcd89c
[INFO] running `Command { std: "docker" "start" "-a" "78908e340a7d29312647a2f56670011dcd75d156e3e0a0cabaf0d9844bdcd89c", kill_on_drop: false }`
[INFO] running `Command { std: "docker" "inspect" "78908e340a7d29312647a2f56670011dcd75d156e3e0a0cabaf0d9844bdcd89c", kill_on_drop: false }`
[INFO] running `Command { std: "docker" "rm" "-f" "78908e340a7d29312647a2f56670011dcd75d156e3e0a0cabaf0d9844bdcd89c", kill_on_drop: false }`
[INFO] [stdout] 78908e340a7d29312647a2f56670011dcd75d156e3e0a0cabaf0d9844bdcd89c
[INFO] running `Command { std: "docker" "create" "-v" "/var/lib/crater-agent-workspace/builds/worker-6-tc1/target:/opt/rustwide/target:rw,Z" "-v" "/var/lib/crater-agent-workspace/builds/worker-6-tc1/source:/opt/rustwide/workdir:ro,Z" "-v" "/var/lib/crater-agent-workspace/cargo-home:/opt/rustwide/cargo-home:ro,Z" "-v" "/var/lib/crater-agent-workspace/rustup-home:/opt/rustwide/rustup-home:ro,Z" "-e" "SOURCE_DIR=/opt/rustwide/workdir" "-e" "CARGO_TARGET_DIR=/opt/rustwide/target" "-e" "CARGO_INCREMENTAL=0" "-e" "RUST_BACKTRACE=full" "-e" "RUSTFLAGS=--cap-lints=warn" "-e" "RUSTDOCFLAGS=--cap-lints=warn" "-e" "CARGO_HOME=/opt/rustwide/cargo-home" "-e" "RUSTUP_HOME=/opt/rustwide/rustup-home" "-w" "/opt/rustwide/workdir" "-m" "1610612736" "--user" "0:0" "--network" "none" "ghcr.io/rust-lang/crates-build-env/linux@sha256:5ff2268d62e97bff2cde7d5815dd6ed5b47097566f13b8d0ca110b04b60e07ed" "/opt/rustwide/cargo-home/bin/cargo" "+1.69.0" "build" "--frozen" "--message-format=json", kill_on_drop: false }`
[INFO] [stdout] 9ddf39a7bffd1d3446c24714f6374d549e3b5877aa8da12bcc391db41723546d
[INFO] running `Command { std: "docker" "start" "-a" "9ddf39a7bffd1d3446c24714f6374d549e3b5877aa8da12bcc391db41723546d", kill_on_drop: false }`
[INFO] [stderr]    Compiling tokio v1.28.0
[INFO] [stderr]    Compiling serde_derive v1.0.160
[INFO] [stderr]    Compiling serde v1.0.160
[INFO] [stderr]    Compiling serde_json v1.0.96
[INFO] [stderr]    Compiling alloy-core v0.0.10 (/opt/rustwide/workdir)
[INFO] [stdout] error[E0433]: failed to resolve: use of undeclared crate or module `axum`
[INFO] [stdout]  --> src/readable_stream.rs:3:5
[INFO] [stdout]   |
[INFO] [stdout] 3 | use axum::body::Bytes;
[INFO] [stdout]   |     ^^^^ use of undeclared crate or module `axum`
[INFO] [stdout] 
[INFO] [stdout] 
[INFO] [stdout] error[E0433]: failed to resolve: could not find `time` in `tokio`
[INFO] [stdout]   --> src/promise/executor.rs:48:24
[INFO] [stdout]    |
[INFO] [stdout] 48 |                 tokio::time::sleep(Duration::from_micros(500)).await;
[INFO] [stdout]    |                        ^^^^ could not find `time` in `tokio`
[INFO] [stdout] 
[INFO] [stdout] 
[INFO] [stdout] error[E0425]: cannot find function `spawn` in module `tokio::task`
[INFO] [stdout]   --> src/promise/executor.rs:25:22
[INFO] [stdout]    |
[INFO] [stdout] 25 |         tokio::task::spawn((|| async {
[INFO] [stdout]    |                      ^^^^^ not found in `tokio::task`
[INFO] [stdout]    |
[INFO] [stdout] help: consider importing this function
[INFO] [stdout]    |
[INFO] [stdout] 1  | use std::thread::spawn;
[INFO] [stdout]    |
[INFO] [stdout] help: if you import `spawn`, refer to it directly
[INFO] [stdout]    |
[INFO] [stdout] 25 -         tokio::task::spawn((|| async {
[INFO] [stdout] 25 +         spawn((|| async {
[INFO] [stdout]    |
[INFO] [stdout] 
[INFO] [stdout] 
[INFO] [stdout] error: aborting due to 3 previous errors
[INFO] [stdout] 
[INFO] [stdout] 
[INFO] [stdout] Some errors have detailed explanations: E0425, E0433.
[INFO] [stdout] 
[INFO] [stdout] For more information about an error, try `rustc --explain E0425`.
[INFO] [stdout] 
[INFO] [stderr] error: could not compile `alloy-core` due to 4 previous errors
[INFO] [stderr] warning: build failed, waiting for other jobs to finish...
[INFO] running `Command { std: "docker" "inspect" "9ddf39a7bffd1d3446c24714f6374d549e3b5877aa8da12bcc391db41723546d", kill_on_drop: false }`
[INFO] running `Command { std: "docker" "rm" "-f" "9ddf39a7bffd1d3446c24714f6374d549e3b5877aa8da12bcc391db41723546d", kill_on_drop: false }`
[INFO] [stdout] 9ddf39a7bffd1d3446c24714f6374d549e3b5877aa8da12bcc391db41723546d
