[INFO] fetching crate alipay-rs 0.4.6...
[INFO] testing alipay-rs-0.4.6 against 1.69.0 for beta-1.70-1
[INFO] extracting crate alipay-rs 0.4.6 into /workspace/builds/worker-1-tc1/source
[INFO] validating manifest of crates.io crate alipay-rs 0.4.6 on toolchain 1.69.0
[INFO] running `Command { std: CARGO_HOME="/workspace/cargo-home" RUSTUP_HOME="/workspace/rustup-home" "/workspace/cargo-home/bin/cargo" "+1.69.0" "metadata" "--manifest-path" "Cargo.toml" "--no-deps", kill_on_drop: false }`
[INFO] started tweaking crates.io crate alipay-rs 0.4.6
[INFO] finished tweaking crates.io crate alipay-rs 0.4.6
[INFO] tweaked toml for crates.io crate alipay-rs 0.4.6 written to /workspace/builds/worker-1-tc1/source/Cargo.toml
[INFO] running `Command { std: CARGO_HOME="/workspace/cargo-home" RUSTUP_HOME="/workspace/rustup-home" __CARGO_TEST_CHANNEL_OVERRIDE_DO_NOT_USE_THIS="nightly" "/workspace/cargo-home/bin/cargo" "+1.69.0" "generate-lockfile" "--manifest-path" "Cargo.toml" "-Zno-index-update", kill_on_drop: false }`
[INFO] running `Command { std: CARGO_HOME="/workspace/cargo-home" RUSTUP_HOME="/workspace/rustup-home" "/workspace/cargo-home/bin/cargo" "+1.69.0" "fetch" "--manifest-path" "Cargo.toml", kill_on_drop: false }`
[INFO] [stderr]     Blocking waiting for file lock on package cache
[INFO] [stderr]  Downloading crates ...
[INFO] [stderr]   Downloaded multipart v0.18.0
[INFO] [stderr]   Downloaded chunked_transfer v0.3.1
[INFO] [stderr]   Downloaded twoway v0.1.8
[INFO] [stderr]   Downloaded tiny_http v0.6.4
[INFO] [stderr]   Downloaded ureq v2.6.2
[INFO] [stderr]   Downloaded mime v0.2.6
[INFO] [stderr]   Downloaded typeable v0.1.2
[INFO] [stderr]   Downloaded traitobject v0.1.0
[INFO] [stderr]   Downloaded phf_generator v0.7.24
[INFO] [stderr]   Downloaded alipay_macros v0.1.1
[INFO] [stderr]   Downloaded unicase v1.4.2
[INFO] [stderr]   Downloaded phf v0.7.24
[INFO] [stderr]   Downloaded plugin v0.2.6
[INFO] [stderr]   Downloaded phf_shared v0.7.24
[INFO] [stderr]   Downloaded phf_codegen v0.7.24
[INFO] [stderr]   Downloaded safemem v0.3.3
[INFO] [stderr]   Downloaded buf_redux v0.8.4
[INFO] [stderr]   Downloaded iron v0.6.1
[INFO] [stderr]   Downloaded siphasher v0.2.3
[INFO] [stderr]   Downloaded mime_guess v1.8.8
[INFO] [stderr]   Downloaded base64 v0.9.3
[INFO] [stderr]   Downloaded log v0.3.9
[INFO] [stderr]   Downloaded ascii v0.8.7
[INFO] [stderr]   Downloaded unsafe-any v0.4.2
[INFO] [stderr]   Downloaded modifier v0.1.0
[INFO] [stderr]   Downloaded hyper v0.10.16
[INFO] [stderr]   Downloaded openssl-src v111.25.3+1.1.1t
[INFO] [stderr]   Downloaded groupable v0.2.0
[INFO] [stderr]   Downloaded mustache v0.9.0
[INFO] [stderr]   Downloaded alipay_params v0.1.2
[INFO] [stderr]   Downloaded nickel v0.11.0
[INFO] [stderr]   Downloaded typemap v0.3.3
[INFO] running `Command { std: "docker" "create" "-v" "/var/lib/crater-agent-workspace/builds/worker-1-tc1/target:/opt/rustwide/target:rw,Z" "-v" "/var/lib/crater-agent-workspace/builds/worker-1-tc1/source:/opt/rustwide/workdir:ro,Z" "-v" "/var/lib/crater-agent-workspace/cargo-home:/opt/rustwide/cargo-home:ro,Z" "-v" "/var/lib/crater-agent-workspace/rustup-home:/opt/rustwide/rustup-home:ro,Z" "-e" "SOURCE_DIR=/opt/rustwide/workdir" "-e" "CARGO_TARGET_DIR=/opt/rustwide/target" "-e" "CARGO_HOME=/opt/rustwide/cargo-home" "-e" "RUSTUP_HOME=/opt/rustwide/rustup-home" "-w" "/opt/rustwide/workdir" "-m" "1610612736" "--user" "0:0" "--network" "none" "ghcr.io/rust-lang/crates-build-env/linux@sha256:5ff2268d62e97bff2cde7d5815dd6ed5b47097566f13b8d0ca110b04b60e07ed" "/opt/rustwide/cargo-home/bin/cargo" "+1.69.0" "metadata" "--no-deps" "--format-version=1", kill_on_drop: false }`
[INFO] [stdout] b4515170e734a9cb01cc30102e006ba85903d81c9fd0d0277e11b08a9ab5d31c
[INFO] running `Command { std: "docker" "start" "-a" "b4515170e734a9cb01cc30102e006ba85903d81c9fd0d0277e11b08a9ab5d31c", kill_on_drop: false }`
[INFO] running `Command { std: "docker" "inspect" "b4515170e734a9cb01cc30102e006ba85903d81c9fd0d0277e11b08a9ab5d31c", kill_on_drop: false }`
[INFO] running `Command { std: "docker" "rm" "-f" "b4515170e734a9cb01cc30102e006ba85903d81c9fd0d0277e11b08a9ab5d31c", kill_on_drop: false }`
[INFO] [stdout] b4515170e734a9cb01cc30102e006ba85903d81c9fd0d0277e11b08a9ab5d31c
[INFO] running `Command { std: "docker" "create" "-v" "/var/lib/crater-agent-workspace/builds/worker-1-tc1/target:/opt/rustwide/target:rw,Z" "-v" "/var/lib/crater-agent-workspace/builds/worker-1-tc1/source:/opt/rustwide/workdir:ro,Z" "-v" "/var/lib/crater-agent-workspace/cargo-home:/opt/rustwide/cargo-home:ro,Z" "-v" "/var/lib/crater-agent-workspace/rustup-home:/opt/rustwide/rustup-home:ro,Z" "-e" "SOURCE_DIR=/opt/rustwide/workdir" "-e" "CARGO_TARGET_DIR=/opt/rustwide/target" "-e" "CARGO_INCREMENTAL=0" "-e" "RUST_BACKTRACE=full" "-e" "RUSTFLAGS=--cap-lints=warn" "-e" "RUSTDOCFLAGS=--cap-lints=warn" "-e" "CARGO_HOME=/opt/rustwide/cargo-home" "-e" "RUSTUP_HOME=/opt/rustwide/rustup-home" "-w" "/opt/rustwide/workdir" "-m" "1610612736" "--user" "0:0" "--network" "none" "ghcr.io/rust-lang/crates-build-env/linux@sha256:5ff2268d62e97bff2cde7d5815dd6ed5b47097566f13b8d0ca110b04b60e07ed" "/opt/rustwide/cargo-home/bin/cargo" "+1.69.0" "build" "--frozen" "--message-format=json", kill_on_drop: false }`
[INFO] [stdout] 4a645fc9a7d7e3b870204a4d78b5b8a5ec62e51336417c84a907f617ad6dd75f
[INFO] running `Command { std: "docker" "start" "-a" "4a645fc9a7d7e3b870204a4d78b5b8a5ec62e51336417c84a907f617ad6dd75f", kill_on_drop: false }`
[INFO] [stderr]    Compiling libc v0.2.142
[INFO] [stderr]    Compiling autocfg v0.1.8
[INFO] [stderr]    Compiling rand_core v0.4.2
[INFO] [stderr]    Compiling cc v1.0.79
[INFO] [stderr]    Compiling version_check v0.1.5
[INFO] [stderr]    Compiling log v0.4.17
[INFO] [stderr]    Compiling syn v2.0.15
[INFO] [stderr]    Compiling memchr v2.5.0
[INFO] [stderr]    Compiling rand_core v0.3.1
[INFO] [stderr]    Compiling rand_pcg v0.1.2
[INFO] [stderr]    Compiling rand_chacha v0.1.1
[INFO] [stderr]    Compiling unicase v1.4.2
[INFO] [stderr]    Compiling rand v0.6.5
[INFO] [stderr]    Compiling siphasher v0.2.3
[INFO] [stderr]    Compiling serde v1.0.160
[INFO] [stderr]    Compiling phf_shared v0.7.24
[INFO] [stderr]    Compiling rand_os v0.1.3
[INFO] [stderr]    Compiling rand_hc v0.1.0
[INFO] [stderr]    Compiling rand_xorshift v0.1.1
[INFO] [stderr]    Compiling rand_isaac v0.1.1
[INFO] [stderr]    Compiling rand_jitter v0.1.4
[INFO] [stderr]    Compiling ring v0.16.20
[INFO] [stderr]    Compiling log v0.3.9
[INFO] [stderr]    Compiling traitobject v0.1.0
[INFO] [stderr]    Compiling idna v0.1.5
[INFO] [stderr]    Compiling unicase v2.6.0
[INFO] [stderr]    Compiling num-traits v0.2.15
[INFO] [stderr]    Compiling safemem v0.3.3
[INFO] [stderr]    Compiling percent-encoding v1.0.1
[INFO] [stderr]    Compiling httparse v1.8.0
[INFO] [stderr]    Compiling futures-core v0.3.28
[INFO] [stderr]    Compiling time v0.1.45
[INFO] [stderr]    Compiling untrusted v0.7.1
[INFO] [stderr]    Compiling phf_generator v0.7.24
[INFO] [stderr]    Compiling spin v0.5.2
[INFO] [stderr]    Compiling url v1.7.2
[INFO] [stderr]    Compiling phf_codegen v0.7.24
[INFO] [stderr]    Compiling mime v0.2.6
[INFO] [stderr]    Compiling unsafe-any v0.4.2
[INFO] [stderr]    Compiling phf v0.7.24
[INFO] [stderr]    Compiling openssl-src v111.25.3+1.1.1t
[INFO] [stderr]    Compiling num-integer v0.1.45
[INFO] [stderr]    Compiling io-lifetimes v1.0.10
[INFO] [stderr]    Compiling pkg-config v0.3.26
[INFO] [stderr]    Compiling byteorder v1.4.3
[INFO] [stderr]    Compiling futures-channel v0.3.28
[INFO] [stderr]    Compiling base64 v0.9.3
[INFO] [stderr]    Compiling openssl-sys v0.9.87
[INFO] [stderr]    Compiling mime_guess v1.8.8
[INFO] [stderr]    Compiling typemap v0.3.3
[INFO] [stderr]    Compiling getrandom v0.2.9
[INFO] [stderr]    Compiling num_cpus v1.15.0
[INFO] [stderr]    Compiling crc32fast v1.3.2
[INFO] [stderr]    Compiling futures-sink v0.3.28
[INFO] [stderr]    Compiling rustix v0.37.18
[INFO] [stderr]    Compiling syn v1.0.109
[INFO] [stderr]    Compiling futures-util v0.3.28
[INFO] [stderr]    Compiling language-tags v0.2.2
[INFO] [stderr]    Compiling typeable v0.1.2
[INFO] [stderr]    Compiling hyper v0.10.16
[INFO] [stderr]    Compiling rand_core v0.6.4
[INFO] [stderr]    Compiling mime_guess v2.0.4
[INFO] [stderr]    Compiling plugin v0.2.6
[INFO] [stderr]    Compiling webpki v0.22.0
[INFO] [stderr]    Compiling aho-corasick v1.0.1
[INFO] [stderr]    Compiling modifier v0.1.0
[INFO] [stderr]    Compiling regex-syntax v0.7.1
[INFO] [stderr]    Compiling rustls v0.20.8
[INFO] [stderr]    Compiling serde_derive v1.0.160
[INFO] [stderr]    Compiling futures-macro v0.3.28
[INFO] [stderr]    Compiling adler v1.0.2
[INFO] [stderr]    Compiling linux-raw-sys v0.3.6
[INFO] [stderr]    Compiling futures-io v0.3.28
[INFO] [stderr]    Compiling iana-time-zone v0.1.56
[INFO] [stderr]    Compiling chrono v0.4.24
[INFO] [stderr]    Compiling regex v1.8.1
[INFO] [stderr]    Compiling miniz_oxide v0.7.1
[INFO] [stderr]    Compiling rand_chacha v0.3.1
[INFO] [stderr]    Compiling sct v0.7.0
[INFO] [stderr]    Compiling fastrand v1.9.0
[INFO] [stderr]    Compiling groupable v0.2.0
[INFO] [stderr]    Compiling mime v0.3.17
[INFO] [stderr]    Compiling foreign-types-shared v0.1.1
[INFO] [stderr]    Compiling openssl v0.10.52
[INFO] [stderr]    Compiling ascii v0.8.7
[INFO] [stderr]    Compiling chunked_transfer v0.3.1
[INFO] [stderr]    Compiling tiny_http v0.6.4
[INFO] [stderr]    Compiling foreign-types v0.3.2
[INFO] [stderr]    Compiling futures-executor v0.3.28
[INFO] [stderr]    Compiling tempfile v3.5.0
[INFO] [stderr]    Compiling iron v0.6.1
[INFO] [stderr]    Compiling flate2 v1.0.26
[INFO] [stderr]    Compiling rand v0.8.5
[INFO] [stderr]    Compiling openssl-macros v0.1.1
[INFO] [stderr]    Compiling webpki-roots v0.22.6
[INFO] [stderr]    Compiling buf_redux v0.8.4
[INFO] [stderr]    Compiling twoway v0.1.8
[INFO] [stderr]    Compiling encoding_rs v0.8.32
[INFO] [stderr]    Compiling futures v0.3.28
[INFO] [stderr]    Compiling alipay_macros v0.1.1
[INFO] [stderr]    Compiling serde_json v1.0.96
[INFO] [stderr]    Compiling mustache v0.9.0
[INFO] [stderr]    Compiling serde_urlencoded v0.7.1
[INFO] [stderr]    Compiling nickel v0.11.0
[INFO] [stderr]    Compiling ureq v2.6.2
[INFO] [stderr]    Compiling alipay_params v0.1.2
[INFO] [stderr]    Compiling multipart v0.18.0
[INFO] [stderr]    Compiling alipay-rs v0.4.6 (/opt/rustwide/workdir)
[INFO] [stderr]     Finished dev [unoptimized + debuginfo] target(s) in 2m 06s
[INFO] [stderr] warning: the following packages contain code that will be rejected by a future version of Rust: buf_redux v0.8.4, multipart v0.18.0, traitobject v0.1.0
[INFO] [stderr] note: to see what the problems were, use the option `--future-incompat-report`, or run `cargo report future-incompatibilities --id 1`
[INFO] running `Command { std: "docker" "inspect" "4a645fc9a7d7e3b870204a4d78b5b8a5ec62e51336417c84a907f617ad6dd75f", kill_on_drop: false }`
[INFO] running `Command { std: "docker" "rm" "-f" "4a645fc9a7d7e3b870204a4d78b5b8a5ec62e51336417c84a907f617ad6dd75f", kill_on_drop: false }`
[INFO] [stdout] 4a645fc9a7d7e3b870204a4d78b5b8a5ec62e51336417c84a907f617ad6dd75f
[INFO] running `Command { std: "docker" "create" "-v" "/var/lib/crater-agent-workspace/builds/worker-1-tc1/target:/opt/rustwide/target:rw,Z" "-v" "/var/lib/crater-agent-workspace/builds/worker-1-tc1/source:/opt/rustwide/workdir:ro,Z" "-v" "/var/lib/crater-agent-workspace/cargo-home:/opt/rustwide/cargo-home:ro,Z" "-v" "/var/lib/crater-agent-workspace/rustup-home:/opt/rustwide/rustup-home:ro,Z" "-e" "SOURCE_DIR=/opt/rustwide/workdir" "-e" "CARGO_TARGET_DIR=/opt/rustwide/target" "-e" "CARGO_INCREMENTAL=0" "-e" "RUST_BACKTRACE=full" "-e" "RUSTFLAGS=--cap-lints=warn" "-e" "RUSTDOCFLAGS=--cap-lints=warn" "-e" "CARGO_HOME=/opt/rustwide/cargo-home" "-e" "RUSTUP_HOME=/opt/rustwide/rustup-home" "-w" "/opt/rustwide/workdir" "-m" "1610612736" "--user" "0:0" "--network" "none" "ghcr.io/rust-lang/crates-build-env/linux@sha256:5ff2268d62e97bff2cde7d5815dd6ed5b47097566f13b8d0ca110b04b60e07ed" "/opt/rustwide/cargo-home/bin/cargo" "+1.69.0" "test" "--frozen" "--no-run" "--message-format=json", kill_on_drop: false }`
[INFO] [stdout] 1a302d240bb2ffe8091399680137a6d0faa086ab5d26012f5fcb6614dee3635b
[INFO] running `Command { std: "docker" "start" "-a" "1a302d240bb2ffe8091399680137a6d0faa086ab5d26012f5fcb6614dee3635b", kill_on_drop: false }`
[INFO] [stderr]    Compiling alipay-rs v0.4.6 (/opt/rustwide/workdir)
[INFO] [stderr]     Finished test [unoptimized + debuginfo] target(s) in 0.92s
[INFO] [stderr] warning: the following packages contain code that will be rejected by a future version of Rust: buf_redux v0.8.4, multipart v0.18.0, traitobject v0.1.0
[INFO] [stderr] note: to see what the problems were, use the option `--future-incompat-report`, or run `cargo report future-incompatibilities --id 1`
[INFO] running `Command { std: "docker" "inspect" "1a302d240bb2ffe8091399680137a6d0faa086ab5d26012f5fcb6614dee3635b", kill_on_drop: false }`
[INFO] running `Command { std: "docker" "rm" "-f" "1a302d240bb2ffe8091399680137a6d0faa086ab5d26012f5fcb6614dee3635b", kill_on_drop: false }`
[INFO] [stdout] 1a302d240bb2ffe8091399680137a6d0faa086ab5d26012f5fcb6614dee3635b
[INFO] running `Command { std: "docker" "create" "-v" "/var/lib/crater-agent-workspace/builds/worker-1-tc1/target:/opt/rustwide/target:rw,Z" "-v" "/var/lib/crater-agent-workspace/builds/worker-1-tc1/source:/opt/rustwide/workdir:ro,Z" "-v" "/var/lib/crater-agent-workspace/cargo-home:/opt/rustwide/cargo-home:ro,Z" "-v" "/var/lib/crater-agent-workspace/rustup-home:/opt/rustwide/rustup-home:ro,Z" "-e" "SOURCE_DIR=/opt/rustwide/workdir" "-e" "CARGO_TARGET_DIR=/opt/rustwide/target" "-e" "CARGO_INCREMENTAL=0" "-e" "RUST_BACKTRACE=full" "-e" "RUSTFLAGS=--cap-lints=warn" "-e" "RUSTDOCFLAGS=--cap-lints=warn" "-e" "CARGO_HOME=/opt/rustwide/cargo-home" "-e" "RUSTUP_HOME=/opt/rustwide/rustup-home" "-w" "/opt/rustwide/workdir" "-m" "1610612736" "--user" "0:0" "--network" "none" "ghcr.io/rust-lang/crates-build-env/linux@sha256:5ff2268d62e97bff2cde7d5815dd6ed5b47097566f13b8d0ca110b04b60e07ed" "/opt/rustwide/cargo-home/bin/cargo" "+1.69.0" "test" "--frozen", kill_on_drop: false }`
[INFO] [stdout] 92ae6b5f3ce3e6eaa6867f080011e7bfe8a1a142b184de5b56794535271b1a19
[INFO] running `Command { std: "docker" "start" "-a" "92ae6b5f3ce3e6eaa6867f080011e7bfe8a1a142b184de5b56794535271b1a19", kill_on_drop: false }`
[INFO] [stderr]     Finished test [unoptimized + debuginfo] target(s) in 0.16s
[INFO] [stderr] warning: the following packages contain code that will be rejected by a future version of Rust: buf_redux v0.8.4, multipart v0.18.0, traitobject v0.1.0
[INFO] [stderr] note: to see what the problems were, use the option `--future-incompat-report`, or run `cargo report future-incompatibilities --id 1`
[INFO] [stderr]      Running unittests src/lib.rs (/opt/rustwide/target/debug/deps/alipay_rs-7ac3cc74f219cc53)
[INFO] [stdout] 
[INFO] [stderr]    Doc-tests alipay-rs
[INFO] [stdout] running 0 tests
[INFO] [stdout] 
[INFO] [stdout] test result: ok. 0 passed; 0 failed; 0 ignored; 0 measured; 0 filtered out; finished in 0.00s
[INFO] [stdout] 
[INFO] [stdout] 
[INFO] [stdout] running 9 tests
[INFO] [stdout] test src/client.rs - client::Client::builder (line 102) ... FAILED
[INFO] [stdout] test src/client_with_params.rs - client_with_params::ClientWithParams::set_public_params (line 43) ... FAILED
[INFO] [stdout] test src/client.rs - client::Client::post (line 264) ... FAILED
[INFO] [stdout] test src/client.rs - client::Client::post_file (line 322) ... FAILED
[INFO] [stdout] test src/client_with_params.rs - client_with_params::ClientWithParams::post_file (line 242) ... FAILED
[INFO] [stdout] test src/client_with_params.rs - client_with_params::ClientWithParams::post (line 180) ... FAILED
[INFO] [stdout] test src/client.rs - client::Client::set_public_params (line 119) ... FAILED
[INFO] [stdout] test src/lib.rs - (line 13) ... FAILED
[INFO] [stdout] test src/lib.rs - (line 136) ... FAILED
[INFO] [stdout] 
[INFO] [stdout] failures:
[INFO] [stdout] 
[INFO] [stdout] ---- src/client.rs - client::Client::builder (line 102) stdout ----
[INFO] [stdout] error: couldn't read src/../公钥.txt: No such file or directory (os error 2)
[INFO] [stdout]  --> src/client.rs:105:13
[INFO] [stdout]   |
[INFO] [stdout] 6 | .public_key(include_str!("../公钥.txt"))
[INFO] [stdout]   |             ^^^^^^^^^^^^^^^^^^^^^^^^^^^
[INFO] [stdout]   |
[INFO] [stdout]   = note: this error originates in the macro `include_str` (in Nightly builds, run with -Z macro-backtrace for more info)
[INFO] [stdout] 
[INFO] [stdout] error: couldn't read src/../私钥.txt: No such file or directory (os error 2)
[INFO] [stdout]  --> src/client.rs:106:14
[INFO] [stdout]   |
[INFO] [stdout] 7 | .private_key(include_str!("../私钥.txt"))
[INFO] [stdout]   |              ^^^^^^^^^^^^^^^^^^^^^^^^^^^
[INFO] [stdout]   |
[INFO] [stdout]   = note: this error originates in the macro `include_str` (in Nightly builds, run with -Z macro-backtrace for more info)
[INFO] [stdout] 
[INFO] [stdout] error: couldn't read src/../appCertPublicKey_2021002199679230.crt: No such file or directory (os error 2)
[INFO] [stdout]  --> src/client.rs:107:14
[INFO] [stdout]   |
[INFO] [stdout] 8 | .app_cert_sn(include_str!("../appCertPublicKey_2021002199679230.crt"))
[INFO] [stdout]   |              ^^^^^^^^^^^^^^^^^^^^^^^^^^^^^^^^^^^^^^^^^^^^^^^^^^^^^^^^
[INFO] [stdout]   |
[INFO] [stdout]   = note: this error originates in the macro `include_str` (in Nightly builds, run with -Z macro-backtrace for more info)
[INFO] [stdout] 
[INFO] [stdout] error: couldn't read src/../alipayRootCert.crt: No such file or directory (os error 2)
[INFO] [stdout]  --> src/client.rs:108:22
[INFO] [stdout]   |
[INFO] [stdout] 9 | .alipay_root_cert_sn(include_str!("../alipayRootCert.crt"))
[INFO] [stdout]   |                      ^^^^^^^^^^^^^^^^^^^^^^^^^^^^^^^^^^^^^
[INFO] [stdout]   |
[INFO] [stdout]   = note: this error originates in the macro `include_str` (in Nightly builds, run with -Z macro-backtrace for more info)
[INFO] [stdout] 
[INFO] [stdout] error: aborting due to 4 previous errors
[INFO] [stdout] 
[INFO] [stdout] Couldn't compile the test.
[INFO] [stdout] ---- src/client_with_params.rs - client_with_params::ClientWithParams::set_public_params (line 43) stdout ----
[INFO] [stdout] error: unexpected token: `...`
[INFO] [stdout]   --> src/client_with_params.rs:52:1
[INFO] [stdout]    |
[INFO] [stdout] 11 | ......
[INFO] [stdout]    | ^^^
[INFO] [stdout]    |
[INFO] [stdout] help: use `..` for an exclusive range
[INFO] [stdout]    |
[INFO] [stdout] 11 | .....
[INFO] [stdout]    | ~~
[INFO] [stdout] help: or `..=` for an inclusive range
[INFO] [stdout]    |
[INFO] [stdout] 11 | ..=...
[INFO] [stdout]    | ~~~
[INFO] [stdout] 
[INFO] [stdout] error: unexpected token: `...`
[INFO] [stdout]   --> src/client_with_params.rs:52:4
[INFO] [stdout]    |
[INFO] [stdout] 11 | ......
[INFO] [stdout]    |    ^^^
[INFO] [stdout]    |
[INFO] [stdout] help: use `..` for an exclusive range
[INFO] [stdout]    |
[INFO] [stdout] 11 | .....
[INFO] [stdout]    |    ~~
[INFO] [stdout] help: or `..=` for an inclusive range
[INFO] [stdout]    |
[INFO] [stdout] 11 | .....=
[INFO] [stdout]    |    ~~~
[INFO] [stdout] 
[INFO] [stdout] error: expected expression, found `let` statement
[INFO] [stdout]   --> src/client_with_params.rs:54:5
[INFO] [stdout]    |
[INFO] [stdout] 13 |     let public_params = PublicParams {
[INFO] [stdout]    |     ^^^
[INFO] [stdout] 
[INFO] [stdout] error: struct literals are not allowed here
[INFO] [stdout]   --> src/client_with_params.rs:54:25
[INFO] [stdout]    |
[INFO] [stdout] 13 |       let public_params = PublicParams {
[INFO] [stdout]    |  _________________________^
[INFO] [stdout] 14 | |         app_id: "20210xxxxxxxxxxx".to_owned(),
[INFO] [stdout] 15 | |         charset: "utf-8".to_owned(),
[INFO] [stdout] 16 | |         sign_type: "RSA2".to_owned(),
[INFO] [stdout] 17 | |         version: "1.0".to_owned(),
[INFO] [stdout] 18 | |     };
[INFO] [stdout]    | |_____^
[INFO] [stdout]    |
[INFO] [stdout] help: surround the struct literal with parentheses
[INFO] [stdout]    |
[INFO] [stdout] 13 ~     let public_params = (PublicParams {
[INFO] [stdout] 14 |         app_id: "20210xxxxxxxxxxx".to_owned(),
[INFO] [stdout]  ...
[INFO] [stdout] 17 |         version: "1.0".to_owned(),
[INFO] [stdout] 18 ~     });
[INFO] [stdout]    |
[INFO] [stdout] 
[INFO] [stdout] error: expected expression, found statement (`let`)
[INFO] [stdout]   --> src/client_with_params.rs:54:5
[INFO] [stdout]    |
[INFO] [stdout] 13 | /     let public_params = PublicParams {
[INFO] [stdout] 14 | |         app_id: "20210xxxxxxxxxxx".to_owned(),
[INFO] [stdout] 15 | |         charset: "utf-8".to_owned(),
[INFO] [stdout] 16 | |         sign_type: "RSA2".to_owned(),
[INFO] [stdout] 17 | |         version: "1.0".to_owned(),
[INFO] [stdout] 18 | |     };
[INFO] [stdout]    | |_____^
[INFO] [stdout]    |
[INFO] [stdout]    = note: variable declaration using `let` is a statement
[INFO] [stdout] 
[INFO] [stdout] error: cannot find derive macro `AlipayParams` in this scope
[INFO] [stdout]  --> src/client_with_params.rs:44:10
[INFO] [stdout]   |
[INFO] [stdout] 3 | #[derive(AlipayParams)]
[INFO] [stdout]   |          ^^^^^^^^^^^^
[INFO] [stdout]   |
[INFO] [stdout]   = help: consider importing one of these items:
[INFO] [stdout]           alipay_params::AlipayParams
[INFO] [stdout]           alipay_rs::AlipayParams
[INFO] [stdout] 
[INFO] [stdout] error[E0433]: failed to resolve: use of undeclared type `HashMap`
[INFO] [stdout]   --> src/client_with_params.rs:65:25
[INFO] [stdout]    |
[INFO] [stdout] 24 |     let public_params = HashMap::from([("image_type", "png"), ("image_name", "test")]);
[INFO] [stdout]    |                         ^^^^^^^ use of undeclared type `HashMap`
[INFO] [stdout]    |
[INFO] [stdout] help: consider importing this struct
[INFO] [stdout]    |
[INFO] [stdout] 2  | use std::collections::HashMap;
[INFO] [stdout]    |
[INFO] [stdout] 
[INFO] [stdout] error[E0425]: cannot find value `client` in this scope
[INFO] [stdout]   --> src/client_with_params.rs:67:5
[INFO] [stdout]    |
[INFO] [stdout] 26 |     client.set_public_params(public_params);
[INFO] [stdout]    |     ^^^^^^ not found in this scope
[INFO] [stdout] 
[INFO] [stdout] error[E0658]: `let` expressions in this position are unstable
[INFO] [stdout]   --> src/client_with_params.rs:54:5
[INFO] [stdout]    |
[INFO] [stdout] 13 | /     let public_params = PublicParams {
[INFO] [stdout] 14 | |         app_id: "20210xxxxxxxxxxx".to_owned(),
[INFO] [stdout] 15 | |         charset: "utf-8".to_owned(),
[INFO] [stdout] 16 | |         sign_type: "RSA2".to_owned(),
[INFO] [stdout] 17 | |         version: "1.0".to_owned(),
[INFO] [stdout] 18 | |     };
[INFO] [stdout]    | |_____^
[INFO] [stdout]    |
[INFO] [stdout]    = note: see issue #53667 <https://github.com/rust-lang/rust/issues/53667> for more information
[INFO] [stdout] 
[INFO] [stdout] error: aborting due to 9 previous errors
[INFO] [stdout] 
[INFO] [stdout] Some errors have detailed explanations: E0425, E0433, E0658.
[INFO] [stdout] For more information about an error, try `rustc --explain E0425`.
[INFO] [stdout] Couldn't compile the test.
[INFO] [stdout] ---- src/client.rs - client::Client::post (line 264) stdout ----
[INFO] [stdout] error: couldn't read src/../公钥.txt: No such file or directory (os error 2)
[INFO] [stdout]  --> src/client.rs:267:9
[INFO] [stdout]   |
[INFO] [stdout] 6 |         include_str!("../公钥.txt"),
[INFO] [stdout]   |         ^^^^^^^^^^^^^^^^^^^^^^^^^^^
[INFO] [stdout]   |
[INFO] [stdout]   = note: this error originates in the macro `include_str` (in Nightly builds, run with -Z macro-backtrace for more info)
[INFO] [stdout] 
[INFO] [stdout] error: couldn't read src/../私钥.txt: No such file or directory (os error 2)
[INFO] [stdout]  --> src/client.rs:268:9
[INFO] [stdout]   |
[INFO] [stdout] 7 |         include_str!("../私钥.txt"),
[INFO] [stdout]   |         ^^^^^^^^^^^^^^^^^^^^^^^^^^^
[INFO] [stdout]   |
[INFO] [stdout]   = note: this error originates in the macro `include_str` (in Nightly builds, run with -Z macro-backtrace for more info)
[INFO] [stdout] 
[INFO] [stdout] error: couldn't read src/../appCertPublicKey_20210xxxxxxxxxxx.crt: No such file or directory (os error 2)
[INFO] [stdout]  --> src/client.rs:269:14
[INFO] [stdout]   |
[INFO] [stdout] 8 |         Some(include_str!("../appCertPublicKey_20210xxxxxxxxxxx.crt")),
[INFO] [stdout]   |              ^^^^^^^^^^^^^^^^^^^^^^^^^^^^^^^^^^^^^^^^^^^^^^^^^^^^^^^^
[INFO] [stdout]   |
[INFO] [stdout]   = note: this error originates in the macro `include_str` (in Nightly builds, run with -Z macro-backtrace for more info)
[INFO] [stdout] 
[INFO] [stdout] error: couldn't read src/../alipayRootCert.crt: No such file or directory (os error 2)
[INFO] [stdout]  --> src/client.rs:270:14
[INFO] [stdout]   |
[INFO] [stdout] 9 |         Some(include_str!("../alipayRootCert.crt"))
[INFO] [stdout]   |              ^^^^^^^^^^^^^^^^^^^^^^^^^^^^^^^^^^^^^
[INFO] [stdout]   |
[INFO] [stdout]   = note: this error originates in the macro `include_str` (in Nightly builds, run with -Z macro-backtrace for more info)
[INFO] [stdout] 
[INFO] [stdout] error[E0425]: cannot find value `transfer` in this scope
[INFO] [stdout]   --> src/client.rs:273:49
[INFO] [stdout]    |
[INFO] [stdout] 12 |         .post("alipay.fund.trans.uni.transfer", transfer)
[INFO] [stdout]    |                                                 ^^^^^^^^ not found in this scope
[INFO] [stdout] 
[INFO] [stdout] error[E0433]: failed to resolve: use of undeclared type `HashMap`
[INFO] [stdout]   --> src/client.rs:281:18
[INFO] [stdout]    |
[INFO] [stdout] 20 |     let params = HashMap::from([("image_type", "png"), ("image_name", "test")]);
[INFO] [stdout]    |                  ^^^^^^^ use of undeclared type `HashMap`
[INFO] [stdout]    |
[INFO] [stdout] help: consider importing this struct
[INFO] [stdout]    |
[INFO] [stdout] 2  | use std::collections::HashMap;
[INFO] [stdout]    |
[INFO] [stdout] 
[INFO] [stdout] error[E0728]: `await` is only allowed inside `async` functions and blocks
[INFO] [stdout]   --> src/client.rs:274:9
[INFO] [stdout]    |
[INFO] [stdout] 3  | fn main() { #[allow(non_snake_case)] fn _doctest_main_src_client_rs_264_0() {
[INFO] [stdout]    |                                         --------------------------------- this is not `async`
[INFO] [stdout] ...
[INFO] [stdout] 13 |         .await.unwrap().into_json().unwrap();
[INFO] [stdout]    |         ^^^^^^ only allowed inside `async` functions and blocks
[INFO] [stdout] 
[INFO] [stdout] error[E0061]: this function takes 6 arguments but 5 arguments were supplied
[INFO] [stdout]   --> src/client.rs:265:14
[INFO] [stdout]    |
[INFO] [stdout] 4  |   let client = alipay_rs::Client::new(
[INFO] [stdout]    |  ______________^^^^^^^^^^^^^^^^^^^^^^-
[INFO] [stdout] 5  | |         "20210xxxxxxxxxxx",
[INFO] [stdout] 6  | |         include_str!("../公钥.txt"),
[INFO] [stdout] 7  | |         include_str!("../私钥.txt"),
[INFO] [stdout] 8  | |         Some(include_str!("../appCertPublicKey_20210xxxxxxxxxxx.crt")),
[INFO] [stdout] 9  | |         Some(include_str!("../alipayRootCert.crt"))
[INFO] [stdout] 10 | |     );
[INFO] [stdout]    | |_____- an argument of type `bool` is missing
[INFO] [stdout]    |
[INFO] [stdout] note: associated function defined here
[INFO] [stdout]   --> /opt/rustwide/workdir/src/client.rs:30:12
[INFO] [stdout]    |
[INFO] [stdout] 30 |     pub fn new<S: Into<String>>(
[INFO] [stdout]    |            ^^^
[INFO] [stdout] help: provide the argument
[INFO] [stdout]    |
[INFO] [stdout] 4  | let client = alipay_rs::Client::new("20210xxxxxxxxxxx", include_str!("../公钥.txt"), include_str!("../私钥.txt"), Some(include_str!("../appCertPublicKey_20210xxxxxxxxxxx.crt")), Some(include_str!("../alipayRootCert.crt")), /* bool */);
[INFO] [stdout]    |                                    ~~~~~~~~~~~~~~~~~~~~~~~~~~~~~~~~~~~~~~~~~~~~~~~~~~~~~~~~~~~~~~~~~~~~~~~~~~~~~~~~~~~~~~~~~~~~~~~~~~~~~~~~~~~~~~~~~~~~~~~~~~~~~~~~~~~~~~~~~~~~~~~~~~~~~~~~~~~~~~~~~~~~~~~~~~~~~~~~~~~~~~~~~~~~~~~~~~~~~~~
[INFO] [stdout] 
[INFO] [stdout] error[E0599]: no method named `post` found for struct `Client` in the current scope
[INFO] [stdout]    --> src/client.rs:273:10
[INFO] [stdout]     |
[INFO] [stdout] 11  |       let data:serde_json::Value = client
[INFO] [stdout]     |  __________________________________-
[INFO] [stdout] 12  | |         .post("alipay.fund.trans.uni.transfer", transfer)
[INFO] [stdout]     | |         -^^^^ method not found in `Client`
[INFO] [stdout]     | |_________|
[INFO] [stdout]     | 
[INFO] [stdout]     |
[INFO] [stdout]    ::: /opt/rustwide/workdir/src/lib.rs:245:8
[INFO] [stdout]     |
[INFO] [stdout] 245 |       fn post<'a, S, T>(&'a self, method: S, biz_content: T) -> BoxFuture<'a, AlipayResult<Response>>
[INFO] [stdout]     |          ---- the method is available for `Client` here
[INFO] [stdout]     |
[INFO] [stdout]     = help: items from traits can only be used if the trait is in scope
[INFO] [stdout] help: the following trait is implemented but not in scope; perhaps add a `use` for it:
[INFO] [stdout]     |
[INFO] [stdout] 2   | use crate::alipay_rs::Cli;
[INFO] [stdout]     |
[INFO] [stdout] 
[INFO] [stdout] error: aborting due to 9 previous errors
[INFO] [stdout] 
[INFO] [stdout] Some errors have detailed explanations: E0061, E0425, E0433, E0599, E0728.
[INFO] [stdout] For more information about an error, try `rustc --explain E0061`.
[INFO] [stdout] Couldn't compile the test.
[INFO] [stdout] ---- src/client.rs - client::Client::post_file (line 322) stdout ----
[INFO] [stdout] error: unexpected token: `...`
[INFO] [stdout]   --> src/client.rs:333:14
[INFO] [stdout]    |
[INFO] [stdout] 13 | let client = ...;
[INFO] [stdout]    |              ^^^
[INFO] [stdout]    |
[INFO] [stdout] help: use `..` for an exclusive range
[INFO] [stdout]    |
[INFO] [stdout] 13 | let client = ..;
[INFO] [stdout]    |              ~~
[INFO] [stdout] help: or `..=` for an inclusive range
[INFO] [stdout]    |
[INFO] [stdout] 13 | let client = ..=;
[INFO] [stdout]    |              ~~~
[INFO] [stdout] 
[INFO] [stdout] error[E0586]: inclusive range with no end
[INFO] [stdout]   --> src/client.rs:333:14
[INFO] [stdout]    |
[INFO] [stdout] 13 | let client = ...;
[INFO] [stdout]    |              ^^^ help: use `..` instead
[INFO] [stdout]    |
[INFO] [stdout]    = note: inclusive ranges must be bounded at the end (`..=b` or `a..=b`)
[INFO] [stdout] 
[INFO] [stdout] error: cannot find derive macro `AlipayParams` in this scope
[INFO] [stdout]  --> src/client.rs:323:10
[INFO] [stdout]   |
[INFO] [stdout] 3 | #[derive(AlipayParams)]
[INFO] [stdout]   |          ^^^^^^^^^^^^
[INFO] [stdout]   |
[INFO] [stdout]   = help: consider importing one of these items:
[INFO] [stdout]           alipay_params::AlipayParams
[INFO] [stdout]           alipay_rs::AlipayParams
[INFO] [stdout] 
[INFO] [stdout] error[E0728]: `await` is only allowed inside `async` functions and blocks
[INFO] [stdout]   --> src/client.rs:335:142
[INFO] [stdout]    |
[INFO] [stdout] 2  | ..._case)] fn _doctest_main_src_client_rs_322_0() {
[INFO] [stdout]    |               --------------------------------- this is not `async`
[INFO] [stdout] ...
[INFO] [stdout] 15 | ...client_with_params.post_file("alipay.offline.material.image.upload", "image_content", "test.png", file.as_ref()).await.unwrap().into_j...
[INFO] [stdout]    |                                                                                                                    ^^^^^^ only allowed inside `async` functions and blocks
[INFO] [stdout] 
[INFO] [stdout] error: aborting due to 4 previous errors
[INFO] [stdout] 
[INFO] [stdout] Some errors have detailed explanations: E0586, E0728.
[INFO] [stdout] For more information about an error, try `rustc --explain E0586`.
[INFO] [stdout] Couldn't compile the test.
[INFO] [stdout] ---- src/client_with_params.rs - client_with_params::ClientWithParams::post_file (line 242) stdout ----
[INFO] [stdout] error: unexpected token: `...`
[INFO] [stdout]   --> src/client_with_params.rs:253:14
[INFO] [stdout]    |
[INFO] [stdout] 13 | let client = ...;
[INFO] [stdout]    |              ^^^
[INFO] [stdout]    |
[INFO] [stdout] help: use `..` for an exclusive range
[INFO] [stdout]    |
[INFO] [stdout] 13 | let client = ..;
[INFO] [stdout]    |              ~~
[INFO] [stdout] help: or `..=` for an inclusive range
[INFO] [stdout]    |
[INFO] [stdout] 13 | let client = ..=;
[INFO] [stdout]    |              ~~~
[INFO] [stdout] 
[INFO] [stdout] error[E0586]: inclusive range with no end
[INFO] [stdout]   --> src/client_with_params.rs:253:14
[INFO] [stdout]    |
[INFO] [stdout] 13 | let client = ...;
[INFO] [stdout]    |              ^^^ help: use `..` instead
[INFO] [stdout]    |
[INFO] [stdout]    = note: inclusive ranges must be bounded at the end (`..=b` or `a..=b`)
[INFO] [stdout] 
[INFO] [stdout] error: cannot find derive macro `AlipayParams` in this scope
[INFO] [stdout]  --> src/client_with_params.rs:243:10
[INFO] [stdout]   |
[INFO] [stdout] 3 | #[derive(AlipayParams)]
[INFO] [stdout]   |          ^^^^^^^^^^^^
[INFO] [stdout]   |
[INFO] [stdout]   = help: consider importing one of these items:
[INFO] [stdout]           alipay_params::AlipayParams
[INFO] [stdout]           alipay_rs::AlipayParams
[INFO] [stdout] 
[INFO] [stdout] error[E0728]: `await` is only allowed inside `async` functions and blocks
[INFO] [stdout]   --> src/client_with_params.rs:255:142
[INFO] [stdout]    |
[INFO] [stdout] 2  | ..._case)] fn _doctest_main_src_client_with_params_rs_242_0() {
[INFO] [stdout]    |               --------------------------------------------- this is not `async`
[INFO] [stdout] ...
[INFO] [stdout] 15 | ...client_with_params.post_file("alipay.offline.material.image.upload", "image_content", "test.png", file.as_ref()).await.unwrap().into_j...
[INFO] [stdout]    |                                                                                                                    ^^^^^^ only allowed inside `async` functions and blocks
[INFO] [stdout] 
[INFO] [stdout] error: aborting due to 4 previous errors
[INFO] [stdout] 
[INFO] [stdout] Some errors have detailed explanations: E0586, E0728.
[INFO] [stdout] For more information about an error, try `rustc --explain E0586`.
[INFO] [stdout] Couldn't compile the test.
[INFO] [stdout] ---- src/client_with_params.rs - client_with_params::ClientWithParams::post (line 180) stdout ----
[INFO] [stdout] error: couldn't read src/../公钥.txt: No such file or directory (os error 2)
[INFO] [stdout]  --> src/client_with_params.rs:183:9
[INFO] [stdout]   |
[INFO] [stdout] 6 |         include_str!("../公钥.txt"),
[INFO] [stdout]   |         ^^^^^^^^^^^^^^^^^^^^^^^^^^^
[INFO] [stdout]   |
[INFO] [stdout]   = note: this error originates in the macro `include_str` (in Nightly builds, run with -Z macro-backtrace for more info)
[INFO] [stdout] 
[INFO] [stdout] error: couldn't read src/../私钥.txt: No such file or directory (os error 2)
[INFO] [stdout]  --> src/client_with_params.rs:184:9
[INFO] [stdout]   |
[INFO] [stdout] 7 |         include_str!("../私钥.txt"),
[INFO] [stdout]   |         ^^^^^^^^^^^^^^^^^^^^^^^^^^^
[INFO] [stdout]   |
[INFO] [stdout]   = note: this error originates in the macro `include_str` (in Nightly builds, run with -Z macro-backtrace for more info)
[INFO] [stdout] 
[INFO] [stdout] error: couldn't read src/../appCertPublicKey_20210xxxxxxxxxxx.crt: No such file or directory (os error 2)
[INFO] [stdout]  --> src/client_with_params.rs:185:14
[INFO] [stdout]   |
[INFO] [stdout] 8 |         Some(include_str!("../appCertPublicKey_20210xxxxxxxxxxx.crt")),
[INFO] [stdout]   |              ^^^^^^^^^^^^^^^^^^^^^^^^^^^^^^^^^^^^^^^^^^^^^^^^^^^^^^^^
[INFO] [stdout]   |
[INFO] [stdout]   = note: this error originates in the macro `include_str` (in Nightly builds, run with -Z macro-backtrace for more info)
[INFO] [stdout] 
[INFO] [stdout] error: couldn't read src/../alipayRootCert.crt: No such file or directory (os error 2)
[INFO] [stdout]  --> src/client_with_params.rs:186:14
[INFO] [stdout]   |
[INFO] [stdout] 9 |         Some(include_str!("../alipayRootCert.crt"))
[INFO] [stdout]   |              ^^^^^^^^^^^^^^^^^^^^^^^^^^^^^^^^^^^^^
[INFO] [stdout]   |
[INFO] [stdout]   = note: this error originates in the macro `include_str` (in Nightly builds, run with -Z macro-backtrace for more info)
[INFO] [stdout] 
[INFO] [stdout] error[E0425]: cannot find value `transfer` in this scope
[INFO] [stdout]   --> src/client_with_params.rs:189:49
[INFO] [stdout]    |
[INFO] [stdout] 12 |         .post("alipay.fund.trans.uni.transfer", transfer)
[INFO] [stdout]    |                                                 ^^^^^^^^ not found in this scope
[INFO] [stdout] 
[INFO] [stdout] error[E0433]: failed to resolve: use of undeclared type `HashMap`
[INFO] [stdout]   --> src/client_with_params.rs:197:18
[INFO] [stdout]    |
[INFO] [stdout] 20 |     let params = HashMap::from([("image_type", "png"), ("image_name", "test")]);
[INFO] [stdout]    |                  ^^^^^^^ use of undeclared type `HashMap`
[INFO] [stdout]    |
[INFO] [stdout] help: consider importing this struct
[INFO] [stdout]    |
[INFO] [stdout] 2  | use std::collections::HashMap;
[INFO] [stdout]    |
[INFO] [stdout] 
[INFO] [stdout] error[E0728]: `await` is only allowed inside `async` functions and blocks
[INFO] [stdout]   --> src/client_with_params.rs:190:9
[INFO] [stdout]    |
[INFO] [stdout] 3  | fn main() { #[allow(non_snake_case)] fn _doctest_main_src_client_with_params_rs_180_0() {
[INFO] [stdout]    |                                         --------------------------------------------- this is not `async`
[INFO] [stdout] ...
[INFO] [stdout] 13 |         .await.unwrap().into_json().unwrap();
[INFO] [stdout]    |         ^^^^^^ only allowed inside `async` functions and blocks
[INFO] [stdout] 
[INFO] [stdout] error[E0061]: this function takes 6 arguments but 5 arguments were supplied
[INFO] [stdout]   --> src/client_with_params.rs:181:14
[INFO] [stdout]    |
[INFO] [stdout] 4  |   let client = alipay_rs::Client::new(
[INFO] [stdout]    |  ______________^^^^^^^^^^^^^^^^^^^^^^-
[INFO] [stdout] 5  | |         "20210xxxxxxxxxxx",
[INFO] [stdout] 6  | |         include_str!("../公钥.txt"),
[INFO] [stdout] 7  | |         include_str!("../私钥.txt"),
[INFO] [stdout] 8  | |         Some(include_str!("../appCertPublicKey_20210xxxxxxxxxxx.crt")),
[INFO] [stdout] 9  | |         Some(include_str!("../alipayRootCert.crt"))
[INFO] [stdout] 10 | |     );
[INFO] [stdout]    | |_____- an argument of type `bool` is missing
[INFO] [stdout]    |
[INFO] [stdout] note: associated function defined here
[INFO] [stdout]   --> /opt/rustwide/workdir/src/client.rs:30:12
[INFO] [stdout]    |
[INFO] [stdout] 30 |     pub fn new<S: Into<String>>(
[INFO] [stdout]    |            ^^^
[INFO] [stdout] help: provide the argument
[INFO] [stdout]    |
[INFO] [stdout] 4  | let client = alipay_rs::Client::new("20210xxxxxxxxxxx", include_str!("../公钥.txt"), include_str!("../私钥.txt"), Some(include_str!("../appCertPublicKey_20210xxxxxxxxxxx.crt")), Some(include_str!("../alipayRootCert.crt")), /* bool */);
[INFO] [stdout]    |                                    ~~~~~~~~~~~~~~~~~~~~~~~~~~~~~~~~~~~~~~~~~~~~~~~~~~~~~~~~~~~~~~~~~~~~~~~~~~~~~~~~~~~~~~~~~~~~~~~~~~~~~~~~~~~~~~~~~~~~~~~~~~~~~~~~~~~~~~~~~~~~~~~~~~~~~~~~~~~~~~~~~~~~~~~~~~~~~~~~~~~~~~~~~~~~~~~~~~~~~~~
[INFO] [stdout] 
[INFO] [stdout] error[E0599]: no method named `post` found for struct `Client` in the current scope
[INFO] [stdout]    --> src/client_with_params.rs:189:10
[INFO] [stdout]     |
[INFO] [stdout] 11  |       let data:serde_json::Value = client
[INFO] [stdout]     |  __________________________________-
[INFO] [stdout] 12  | |         .post("alipay.fund.trans.uni.transfer", transfer)
[INFO] [stdout]     | |         -^^^^ method not found in `Client`
[INFO] [stdout]     | |_________|
[INFO] [stdout]     | 
[INFO] [stdout]     |
[INFO] [stdout]    ::: /opt/rustwide/workdir/src/lib.rs:245:8
[INFO] [stdout]     |
[INFO] [stdout] 245 |       fn post<'a, S, T>(&'a self, method: S, biz_content: T) -> BoxFuture<'a, AlipayResult<Response>>
[INFO] [stdout]     |          ---- the method is available for `Client` here
[INFO] [stdout]     |
[INFO] [stdout]     = help: items from traits can only be used if the trait is in scope
[INFO] [stdout] help: the following trait is implemented but not in scope; perhaps add a `use` for it:
[INFO] [stdout]     |
[INFO] [stdout] 2   | use crate::alipay_rs::Cli;
[INFO] [stdout]     |
[INFO] [stdout] 
[INFO] [stdout] error: aborting due to 9 previous errors
[INFO] [stdout] 
[INFO] [stdout] Some errors have detailed explanations: E0061, E0425, E0433, E0599, E0728.
[INFO] [stdout] For more information about an error, try `rustc --explain E0061`.
[INFO] [stdout] Couldn't compile the test.
[INFO] [stdout] ---- src/client.rs - client::Client::set_public_params (line 119) stdout ----
[INFO] [stdout] error: unexpected token: `...`
[INFO] [stdout]   --> src/client.rs:128:1
[INFO] [stdout]    |
[INFO] [stdout] 11 | ......
[INFO] [stdout]    | ^^^
[INFO] [stdout]    |
[INFO] [stdout] help: use `..` for an exclusive range
[INFO] [stdout]    |
[INFO] [stdout] 11 | .....
[INFO] [stdout]    | ~~
[INFO] [stdout] help: or `..=` for an inclusive range
[INFO] [stdout]    |
[INFO] [stdout] 11 | ..=...
[INFO] [stdout]    | ~~~
[INFO] [stdout] 
[INFO] [stdout] error: unexpected token: `...`
[INFO] [stdout]   --> src/client.rs:128:4
[INFO] [stdout]    |
[INFO] [stdout] 11 | ......
[INFO] [stdout]    |    ^^^
[INFO] [stdout]    |
[INFO] [stdout] help: use `..` for an exclusive range
[INFO] [stdout]    |
[INFO] [stdout] 11 | .....
[INFO] [stdout]    |    ~~
[INFO] [stdout] help: or `..=` for an inclusive range
[INFO] [stdout]    |
[INFO] [stdout] 11 | .....=
[INFO] [stdout]    |    ~~~
[INFO] [stdout] 
[INFO] [stdout] error: expected expression, found `let` statement
[INFO] [stdout]   --> src/client.rs:130:5
[INFO] [stdout]    |
[INFO] [stdout] 13 |     let public_params = PublicParams {
[INFO] [stdout]    |     ^^^
[INFO] [stdout] 
[INFO] [stdout] error: struct literals are not allowed here
[INFO] [stdout]   --> src/client.rs:130:25
[INFO] [stdout]    |
[INFO] [stdout] 13 |       let public_params = PublicParams {
[INFO] [stdout]    |  _________________________^
[INFO] [stdout] 14 | |         app_id: "20210xxxxxxxxxxx".to_owned(),
[INFO] [stdout] 15 | |         charset: "utf-8".to_owned(),
[INFO] [stdout] 16 | |         sign_type: "RSA2".to_owned(),
[INFO] [stdout] 17 | |         version: "1.0".to_owned(),
[INFO] [stdout] 18 | |     };
[INFO] [stdout]    | |_____^
[INFO] [stdout]    |
[INFO] [stdout] help: surround the struct literal with parentheses
[INFO] [stdout]    |
[INFO] [stdout] 13 ~     let public_params = (PublicParams {
[INFO] [stdout] 14 |         app_id: "20210xxxxxxxxxxx".to_owned(),
[INFO] [stdout]  ...
[INFO] [stdout] 17 |         version: "1.0".to_owned(),
[INFO] [stdout] 18 ~     });
[INFO] [stdout]    |
[INFO] [stdout] 
[INFO] [stdout] error: expected expression, found statement (`let`)
[INFO] [stdout]   --> src/client.rs:130:5
[INFO] [stdout]    |
[INFO] [stdout] 13 | /     let public_params = PublicParams {
[INFO] [stdout] 14 | |         app_id: "20210xxxxxxxxxxx".to_owned(),
[INFO] [stdout] 15 | |         charset: "utf-8".to_owned(),
[INFO] [stdout] 16 | |         sign_type: "RSA2".to_owned(),
[INFO] [stdout] 17 | |         version: "1.0".to_owned(),
[INFO] [stdout] 18 | |     };
[INFO] [stdout]    | |_____^
[INFO] [stdout]    |
[INFO] [stdout]    = note: variable declaration using `let` is a statement
[INFO] [stdout] 
[INFO] [stdout] error: cannot find derive macro `AlipayParams` in this scope
[INFO] [stdout]  --> src/client.rs:120:10
[INFO] [stdout]   |
[INFO] [stdout] 3 | #[derive(AlipayParams)]
[INFO] [stdout]   |          ^^^^^^^^^^^^
[INFO] [stdout]   |
[INFO] [stdout]   = help: consider importing one of these items:
[INFO] [stdout]           alipay_params::AlipayParams
[INFO] [stdout]           alipay_rs::AlipayParams
[INFO] [stdout] 
[INFO] [stdout] error[E0433]: failed to resolve: use of undeclared type `HashMap`
[INFO] [stdout]   --> src/client.rs:141:25
[INFO] [stdout]    |
[INFO] [stdout] 24 |     let public_params = HashMap::from([("image_type", "png"), ("image_name", "test")]);
[INFO] [stdout]    |                         ^^^^^^^ use of undeclared type `HashMap`
[INFO] [stdout]    |
[INFO] [stdout] help: consider importing this struct
[INFO] [stdout]    |
[INFO] [stdout] 2  | use std::collections::HashMap;
[INFO] [stdout]    |
[INFO] [stdout] 
[INFO] [stdout] error[E0425]: cannot find value `client` in this scope
[INFO] [stdout]   --> src/client.rs:143:5
[INFO] [stdout]    |
[INFO] [stdout] 26 |     client.set_public_params(public_params);
[INFO] [stdout]    |     ^^^^^^ not found in this scope
[INFO] [stdout] 
[INFO] [stdout] error[E0658]: `let` expressions in this position are unstable
[INFO] [stdout]   --> src/client.rs:130:5
[INFO] [stdout]    |
[INFO] [stdout] 13 | /     let public_params = PublicParams {
[INFO] [stdout] 14 | |         app_id: "20210xxxxxxxxxxx".to_owned(),
[INFO] [stdout] 15 | |         charset: "utf-8".to_owned(),
[INFO] [stdout] 16 | |         sign_type: "RSA2".to_owned(),
[INFO] [stdout] 17 | |         version: "1.0".to_owned(),
[INFO] [stdout] 18 | |     };
[INFO] [stdout]    | |_____^
[INFO] [stdout]    |
[INFO] [stdout]    = note: see issue #53667 <https://github.com/rust-lang/rust/issues/53667> for more information
[INFO] [stdout] 
[INFO] [stdout] error: aborting due to 9 previous errors
[INFO] [stdout] 
[INFO] [stdout] Some errors have detailed explanations: E0425, E0433, E0658.
[INFO] [stdout] For more information about an error, try `rustc --explain E0425`.
[INFO] [stdout] Couldn't compile the test.
[INFO] [stdout] ---- src/lib.rs - (line 13) stdout ----
[INFO] [stdout] error: couldn't read src/../公钥.txt: No such file or directory (os error 2)
[INFO] [stdout]   --> src/lib.rs:52:20
[INFO] [stdout]    |
[INFO] [stdout] 41 |        .public_key(include_str!("../公钥.txt"))
[INFO] [stdout]    |                    ^^^^^^^^^^^^^^^^^^^^^^^^^^^
[INFO] [stdout]    |
[INFO] [stdout]    = note: this error originates in the macro `include_str` (in Nightly builds, run with -Z macro-backtrace for more info)
[INFO] [stdout] 
[INFO] [stdout] error: couldn't read src/../私钥.txt: No such file or directory (os error 2)
[INFO] [stdout]   --> src/lib.rs:53:21
[INFO] [stdout]    |
[INFO] [stdout] 42 |        .private_key(include_str!("../私钥.txt"))
[INFO] [stdout]    |                     ^^^^^^^^^^^^^^^^^^^^^^^^^^^
[INFO] [stdout]    |
[INFO] [stdout]    = note: this error originates in the macro `include_str` (in Nightly builds, run with -Z macro-backtrace for more info)
[INFO] [stdout] 
[INFO] [stdout] error: couldn't read src/../appCertPublicKey_20210xxxxxxxxxxx.crt: No such file or directory (os error 2)
[INFO] [stdout]   --> src/lib.rs:54:21
[INFO] [stdout]    |
[INFO] [stdout] 43 |        .app_cert_sn(include_str!("../appCertPublicKey_20210xxxxxxxxxxx.crt"))
[INFO] [stdout]    |                     ^^^^^^^^^^^^^^^^^^^^^^^^^^^^^^^^^^^^^^^^^^^^^^^^^^^^^^^^
[INFO] [stdout]    |
[INFO] [stdout]    = note: this error originates in the macro `include_str` (in Nightly builds, run with -Z macro-backtrace for more info)
[INFO] [stdout] 
[INFO] [stdout] error: couldn't read src/../alipayRootCert.crt: No such file or directory (os error 2)
[INFO] [stdout]   --> src/lib.rs:55:29
[INFO] [stdout]    |
[INFO] [stdout] 44 |        .alipay_root_cert_sn(include_str!("../alipayRootCert.crt"))
[INFO] [stdout]    |                             ^^^^^^^^^^^^^^^^^^^^^^^^^^^^^^^^^^^^^
[INFO] [stdout]    |
[INFO] [stdout]    = note: this error originates in the macro `include_str` (in Nightly builds, run with -Z macro-backtrace for more info)
[INFO] [stdout] 
[INFO] [stdout] error: couldn't read src/../公钥.txt: No such file or directory (os error 2)
[INFO] [stdout]   --> src/lib.rs:90:20
[INFO] [stdout]    |
[INFO] [stdout] 79 |        .public_key(include_str!("../公钥.txt"))
[INFO] [stdout]    |                    ^^^^^^^^^^^^^^^^^^^^^^^^^^^
[INFO] [stdout]    |
[INFO] [stdout]    = note: this error originates in the macro `include_str` (in Nightly builds, run with -Z macro-backtrace for more info)
[INFO] [stdout] 
[INFO] [stdout] error: couldn't read src/../私钥.txt: No such file or directory (os error 2)
[INFO] [stdout]   --> src/lib.rs:91:21
[INFO] [stdout]    |
[INFO] [stdout] 80 |        .private_key(include_str!("../私钥.txt"))
[INFO] [stdout]    |                     ^^^^^^^^^^^^^^^^^^^^^^^^^^^
[INFO] [stdout]    |
[INFO] [stdout]    = note: this error originates in the macro `include_str` (in Nightly builds, run with -Z macro-backtrace for more info)
[INFO] [stdout] 
[INFO] [stdout] error: couldn't read src/../appCertPublicKey_20210xxxxxxxxxxx.crt: No such file or directory (os error 2)
[INFO] [stdout]   --> src/lib.rs:92:21
[INFO] [stdout]    |
[INFO] [stdout] 81 |        .app_cert_sn(include_str!("../appCertPublicKey_20210xxxxxxxxxxx.crt"))
[INFO] [stdout]    |                     ^^^^^^^^^^^^^^^^^^^^^^^^^^^^^^^^^^^^^^^^^^^^^^^^^^^^^^^^
[INFO] [stdout]    |
[INFO] [stdout]    = note: this error originates in the macro `include_str` (in Nightly builds, run with -Z macro-backtrace for more info)
[INFO] [stdout] 
[INFO] [stdout] error: couldn't read src/../alipayRootCert.crt: No such file or directory (os error 2)
[INFO] [stdout]   --> src/lib.rs:93:29
[INFO] [stdout]    |
[INFO] [stdout] 82 |        .alipay_root_cert_sn(include_str!("../alipayRootCert.crt"))
[INFO] [stdout]    |                             ^^^^^^^^^^^^^^^^^^^^^^^^^^^^^^^^^^^^^
[INFO] [stdout]    |
[INFO] [stdout]    = note: this error originates in the macro `include_str` (in Nightly builds, run with -Z macro-backtrace for more info)
[INFO] [stdout] 
[INFO] [stdout] error: couldn't read src/../公钥.txt: No such file or directory (os error 2)
[INFO] [stdout]    --> src/lib.rs:117:16
[INFO] [stdout]     |
[INFO] [stdout] 106 |    .public_key(include_str!("../公钥.txt"))
[INFO] [stdout]     |                ^^^^^^^^^^^^^^^^^^^^^^^^^^^
[INFO] [stdout]     |
[INFO] [stdout]     = note: this error originates in the macro `include_str` (in Nightly builds, run with -Z macro-backtrace for more info)
[INFO] [stdout] 
[INFO] [stdout] error: couldn't read src/../私钥.txt: No such file or directory (os error 2)
[INFO] [stdout]    --> src/lib.rs:118:17
[INFO] [stdout]     |
[INFO] [stdout] 107 |    .private_key(include_str!("../私钥.txt"))
[INFO] [stdout]     |                 ^^^^^^^^^^^^^^^^^^^^^^^^^^^
[INFO] [stdout]     |
[INFO] [stdout]     = note: this error originates in the macro `include_str` (in Nightly builds, run with -Z macro-backtrace for more info)
[INFO] [stdout] 
[INFO] [stdout] error: couldn't read src/../appCertPublicKey_20210xxxxxxxxxxx.crt: No such file or directory (os error 2)
[INFO] [stdout]    --> src/lib.rs:119:17
[INFO] [stdout]     |
[INFO] [stdout] 108 |    .app_cert_sn(include_str!("../appCertPublicKey_20210xxxxxxxxxxx.crt"))
[INFO] [stdout]     |                 ^^^^^^^^^^^^^^^^^^^^^^^^^^^^^^^^^^^^^^^^^^^^^^^^^^^^^^^^
[INFO] [stdout]     |
[INFO] [stdout]     = note: this error originates in the macro `include_str` (in Nightly builds, run with -Z macro-backtrace for more info)
[INFO] [stdout] 
[INFO] [stdout] error: couldn't read src/../alipayRootCert.crt: No such file or directory (os error 2)
[INFO] [stdout]    --> src/lib.rs:120:25
[INFO] [stdout]     |
[INFO] [stdout] 109 |    .alipay_root_cert_sn(include_str!("../alipayRootCert.crt"))
[INFO] [stdout]     |                         ^^^^^^^^^^^^^^^^^^^^^^^^^^^^^^^^^^^^^
[INFO] [stdout]     |
[INFO] [stdout]     = note: this error originates in the macro `include_str` (in Nightly builds, run with -Z macro-backtrace for more info)
[INFO] [stdout] 
[INFO] [stdout] error[E0432]: unresolved import `alipay_rs::AlipayParam`
[INFO] [stdout]  --> src/lib.rs:19:5
[INFO] [stdout]   |
[INFO] [stdout] 8 | use alipay_rs::AlipayParam;
[INFO] [stdout]   |     ^^^^^^^^^^^-----------
[INFO] [stdout]   |     |          |
[INFO] [stdout]   |     |          help: a similar name exists in the module: `AlipayParams`
[INFO] [stdout]   |     no `AlipayParam` in the root
[INFO] [stdout] 
[INFO] [stdout] error[E0432]: unresolved import `chrono`
[INFO] [stdout]  --> src/lib.rs:18:5
[INFO] [stdout]   |
[INFO] [stdout] 7 | use chrono::Local;
[INFO] [stdout]   |     ^^^^^^ use of undeclared crate or module `chrono`
[INFO] [stdout] 
[INFO] [stdout] error[E0433]: failed to resolve: use of undeclared crate or module `tokio`
[INFO] [stdout]    --> src/lib.rs:128:3
[INFO] [stdout]     |
[INFO] [stdout] 117 | #[tokio::main]
[INFO] [stdout]     |   ^^^^^ use of undeclared crate or module `tokio`
[INFO] [stdout] 
[INFO] [stdout] error: cannot find derive macro `AlipayParams` in this scope
[INFO] [stdout]   --> src/lib.rs:22:10
[INFO] [stdout]    |
[INFO] [stdout] 11 | #[derive(AlipayParams, Debug)]
[INFO] [stdout]    |          ^^^^^^^^^^^^
[INFO] [stdout]    |
[INFO] [stdout]    = help: consider importing one of these items:
[INFO] [stdout]            alipay_params::AlipayParams
[INFO] [stdout]            alipay_rs::AlipayParams
[INFO] [stdout] 
[INFO] [stdout] error: cannot find derive macro `AlipayParams` in this scope
[INFO] [stdout]   --> src/lib.rs:30:10
[INFO] [stdout]    |
[INFO] [stdout] 19 | #[derive(AlipayParams, Debug)]
[INFO] [stdout]    |          ^^^^^^^^^^^^
[INFO] [stdout]    |
[INFO] [stdout]    = help: consider importing one of these items:
[INFO] [stdout]            alipay_params::AlipayParams
[INFO] [stdout]            alipay_rs::AlipayParams
[INFO] [stdout] 
[INFO] [stdout] error: cannot determine resolution for the derive macro `AlipayParam`
[INFO] [stdout]   --> src/lib.rs:65:10
[INFO] [stdout]    |
[INFO] [stdout] 54 | #[derive(AlipayParam)]
[INFO] [stdout]    |          ^^^^^^^^^^^
[INFO] [stdout]    |
[INFO] [stdout]    = note: import resolution is stuck, try simplifying macro imports
[INFO] [stdout] 
[INFO] [stdout] error[E0433]: failed to resolve: could not find `Config` in `alipay_rs`
[INFO] [stdout]    --> src/lib.rs:115:25
[INFO] [stdout]     |
[INFO] [stdout] 104 | let config = alipay_rs::Config::builder()
[INFO] [stdout]     |                         ^^^^^^ could not find `Config` in `alipay_rs`
[INFO] [stdout] 
[INFO] [stdout] error[E0599]: no method named `post` found for struct `Client` in the current scope
[INFO] [stdout]    --> src/lib.rs:58:10
[INFO] [stdout]     |
[INFO] [stdout] 46  |       let data:serde_json::Value = client
[INFO] [stdout]     |  __________________________________-
[INFO] [stdout] 47  | |         .post("alipay.fund.trans.uni.transfer", transfer)
[INFO] [stdout]     | |         -^^^^ method not found in `Client`
[INFO] [stdout]     | |_________|
[INFO] [stdout]     | 
[INFO] [stdout]     |
[INFO] [stdout]    ::: /opt/rustwide/workdir/src/lib.rs:245:8
[INFO] [stdout]     |
[INFO] [stdout] 245 |       fn post<'a, S, T>(&'a self, method: S, biz_content: T) -> BoxFuture<'a, AlipayResult<Response>>
[INFO] [stdout]     |          ---- the method is available for `Client` here
[INFO] [stdout]     |
[INFO] [stdout]     = help: items from traits can only be used if the trait is in scope
[INFO] [stdout] help: the following trait is implemented but not in scope; perhaps add a `use` for it:
[INFO] [stdout]     |
[INFO] [stdout] 6   | use crate::alipay_rs::Cli;
[INFO] [stdout]     |
[INFO] [stdout] 
[INFO] [stdout] error[E0277]: the trait bound `PublicParams: AlipayParams` is not satisfied
[INFO] [stdout]    --> src/lib.rs:104:59
[INFO] [stdout]     |
[INFO] [stdout] 93  |     let mut client_with_params = client.set_public_params(public_params);
[INFO] [stdout]     |                                         ----------------- ^^^^^^^^^^^^^ the trait `AlipayParams` is not implemented for `PublicParams`
[INFO] [stdout]     |                                         |
[INFO] [stdout]     |                                         required by a bound introduced by this call
[INFO] [stdout]     |
[INFO] [stdout]     = help: the following other types implement trait `AlipayParams`:
[INFO] [stdout]               &'a str
[INFO] [stdout]               ()
[INFO] [stdout]               (T1, T2)
[INFO] [stdout]               AlipayValue
[INFO] [stdout]               HashMap<T1, T2>
[INFO] [stdout]               Option<T>
[INFO] [stdout]               Value
[INFO] [stdout]               Vec<T>
[INFO] [stdout]             and 15 others
[INFO] [stdout] note: required by a bound in `Client::set_public_params`
[INFO] [stdout]    --> /opt/rustwide/workdir/src/client.rs:147:12
[INFO] [stdout]     |
[INFO] [stdout] 147 |         T: AlipayParams,
[INFO] [stdout]     |            ^^^^^^^^^^^^ required by this bound in `Client::set_public_params`
[INFO] [stdout] 
[INFO] [stdout] error[E0599]: no method named `post` found for struct `ClientWithParams` in the current scope
[INFO] [stdout]    --> src/lib.rs:106:10
[INFO] [stdout]     |
[INFO] [stdout] 94  |       let data:serde_json::Value = client_with_params
[INFO] [stdout]     |  __________________________________-
[INFO] [stdout] 95  | |         .post("alipay.fund.trans.uni.transfer", transfer)
[INFO] [stdout]     | |         -^^^^ method not found in `ClientWithParams`
[INFO] [stdout]     | |_________|
[INFO] [stdout]     | 
[INFO] [stdout]     |
[INFO] [stdout]    ::: /opt/rustwide/workdir/src/lib.rs:279:8
[INFO] [stdout]     |
[INFO] [stdout] 279 |       fn post<'a, S, T>(
[INFO] [stdout]     |          ---- the method is available for `ClientWithParams` here
[INFO] [stdout]     |
[INFO] [stdout]     = help: items from traits can only be used if the trait is in scope
[INFO] [stdout] help: the following trait is implemented but not in scope; perhaps add a `use` for it:
[INFO] [stdout]     |
[INFO] [stdout] 6   | use crate::alipay_rs::MutCli;
[INFO] [stdout]     |
[INFO] [stdout] 
[INFO] [stdout] error[E0752]: `main` function is not allowed to be `async`
[INFO] [stdout]    --> src/lib.rs:129:1
[INFO] [stdout]     |
[INFO] [stdout] 118 | async fn main() {
[INFO] [stdout]     | ^^^^^^^^^^^^^^^ `main` function is not allowed to be `async`
[INFO] [stdout] 
[INFO] [stdout] error: aborting due to 23 previous errors
[INFO] [stdout] 
[INFO] [stdout] Some errors have detailed explanations: E0277, E0432, E0433, E0599, E0752.
[INFO] [stdout] For more information about an error, try `rustc --explain E0277`.
[INFO] [stdout] Couldn't compile the test.
[INFO] [stdout] ---- src/lib.rs - (line 136) stdout ----
[INFO] [stdout] error: couldn't read src/../公钥.txt: No such file or directory (os error 2)
[INFO] [stdout]   --> src/lib.rs:201:20
[INFO] [stdout]    |
[INFO] [stdout] 67 |        .public_key(include_str!("../公钥.txt"))
[INFO] [stdout]    |                    ^^^^^^^^^^^^^^^^^^^^^^^^^^^
[INFO] [stdout]    |
[INFO] [stdout]    = note: this error originates in the macro `include_str` (in Nightly builds, run with -Z macro-backtrace for more info)
[INFO] [stdout] 
[INFO] [stdout] error: couldn't read src/../私钥.txt: No such file or directory (os error 2)
[INFO] [stdout]   --> src/lib.rs:202:21
[INFO] [stdout]    |
[INFO] [stdout] 68 |        .private_key(include_str!("../私钥.txt"))
[INFO] [stdout]    |                     ^^^^^^^^^^^^^^^^^^^^^^^^^^^
[INFO] [stdout]    |
[INFO] [stdout]    = note: this error originates in the macro `include_str` (in Nightly builds, run with -Z macro-backtrace for more info)
[INFO] [stdout] 
[INFO] [stdout] error: couldn't read src/../appCertPublicKey_20210xxxxxxxxxxx.crt: No such file or directory (os error 2)
[INFO] [stdout]   --> src/lib.rs:203:21
[INFO] [stdout]    |
[INFO] [stdout] 69 |        .app_cert_sn(include_str!("../appCertPublicKey_20210xxxxxxxxxxx.crt"))
[INFO] [stdout]    |                     ^^^^^^^^^^^^^^^^^^^^^^^^^^^^^^^^^^^^^^^^^^^^^^^^^^^^^^^^
[INFO] [stdout]    |
[INFO] [stdout]    = note: this error originates in the macro `include_str` (in Nightly builds, run with -Z macro-backtrace for more info)
[INFO] [stdout] 
[INFO] [stdout] error: couldn't read src/../alipayRootCert.crt: No such file or directory (os error 2)
[INFO] [stdout]   --> src/lib.rs:204:29
[INFO] [stdout]    |
[INFO] [stdout] 70 |        .alipay_root_cert_sn(include_str!("../alipayRootCert.crt"))
[INFO] [stdout]    |                             ^^^^^^^^^^^^^^^^^^^^^^^^^^^^^^^^^^^^^
[INFO] [stdout]    |
[INFO] [stdout]    = note: this error originates in the macro `include_str` (in Nightly builds, run with -Z macro-backtrace for more info)
[INFO] [stdout] 
[INFO] [stdout] error[E0432]: unresolved import `alipay_rs::AlipayParam`
[INFO] [stdout]  --> src/lib.rs:137:5
[INFO] [stdout]   |
[INFO] [stdout] 3 | use alipay_rs::AlipayParam;
[INFO] [stdout]   |     ^^^^^^^^^^^-----------
[INFO] [stdout]   |     |          |
[INFO] [stdout]   |     |          help: a similar name exists in the module: `AlipayParams`
[INFO] [stdout]   |     no `AlipayParam` in the root
[INFO] [stdout] 
[INFO] [stdout] error[E0432]: unresolved import `chrono`
[INFO] [stdout]  --> src/lib.rs:138:5
[INFO] [stdout]   |
[INFO] [stdout] 4 | use chrono::Local;
[INFO] [stdout]   |     ^^^^^^ use of undeclared crate or module `chrono`
[INFO] [stdout] 
[INFO] [stdout] error[E0433]: failed to resolve: use of undeclared crate or module `tokio`
[INFO] [stdout]   --> src/lib.rs:196:3
[INFO] [stdout]    |
[INFO] [stdout] 62 | #[tokio::main]
[INFO] [stdout]    |   ^^^^^ use of undeclared crate or module `tokio`
[INFO] [stdout] 
[INFO] [stdout] error[E0433]: failed to resolve: use of undeclared type `Arc`
[INFO] [stdout]   --> src/lib.rs:211:15
[INFO] [stdout]    |
[INFO] [stdout] 77 |     let cli = Arc::new(client);
[INFO] [stdout]    |               ^^^ use of undeclared type `Arc`
[INFO] [stdout]    |
[INFO] [stdout] help: consider importing this struct
[INFO] [stdout]    |
[INFO] [stdout] 3  | use std::sync::Arc;
[INFO] [stdout]    |
[INFO] [stdout] 
[INFO] [stdout] error[E0599]: no method named `post` found for reference `&Client` in the current scope
[INFO] [stdout]   --> src/lib.rs:174:10
[INFO] [stdout]    |
[INFO] [stdout] 39 |       let data:serde_json::Value = client
[INFO] [stdout]    |  __________________________________-
[INFO] [stdout] 40 | |         .post("alipay.open.mini.item.page.query", query)
[INFO] [stdout]    | |         -^^^^ method not found in `&Client`
[INFO] [stdout]    | |_________|
[INFO] [stdout]    | 
[INFO] [stdout]    |
[INFO] [stdout]    = help: items from traits can only be used if the trait is in scope
[INFO] [stdout] help: the following trait is implemented but not in scope; perhaps add a `use` for it:
[INFO] [stdout]    |
[INFO] [stdout] 2  | use crate::alipay_rs::Cli;
[INFO] [stdout]    |
[INFO] [stdout] 
[INFO] [stdout] error[E0599]: no method named `post` found for reference `&Client` in the current scope
[INFO] [stdout]   --> src/lib.rs:192:10
[INFO] [stdout]    |
[INFO] [stdout] 57 |       let data:serde_json::Value = client
[INFO] [stdout]    |  __________________________________-
[INFO] [stdout] 58 | |         .post("alipay.fund.trans.uni.transfer", transfer)
[INFO] [stdout]    | |         -^^^^ method not found in `&Client`
[INFO] [stdout]    | |_________|
[INFO] [stdout]    | 
[INFO] [stdout]    |
[INFO] [stdout]    = help: items from traits can only be used if the trait is in scope
[INFO] [stdout] help: the following trait is implemented but not in scope; perhaps add a `use` for it:
[INFO] [stdout]    |
[INFO] [stdout] 2  | use crate::alipay_rs::Cli;
[INFO] [stdout]    |
[INFO] [stdout] 
[INFO] [stdout] error[E0433]: failed to resolve: use of undeclared crate or module `tokio`
[INFO] [stdout]   --> src/lib.rs:213:5
[INFO] [stdout]    |
[INFO] [stdout] 79 |     tokio::spawn(async move {
[INFO] [stdout]    |     ^^^^^ use of undeclared crate or module `tokio`
[INFO] [stdout] 
[INFO] [stdout] error[E0433]: failed to resolve: use of undeclared crate or module `tokio`
[INFO] [stdout]   --> src/lib.rs:216:5
[INFO] [stdout]    |
[INFO] [stdout] 82 |     tokio::spawn(async move {
[INFO] [stdout]    |     ^^^^^ use of undeclared crate or module `tokio`
[INFO] [stdout] 
[INFO] [stdout] error[E0752]: `main` function is not allowed to be `async`
[INFO] [stdout]   --> src/lib.rs:197:1
[INFO] [stdout]    |
[INFO] [stdout] 63 | async fn main() {
[INFO] [stdout]    | ^^^^^^^^^^^^^^^ `main` function is not allowed to be `async`
[INFO] [stdout] 
[INFO] [stdout] error: aborting due to 13 previous errors
[INFO] [stdout] 
[INFO] [stdout] Some errors have detailed explanations: E0432, E0433, E0599, E0752.
[INFO] [stdout] For more information about an error, try `rustc --explain E0432`.
[INFO] [stdout] Couldn't compile the test.
[INFO] [stdout] 
[INFO] [stdout] failures:
[INFO] [stdout]     src/client.rs - client::Client::builder (line 102)
[INFO] [stdout]     src/client.rs - client::Client::post (line 264)
[INFO] [stdout]     src/client.rs - client::Client::post_file (line 322)
[INFO] [stdout]     src/client.rs - client::Client::set_public_params (line 119)
[INFO] [stdout]     src/client_with_params.rs - client_with_params::ClientWithParams::post (line 180)
[INFO] [stdout]     src/client_with_params.rs - client_with_params::ClientWithParams::post_file (line 242)
[INFO] [stdout]     src/client_with_params.rs - client_with_params::ClientWithParams::set_public_params (line 43)
[INFO] [stdout]     src/lib.rs - (line 13)
[INFO] [stdout]     src/lib.rs - (line 136)
[INFO] [stdout] 
[INFO] [stdout] test result: FAILED. 0 passed; 9 failed; 0 ignored; 0 measured; 0 filtered out; finished in 0.31s
[INFO] [stdout] 
[INFO] [stderr] error: doctest failed, to rerun pass `--doc`
[INFO] running `Command { std: "docker" "inspect" "92ae6b5f3ce3e6eaa6867f080011e7bfe8a1a142b184de5b56794535271b1a19", kill_on_drop: false }`
[INFO] running `Command { std: "docker" "rm" "-f" "92ae6b5f3ce3e6eaa6867f080011e7bfe8a1a142b184de5b56794535271b1a19", kill_on_drop: false }`
[INFO] [stdout] 92ae6b5f3ce3e6eaa6867f080011e7bfe8a1a142b184de5b56794535271b1a19
