[INFO] fetching crate alicemq 0.1.0...
[INFO] testing alicemq-0.1.0 against 1.69.0 for beta-1.70-1
[INFO] extracting crate alicemq 0.1.0 into /workspace/builds/worker-7-tc1/source
[INFO] validating manifest of crates.io crate alicemq 0.1.0 on toolchain 1.69.0
[INFO] running `Command { std: CARGO_HOME="/workspace/cargo-home" RUSTUP_HOME="/workspace/rustup-home" "/workspace/cargo-home/bin/cargo" "+1.69.0" "metadata" "--manifest-path" "Cargo.toml" "--no-deps", kill_on_drop: false }`
[INFO] started tweaking crates.io crate alicemq 0.1.0
[INFO] finished tweaking crates.io crate alicemq 0.1.0
[INFO] tweaked toml for crates.io crate alicemq 0.1.0 written to /workspace/builds/worker-7-tc1/source/Cargo.toml
[INFO] running `Command { std: CARGO_HOME="/workspace/cargo-home" RUSTUP_HOME="/workspace/rustup-home" __CARGO_TEST_CHANNEL_OVERRIDE_DO_NOT_USE_THIS="nightly" "/workspace/cargo-home/bin/cargo" "+1.69.0" "generate-lockfile" "--manifest-path" "Cargo.toml" "-Zno-index-update", kill_on_drop: false }`
[INFO] running `Command { std: CARGO_HOME="/workspace/cargo-home" RUSTUP_HOME="/workspace/rustup-home" "/workspace/cargo-home/bin/cargo" "+1.69.0" "fetch" "--manifest-path" "Cargo.toml", kill_on_drop: false }`
[INFO] [stderr]  Downloading crates ...
[INFO] [stderr]   Downloaded amqp_serde v0.3.0
[INFO] [stderr]   Downloaded dotenv v0.15.0
[INFO] [stderr]   Downloaded amqprs v1.2.1
[INFO] [stderr]   Downloaded regex-automata v0.1.10
[INFO] [stderr]   Downloaded matchers v0.1.0
[INFO] running `Command { std: "docker" "create" "-v" "/var/lib/crater-agent-workspace/builds/worker-7-tc1/target:/opt/rustwide/target:rw,Z" "-v" "/var/lib/crater-agent-workspace/builds/worker-7-tc1/source:/opt/rustwide/workdir:ro,Z" "-v" "/var/lib/crater-agent-workspace/cargo-home:/opt/rustwide/cargo-home:ro,Z" "-v" "/var/lib/crater-agent-workspace/rustup-home:/opt/rustwide/rustup-home:ro,Z" "-e" "SOURCE_DIR=/opt/rustwide/workdir" "-e" "CARGO_TARGET_DIR=/opt/rustwide/target" "-e" "CARGO_HOME=/opt/rustwide/cargo-home" "-e" "RUSTUP_HOME=/opt/rustwide/rustup-home" "-w" "/opt/rustwide/workdir" "-m" "1610612736" "--user" "0:0" "--network" "none" "ghcr.io/rust-lang/crates-build-env/linux@sha256:5ff2268d62e97bff2cde7d5815dd6ed5b47097566f13b8d0ca110b04b60e07ed" "/opt/rustwide/cargo-home/bin/cargo" "+1.69.0" "metadata" "--no-deps" "--format-version=1", kill_on_drop: false }`
[INFO] [stdout] 9a9d6529937cbba35e70960c9d5d7fbcfc8709e0a9b0e02fdd10d8ecba5f51ab
[INFO] running `Command { std: "docker" "start" "-a" "9a9d6529937cbba35e70960c9d5d7fbcfc8709e0a9b0e02fdd10d8ecba5f51ab", kill_on_drop: false }`
[INFO] running `Command { std: "docker" "inspect" "9a9d6529937cbba35e70960c9d5d7fbcfc8709e0a9b0e02fdd10d8ecba5f51ab", kill_on_drop: false }`
[INFO] running `Command { std: "docker" "rm" "-f" "9a9d6529937cbba35e70960c9d5d7fbcfc8709e0a9b0e02fdd10d8ecba5f51ab", kill_on_drop: false }`
[INFO] [stdout] 9a9d6529937cbba35e70960c9d5d7fbcfc8709e0a9b0e02fdd10d8ecba5f51ab
[INFO] running `Command { std: "docker" "create" "-v" "/var/lib/crater-agent-workspace/builds/worker-7-tc1/target:/opt/rustwide/target:rw,Z" "-v" "/var/lib/crater-agent-workspace/builds/worker-7-tc1/source:/opt/rustwide/workdir:ro,Z" "-v" "/var/lib/crater-agent-workspace/cargo-home:/opt/rustwide/cargo-home:ro,Z" "-v" "/var/lib/crater-agent-workspace/rustup-home:/opt/rustwide/rustup-home:ro,Z" "-e" "SOURCE_DIR=/opt/rustwide/workdir" "-e" "CARGO_TARGET_DIR=/opt/rustwide/target" "-e" "CARGO_INCREMENTAL=0" "-e" "RUST_BACKTRACE=full" "-e" "RUSTFLAGS=--cap-lints=warn" "-e" "RUSTDOCFLAGS=--cap-lints=warn" "-e" "CARGO_HOME=/opt/rustwide/cargo-home" "-e" "RUSTUP_HOME=/opt/rustwide/rustup-home" "-w" "/opt/rustwide/workdir" "-m" "1610612736" "--user" "0:0" "--network" "none" "ghcr.io/rust-lang/crates-build-env/linux@sha256:5ff2268d62e97bff2cde7d5815dd6ed5b47097566f13b8d0ca110b04b60e07ed" "/opt/rustwide/cargo-home/bin/cargo" "+1.69.0" "build" "--frozen" "--message-format=json", kill_on_drop: false }`
[INFO] [stdout] 07f0e883f41f6525424d035397812c64f8d73f41ec716987decf1c4a08a7e774
[INFO] running `Command { std: "docker" "start" "-a" "07f0e883f41f6525424d035397812c64f8d73f41ec716987decf1c4a08a7e774", kill_on_drop: false }`
[INFO] [stderr]    Compiling parking_lot_core v0.9.7
[INFO] [stderr]    Compiling serde v1.0.160
[INFO] [stderr]    Compiling tokio v1.28.0
[INFO] [stderr]    Compiling regex-syntax v0.6.29
[INFO] [stderr]    Compiling regex-syntax v0.7.1
[INFO] [stderr]    Compiling dotenv v0.15.0
[INFO] [stderr]    Compiling syn v2.0.15
[INFO] [stderr]    Compiling signal-hook-registry v1.4.1
[INFO] [stderr]    Compiling parking_lot v0.12.1
[INFO] [stderr]    Compiling regex v1.8.1
[INFO] [stderr]    Compiling regex-automata v0.1.10
[INFO] [stderr]    Compiling matchers v0.1.0
[INFO] [stderr]    Compiling serde_derive v1.0.160
[INFO] [stderr]    Compiling tokio-macros v2.1.0
[INFO] [stderr]    Compiling tracing-attributes v0.1.24
[INFO] [stderr]    Compiling thiserror-impl v1.0.40
[INFO] [stderr]    Compiling async-trait v0.1.68
[INFO] [stderr]    Compiling thiserror v1.0.40
[INFO] [stderr]    Compiling tracing v0.1.37
[INFO] [stderr]    Compiling tracing-subscriber v0.3.17
[INFO] [stderr]    Compiling amqp_serde v0.3.0
[INFO] [stderr]    Compiling amqprs v1.2.1
[INFO] [stderr]    Compiling alicemq v0.1.0 (/opt/rustwide/workdir)
[INFO] [stdout] warning: use of deprecated method `amqprs::channel::BasicConsumeArguments::no_ack`: use the manual_ack builder method
[INFO] [stdout]    --> src/consumer.rs:137:18
[INFO] [stdout]     |
[INFO] [stdout] 137 |                 .no_ack(false)
[INFO] [stdout]     |                  ^^^^^^
[INFO] [stdout]     |
[INFO] [stdout]     = note: `#[warn(deprecated)]` on by default
[INFO] [stdout] 
[INFO] [stdout] 
[INFO] [stdout] warning: 1 warning emitted
[INFO] [stdout] 
[INFO] [stdout] 
[INFO] [stderr]     Finished dev [unoptimized + debuginfo] target(s) in 12.60s
[INFO] running `Command { std: "docker" "inspect" "07f0e883f41f6525424d035397812c64f8d73f41ec716987decf1c4a08a7e774", kill_on_drop: false }`
[INFO] running `Command { std: "docker" "rm" "-f" "07f0e883f41f6525424d035397812c64f8d73f41ec716987decf1c4a08a7e774", kill_on_drop: false }`
[INFO] [stdout] 07f0e883f41f6525424d035397812c64f8d73f41ec716987decf1c4a08a7e774
[INFO] running `Command { std: "docker" "create" "-v" "/var/lib/crater-agent-workspace/builds/worker-7-tc1/target:/opt/rustwide/target:rw,Z" "-v" "/var/lib/crater-agent-workspace/builds/worker-7-tc1/source:/opt/rustwide/workdir:ro,Z" "-v" "/var/lib/crater-agent-workspace/cargo-home:/opt/rustwide/cargo-home:ro,Z" "-v" "/var/lib/crater-agent-workspace/rustup-home:/opt/rustwide/rustup-home:ro,Z" "-e" "SOURCE_DIR=/opt/rustwide/workdir" "-e" "CARGO_TARGET_DIR=/opt/rustwide/target" "-e" "CARGO_INCREMENTAL=0" "-e" "RUST_BACKTRACE=full" "-e" "RUSTFLAGS=--cap-lints=warn" "-e" "RUSTDOCFLAGS=--cap-lints=warn" "-e" "CARGO_HOME=/opt/rustwide/cargo-home" "-e" "RUSTUP_HOME=/opt/rustwide/rustup-home" "-w" "/opt/rustwide/workdir" "-m" "1610612736" "--user" "0:0" "--network" "none" "ghcr.io/rust-lang/crates-build-env/linux@sha256:5ff2268d62e97bff2cde7d5815dd6ed5b47097566f13b8d0ca110b04b60e07ed" "/opt/rustwide/cargo-home/bin/cargo" "+1.69.0" "test" "--frozen" "--no-run" "--message-format=json", kill_on_drop: false }`
[INFO] [stdout] fb82e451bc60fb5f8862a9bd75c0326f0ca716d779ff1c99eac61bb31e24e9c2
[INFO] running `Command { std: "docker" "start" "-a" "fb82e451bc60fb5f8862a9bd75c0326f0ca716d779ff1c99eac61bb31e24e9c2", kill_on_drop: false }`
[INFO] [stdout] warning: use of deprecated method `amqprs::channel::BasicConsumeArguments::no_ack`: use the manual_ack builder method
[INFO] [stdout]    --> src/consumer.rs:137:18
[INFO] [stdout]     |
[INFO] [stdout] 137 |                 .no_ack(false)
[INFO] [stdout]     |                  ^^^^^^
[INFO] [stdout]     |
[INFO] [stdout]     = note: `#[warn(deprecated)]` on by default
[INFO] [stdout] 
[INFO] [stdout] 
[INFO] [stderr]    Compiling alicemq v0.1.0 (/opt/rustwide/workdir)
[INFO] [stdout] warning: 1 warning emitted
[INFO] [stdout] 
[INFO] [stdout] 
[INFO] [stdout] warning: use of deprecated method `amqprs::channel::BasicConsumeArguments::no_ack`: use the manual_ack builder method
[INFO] [stdout]    --> src/consumer.rs:137:18
[INFO] [stdout]     |
[INFO] [stdout] 137 |                 .no_ack(false)
[INFO] [stdout]     |                  ^^^^^^
[INFO] [stdout]     |
[INFO] [stdout]     = note: `#[warn(deprecated)]` on by default
[INFO] [stdout] 
[INFO] [stdout] 
[INFO] [stdout] warning: 1 warning emitted
[INFO] [stdout] 
[INFO] [stdout] 
[INFO] [stderr]     Finished test [unoptimized + debuginfo] target(s) in 0.39s
[INFO] running `Command { std: "docker" "inspect" "fb82e451bc60fb5f8862a9bd75c0326f0ca716d779ff1c99eac61bb31e24e9c2", kill_on_drop: false }`
[INFO] running `Command { std: "docker" "rm" "-f" "fb82e451bc60fb5f8862a9bd75c0326f0ca716d779ff1c99eac61bb31e24e9c2", kill_on_drop: false }`
[INFO] [stdout] fb82e451bc60fb5f8862a9bd75c0326f0ca716d779ff1c99eac61bb31e24e9c2
[INFO] running `Command { std: "docker" "create" "-v" "/var/lib/crater-agent-workspace/builds/worker-7-tc1/target:/opt/rustwide/target:rw,Z" "-v" "/var/lib/crater-agent-workspace/builds/worker-7-tc1/source:/opt/rustwide/workdir:ro,Z" "-v" "/var/lib/crater-agent-workspace/cargo-home:/opt/rustwide/cargo-home:ro,Z" "-v" "/var/lib/crater-agent-workspace/rustup-home:/opt/rustwide/rustup-home:ro,Z" "-e" "SOURCE_DIR=/opt/rustwide/workdir" "-e" "CARGO_TARGET_DIR=/opt/rustwide/target" "-e" "CARGO_INCREMENTAL=0" "-e" "RUST_BACKTRACE=full" "-e" "RUSTFLAGS=--cap-lints=warn" "-e" "RUSTDOCFLAGS=--cap-lints=warn" "-e" "CARGO_HOME=/opt/rustwide/cargo-home" "-e" "RUSTUP_HOME=/opt/rustwide/rustup-home" "-w" "/opt/rustwide/workdir" "-m" "1610612736" "--user" "0:0" "--network" "none" "ghcr.io/rust-lang/crates-build-env/linux@sha256:5ff2268d62e97bff2cde7d5815dd6ed5b47097566f13b8d0ca110b04b60e07ed" "/opt/rustwide/cargo-home/bin/cargo" "+1.69.0" "test" "--frozen", kill_on_drop: false }`
[INFO] [stdout] 2c859880c4bf700c569426b5bb480201b044829e42c7528e82c59fbb0e34a823
[INFO] running `Command { std: "docker" "start" "-a" "2c859880c4bf700c569426b5bb480201b044829e42c7528e82c59fbb0e34a823", kill_on_drop: false }`
[INFO] [stderr] warning: use of deprecated method `amqprs::channel::BasicConsumeArguments::no_ack`: use the manual_ack builder method
[INFO] [stderr]    --> src/consumer.rs:137:18
[INFO] [stderr]     |
[INFO] [stderr] 137 |                 .no_ack(false)
[INFO] [stderr]     |                  ^^^^^^
[INFO] [stderr]     |
[INFO] [stderr]     = note: `#[warn(deprecated)]` on by default
[INFO] [stderr] 
[INFO] [stderr] warning: `alicemq` (lib) generated 1 warning
[INFO] [stderr] warning: `alicemq` (lib test) generated 1 warning (1 duplicate)
[INFO] [stderr]     Finished test [unoptimized + debuginfo] target(s) in 0.04s
[INFO] [stderr]      Running unittests src/lib.rs (/opt/rustwide/target/debug/deps/alicemq-51bb905b1bb1508e)
[INFO] [stdout] 
[INFO] [stdout] running 0 tests
[INFO] [stdout] 
[INFO] [stdout] test result: ok. 0 passed; 0 failed; 0 ignored; 0 measured; 0 filtered out; finished in 0.00s
[INFO] [stdout] 
[INFO] [stderr]    Doc-tests alicemq
[INFO] [stdout] 
[INFO] [stdout] running 2 tests
[INFO] [stdout] test src/publisher.rs - publisher::Publisher (line 13) ... FAILED
[INFO] [stdout] test src/consumer.rs - consumer::Consumer (line 16) ... FAILED
[INFO] [stdout] 
[INFO] [stdout] failures:
[INFO] [stdout] 
[INFO] [stdout] ---- src/publisher.rs - publisher::Publisher (line 13) stdout ----
[INFO] [stdout] error[E0425]: cannot find value `data` in this scope
[INFO] [stdout]   --> src/publisher.rs:25:66
[INFO] [stdout]    |
[INFO] [stdout] 14 |         publisher.clone().send_message("test_event".to_string(), data.to_string()).await;
[INFO] [stdout]    |                                                                  ^^^^ not found in this scope
[INFO] [stdout] 
[INFO] [stdout] error: aborting due to previous error
[INFO] [stdout] 
[INFO] [stdout] For more information about this error, try `rustc --explain E0425`.
[INFO] [stdout] Couldn't compile the test.
[INFO] [stdout] ---- src/consumer.rs - consumer::Consumer (line 16) stdout ----
[INFO] [stdout] Test executable failed (exit status: 101).
[INFO] [stdout] 
[INFO] [stdout] stderr:
[INFO] [stdout] thread 'main' panicked at 'No host set.: NotPresent', src/connection_arguments.rs:16:50
[INFO] [stdout] stack backtrace:
[INFO] [stdout]    0:     0x558bd1f5da2a - std::backtrace_rs::backtrace::libunwind::trace::ha9053a9a07ca49cb
[INFO] [stdout]                                at /rustc/84c898d65adf2f39a5a98507f1fe0ce10a2b8dbc/library/std/src/../../backtrace/src/backtrace/libunwind.rs:93:5
[INFO] [stdout]    1:     0x558bd1f5da2a - std::backtrace_rs::backtrace::trace_unsynchronized::h9c2852a457ad564e
[INFO] [stdout]                                at /rustc/84c898d65adf2f39a5a98507f1fe0ce10a2b8dbc/library/std/src/../../backtrace/src/backtrace/mod.rs:66:5
[INFO] [stdout]    2:     0x558bd1f5da2a - std::sys_common::backtrace::_print_fmt::h457936fbfaa0070f
[INFO] [stdout]                                at /rustc/84c898d65adf2f39a5a98507f1fe0ce10a2b8dbc/library/std/src/sys_common/backtrace.rs:65:5
[INFO] [stdout]    3:     0x558bd1f5da2a - <std::sys_common::backtrace::_print::DisplayBacktrace as core::fmt::Display>::fmt::h5779d7bf7f70cb0c
[INFO] [stdout]                                at /rustc/84c898d65adf2f39a5a98507f1fe0ce10a2b8dbc/library/std/src/sys_common/backtrace.rs:44:22
[INFO] [stdout]    4:     0x558bd1f7fd8e - core::fmt::write::h5a4baaff1bcd3eb5
[INFO] [stdout]                                at /rustc/84c898d65adf2f39a5a98507f1fe0ce10a2b8dbc/library/core/src/fmt/mod.rs:1232:17
[INFO] [stdout]    5:     0x558bd1f5aee5 - std::io::Write::write_fmt::h4bc1f301cb9e9cce
[INFO] [stdout]                                at /rustc/84c898d65adf2f39a5a98507f1fe0ce10a2b8dbc/library/std/src/io/mod.rs:1684:15
[INFO] [stdout]    6:     0x558bd1f5d7f5 - std::sys_common::backtrace::_print::h5fcdc36060f177e8
[INFO] [stdout]                                at /rustc/84c898d65adf2f39a5a98507f1fe0ce10a2b8dbc/library/std/src/sys_common/backtrace.rs:47:5
[INFO] [stdout]    7:     0x558bd1f5d7f5 - std::sys_common::backtrace::print::h54ca9458b876c8bf
[INFO] [stdout]                                at /rustc/84c898d65adf2f39a5a98507f1fe0ce10a2b8dbc/library/std/src/sys_common/backtrace.rs:34:9
[INFO] [stdout]    8:     0x558bd1f5efaf - std::panicking::default_hook::{{closure}}::hbe471161c7664ed6
[INFO] [stdout]                                at /rustc/84c898d65adf2f39a5a98507f1fe0ce10a2b8dbc/library/std/src/panicking.rs:271:22
[INFO] [stdout]    9:     0x558bd1f5eceb - std::panicking::default_hook::ha3500da57aa4ac4f
[INFO] [stdout]                                at /rustc/84c898d65adf2f39a5a98507f1fe0ce10a2b8dbc/library/std/src/panicking.rs:290:9
[INFO] [stdout]   10:     0x558bd1f5f558 - std::panicking::rust_panic_with_hook::h50c09d000dc561d2
[INFO] [stdout]                                at /rustc/84c898d65adf2f39a5a98507f1fe0ce10a2b8dbc/library/std/src/panicking.rs:692:13
[INFO] [stdout]   11:     0x558bd1f5f459 - std::panicking::begin_panic_handler::{{closure}}::h9e2b2176e00e0d9c
[INFO] [stdout]                                at /rustc/84c898d65adf2f39a5a98507f1fe0ce10a2b8dbc/library/std/src/panicking.rs:583:13
[INFO] [stdout]   12:     0x558bd1f5de96 - std::sys_common::backtrace::__rust_end_short_backtrace::h5739b8e512c09d02
[INFO] [stdout]                                at /rustc/84c898d65adf2f39a5a98507f1fe0ce10a2b8dbc/library/std/src/sys_common/backtrace.rs:150:18
[INFO] [stdout]   13:     0x558bd1f5f162 - rust_begin_unwind
[INFO] [stdout]                                at /rustc/84c898d65adf2f39a5a98507f1fe0ce10a2b8dbc/library/std/src/panicking.rs:579:5
[INFO] [stdout]   14:     0x558bd1c61953 - core::panicking::panic_fmt::hf33a1475b4dc5c3e
[INFO] [stdout]                                at /rustc/84c898d65adf2f39a5a98507f1fe0ce10a2b8dbc/library/core/src/panicking.rs:64:14
[INFO] [stdout]   15:     0x558bd1c61e03 - core::result::unwrap_failed::hdff5465d74574b44
[INFO] [stdout]                                at /rustc/84c898d65adf2f39a5a98507f1fe0ce10a2b8dbc/library/core/src/result.rs:1750:5
[INFO] [stdout]   16:     0x558bd1cfad76 - core::result::Result<T,E>::expect::h6f9771c0b1f6bc7d
[INFO] [stdout]                                at /rustc/84c898d65adf2f39a5a98507f1fe0ce10a2b8dbc/library/core/src/result.rs:1047:23
[INFO] [stdout]   17:     0x558bd1cf8b73 - alicemq::connection_arguments::ConnectionArguments::load_from_env::h85f7bf5eb53380d5
[INFO] [stdout]                                at /opt/rustwide/workdir/src/connection_arguments.rs:16:28
[INFO] [stdout]   18:     0x558bd1cef1b2 - alicemq::consumer::ConsumerBuilder::connect::{{closure}}::h5aa659554d6a99aa
[INFO] [stdout]   19:     0x558bd1cf65e1 - rust_out::main::{{closure}}::h057c2f3730835a39
[INFO] [stdout]   20:     0x558bd1c915e9 - tokio::runtime::park::CachedParkThread::block_on::{{closure}}::h9799e9e9c3ab87b8
[INFO] [stdout]   21:     0x558bd1c91450 - tokio::runtime::park::CachedParkThread::block_on::hf4c479caafd82107
[INFO] [stdout]   22:     0x558bd1caf36c - tokio::runtime::context::BlockingRegionGuard::block_on::h8bded86035a59c6e
[INFO] [stdout]   23:     0x558bd1caf77a - tokio::runtime::scheduler::multi_thread::MultiThread::block_on::h759dba928b29ddaf
[INFO] [stdout]   24:     0x558bd1caf62a - tokio::runtime::runtime::Runtime::block_on::h50bce4fde07abea2
[INFO] [stdout]   25:     0x558bd1cf6297 - rust_out::main::h814e4485e8126bd3
[INFO] [stdout]   26:     0x558bd1c6e0b3 - core::ops::function::FnOnce::call_once::h418395fa84eb39c5
[INFO] [stdout]   27:     0x558bd1c661c9 - std::sys_common::backtrace::__rust_begin_short_backtrace::h5acf3b30b4430eb6
[INFO] [stdout]   28:     0x558bd1c662c9 - std::rt::lang_start::{{closure}}::h2e55cc04816b6fce
[INFO] [stdout]   29:     0x558bd1f5705c - core::ops::function::impls::<impl core::ops::function::FnOnce<A> for &F>::call_once::hd6efcd3bec896f2c
[INFO] [stdout]                                at /rustc/84c898d65adf2f39a5a98507f1fe0ce10a2b8dbc/library/core/src/ops/function.rs:287:13
[INFO] [stdout]   30:     0x558bd1f5705c - std::panicking::try::do_call::hce04e543bb1f4cbb
[INFO] [stdout]                                at /rustc/84c898d65adf2f39a5a98507f1fe0ce10a2b8dbc/library/std/src/panicking.rs:487:40
[INFO] [stdout]   31:     0x558bd1f5705c - std::panicking::try::h3342dd4e1f680968
[INFO] [stdout]                                at /rustc/84c898d65adf2f39a5a98507f1fe0ce10a2b8dbc/library/std/src/panicking.rs:451:19
[INFO] [stdout]   32:     0x558bd1f5705c - std::panic::catch_unwind::h148ce1e59ac0cee7
[INFO] [stdout]                                at /rustc/84c898d65adf2f39a5a98507f1fe0ce10a2b8dbc/library/std/src/panic.rs:140:14
[INFO] [stdout]   33:     0x558bd1f5705c - std::rt::lang_start_internal::{{closure}}::h25f9dda2057a67fe
[INFO] [stdout]                                at /rustc/84c898d65adf2f39a5a98507f1fe0ce10a2b8dbc/library/std/src/rt.rs:148:48
[INFO] [stdout]   34:     0x558bd1f5705c - std::panicking::try::do_call::h7caaaeaf9401650b
[INFO] [stdout]                                at /rustc/84c898d65adf2f39a5a98507f1fe0ce10a2b8dbc/library/std/src/panicking.rs:487:40
[INFO] [stdout]   35:     0x558bd1f5705c - std::panicking::try::he7d15285746cbbc2
[INFO] [stdout]                                at /rustc/84c898d65adf2f39a5a98507f1fe0ce10a2b8dbc/library/std/src/panicking.rs:451:19
[INFO] [stdout]   36:     0x558bd1f5705c - std::panic::catch_unwind::h89fb4f50c0301fe0
[INFO] [stdout]                                at /rustc/84c898d65adf2f39a5a98507f1fe0ce10a2b8dbc/library/std/src/panic.rs:140:14
[INFO] [stdout]   37:     0x558bd1f5705c - std::rt::lang_start_internal::h078acd489417d3c1
[INFO] [stdout]                                at /rustc/84c898d65adf2f39a5a98507f1fe0ce10a2b8dbc/library/std/src/rt.rs:148:20
[INFO] [stdout]   38:     0x558bd1c662a7 - std::rt::lang_start::h702943dc6c3d6703
[INFO] [stdout]   39:     0x558bd1cf6ae5 - main
[INFO] [stdout]   40:     0x7fbc3d57dd90 - <unknown>
[INFO] [stdout]   41:     0x7fbc3d57de40 - __libc_start_main
[INFO] [stdout]   42:     0x558bd1c61fe5 - _start
[INFO] [stdout]   43:                0x0 - <unknown>
[INFO] [stdout] 
[INFO] [stdout] 
[INFO] [stdout] 
[INFO] [stdout] failures:
[INFO] [stdout]     src/consumer.rs - consumer::Consumer (line 16)
[INFO] [stdout]     src/publisher.rs - publisher::Publisher (line 13)
[INFO] [stdout] 
[INFO] [stdout] test result: FAILED. 0 passed; 2 failed; 0 ignored; 0 measured; 0 filtered out; finished in 2.20s
[INFO] [stdout] 
[INFO] [stderr] error: doctest failed, to rerun pass `--doc`
[INFO] running `Command { std: "docker" "inspect" "2c859880c4bf700c569426b5bb480201b044829e42c7528e82c59fbb0e34a823", kill_on_drop: false }`
[INFO] running `Command { std: "docker" "rm" "-f" "2c859880c4bf700c569426b5bb480201b044829e42c7528e82c59fbb0e34a823", kill_on_drop: false }`
[INFO] [stdout] 2c859880c4bf700c569426b5bb480201b044829e42c7528e82c59fbb0e34a823
