[INFO] fetching crate aleph-bft 0.20.5...
[INFO] testing aleph-bft-0.20.5 against 1.69.0 for beta-1.70-1
[INFO] extracting crate aleph-bft 0.20.5 into /workspace/builds/worker-2-tc1/source
[INFO] validating manifest of crates.io crate aleph-bft 0.20.5 on toolchain 1.69.0
[INFO] running `Command { std: CARGO_HOME="/workspace/cargo-home" RUSTUP_HOME="/workspace/rustup-home" "/workspace/cargo-home/bin/cargo" "+1.69.0" "metadata" "--manifest-path" "Cargo.toml" "--no-deps", kill_on_drop: false }`
[INFO] started tweaking crates.io crate aleph-bft 0.20.5
[INFO] finished tweaking crates.io crate aleph-bft 0.20.5
[INFO] tweaked toml for crates.io crate aleph-bft 0.20.5 written to /workspace/builds/worker-2-tc1/source/Cargo.toml
[INFO] running `Command { std: CARGO_HOME="/workspace/cargo-home" RUSTUP_HOME="/workspace/rustup-home" __CARGO_TEST_CHANNEL_OVERRIDE_DO_NOT_USE_THIS="nightly" "/workspace/cargo-home/bin/cargo" "+1.69.0" "generate-lockfile" "--manifest-path" "Cargo.toml" "-Zno-index-update", kill_on_drop: false }`
[INFO] running `Command { std: CARGO_HOME="/workspace/cargo-home" RUSTUP_HOME="/workspace/rustup-home" "/workspace/cargo-home/bin/cargo" "+1.69.0" "fetch" "--manifest-path" "Cargo.toml", kill_on_drop: false }`
[INFO] [stderr]  Downloading crates ...
[INFO] [stderr]   Downloaded parity-scale-codec-derive v3.1.4
[INFO] [stderr]   Downloaded aleph-bft-types v0.8.1
[INFO] [stderr]   Downloaded futures-timer v3.0.2
[INFO] [stderr]   Downloaded aleph-bft-crypto v0.6.0
[INFO] [stderr]   Downloaded impl-trait-for-tuples v0.2.2
[INFO] [stderr]   Downloaded byte-slice-cast v1.2.2
[INFO] [stderr]   Downloaded serial_test_derive v0.8.0
[INFO] [stderr]   Downloaded parity-scale-codec v3.4.0
[INFO] [stderr]   Downloaded aleph-bft-rmc v0.6.1
[INFO] [stderr]   Downloaded serial_test v0.8.0
[INFO] [stderr]   Downloaded bit-vec v0.6.3
[INFO] running `Command { std: "docker" "create" "-v" "/var/lib/crater-agent-workspace/builds/worker-2-tc1/target:/opt/rustwide/target:rw,Z" "-v" "/var/lib/crater-agent-workspace/builds/worker-2-tc1/source:/opt/rustwide/workdir:ro,Z" "-v" "/var/lib/crater-agent-workspace/cargo-home:/opt/rustwide/cargo-home:ro,Z" "-v" "/var/lib/crater-agent-workspace/rustup-home:/opt/rustwide/rustup-home:ro,Z" "-e" "SOURCE_DIR=/opt/rustwide/workdir" "-e" "CARGO_TARGET_DIR=/opt/rustwide/target" "-e" "CARGO_HOME=/opt/rustwide/cargo-home" "-e" "RUSTUP_HOME=/opt/rustwide/rustup-home" "-w" "/opt/rustwide/workdir" "-m" "1610612736" "--user" "0:0" "--network" "none" "ghcr.io/rust-lang/crates-build-env/linux@sha256:5ff2268d62e97bff2cde7d5815dd6ed5b47097566f13b8d0ca110b04b60e07ed" "/opt/rustwide/cargo-home/bin/cargo" "+1.69.0" "metadata" "--no-deps" "--format-version=1", kill_on_drop: false }`
[INFO] [stdout] 0dc0344ff89e79f4cf6b79d464ef95fb15efb43c1cf768bc242627347ac40c96
[INFO] running `Command { std: "docker" "start" "-a" "0dc0344ff89e79f4cf6b79d464ef95fb15efb43c1cf768bc242627347ac40c96", kill_on_drop: false }`
[INFO] running `Command { std: "docker" "inspect" "0dc0344ff89e79f4cf6b79d464ef95fb15efb43c1cf768bc242627347ac40c96", kill_on_drop: false }`
[INFO] running `Command { std: "docker" "rm" "-f" "0dc0344ff89e79f4cf6b79d464ef95fb15efb43c1cf768bc242627347ac40c96", kill_on_drop: false }`
[INFO] [stdout] 0dc0344ff89e79f4cf6b79d464ef95fb15efb43c1cf768bc242627347ac40c96
[INFO] running `Command { std: "docker" "create" "-v" "/var/lib/crater-agent-workspace/builds/worker-2-tc1/target:/opt/rustwide/target:rw,Z" "-v" "/var/lib/crater-agent-workspace/builds/worker-2-tc1/source:/opt/rustwide/workdir:ro,Z" "-v" "/var/lib/crater-agent-workspace/cargo-home:/opt/rustwide/cargo-home:ro,Z" "-v" "/var/lib/crater-agent-workspace/rustup-home:/opt/rustwide/rustup-home:ro,Z" "-e" "SOURCE_DIR=/opt/rustwide/workdir" "-e" "CARGO_TARGET_DIR=/opt/rustwide/target" "-e" "CARGO_INCREMENTAL=0" "-e" "RUST_BACKTRACE=full" "-e" "RUSTFLAGS=--cap-lints=warn" "-e" "RUSTDOCFLAGS=--cap-lints=warn" "-e" "CARGO_HOME=/opt/rustwide/cargo-home" "-e" "RUSTUP_HOME=/opt/rustwide/rustup-home" "-w" "/opt/rustwide/workdir" "-m" "1610612736" "--user" "0:0" "--network" "none" "ghcr.io/rust-lang/crates-build-env/linux@sha256:5ff2268d62e97bff2cde7d5815dd6ed5b47097566f13b8d0ca110b04b60e07ed" "/opt/rustwide/cargo-home/bin/cargo" "+1.69.0" "build" "--frozen" "--message-format=json", kill_on_drop: false }`
[INFO] [stdout] 6bd1f2be2a30a2d9cd2f92849704f052b7fccb8925ede5e0b8e11c7bf6e7b819
[INFO] running `Command { std: "docker" "start" "-a" "6bd1f2be2a30a2d9cd2f92849704f052b7fccb8925ede5e0b8e11c7bf6e7b819", kill_on_drop: false }`
[INFO] [stderr]    Compiling syn v1.0.109
[INFO] [stderr]    Compiling hashbrown v0.12.3
[INFO] [stderr]    Compiling futures-core v0.3.28
[INFO] [stderr]    Compiling indexmap v1.9.3
[INFO] [stderr]    Compiling futures-task v0.3.28
[INFO] [stderr]    Compiling futures-channel v0.3.28
[INFO] [stderr]    Compiling syn v2.0.15
[INFO] [stderr]    Compiling toml_datetime v0.6.1
[INFO] [stderr]    Compiling winnow v0.4.4
[INFO] [stderr]    Compiling futures-util v0.3.28
[INFO] [stderr]    Compiling futures-sink v0.3.28
[INFO] [stderr]    Compiling once_cell v1.17.1
[INFO] [stderr]    Compiling async-trait v0.1.68
[INFO] [stderr]    Compiling futures-io v0.3.28
[INFO] [stderr]    Compiling convert_case v0.4.0
[INFO] [stderr]    Compiling byte-slice-cast v1.2.2
[INFO] [stderr]    Compiling arrayvec v0.7.2
[INFO] [stderr]    Compiling getrandom v0.2.9
[INFO] [stderr]    Compiling lock_api v0.4.9
[INFO] [stderr]    Compiling bit-vec v0.6.3
[INFO] [stderr]    Compiling parking_lot_core v0.9.7
[INFO] [stderr]    Compiling rand_core v0.6.4
[INFO] [stderr]    Compiling anyhow v1.0.71
[INFO] [stderr]    Compiling smallvec v1.10.0
[INFO] [stderr]    Compiling thiserror v1.0.40
[INFO] [stderr]    Compiling ppv-lite86 v0.2.17
[INFO] [stderr]    Compiling either v1.8.1
[INFO] [stderr]    Compiling futures-timer v3.0.2
[INFO] [stderr]    Compiling rand_chacha v0.3.1
[INFO] [stderr]    Compiling itertools v0.10.5
[INFO] [stderr]    Compiling parking_lot v0.12.1
[INFO] [stderr]    Compiling toml_edit v0.19.8
[INFO] [stderr]    Compiling rand v0.8.5
[INFO] [stderr]    Compiling futures-macro v0.3.28
[INFO] [stderr]    Compiling thiserror-impl v1.0.40
[INFO] [stderr]    Compiling proc-macro-crate v1.3.1
[INFO] [stderr]    Compiling impl-trait-for-tuples v0.2.2
[INFO] [stderr]    Compiling parity-scale-codec-derive v3.1.4
[INFO] [stderr]    Compiling derive_more v0.99.17
[INFO] [stderr]    Compiling derivative v2.2.0
[INFO] [stderr]    Compiling futures-executor v0.3.28
[INFO] [stderr]    Compiling futures v0.3.28
[INFO] [stderr]    Compiling parity-scale-codec v3.4.0
[INFO] [stderr]    Compiling aleph-bft-crypto v0.6.0
[INFO] [stderr]    Compiling aleph-bft-rmc v0.6.1
[INFO] [stderr]    Compiling aleph-bft-types v0.8.1
[INFO] [stderr]    Compiling aleph-bft v0.20.5 (/opt/rustwide/workdir)
[INFO] [stderr]     Finished dev [unoptimized + debuginfo] target(s) in 9.53s
[INFO] running `Command { std: "docker" "inspect" "6bd1f2be2a30a2d9cd2f92849704f052b7fccb8925ede5e0b8e11c7bf6e7b819", kill_on_drop: false }`
[INFO] running `Command { std: "docker" "rm" "-f" "6bd1f2be2a30a2d9cd2f92849704f052b7fccb8925ede5e0b8e11c7bf6e7b819", kill_on_drop: false }`
[INFO] [stdout] 6bd1f2be2a30a2d9cd2f92849704f052b7fccb8925ede5e0b8e11c7bf6e7b819
[INFO] running `Command { std: "docker" "create" "-v" "/var/lib/crater-agent-workspace/builds/worker-2-tc1/target:/opt/rustwide/target:rw,Z" "-v" "/var/lib/crater-agent-workspace/builds/worker-2-tc1/source:/opt/rustwide/workdir:ro,Z" "-v" "/var/lib/crater-agent-workspace/cargo-home:/opt/rustwide/cargo-home:ro,Z" "-v" "/var/lib/crater-agent-workspace/rustup-home:/opt/rustwide/rustup-home:ro,Z" "-e" "SOURCE_DIR=/opt/rustwide/workdir" "-e" "CARGO_TARGET_DIR=/opt/rustwide/target" "-e" "CARGO_INCREMENTAL=0" "-e" "RUST_BACKTRACE=full" "-e" "RUSTFLAGS=--cap-lints=warn" "-e" "RUSTDOCFLAGS=--cap-lints=warn" "-e" "CARGO_HOME=/opt/rustwide/cargo-home" "-e" "RUSTUP_HOME=/opt/rustwide/rustup-home" "-w" "/opt/rustwide/workdir" "-m" "1610612736" "--user" "0:0" "--network" "none" "ghcr.io/rust-lang/crates-build-env/linux@sha256:5ff2268d62e97bff2cde7d5815dd6ed5b47097566f13b8d0ca110b04b60e07ed" "/opt/rustwide/cargo-home/bin/cargo" "+1.69.0" "test" "--frozen" "--no-run" "--message-format=json", kill_on_drop: false }`
[INFO] [stdout] 48ee4a294f8f1cba2ea4679eb04b0a404b26b76a14b7083aee8201840fd27cba
[INFO] running `Command { std: "docker" "start" "-a" "48ee4a294f8f1cba2ea4679eb04b0a404b26b76a14b7083aee8201840fd27cba", kill_on_drop: false }`
[INFO] [stderr]    Compiling proc-macro-error-attr v1.0.4
[INFO] [stderr]    Compiling proc-macro-error v1.0.4
[INFO] [stderr]    Compiling rustversion v1.0.12
[INFO] [stderr]    Compiling aleph-bft-crypto v0.6.0
[INFO] [stderr]    Compiling aho-corasick v1.0.1
[INFO] [stderr]    Compiling tokio v1.28.0
[INFO] [stderr]    Compiling regex-syntax v0.7.1
[INFO] [stderr]    Compiling tokio-macros v2.1.0
[INFO] [stderr]    Compiling aleph-bft-rmc v0.6.1
[INFO] [stderr]    Compiling aleph-bft-types v0.8.1
[INFO] [stderr]    Compiling atty v0.2.14
[INFO] [stderr]    Compiling termcolor v1.2.0
[INFO] [stderr]    Compiling humantime v2.1.0
[INFO] [stderr]    Compiling aleph-bft v0.20.5 (/opt/rustwide/workdir)
[INFO] [stderr]    Compiling regex v1.8.1
[INFO] [stderr]    Compiling serial_test_derive v0.8.0
[INFO] [stderr]    Compiling serial_test v0.8.0
[INFO] [stderr]    Compiling env_logger v0.9.3
[INFO] [stdout] error[E0432]: unresolved import `aleph_bft_mock`
[INFO] [stdout]  --> src/units/testing.rs:9:5
[INFO] [stdout]   |
[INFO] [stdout] 9 | use aleph_bft_mock::{Data, Hasher64, Keychain, Signature};
[INFO] [stdout]   |     ^^^^^^^^^^^^^^ use of undeclared crate or module `aleph_bft_mock`
[INFO] [stdout]   |
[INFO] [stdout] help: there is a crate or module with a similar name
[INFO] [stdout]   |
[INFO] [stdout] 9 | use aleph_bft_rmc::{Data, Hasher64, Keychain, Signature};
[INFO] [stdout]   |     ~~~~~~~~~~~~~
[INFO] [stdout] 
[INFO] [stdout] 
[INFO] [stdout] error[E0432]: unresolved import `aleph_bft_mock`
[INFO] [stdout]   --> src/testing/mod.rs:15:5
[INFO] [stdout]    |
[INFO] [stdout] 15 | use aleph_bft_mock::{
[INFO] [stdout]    |     ^^^^^^^^^^^^^^ use of undeclared crate or module `aleph_bft_mock`
[INFO] [stdout]    |
[INFO] [stdout] help: there is a crate or module with a similar name
[INFO] [stdout]    |
[INFO] [stdout] 15 | use aleph_bft_rmc::{
[INFO] [stdout]    |     ~~~~~~~~~~~~~
[INFO] [stdout] 
[INFO] [stdout] 
[INFO] [stdout] error[E0432]: unresolved import `aleph_bft_mock`
[INFO] [stdout]    --> src/alerts/mod.rs:525:9
[INFO] [stdout]     |
[INFO] [stdout] 525 |     use aleph_bft_mock::{Data, Hasher64, Keychain, Signature};
[INFO] [stdout]     |         ^^^^^^^^^^^^^^ use of undeclared crate or module `aleph_bft_mock`
[INFO] [stdout]     |
[INFO] [stdout] help: there is a crate or module with a similar name
[INFO] [stdout]     |
[INFO] [stdout] 525 |     use aleph_bft_rmc::{Data, Hasher64, Keychain, Signature};
[INFO] [stdout]     |         ~~~~~~~~~~~~~
[INFO] [stdout] 
[INFO] [stdout] 
[INFO] [stdout] error[E0432]: unresolved import `aleph_bft_mock`
[INFO] [stdout]    --> src/creation/creator.rs:130:9
[INFO] [stdout]     |
[INFO] [stdout] 130 |     use aleph_bft_mock::Hasher64;
[INFO] [stdout]     |         ^^^^^^^^^^^^^^ use of undeclared crate or module `aleph_bft_mock`
[INFO] [stdout]     |
[INFO] [stdout] help: there is a crate or module with a similar name
[INFO] [stdout]     |
[INFO] [stdout] 130 |     use aleph_bft_rmc::Hasher64;
[INFO] [stdout]     |         ~~~~~~~~~~~~~
[INFO] [stdout] 
[INFO] [stdout] 
[INFO] [stdout] error[E0432]: unresolved import `aleph_bft_mock`
[INFO] [stdout]    --> src/extender.rs:325:9
[INFO] [stdout]     |
[INFO] [stdout] 325 |     use aleph_bft_mock::Hasher64;
[INFO] [stdout]     |         ^^^^^^^^^^^^^^ use of undeclared crate or module `aleph_bft_mock`
[INFO] [stdout]     |
[INFO] [stdout] help: there is a crate or module with a similar name
[INFO] [stdout]     |
[INFO] [stdout] 325 |     use aleph_bft_rmc::Hasher64;
[INFO] [stdout]     |         ~~~~~~~~~~~~~
[INFO] [stdout] 
[INFO] [stdout] 
[INFO] [stdout] error[E0432]: unresolved import `aleph_bft_mock`
[INFO] [stdout]    --> src/member.rs:702:9
[INFO] [stdout]     |
[INFO] [stdout] 702 |     use aleph_bft_mock::{Hasher64, Signature};
[INFO] [stdout]     |         ^^^^^^^^^^^^^^ use of undeclared crate or module `aleph_bft_mock`
[INFO] [stdout]     |
[INFO] [stdout] help: there is a crate or module with a similar name
[INFO] [stdout]     |
[INFO] [stdout] 702 |     use aleph_bft_rmc::{Hasher64, Signature};
[INFO] [stdout]     |         ~~~~~~~~~~~~~
[INFO] [stdout] 
[INFO] [stdout] 
[INFO] [stdout] error[E0432]: unresolved import `aleph_bft_mock`
[INFO] [stdout]    --> src/network.rs:171:9
[INFO] [stdout]     |
[INFO] [stdout] 171 |     use aleph_bft_mock::{Data, Hasher64, Keychain, PartialMultisignature, Signature};
[INFO] [stdout]     |         ^^^^^^^^^^^^^^ use of undeclared crate or module `aleph_bft_mock`
[INFO] [stdout]     |
[INFO] [stdout] help: there is a crate or module with a similar name
[INFO] [stdout]     |
[INFO] [stdout] 171 |     use aleph_bft_rmc::{Data, Hasher64, Keychain, PartialMultisignature, Signature};
[INFO] [stdout]     |         ~~~~~~~~~~~~~
[INFO] [stdout] 
[INFO] [stdout] 
[INFO] [stdout] error[E0432]: unresolved import `aleph_bft_mock`
[INFO] [stdout]    --> src/runway/backup.rs:222:9
[INFO] [stdout]     |
[INFO] [stdout] 222 |     use aleph_bft_mock::{Data, Hasher64, Keychain, Loader, Signature};
[INFO] [stdout]     |         ^^^^^^^^^^^^^^ use of undeclared crate or module `aleph_bft_mock`
[INFO] [stdout]     |
[INFO] [stdout] help: there is a crate or module with a similar name
[INFO] [stdout]     |
[INFO] [stdout] 222 |     use aleph_bft_rmc::{Data, Hasher64, Keychain, Loader, Signature};
[INFO] [stdout]     |         ~~~~~~~~~~~~~
[INFO] [stdout] 
[INFO] [stdout] 
[INFO] [stdout] error[E0432]: unresolved import `aleph_bft_mock`
[INFO] [stdout]    --> src/runway/collection.rs:328:9
[INFO] [stdout]     |
[INFO] [stdout] 328 |     use aleph_bft_mock::{Data, Hasher64, Keychain, Signature};
[INFO] [stdout]     |         ^^^^^^^^^^^^^^ use of undeclared crate or module `aleph_bft_mock`
[INFO] [stdout]     |
[INFO] [stdout] help: there is a crate or module with a similar name
[INFO] [stdout]     |
[INFO] [stdout] 328 |     use aleph_bft_rmc::{Data, Hasher64, Keychain, Signature};
[INFO] [stdout]     |         ~~~~~~~~~~~~~
[INFO] [stdout] 
[INFO] [stdout] 
[INFO] [stdout] error[E0432]: unresolved import `aleph_bft_mock`
[INFO] [stdout]    --> src/runway/packer.rs:105:9
[INFO] [stdout]     |
[INFO] [stdout] 105 |     use aleph_bft_mock::{Data, DataProvider, Hasher64, Keychain, StalledDataProvider};
[INFO] [stdout]     |         ^^^^^^^^^^^^^^ use of undeclared crate or module `aleph_bft_mock`
[INFO] [stdout]     |
[INFO] [stdout] help: there is a crate or module with a similar name
[INFO] [stdout]     |
[INFO] [stdout] 105 |     use aleph_bft_rmc::{Data, DataProvider, Hasher64, Keychain, StalledDataProvider};
[INFO] [stdout]     |         ~~~~~~~~~~~~~
[INFO] [stdout] 
[INFO] [stdout] 
[INFO] [stdout] error[E0432]: unresolved import `aleph_bft_mock`
[INFO] [stdout]    --> src/units/store.rs:208:9
[INFO] [stdout]     |
[INFO] [stdout] 208 |     use aleph_bft_mock::{Data, Hasher64, Keychain};
[INFO] [stdout]     |         ^^^^^^^^^^^^^^ use of undeclared crate or module `aleph_bft_mock`
[INFO] [stdout]     |
[INFO] [stdout] help: there is a crate or module with a similar name
[INFO] [stdout]     |
[INFO] [stdout] 208 |     use aleph_bft_rmc::{Data, Hasher64, Keychain};
[INFO] [stdout]     |         ~~~~~~~~~~~~~
[INFO] [stdout] 
[INFO] [stdout] 
[INFO] [stdout] error[E0432]: unresolved import `aleph_bft_mock`
[INFO] [stdout]    --> src/units/validator.rs:134:9
[INFO] [stdout]     |
[INFO] [stdout] 134 |     use aleph_bft_mock::{Hasher64, Keychain};
[INFO] [stdout]     |         ^^^^^^^^^^^^^^ use of undeclared crate or module `aleph_bft_mock`
[INFO] [stdout]     |
[INFO] [stdout] help: there is a crate or module with a similar name
[INFO] [stdout]     |
[INFO] [stdout] 134 |     use aleph_bft_rmc::{Hasher64, Keychain};
[INFO] [stdout]     |         ~~~~~~~~~~~~~
[INFO] [stdout] 
[INFO] [stdout] 
[INFO] [stdout] error[E0432]: unresolved import `aleph_bft_mock`
[INFO] [stdout]    --> src/units/mod.rs:232:9
[INFO] [stdout]     |
[INFO] [stdout] 232 |     use aleph_bft_mock::{Data, Hasher64};
[INFO] [stdout]     |         ^^^^^^^^^^^^^^ use of undeclared crate or module `aleph_bft_mock`
[INFO] [stdout]     |
[INFO] [stdout] help: there is a crate or module with a similar name
[INFO] [stdout]     |
[INFO] [stdout] 232 |     use aleph_bft_rmc::{Data, Hasher64};
[INFO] [stdout]     |         ~~~~~~~~~~~~~
[INFO] [stdout] 
[INFO] [stdout] 
[INFO] [stdout] error[E0432]: unresolved import `aleph_bft_mock`
[INFO] [stdout]  --> src/testing/alerts.rs:7:5
[INFO] [stdout]   |
[INFO] [stdout] 7 | use aleph_bft_mock::{Data, Hasher64, Keychain, PartialMultisignature, Signature};
[INFO] [stdout]   |     ^^^^^^^^^^^^^^ use of undeclared crate or module `aleph_bft_mock`
[INFO] [stdout]   |
[INFO] [stdout] help: there is a crate or module with a similar name
[INFO] [stdout]   |
[INFO] [stdout] 7 | use aleph_bft_rmc::{Data, Hasher64, Keychain, PartialMultisignature, Signature};
[INFO] [stdout]   |     ~~~~~~~~~~~~~
[INFO] [stdout] 
[INFO] [stdout] 
[INFO] [stdout] error[E0432]: unresolved import `aleph_bft_mock`
[INFO] [stdout]  --> src/testing/byzantine.rs:9:5
[INFO] [stdout]   |
[INFO] [stdout] 9 | use aleph_bft_mock::{Data, Hash64, Hasher64, Keychain, NetworkHook, Router, Spawner};
[INFO] [stdout]   |     ^^^^^^^^^^^^^^ use of undeclared crate or module `aleph_bft_mock`
[INFO] [stdout]   |
[INFO] [stdout] help: there is a crate or module with a similar name
[INFO] [stdout]   |
[INFO] [stdout] 9 | use aleph_bft_rmc::{Data, Hash64, Hasher64, Keychain, NetworkHook, Router, Spawner};
[INFO] [stdout]   |     ~~~~~~~~~~~~~
[INFO] [stdout] 
[INFO] [stdout] 
[INFO] [stdout] error[E0432]: unresolved import `aleph_bft_mock`
[INFO] [stdout]  --> src/testing/consensus.rs:8:5
[INFO] [stdout]   |
[INFO] [stdout] 8 | use aleph_bft_mock::{Hasher64, Spawner};
[INFO] [stdout]   |     ^^^^^^^^^^^^^^ use of undeclared crate or module `aleph_bft_mock`
[INFO] [stdout]   |
[INFO] [stdout] help: there is a crate or module with a similar name
[INFO] [stdout]   |
[INFO] [stdout] 8 | use aleph_bft_rmc::{Hasher64, Spawner};
[INFO] [stdout]   |     ~~~~~~~~~~~~~
[INFO] [stdout] 
[INFO] [stdout] 
[INFO] [stdout] error[E0432]: unresolved import `aleph_bft_mock`
[INFO] [stdout]  --> src/testing/crash.rs:5:5
[INFO] [stdout]   |
[INFO] [stdout] 5 | use aleph_bft_mock::{Router, Spawner};
[INFO] [stdout]   |     ^^^^^^^^^^^^^^ use of undeclared crate or module `aleph_bft_mock`
[INFO] [stdout]   |
[INFO] [stdout] help: there is a crate or module with a similar name
[INFO] [stdout]   |
[INFO] [stdout] 5 | use aleph_bft_rmc::{Router, Spawner};
[INFO] [stdout]   |     ~~~~~~~~~~~~~
[INFO] [stdout] 
[INFO] [stdout] 
[INFO] [stdout] error[E0432]: unresolved import `aleph_bft_mock`
[INFO] [stdout]  --> src/testing/crash_recovery.rs:6:5
[INFO] [stdout]   |
[INFO] [stdout] 6 | use aleph_bft_mock::{Data, Hasher64, Router, Signature, Spawner};
[INFO] [stdout]   |     ^^^^^^^^^^^^^^ use of undeclared crate or module `aleph_bft_mock`
[INFO] [stdout]   |
[INFO] [stdout] help: there is a crate or module with a similar name
[INFO] [stdout]   |
[INFO] [stdout] 6 | use aleph_bft_rmc::{Data, Hasher64, Router, Signature, Spawner};
[INFO] [stdout]   |     ~~~~~~~~~~~~~
[INFO] [stdout] 
[INFO] [stdout] 
[INFO] [stdout] error[E0432]: unresolved import `aleph_bft_mock`
[INFO] [stdout]  --> src/testing/creation.rs:8:5
[INFO] [stdout]   |
[INFO] [stdout] 8 | use aleph_bft_mock::{Data, Hasher64};
[INFO] [stdout]   |     ^^^^^^^^^^^^^^ use of undeclared crate or module `aleph_bft_mock`
[INFO] [stdout]   |
[INFO] [stdout] help: there is a crate or module with a similar name
[INFO] [stdout]   |
[INFO] [stdout] 8 | use aleph_bft_rmc::{Data, Hasher64};
[INFO] [stdout]   |     ~~~~~~~~~~~~~
[INFO] [stdout] 
[INFO] [stdout] 
[INFO] [stdout] error[E0432]: unresolved import `aleph_bft_mock`
[INFO] [stdout]  --> src/testing/dag.rs:8:5
[INFO] [stdout]   |
[INFO] [stdout] 8 | use aleph_bft_mock::{Hash64, Hasher64, Spawner};
[INFO] [stdout]   |     ^^^^^^^^^^^^^^ use of undeclared crate or module `aleph_bft_mock`
[INFO] [stdout]   |
[INFO] [stdout] help: there is a crate or module with a similar name
[INFO] [stdout]   |
[INFO] [stdout] 8 | use aleph_bft_rmc::{Hash64, Hasher64, Spawner};
[INFO] [stdout]   |     ~~~~~~~~~~~~~
[INFO] [stdout] 
[INFO] [stdout] 
[INFO] [stdout] error[E0432]: unresolved import `aleph_bft_mock`
[INFO] [stdout]  --> src/testing/unreliable.rs:7:5
[INFO] [stdout]   |
[INFO] [stdout] 7 | use aleph_bft_mock::{BadSigning, Keychain, NetworkHook, Router, Spawner};
[INFO] [stdout]   |     ^^^^^^^^^^^^^^ use of undeclared crate or module `aleph_bft_mock`
[INFO] [stdout]   |
[INFO] [stdout] help: there is a crate or module with a similar name
[INFO] [stdout]   |
[INFO] [stdout] 7 | use aleph_bft_rmc::{BadSigning, Keychain, NetworkHook, Router, Spawner};
[INFO] [stdout]   |     ~~~~~~~~~~~~~
[INFO] [stdout] 
[INFO] [stdout] 
[INFO] [stdout] warning: unused import: `Hasher`
[INFO] [stdout]    --> src/network.rs:169:9
[INFO] [stdout]     |
[INFO] [stdout] 169 |         Hasher, NodeIndex, NodeSubset, Round, Signed,
[INFO] [stdout]     |         ^^^^^^
[INFO] [stdout]     |
[INFO] [stdout]     = note: `#[warn(unused_imports)]` on by default
[INFO] [stdout] 
[INFO] [stdout] 
[INFO] [stdout] error: aborting due to 21 previous errors; 1 warning emitted
[INFO] [stdout] 
[INFO] [stdout] 
[INFO] [stdout] For more information about this error, try `rustc --explain E0432`.
[INFO] [stdout] 
[INFO] [stderr] error: could not compile `aleph-bft` due to 22 previous errors; 1 warning emitted
[INFO] running `Command { std: "docker" "inspect" "48ee4a294f8f1cba2ea4679eb04b0a404b26b76a14b7083aee8201840fd27cba", kill_on_drop: false }`
[INFO] running `Command { std: "docker" "rm" "-f" "48ee4a294f8f1cba2ea4679eb04b0a404b26b76a14b7083aee8201840fd27cba", kill_on_drop: false }`
[INFO] [stdout] 48ee4a294f8f1cba2ea4679eb04b0a404b26b76a14b7083aee8201840fd27cba
