[INFO] fetching crate akkorokamui 0.5.0...
[INFO] testing akkorokamui-0.5.0 against 1.69.0 for beta-1.70-1
[INFO] extracting crate akkorokamui 0.5.0 into /workspace/builds/worker-4-tc1/source
[INFO] validating manifest of crates.io crate akkorokamui 0.5.0 on toolchain 1.69.0
[INFO] running `Command { std: CARGO_HOME="/workspace/cargo-home" RUSTUP_HOME="/workspace/rustup-home" "/workspace/cargo-home/bin/cargo" "+1.69.0" "metadata" "--manifest-path" "Cargo.toml" "--no-deps", kill_on_drop: false }`
[INFO] started tweaking crates.io crate akkorokamui 0.5.0
[INFO] finished tweaking crates.io crate akkorokamui 0.5.0
[INFO] tweaked toml for crates.io crate akkorokamui 0.5.0 written to /workspace/builds/worker-4-tc1/source/Cargo.toml
[INFO] running `Command { std: CARGO_HOME="/workspace/cargo-home" RUSTUP_HOME="/workspace/rustup-home" __CARGO_TEST_CHANNEL_OVERRIDE_DO_NOT_USE_THIS="nightly" "/workspace/cargo-home/bin/cargo" "+1.69.0" "generate-lockfile" "--manifest-path" "Cargo.toml" "-Zno-index-update", kill_on_drop: false }`
[INFO] running `Command { std: CARGO_HOME="/workspace/cargo-home" RUSTUP_HOME="/workspace/rustup-home" "/workspace/cargo-home/bin/cargo" "+1.69.0" "fetch" "--manifest-path" "Cargo.toml", kill_on_drop: false }`
[INFO] [stderr]  Downloading crates ...
[INFO] [stderr]   Downloaded sha2 v0.9.9
[INFO] [stderr]   Downloaded block-buffer v0.9.0
[INFO] [stderr]   Downloaded serde_json v1.0.96
[INFO] [stderr]   Downloaded untrusted v0.7.1
[INFO] [stderr]   Downloaded webpki v0.22.0
[INFO] [stderr]   Downloaded rustls-pemfile v1.0.2
[INFO] [stderr]   Downloaded hyper-rustls v0.23.2
[INFO] [stderr]   Downloaded hmac v0.11.0
[INFO] [stderr]   Downloaded reqwest v0.11.17
[INFO] [stderr]   Downloaded sct v0.7.0
[INFO] [stderr]   Downloaded crypto-mac v0.11.1
[INFO] [stderr]   Downloaded digest v0.9.0
[INFO] [stderr]   Downloaded tokio-rustls v0.23.4
[INFO] [stderr]   Downloaded rustls v0.20.8
[INFO] [stderr]   Downloaded bumpalo v3.12.1
[INFO] [stderr]   Downloaded webpki-roots v0.22.6
[INFO] [stderr]   Downloaded cpufeatures v0.2.7
[INFO] [stderr]   Downloaded tokio-macros v2.1.0
[INFO] [stderr]   Downloaded uuid v0.8.2
[INFO] [stderr]   Downloaded h2 v0.3.18
[INFO] [stderr]   Downloaded tokio-util v0.7.8
[INFO] [stderr]   Downloaded hyper v0.14.26
[INFO] [stderr]   Downloaded ring v0.16.20
[INFO] [stderr]   Downloaded tokio v1.28.0
[INFO] running `Command { std: "docker" "create" "-v" "/var/lib/crater-agent-workspace/builds/worker-4-tc1/target:/opt/rustwide/target:rw,Z" "-v" "/var/lib/crater-agent-workspace/builds/worker-4-tc1/source:/opt/rustwide/workdir:ro,Z" "-v" "/var/lib/crater-agent-workspace/cargo-home:/opt/rustwide/cargo-home:ro,Z" "-v" "/var/lib/crater-agent-workspace/rustup-home:/opt/rustwide/rustup-home:ro,Z" "-e" "SOURCE_DIR=/opt/rustwide/workdir" "-e" "CARGO_TARGET_DIR=/opt/rustwide/target" "-e" "CARGO_HOME=/opt/rustwide/cargo-home" "-e" "RUSTUP_HOME=/opt/rustwide/rustup-home" "-w" "/opt/rustwide/workdir" "-m" "1610612736" "--user" "0:0" "--network" "none" "ghcr.io/rust-lang/crates-build-env/linux@sha256:5ff2268d62e97bff2cde7d5815dd6ed5b47097566f13b8d0ca110b04b60e07ed" "/opt/rustwide/cargo-home/bin/cargo" "+1.69.0" "metadata" "--no-deps" "--format-version=1", kill_on_drop: false }`
[INFO] [stdout] 04ea5492770417d5ad1e3518180e503a29b08ea4ba4e392b4332f5dbcd69cdac
[INFO] running `Command { std: "docker" "start" "-a" "04ea5492770417d5ad1e3518180e503a29b08ea4ba4e392b4332f5dbcd69cdac", kill_on_drop: false }`
[INFO] running `Command { std: "docker" "inspect" "04ea5492770417d5ad1e3518180e503a29b08ea4ba4e392b4332f5dbcd69cdac", kill_on_drop: false }`
[INFO] running `Command { std: "docker" "rm" "-f" "04ea5492770417d5ad1e3518180e503a29b08ea4ba4e392b4332f5dbcd69cdac", kill_on_drop: false }`
[INFO] [stdout] 04ea5492770417d5ad1e3518180e503a29b08ea4ba4e392b4332f5dbcd69cdac
[INFO] running `Command { std: "docker" "create" "-v" "/var/lib/crater-agent-workspace/builds/worker-4-tc1/target:/opt/rustwide/target:rw,Z" "-v" "/var/lib/crater-agent-workspace/builds/worker-4-tc1/source:/opt/rustwide/workdir:ro,Z" "-v" "/var/lib/crater-agent-workspace/cargo-home:/opt/rustwide/cargo-home:ro,Z" "-v" "/var/lib/crater-agent-workspace/rustup-home:/opt/rustwide/rustup-home:ro,Z" "-e" "SOURCE_DIR=/opt/rustwide/workdir" "-e" "CARGO_TARGET_DIR=/opt/rustwide/target" "-e" "CARGO_INCREMENTAL=0" "-e" "RUST_BACKTRACE=full" "-e" "RUSTFLAGS=--cap-lints=warn" "-e" "RUSTDOCFLAGS=--cap-lints=warn" "-e" "CARGO_HOME=/opt/rustwide/cargo-home" "-e" "RUSTUP_HOME=/opt/rustwide/rustup-home" "-w" "/opt/rustwide/workdir" "-m" "1610612736" "--user" "0:0" "--network" "none" "ghcr.io/rust-lang/crates-build-env/linux@sha256:5ff2268d62e97bff2cde7d5815dd6ed5b47097566f13b8d0ca110b04b60e07ed" "/opt/rustwide/cargo-home/bin/cargo" "+1.69.0" "build" "--frozen" "--message-format=json", kill_on_drop: false }`
[INFO] [stdout] 37db50b6fd75c46ad8e078804fd5509515e38f9faf313ea143bb57f452cb6cb5
[INFO] running `Command { std: "docker" "start" "-a" "37db50b6fd75c46ad8e078804fd5509515e38f9faf313ea143bb57f452cb6cb5", kill_on_drop: false }`
[INFO] [stderr]    Compiling once_cell v1.17.1
[INFO] [stderr]    Compiling log v0.4.17
[INFO] [stderr]    Compiling cc v1.0.79
[INFO] [stderr]    Compiling pin-project-lite v0.2.9
[INFO] [stderr]    Compiling futures-core v0.3.28
[INFO] [stderr]    Compiling bytes v1.4.0
[INFO] [stderr]    Compiling version_check v0.9.4
[INFO] [stderr]    Compiling typenum v1.16.0
[INFO] [stderr]    Compiling itoa v1.0.6
[INFO] [stderr]    Compiling untrusted v0.7.1
[INFO] [stderr]    Compiling tokio v1.28.0
[INFO] [stderr]    Compiling spin v0.5.2
[INFO] [stderr]    Compiling slab v0.4.8
[INFO] [stderr]    Compiling memchr v2.5.0
[INFO] [stderr]    Compiling syn v2.0.15
[INFO] [stderr]    Compiling socket2 v0.4.9
[INFO] [stderr]    Compiling futures-task v0.3.28
[INFO] [stderr]    Compiling tracing-core v0.1.30
[INFO] [stderr]    Compiling indexmap v1.9.3
[INFO] [stderr]    Compiling fnv v1.0.7
[INFO] [stderr]    Compiling futures-util v0.3.28
[INFO] [stderr]    Compiling futures-channel v0.3.28
[INFO] [stderr]    Compiling generic-array v0.14.7
[INFO] [stderr]    Compiling http v0.2.9
[INFO] [stderr]    Compiling mio v0.8.6
[INFO] [stderr]    Compiling hashbrown v0.12.3
[INFO] [stderr]    Compiling tracing v0.1.37
[INFO] [stderr]    Compiling tinyvec_macros v0.1.1
[INFO] [stderr]    Compiling futures-sink v0.3.28
[INFO] [stderr]    Compiling httparse v1.8.0
[INFO] [stderr]    Compiling rustls v0.20.8
[INFO] [stderr]    Compiling pin-utils v0.1.0
[INFO] [stderr]    Compiling futures-io v0.3.28
[INFO] [stderr]    Compiling serde v1.0.160
[INFO] [stderr]    Compiling tinyvec v1.6.0
[INFO] [stderr]    Compiling percent-encoding v2.2.0
[INFO] [stderr]    Compiling try-lock v0.2.4
[INFO] [stderr]    Compiling want v0.3.0
[INFO] [stderr]    Compiling http-body v0.4.5
[INFO] [stderr]    Compiling form_urlencoded v1.1.0
[INFO] [stderr]    Compiling httpdate v1.0.2
[INFO] [stderr]    Compiling unicode-bidi v0.3.13
[INFO] [stderr]    Compiling ring v0.16.20
[INFO] [stderr]    Compiling ryu v1.0.13
[INFO] [stderr]    Compiling serde_json v1.0.96
[INFO] [stderr]    Compiling tower-service v0.3.2
[INFO] [stderr]    Compiling base64 v0.21.0
[INFO] [stderr]    Compiling subtle v2.4.1
[INFO] [stderr]    Compiling thiserror v1.0.40
[INFO] [stderr]    Compiling encoding_rs v0.8.32
[INFO] [stderr]    Compiling cpufeatures v0.2.7
[INFO] [stderr]    Compiling mime v0.3.17
[INFO] [stderr]    Compiling ipnet v2.7.2
[INFO] [stderr]    Compiling opaque-debug v0.3.0
[INFO] [stderr]    Compiling base64 v0.13.1
[INFO] [stderr]    Compiling unicode-normalization v0.1.22
[INFO] [stderr]    Compiling rustls-pemfile v1.0.2
[INFO] [stderr]    Compiling digest v0.9.0
[INFO] [stderr]    Compiling block-buffer v0.9.0
[INFO] [stderr]    Compiling crypto-mac v0.11.1
[INFO] [stderr]    Compiling sha2 v0.9.9
[INFO] [stderr]    Compiling hmac v0.11.0
[INFO] [stderr]    Compiling idna v0.3.0
[INFO] [stderr]    Compiling url v2.3.1
[INFO] [stderr]    Compiling tokio-macros v2.1.0
[INFO] [stderr]    Compiling serde_derive v1.0.160
[INFO] [stderr]    Compiling thiserror-impl v1.0.40
[INFO] [stderr]    Compiling webpki v0.22.0
[INFO] [stderr]    Compiling sct v0.7.0
[INFO] [stderr]    Compiling webpki-roots v0.22.6
[INFO] [stderr]    Compiling tokio-util v0.7.8
[INFO] [stderr]    Compiling tokio-rustls v0.23.4
[INFO] [stderr]    Compiling h2 v0.3.18
[INFO] [stderr]    Compiling serde_urlencoded v0.7.1
[INFO] [stderr]    Compiling hyper v0.14.26
[INFO] [stderr]    Compiling hyper-rustls v0.23.2
[INFO] [stderr]    Compiling reqwest v0.11.17
[INFO] [stderr]    Compiling akkorokamui v0.5.0 (/opt/rustwide/workdir)
[INFO] [stderr]     Finished dev [unoptimized + debuginfo] target(s) in 20.23s
[INFO] running `Command { std: "docker" "inspect" "37db50b6fd75c46ad8e078804fd5509515e38f9faf313ea143bb57f452cb6cb5", kill_on_drop: false }`
[INFO] running `Command { std: "docker" "rm" "-f" "37db50b6fd75c46ad8e078804fd5509515e38f9faf313ea143bb57f452cb6cb5", kill_on_drop: false }`
[INFO] [stdout] 37db50b6fd75c46ad8e078804fd5509515e38f9faf313ea143bb57f452cb6cb5
[INFO] running `Command { std: "docker" "create" "-v" "/var/lib/crater-agent-workspace/builds/worker-4-tc1/target:/opt/rustwide/target:rw,Z" "-v" "/var/lib/crater-agent-workspace/builds/worker-4-tc1/source:/opt/rustwide/workdir:ro,Z" "-v" "/var/lib/crater-agent-workspace/cargo-home:/opt/rustwide/cargo-home:ro,Z" "-v" "/var/lib/crater-agent-workspace/rustup-home:/opt/rustwide/rustup-home:ro,Z" "-e" "SOURCE_DIR=/opt/rustwide/workdir" "-e" "CARGO_TARGET_DIR=/opt/rustwide/target" "-e" "CARGO_INCREMENTAL=0" "-e" "RUST_BACKTRACE=full" "-e" "RUSTFLAGS=--cap-lints=warn" "-e" "RUSTDOCFLAGS=--cap-lints=warn" "-e" "CARGO_HOME=/opt/rustwide/cargo-home" "-e" "RUSTUP_HOME=/opt/rustwide/rustup-home" "-w" "/opt/rustwide/workdir" "-m" "1610612736" "--user" "0:0" "--network" "none" "ghcr.io/rust-lang/crates-build-env/linux@sha256:5ff2268d62e97bff2cde7d5815dd6ed5b47097566f13b8d0ca110b04b60e07ed" "/opt/rustwide/cargo-home/bin/cargo" "+1.69.0" "test" "--frozen" "--no-run" "--message-format=json", kill_on_drop: false }`
[INFO] [stdout] f733177a3f07c6ecc4f92b7bfdfe6e340b4d019312e9bed22b86eb48fc8c564a
[INFO] running `Command { std: "docker" "start" "-a" "f733177a3f07c6ecc4f92b7bfdfe6e340b4d019312e9bed22b86eb48fc8c564a", kill_on_drop: false }`
[INFO] [stderr]    Compiling anyhow v1.0.71
[INFO] [stderr]    Compiling getrandom v0.2.9
[INFO] [stderr]    Compiling uuid v0.8.2
[INFO] [stderr]    Compiling akkorokamui v0.5.0 (/opt/rustwide/workdir)
[INFO] [stderr]     Finished test [unoptimized + debuginfo] target(s) in 4.38s
[INFO] running `Command { std: "docker" "inspect" "f733177a3f07c6ecc4f92b7bfdfe6e340b4d019312e9bed22b86eb48fc8c564a", kill_on_drop: false }`
[INFO] running `Command { std: "docker" "rm" "-f" "f733177a3f07c6ecc4f92b7bfdfe6e340b4d019312e9bed22b86eb48fc8c564a", kill_on_drop: false }`
[INFO] [stdout] f733177a3f07c6ecc4f92b7bfdfe6e340b4d019312e9bed22b86eb48fc8c564a
[INFO] running `Command { std: "docker" "create" "-v" "/var/lib/crater-agent-workspace/builds/worker-4-tc1/target:/opt/rustwide/target:rw,Z" "-v" "/var/lib/crater-agent-workspace/builds/worker-4-tc1/source:/opt/rustwide/workdir:ro,Z" "-v" "/var/lib/crater-agent-workspace/cargo-home:/opt/rustwide/cargo-home:ro,Z" "-v" "/var/lib/crater-agent-workspace/rustup-home:/opt/rustwide/rustup-home:ro,Z" "-e" "SOURCE_DIR=/opt/rustwide/workdir" "-e" "CARGO_TARGET_DIR=/opt/rustwide/target" "-e" "CARGO_INCREMENTAL=0" "-e" "RUST_BACKTRACE=full" "-e" "RUSTFLAGS=--cap-lints=warn" "-e" "RUSTDOCFLAGS=--cap-lints=warn" "-e" "CARGO_HOME=/opt/rustwide/cargo-home" "-e" "RUSTUP_HOME=/opt/rustwide/rustup-home" "-w" "/opt/rustwide/workdir" "-m" "1610612736" "--user" "0:0" "--network" "none" "ghcr.io/rust-lang/crates-build-env/linux@sha256:5ff2268d62e97bff2cde7d5815dd6ed5b47097566f13b8d0ca110b04b60e07ed" "/opt/rustwide/cargo-home/bin/cargo" "+1.69.0" "test" "--frozen", kill_on_drop: false }`
[INFO] [stdout] efe4314cd53d89546433c2970596f3131cd8a7eed901a5020fb72479ea6c8117
[INFO] running `Command { std: "docker" "start" "-a" "efe4314cd53d89546433c2970596f3131cd8a7eed901a5020fb72479ea6c8117", kill_on_drop: false }`
[INFO] [stderr]     Finished test [unoptimized + debuginfo] target(s) in 0.09s
[INFO] [stderr]      Running unittests src/lib.rs (/opt/rustwide/target/debug/deps/akkorokamui-7389b9d895b81593)
[INFO] [stdout] 
[INFO] [stdout] running 15 tests
[INFO] [stdout] test assets::tests::asset_deserialize ... ok
[INFO] [stdout] test auth::tests::read_keys ... ok
[INFO] [stdout] test client::r#async::tests::client_builder ... ok
[INFO] [stdout] test client::builder::tests::client_builder_with_credentials ... ok
[INFO] [stdout] test client::blocking::tests::client_builder ... ok
[INFO] [stdout] test tests::system_status ... FAILED
[INFO] [stdout] test assets::tests::asset_pairs ... FAILED
[INFO] [stdout] test tests::spread ... FAILED
[INFO] [stdout] test tests::assets_info ... FAILED
[INFO] [stdout] test tests::asset_pairs ... FAILED
[INFO] [stdout] test tests::trades ... FAILED
[INFO] [stdout] test tests::server_time ... FAILED
[INFO] [stdout] test tests::ohlc ... FAILED
[INFO] [stdout] test tests::depth ... FAILED
[INFO] [stdout] test tests::ticker_info ... FAILED
[INFO] [stdout] 
[INFO] [stdout] failures:
[INFO] [stdout] 
[INFO] [stdout] ---- tests::system_status stdout ----
[INFO] [stdout] https://api.kraken.com/0/public/SystemStatus
[INFO] [stdout] Error: request failed: error sending request for url (https://api.kraken.com/0/public/SystemStatus): error trying to connect: dns error: failed to lookup address information: Temporary failure in name resolution
[INFO] [stdout] 
[INFO] [stdout] ---- assets::tests::asset_pairs stdout ----
[INFO] [stdout] Error: request failed: error sending request for url (https://api.kraken.com/0/public/AssetPairs): error trying to connect: dns error: failed to lookup address information: Temporary failure in name resolution
[INFO] [stdout] 
[INFO] [stdout] ---- tests::spread stdout ----
[INFO] [stdout] https://api.kraken.com/0/public/Spread?pair=XXBTZUSD
[INFO] [stdout] Error: request failed: error sending request for url (https://api.kraken.com/0/public/Spread?pair=XXBTZUSD): error trying to connect: dns error: failed to lookup address information: Temporary failure in name resolution
[INFO] [stdout] 
[INFO] [stdout] ---- tests::assets_info stdout ----
[INFO] [stdout] https://api.kraken.com/0/public/Assets?asset=XXBT,ZEUR,XETH
[INFO] [stdout] Error: request failed: error sending request for url (https://api.kraken.com/0/public/Assets?asset=XXBT,ZEUR,XETH): error trying to connect: dns error: failed to lookup address information: Temporary failure in name resolution
[INFO] [stdout] 
[INFO] [stdout] ---- tests::asset_pairs stdout ----
[INFO] [stdout] https://api.kraken.com/0/public/AssetPairs?pair=XXBTZEUR
[INFO] [stdout] Error: request failed: error sending request for url (https://api.kraken.com/0/public/AssetPairs?pair=XXBTZEUR): error trying to connect: dns error: failed to lookup address information: Temporary failure in name resolution
[INFO] [stdout] 
[INFO] [stdout] ---- tests::trades stdout ----
[INFO] [stdout] https://api.kraken.com/0/public/Trades?pair=XXBTZUSD
[INFO] [stdout] Error: request failed: error sending request for url (https://api.kraken.com/0/public/Trades?pair=XXBTZUSD): error trying to connect: dns error: failed to lookup address information: Temporary failure in name resolution
[INFO] [stdout] 
[INFO] [stdout] ---- tests::server_time stdout ----
[INFO] [stdout] https://api.kraken.com/0/public/Time
[INFO] [stdout] Error: request failed: error sending request for url (https://api.kraken.com/0/public/Time): error trying to connect: dns error: failed to lookup address information: Temporary failure in name resolution
[INFO] [stdout] 
[INFO] [stdout] ---- tests::ohlc stdout ----
[INFO] [stdout] https://api.kraken.com/0/public/OHLC?pair=XXBTZGBP
[INFO] [stdout] Error: request failed: error sending request for url (https://api.kraken.com/0/public/OHLC?pair=XXBTZGBP): error trying to connect: dns error: failed to lookup address information: Temporary failure in name resolution
[INFO] [stdout] 
[INFO] [stdout] ---- tests::depth stdout ----
[INFO] [stdout] https://api.kraken.com/0/public/Depth?count=2&pair=XXBTZGBP
[INFO] [stdout] Error: request failed: error sending request for url (https://api.kraken.com/0/public/Depth?count=2&pair=XXBTZGBP): error trying to connect: dns error: failed to lookup address information: Temporary failure in name resolution
[INFO] [stdout] 
[INFO] [stdout] ---- tests::ticker_info stdout ----
[INFO] [stdout] https://api.kraken.com/0/public/Ticker?pair=XXBTZEUR
[INFO] [stdout] Error: request failed: error sending request for url (https://api.kraken.com/0/public/Ticker?pair=XXBTZEUR): error trying to connect: dns error: failed to lookup address information: Temporary failure in name resolution
[INFO] [stdout] 
[INFO] [stdout] 
[INFO] [stdout] failures:
[INFO] [stdout]     assets::tests::asset_pairs
[INFO] [stdout]     tests::asset_pairs
[INFO] [stdout]     tests::assets_info
[INFO] [stdout]     tests::depth
[INFO] [stdout]     tests::ohlc
[INFO] [stdout]     tests::server_time
[INFO] [stdout]     tests::spread
[INFO] [stdout]     tests::system_status
[INFO] [stdout]     tests::ticker_info
[INFO] [stdout]     tests::trades
[INFO] [stdout] 
[INFO] [stdout] test result: FAILED. 5 passed; 10 failed; 0 ignored; 0 measured; 0 filtered out; finished in 0.01s
[INFO] [stdout] 
[INFO] [stderr] error: test failed, to rerun pass `--lib`
[INFO] running `Command { std: "docker" "inspect" "efe4314cd53d89546433c2970596f3131cd8a7eed901a5020fb72479ea6c8117", kill_on_drop: false }`
[INFO] running `Command { std: "docker" "rm" "-f" "efe4314cd53d89546433c2970596f3131cd8a7eed901a5020fb72479ea6c8117", kill_on_drop: false }`
[INFO] [stdout] efe4314cd53d89546433c2970596f3131cd8a7eed901a5020fb72479ea6c8117
