[INFO] fetching crate aflak_imgui_file_explorer 0.0.1...
[INFO] testing aflak_imgui_file_explorer-0.0.1 against 1.69.0 for beta-1.70-1
[INFO] extracting crate aflak_imgui_file_explorer 0.0.1 into /workspace/builds/worker-3-tc1/source
[INFO] validating manifest of crates.io crate aflak_imgui_file_explorer 0.0.1 on toolchain 1.69.0
[INFO] running `Command { std: CARGO_HOME="/workspace/cargo-home" RUSTUP_HOME="/workspace/rustup-home" "/workspace/cargo-home/bin/cargo" "+1.69.0" "metadata" "--manifest-path" "Cargo.toml" "--no-deps", kill_on_drop: false }`
[INFO] started tweaking crates.io crate aflak_imgui_file_explorer 0.0.1
[INFO] finished tweaking crates.io crate aflak_imgui_file_explorer 0.0.1
[INFO] tweaked toml for crates.io crate aflak_imgui_file_explorer 0.0.1 written to /workspace/builds/worker-3-tc1/source/Cargo.toml
[INFO] running `Command { std: CARGO_HOME="/workspace/cargo-home" RUSTUP_HOME="/workspace/rustup-home" __CARGO_TEST_CHANNEL_OVERRIDE_DO_NOT_USE_THIS="nightly" "/workspace/cargo-home/bin/cargo" "+1.69.0" "generate-lockfile" "--manifest-path" "Cargo.toml" "-Zno-index-update", kill_on_drop: false }`
[INFO] running `Command { std: CARGO_HOME="/workspace/cargo-home" RUSTUP_HOME="/workspace/rustup-home" "/workspace/cargo-home/bin/cargo" "+1.69.0" "fetch" "--manifest-path" "Cargo.toml", kill_on_drop: false }`
[INFO] [stderr]  Downloading crates ...
[INFO] [stderr]   Downloaded osmesa-sys v0.1.2
[INFO] [stderr]   Downloaded log v0.3.9
[INFO] [stderr]   Downloaded shared_library v0.1.9
[INFO] [stderr]   Downloaded aflak_imgui-glium-renderer v0.18.1
[INFO] [stderr]   Downloaded android_glue v0.2.3
[INFO] [stderr]   Downloaded gleam v0.6.19
[INFO] [stderr]   Downloaded cgl v0.2.3
[INFO] [stderr]   Downloaded core-foundation-sys v0.5.1
[INFO] [stderr]   Downloaded gl_generator v0.13.1
[INFO] [stderr]   Downloaded memmap v0.6.2
[INFO] [stderr]   Downloaded aflak_imgui v0.18.1
[INFO] [stderr]   Downloaded xml-rs v0.7.0
[INFO] [stderr]   Downloaded khronos_api v2.2.0
[INFO] [stderr]   Downloaded khronos_api v3.1.0
[INFO] [stderr]   Downloaded aflak_imgui-sys v0.18.1
[INFO] [stderr]   Downloaded winit v0.10.0
[INFO] [stderr]   Downloaded core-foundation v0.5.1
[INFO] [stderr]   Downloaded cocoa v0.14.0
[INFO] [stderr]   Downloaded cocoa v0.13.0
[INFO] [stderr]   Downloaded wayland-protocols v0.12.5
[INFO] [stderr]   Downloaded core-graphics v0.13.0
[INFO] [stderr]   Downloaded gl_generator v0.8.0
[INFO] [stderr]   Downloaded core-foundation v0.4.6
[INFO] [stderr]   Downloaded wayland-kbd v0.13.1
[INFO] [stderr]   Downloaded wayland-client v0.12.5
[INFO] [stderr]   Downloaded wayland-scanner v0.12.5
[INFO] [stderr]   Downloaded core-foundation-sys v0.4.6
[INFO] [stderr]   Downloaded wayland-sys v0.12.5
[INFO] [stderr]   Downloaded glium v0.20.0
[INFO] [stderr]   Downloaded wayland-window v0.13.3
[INFO] [stderr]   Downloaded core-graphics v0.12.4
[INFO] [stderr]   Downloaded glutin v0.12.2
[INFO] [stderr]   Downloaded token_store v0.1.2
[INFO] running `Command { std: "docker" "create" "-v" "/var/lib/crater-agent-workspace/builds/worker-3-tc1/target:/opt/rustwide/target:rw,Z" "-v" "/var/lib/crater-agent-workspace/builds/worker-3-tc1/source:/opt/rustwide/workdir:ro,Z" "-v" "/var/lib/crater-agent-workspace/cargo-home:/opt/rustwide/cargo-home:ro,Z" "-v" "/var/lib/crater-agent-workspace/rustup-home:/opt/rustwide/rustup-home:ro,Z" "-e" "SOURCE_DIR=/opt/rustwide/workdir" "-e" "CARGO_TARGET_DIR=/opt/rustwide/target" "-e" "CARGO_HOME=/opt/rustwide/cargo-home" "-e" "RUSTUP_HOME=/opt/rustwide/rustup-home" "-w" "/opt/rustwide/workdir" "-m" "1610612736" "--user" "0:0" "--network" "none" "ghcr.io/rust-lang/crates-build-env/linux@sha256:97d61d7686bf65f8ecb15491ab51835e82dc9176a96a831f143a431b191fc501" "/opt/rustwide/cargo-home/bin/cargo" "+1.69.0" "metadata" "--no-deps" "--format-version=1", kill_on_drop: false }`
[INFO] [stdout] 047c055effaa44f2c332a97279198ce84685b14c9179940c4cadeb9c86cf356e
[INFO] running `Command { std: "docker" "start" "-a" "047c055effaa44f2c332a97279198ce84685b14c9179940c4cadeb9c86cf356e", kill_on_drop: false }`
[INFO] running `Command { std: "docker" "inspect" "047c055effaa44f2c332a97279198ce84685b14c9179940c4cadeb9c86cf356e", kill_on_drop: false }`
[INFO] running `Command { std: "docker" "rm" "-f" "047c055effaa44f2c332a97279198ce84685b14c9179940c4cadeb9c86cf356e", kill_on_drop: false }`
[INFO] [stdout] 047c055effaa44f2c332a97279198ce84685b14c9179940c4cadeb9c86cf356e
[INFO] running `Command { std: "docker" "create" "-v" "/var/lib/crater-agent-workspace/builds/worker-3-tc1/target:/opt/rustwide/target:rw,Z" "-v" "/var/lib/crater-agent-workspace/builds/worker-3-tc1/source:/opt/rustwide/workdir:ro,Z" "-v" "/var/lib/crater-agent-workspace/cargo-home:/opt/rustwide/cargo-home:ro,Z" "-v" "/var/lib/crater-agent-workspace/rustup-home:/opt/rustwide/rustup-home:ro,Z" "-e" "SOURCE_DIR=/opt/rustwide/workdir" "-e" "CARGO_TARGET_DIR=/opt/rustwide/target" "-e" "CARGO_INCREMENTAL=0" "-e" "RUST_BACKTRACE=full" "-e" "RUSTFLAGS=--cap-lints=warn" "-e" "RUSTDOCFLAGS=--cap-lints=warn" "-e" "CARGO_HOME=/opt/rustwide/cargo-home" "-e" "RUSTUP_HOME=/opt/rustwide/rustup-home" "-w" "/opt/rustwide/workdir" "-m" "1610612736" "--user" "0:0" "--network" "none" "ghcr.io/rust-lang/crates-build-env/linux@sha256:97d61d7686bf65f8ecb15491ab51835e82dc9176a96a831f143a431b191fc501" "/opt/rustwide/cargo-home/bin/cargo" "+1.69.0" "build" "--frozen" "--message-format=json", kill_on_drop: false }`
[INFO] [stdout] 31aa4b64ea2bb02431a6e3b7f80948ffccdb1227a7e3d2a4e881bf83dfcfa793
[INFO] running `Command { std: "docker" "start" "-a" "31aa4b64ea2bb02431a6e3b7f80948ffccdb1227a7e3d2a4e881bf83dfcfa793", kill_on_drop: false }`
[INFO] [stderr]    Compiling xml-rs v0.7.0
[INFO] [stderr]    Compiling libc v0.2.142
[INFO] [stderr]    Compiling khronos_api v2.2.0
[INFO] [stderr]    Compiling io-lifetimes v1.0.10
[INFO] [stderr]    Compiling rustix v0.37.15
[INFO] [stderr]    Compiling libloading v0.6.7
[INFO] [stderr]    Compiling log v0.4.17
[INFO] [stderr]    Compiling token_store v0.1.2
[INFO] [stderr]    Compiling linux-raw-sys v0.3.4
[INFO] [stderr]    Compiling dlib v0.4.2
[INFO] [stderr]    Compiling log v0.3.9
[INFO] [stderr]    Compiling wayland-sys v0.12.5
[INFO] [stderr]    Compiling wayland-scanner v0.12.5
[INFO] [stderr]    Compiling gl_generator v0.8.0
[INFO] [stderr]    Compiling x11-dl v2.21.0
[INFO] [stderr]    Compiling fastrand v1.9.0
[INFO] [stderr]    Compiling memchr v2.5.0
[INFO] [stderr]    Compiling maybe-uninit v2.0.0
[INFO] [stderr]    Compiling wayland-client v0.12.5
[INFO] [stderr]    Compiling wayland-protocols v0.12.5
[INFO] [stderr]    Compiling percent-encoding v1.0.1
[INFO] [stderr]    Compiling gimli v0.27.2
[INFO] [stderr]    Compiling miniz_oxide v0.6.2
[INFO] [stderr]    Compiling backtrace v0.3.67
[INFO] [stderr]    Compiling rustc-demangle v0.1.23
[INFO] [stderr]    Compiling glutin v0.12.2
[INFO] [stderr]    Compiling glium v0.20.0
[INFO] [stderr]    Compiling object v0.30.3
[INFO] [stderr]    Compiling memmap v0.6.2
[INFO] [stderr]    Compiling shared_library v0.1.9
[INFO] [stderr]    Compiling wayland-kbd v0.13.1
[INFO] [stderr]    Compiling osmesa-sys v0.1.2
[INFO] [stderr]    Compiling smallvec v0.6.14
[INFO] [stderr]    Compiling addr2line v0.19.0
[INFO] [stderr]    Compiling tempfile v3.5.0
[INFO] [stderr]    Compiling aflak_imgui-sys v0.18.1
[INFO] [stderr]    Compiling cfg-if v0.1.10
[INFO] [stderr]    Compiling wayland-window v0.13.3
[INFO] [stderr]    Compiling winit v0.10.0
[INFO] [stderr]    Compiling aflak_imgui v0.18.1
[INFO] [stderr]    Compiling aflak_imgui_file_explorer v0.0.1 (/opt/rustwide/workdir)
[INFO] [stderr]     Finished dev [unoptimized + debuginfo] target(s) in 25.02s
[INFO] running `Command { std: "docker" "inspect" "31aa4b64ea2bb02431a6e3b7f80948ffccdb1227a7e3d2a4e881bf83dfcfa793", kill_on_drop: false }`
[INFO] running `Command { std: "docker" "rm" "-f" "31aa4b64ea2bb02431a6e3b7f80948ffccdb1227a7e3d2a4e881bf83dfcfa793", kill_on_drop: false }`
[INFO] [stdout] 31aa4b64ea2bb02431a6e3b7f80948ffccdb1227a7e3d2a4e881bf83dfcfa793
[INFO] running `Command { std: "docker" "create" "-v" "/var/lib/crater-agent-workspace/builds/worker-3-tc1/target:/opt/rustwide/target:rw,Z" "-v" "/var/lib/crater-agent-workspace/builds/worker-3-tc1/source:/opt/rustwide/workdir:ro,Z" "-v" "/var/lib/crater-agent-workspace/cargo-home:/opt/rustwide/cargo-home:ro,Z" "-v" "/var/lib/crater-agent-workspace/rustup-home:/opt/rustwide/rustup-home:ro,Z" "-e" "SOURCE_DIR=/opt/rustwide/workdir" "-e" "CARGO_TARGET_DIR=/opt/rustwide/target" "-e" "CARGO_INCREMENTAL=0" "-e" "RUST_BACKTRACE=full" "-e" "RUSTFLAGS=--cap-lints=warn" "-e" "RUSTDOCFLAGS=--cap-lints=warn" "-e" "CARGO_HOME=/opt/rustwide/cargo-home" "-e" "RUSTUP_HOME=/opt/rustwide/rustup-home" "-w" "/opt/rustwide/workdir" "-m" "1610612736" "--user" "0:0" "--network" "none" "ghcr.io/rust-lang/crates-build-env/linux@sha256:97d61d7686bf65f8ecb15491ab51835e82dc9176a96a831f143a431b191fc501" "/opt/rustwide/cargo-home/bin/cargo" "+1.69.0" "test" "--frozen" "--no-run" "--message-format=json", kill_on_drop: false }`
[INFO] [stdout] 3f8b97ca8fc18cfd105929af5cbf631c602756c5d9b3b653472f569db78231c8
[INFO] running `Command { std: "docker" "start" "-a" "3f8b97ca8fc18cfd105929af5cbf631c602756c5d9b3b653472f569db78231c8", kill_on_drop: false }`
[INFO] [stderr]    Compiling aflak_imgui-glium-renderer v0.18.1
[INFO] [stderr]    Compiling aflak_imgui_file_explorer v0.0.1 (/opt/rustwide/workdir)
[INFO] [stdout] error[E0463]: can't find crate for `imgui`
[INFO] [stdout]  --> examples/test.rs:2:1
[INFO] [stdout]   |
[INFO] [stdout] 2 | extern crate imgui;
[INFO] [stdout]   | ^^^^^^^^^^^^^^^^^^^ can't find crate
[INFO] [stdout] 
[INFO] [stdout] 
[INFO] [stdout] error[E0463]: can't find crate for `imgui_file_explorer`
[INFO] [stdout]  --> examples/test.rs:3:1
[INFO] [stdout]   |
[INFO] [stdout] 3 | extern crate imgui_file_explorer;
[INFO] [stdout]   | ^^^^^^^^^^^^^^^^^^^^^^^^^^^^^^^^^ can't find crate
[INFO] [stdout] 
[INFO] [stdout] 
[INFO] [stdout] error[E0463]: can't find crate for `imgui_glium_renderer`
[INFO] [stdout]  --> examples/test.rs:4:1
[INFO] [stdout]   |
[INFO] [stdout] 4 | extern crate imgui_glium_renderer;
[INFO] [stdout]   | ^^^^^^^^^^^^^^^^^^^^^^^^^^^^^^^^^^ can't find crate
[INFO] [stdout] 
[INFO] [stdout] 
[INFO] [stdout] error: cannot find macro `im_str` in this scope
[INFO] [stdout]   --> examples/test.rs:14:17
[INFO] [stdout]    |
[INFO] [stdout] 14 |         .window(im_str!("File Explorer"))
[INFO] [stdout]    |                 ^^^^^^
[INFO] [stdout] 
[INFO] [stdout] 
[INFO] [stdout] error[E0433]: failed to resolve: use of undeclared type `ImGuiCond`
[INFO] [stdout]   --> examples/test.rs:15:31
[INFO] [stdout]    |
[INFO] [stdout] 15 |         .size((600.0, 400.0), ImGuiCond::Appearing)
[INFO] [stdout]    |                               ^^^^^^^^^ use of undeclared type `ImGuiCond`
[INFO] [stdout] 
[INFO] [stdout] 
[INFO] [stdout] error[E0433]: failed to resolve: use of undeclared type `ImGuiCond`
[INFO] [stdout]   --> examples/test.rs:16:35
[INFO] [stdout]    |
[INFO] [stdout] 16 |         .position((200.0, 200.0), ImGuiCond::FirstUseEver);
[INFO] [stdout]    |                                   ^^^^^^^^^ use of undeclared type `ImGuiCond`
[INFO] [stdout] 
[INFO] [stdout] 
[INFO] [stdout] error[E0412]: cannot find type `Ui` in this scope
[INFO] [stdout]   --> examples/test.rs:12:14
[INFO] [stdout]    |
[INFO] [stdout] 12 | fn test(ui: &Ui) {
[INFO] [stdout]    |              ^^ not found in this scope
[INFO] [stdout] 
[INFO] [stdout] 
[INFO] [stdout] error[E0618]: expected function, found `F`
[INFO] [stdout]    --> examples/support/mod.rs:150:13
[INFO] [stdout]     |
[INFO] [stdout] 11  | pub fn run<F: FnMut(&Ui) -> bool>(title: String, clear_color: [f32; 4], mut run_ui: F) {
[INFO] [stdout]     |                                                                         ---------- `run_ui` has type `F`
[INFO] [stdout] ...
[INFO] [stdout] 150 |         if !run_ui(&ui) {
[INFO] [stdout]     |             ^^^^^^-----
[INFO] [stdout]     |             |
[INFO] [stdout]     |             call expression requires function
[INFO] [stdout] 
[INFO] [stdout] 
[INFO] [stdout] error: aborting due to 8 previous errors
[INFO] [stdout] 
[INFO] [stdout] 
[INFO] [stdout] Some errors have detailed explanations: E0412, E0433, E0463, E0618.
[INFO] [stdout] 
[INFO] [stdout] For more information about an error, try `rustc --explain E0412`.
[INFO] [stdout] 
[INFO] [stderr] error: could not compile `aflak_imgui_file_explorer` due to 9 previous errors
[INFO] [stderr] warning: build failed, waiting for other jobs to finish...
[INFO] running `Command { std: "docker" "inspect" "3f8b97ca8fc18cfd105929af5cbf631c602756c5d9b3b653472f569db78231c8", kill_on_drop: false }`
[INFO] running `Command { std: "docker" "rm" "-f" "3f8b97ca8fc18cfd105929af5cbf631c602756c5d9b3b653472f569db78231c8", kill_on_drop: false }`
[INFO] [stdout] 3f8b97ca8fc18cfd105929af5cbf631c602756c5d9b3b653472f569db78231c8
