[INFO] fetching crate aflak_imgui 0.18.1...
[INFO] testing aflak_imgui-0.18.1 against 1.69.0 for beta-1.70-1
[INFO] extracting crate aflak_imgui 0.18.1 into /workspace/builds/worker-6-tc1/source
[INFO] validating manifest of crates.io crate aflak_imgui 0.18.1 on toolchain 1.69.0
[INFO] running `Command { std: CARGO_HOME="/workspace/cargo-home" RUSTUP_HOME="/workspace/rustup-home" "/workspace/cargo-home/bin/cargo" "+1.69.0" "metadata" "--manifest-path" "Cargo.toml" "--no-deps", kill_on_drop: false }`
[INFO] started tweaking crates.io crate aflak_imgui 0.18.1
[INFO] finished tweaking crates.io crate aflak_imgui 0.18.1
[INFO] tweaked toml for crates.io crate aflak_imgui 0.18.1 written to /workspace/builds/worker-6-tc1/source/Cargo.toml
[INFO] running `Command { std: CARGO_HOME="/workspace/cargo-home" RUSTUP_HOME="/workspace/rustup-home" __CARGO_TEST_CHANNEL_OVERRIDE_DO_NOT_USE_THIS="nightly" "/workspace/cargo-home/bin/cargo" "+1.69.0" "generate-lockfile" "--manifest-path" "Cargo.toml" "-Zno-index-update", kill_on_drop: false }`
[INFO] running `Command { std: CARGO_HOME="/workspace/cargo-home" RUSTUP_HOME="/workspace/rustup-home" "/workspace/cargo-home/bin/cargo" "+1.69.0" "fetch" "--manifest-path" "Cargo.toml", kill_on_drop: false }`
[INFO] [stderr]  Downloading crates ...
[INFO] [stderr]   Downloaded aflak_imgui-sys v0.18.1
[INFO] running `Command { std: "docker" "create" "-v" "/var/lib/crater-agent-workspace/builds/worker-6-tc1/target:/opt/rustwide/target:rw,Z" "-v" "/var/lib/crater-agent-workspace/builds/worker-6-tc1/source:/opt/rustwide/workdir:ro,Z" "-v" "/var/lib/crater-agent-workspace/cargo-home:/opt/rustwide/cargo-home:ro,Z" "-v" "/var/lib/crater-agent-workspace/rustup-home:/opt/rustwide/rustup-home:ro,Z" "-e" "SOURCE_DIR=/opt/rustwide/workdir" "-e" "CARGO_TARGET_DIR=/opt/rustwide/target" "-e" "CARGO_HOME=/opt/rustwide/cargo-home" "-e" "RUSTUP_HOME=/opt/rustwide/rustup-home" "-w" "/opt/rustwide/workdir" "-m" "1610612736" "--user" "0:0" "--network" "none" "ghcr.io/rust-lang/crates-build-env/linux@sha256:5ff2268d62e97bff2cde7d5815dd6ed5b47097566f13b8d0ca110b04b60e07ed" "/opt/rustwide/cargo-home/bin/cargo" "+1.69.0" "metadata" "--no-deps" "--format-version=1", kill_on_drop: false }`
[INFO] [stdout] 82d0405676527298b99883828ca61adf78cda2d72241f6f7ebe99487f0d1fbc9
[INFO] running `Command { std: "docker" "start" "-a" "82d0405676527298b99883828ca61adf78cda2d72241f6f7ebe99487f0d1fbc9", kill_on_drop: false }`
[INFO] running `Command { std: "docker" "inspect" "82d0405676527298b99883828ca61adf78cda2d72241f6f7ebe99487f0d1fbc9", kill_on_drop: false }`
[INFO] running `Command { std: "docker" "rm" "-f" "82d0405676527298b99883828ca61adf78cda2d72241f6f7ebe99487f0d1fbc9", kill_on_drop: false }`
[INFO] [stdout] 82d0405676527298b99883828ca61adf78cda2d72241f6f7ebe99487f0d1fbc9
[INFO] running `Command { std: "docker" "create" "-v" "/var/lib/crater-agent-workspace/builds/worker-6-tc1/target:/opt/rustwide/target:rw,Z" "-v" "/var/lib/crater-agent-workspace/builds/worker-6-tc1/source:/opt/rustwide/workdir:ro,Z" "-v" "/var/lib/crater-agent-workspace/cargo-home:/opt/rustwide/cargo-home:ro,Z" "-v" "/var/lib/crater-agent-workspace/rustup-home:/opt/rustwide/rustup-home:ro,Z" "-e" "SOURCE_DIR=/opt/rustwide/workdir" "-e" "CARGO_TARGET_DIR=/opt/rustwide/target" "-e" "CARGO_INCREMENTAL=0" "-e" "RUST_BACKTRACE=full" "-e" "RUSTFLAGS=--cap-lints=warn" "-e" "RUSTDOCFLAGS=--cap-lints=warn" "-e" "CARGO_HOME=/opt/rustwide/cargo-home" "-e" "RUSTUP_HOME=/opt/rustwide/rustup-home" "-w" "/opt/rustwide/workdir" "-m" "1610612736" "--user" "0:0" "--network" "none" "ghcr.io/rust-lang/crates-build-env/linux@sha256:5ff2268d62e97bff2cde7d5815dd6ed5b47097566f13b8d0ca110b04b60e07ed" "/opt/rustwide/cargo-home/bin/cargo" "+1.69.0" "build" "--frozen" "--message-format=json", kill_on_drop: false }`
[INFO] [stdout] 19fedb134c5c0770017f0d57c742ccf5ec0e7ce496e29a59390e4017e61332a0
[INFO] running `Command { std: "docker" "start" "-a" "19fedb134c5c0770017f0d57c742ccf5ec0e7ce496e29a59390e4017e61332a0", kill_on_drop: false }`
[INFO] [stderr]    Compiling libc v0.2.142
[INFO] [stderr]    Compiling aflak_imgui-sys v0.18.1
[INFO] [stderr]    Compiling aflak_imgui v0.18.1 (/opt/rustwide/workdir)
[INFO] [stdout] warning: use of deprecated macro `try`: use the `?` operator instead
[INFO] [stdout]    --> src/lib.rs:492:17
[INFO] [stdout]     |
[INFO] [stdout] 492 |                 try!(f(&self, draw_list));
[INFO] [stdout]     |                 ^^^
[INFO] [stdout]     |
[INFO] [stdout]     = note: `#[warn(deprecated)]` on by default
[INFO] [stdout] 
[INFO] [stdout] 
[INFO] [stdout] warning: use of deprecated function `std::mem::uninitialized`: use `mem::MaybeUninit` instead
[INFO] [stdout]    --> src/fonts.rs:163:35
[INFO] [stdout]     |
[INFO] [stdout] 163 |             let mut config = mem::uninitialized();
[INFO] [stdout]     |                                   ^^^^^^^^^^^^^
[INFO] [stdout] 
[INFO] [stdout] 
[INFO] [stdout] warning: use of deprecated function `std::mem::uninitialized`: use `mem::MaybeUninit` instead
[INFO] [stdout]    --> src/fonts.rs:231:48
[INFO] [stdout]     |
[INFO] [stdout] 231 |         let mut display_offset = unsafe { mem::uninitialized() };
[INFO] [stdout]     |                                                ^^^^^^^^^^^^^
[INFO] [stdout] 
[INFO] [stdout] 
[INFO] [stdout] warning: trait objects without an explicit `dyn` are deprecated
[INFO] [stdout]   --> src/texture.rs:36:30
[INFO] [stdout]    |
[INFO] [stdout] 36 | pub struct AnyTexture(Rc<Box<ImTexture>>);
[INFO] [stdout]    |                              ^^^^^^^^^
[INFO] [stdout]    |
[INFO] [stdout]    = warning: this is accepted in the current edition (Rust 2015) but is a hard error in Rust 2021!
[INFO] [stdout]    = note: for more information, see <https://doc.rust-lang.org/nightly/edition-guide/rust-2021/warnings-promoted-to-error.html>
[INFO] [stdout]    = note: `#[warn(bare_trait_objects)]` on by default
[INFO] [stdout] help: use `dyn`
[INFO] [stdout]    |
[INFO] [stdout] 36 | pub struct AnyTexture(Rc<Box<dyn ImTexture>>);
[INFO] [stdout]    |                              +++
[INFO] [stdout] 
[INFO] [stdout] 
[INFO] [stdout] warning: trait objects without an explicit `dyn` are deprecated
[INFO] [stdout]   --> src/texture.rs:50:23
[INFO] [stdout]    |
[INFO] [stdout] 50 |     type Target = Box<ImTexture>;
[INFO] [stdout]    |                       ^^^^^^^^^
[INFO] [stdout]    |
[INFO] [stdout]    = warning: this is accepted in the current edition (Rust 2015) but is a hard error in Rust 2021!
[INFO] [stdout]    = note: for more information, see <https://doc.rust-lang.org/nightly/edition-guide/rust-2021/warnings-promoted-to-error.html>
[INFO] [stdout] help: use `dyn`
[INFO] [stdout]    |
[INFO] [stdout] 50 |     type Target = Box<dyn ImTexture>;
[INFO] [stdout]    |                       +++
[INFO] [stdout] 
[INFO] [stdout] 
[INFO] [stdout] warning: the type `sys::ImFontConfig` does not permit being left uninitialized
[INFO] [stdout]    --> src/fonts.rs:163:30
[INFO] [stdout]     |
[INFO] [stdout] 163 |             let mut config = mem::uninitialized();
[INFO] [stdout]     |                              ^^^^^^^^^^^^^^^^^^^^
[INFO] [stdout]     |                              |
[INFO] [stdout]     |                              this code causes undefined behavior when executed
[INFO] [stdout]     |                              help: use `MaybeUninit<T>` instead, and only call `assume_init` after initialization is done
[INFO] [stdout]     |
[INFO] [stdout]     = note: raw pointers must be initialized
[INFO] [stdout]     = note: `#[warn(invalid_value)]` on by default
[INFO] [stdout] 
[INFO] [stdout] 
[INFO] [stdout] warning: the type `ImVec2` does not permit being left uninitialized
[INFO] [stdout]    --> src/fonts.rs:231:43
[INFO] [stdout]     |
[INFO] [stdout] 231 |         let mut display_offset = unsafe { mem::uninitialized() };
[INFO] [stdout]     |                                           ^^^^^^^^^^^^^^^^^^^^
[INFO] [stdout]     |                                           |
[INFO] [stdout]     |                                           this code causes undefined behavior when executed
[INFO] [stdout]     |                                           help: use `MaybeUninit<T>` instead, and only call `assume_init` after initialization is done
[INFO] [stdout]     |
[INFO] [stdout]     = note: floats must be initialized
[INFO] [stdout] 
[INFO] [stdout] 
[INFO] [stdout] warning: 7 warnings emitted
[INFO] [stdout] 
[INFO] [stdout] 
[INFO] [stderr]     Finished dev [unoptimized + debuginfo] target(s) in 8.77s
[INFO] running `Command { std: "docker" "inspect" "19fedb134c5c0770017f0d57c742ccf5ec0e7ce496e29a59390e4017e61332a0", kill_on_drop: false }`
[INFO] running `Command { std: "docker" "rm" "-f" "19fedb134c5c0770017f0d57c742ccf5ec0e7ce496e29a59390e4017e61332a0", kill_on_drop: false }`
[INFO] [stdout] 19fedb134c5c0770017f0d57c742ccf5ec0e7ce496e29a59390e4017e61332a0
[INFO] running `Command { std: "docker" "create" "-v" "/var/lib/crater-agent-workspace/builds/worker-6-tc1/target:/opt/rustwide/target:rw,Z" "-v" "/var/lib/crater-agent-workspace/builds/worker-6-tc1/source:/opt/rustwide/workdir:ro,Z" "-v" "/var/lib/crater-agent-workspace/cargo-home:/opt/rustwide/cargo-home:ro,Z" "-v" "/var/lib/crater-agent-workspace/rustup-home:/opt/rustwide/rustup-home:ro,Z" "-e" "SOURCE_DIR=/opt/rustwide/workdir" "-e" "CARGO_TARGET_DIR=/opt/rustwide/target" "-e" "CARGO_INCREMENTAL=0" "-e" "RUST_BACKTRACE=full" "-e" "RUSTFLAGS=--cap-lints=warn" "-e" "RUSTDOCFLAGS=--cap-lints=warn" "-e" "CARGO_HOME=/opt/rustwide/cargo-home" "-e" "RUSTUP_HOME=/opt/rustwide/rustup-home" "-w" "/opt/rustwide/workdir" "-m" "1610612736" "--user" "0:0" "--network" "none" "ghcr.io/rust-lang/crates-build-env/linux@sha256:5ff2268d62e97bff2cde7d5815dd6ed5b47097566f13b8d0ca110b04b60e07ed" "/opt/rustwide/cargo-home/bin/cargo" "+1.69.0" "test" "--frozen" "--no-run" "--message-format=json", kill_on_drop: false }`
[INFO] [stdout] 0a2ff9fe52260cac8368eeee220fd81febf85fc8dd7215ff9f5c4994554ecdf2
[INFO] running `Command { std: "docker" "start" "-a" "0a2ff9fe52260cac8368eeee220fd81febf85fc8dd7215ff9f5c4994554ecdf2", kill_on_drop: false }`
[INFO] [stdout] warning: use of deprecated macro `try`: use the `?` operator instead
[INFO] [stdout]    --> src/lib.rs:492:17
[INFO] [stdout]     |
[INFO] [stdout] 492 |                 try!(f(&self, draw_list));
[INFO] [stdout]     |                 ^^^
[INFO] [stdout]     |
[INFO] [stdout]     = note: `#[warn(deprecated)]` on by default
[INFO] [stdout] 
[INFO] [stdout] 
[INFO] [stdout] warning: use of deprecated function `std::mem::uninitialized`: use `mem::MaybeUninit` instead
[INFO] [stdout]    --> src/fonts.rs:163:35
[INFO] [stdout]     |
[INFO] [stdout] 163 |             let mut config = mem::uninitialized();
[INFO] [stdout]     |                                   ^^^^^^^^^^^^^
[INFO] [stdout] 
[INFO] [stdout] 
[INFO] [stdout] warning: use of deprecated function `std::mem::uninitialized`: use `mem::MaybeUninit` instead
[INFO] [stdout]    --> src/fonts.rs:231:48
[INFO] [stdout]     |
[INFO] [stdout] 231 |         let mut display_offset = unsafe { mem::uninitialized() };
[INFO] [stdout]     |                                                ^^^^^^^^^^^^^
[INFO] [stdout] 
[INFO] [stdout] 
[INFO] [stdout] warning: trait objects without an explicit `dyn` are deprecated
[INFO] [stdout]   --> src/texture.rs:36:30
[INFO] [stdout]    |
[INFO] [stdout] 36 | pub struct AnyTexture(Rc<Box<ImTexture>>);
[INFO] [stdout]    |                              ^^^^^^^^^
[INFO] [stdout]    |
[INFO] [stdout]    = warning: this is accepted in the current edition (Rust 2015) but is a hard error in Rust 2021!
[INFO] [stdout]    = note: for more information, see <https://doc.rust-lang.org/nightly/edition-guide/rust-2021/warnings-promoted-to-error.html>
[INFO] [stdout]    = note: `#[warn(bare_trait_objects)]` on by default
[INFO] [stdout] help: use `dyn`
[INFO] [stdout]    |
[INFO] [stdout] 36 | pub struct AnyTexture(Rc<Box<dyn ImTexture>>);
[INFO] [stdout]    |                              +++
[INFO] [stdout] 
[INFO] [stdout] 
[INFO] [stdout] warning: trait objects without an explicit `dyn` are deprecated
[INFO] [stdout]   --> src/texture.rs:50:23
[INFO] [stdout]    |
[INFO] [stdout] 50 |     type Target = Box<ImTexture>;
[INFO] [stdout]    |                       ^^^^^^^^^
[INFO] [stdout]    |
[INFO] [stdout]    = warning: this is accepted in the current edition (Rust 2015) but is a hard error in Rust 2021!
[INFO] [stdout]    = note: for more information, see <https://doc.rust-lang.org/nightly/edition-guide/rust-2021/warnings-promoted-to-error.html>
[INFO] [stdout] help: use `dyn`
[INFO] [stdout]    |
[INFO] [stdout] 50 |     type Target = Box<dyn ImTexture>;
[INFO] [stdout]    |                       +++
[INFO] [stdout] 
[INFO] [stdout] 
[INFO] [stdout] warning: the type `sys::ImFontConfig` does not permit being left uninitialized
[INFO] [stdout]    --> src/fonts.rs:163:30
[INFO] [stdout]     |
[INFO] [stdout] 163 |             let mut config = mem::uninitialized();
[INFO] [stdout]     |                              ^^^^^^^^^^^^^^^^^^^^
[INFO] [stdout]     |                              |
[INFO] [stdout]     |                              this code causes undefined behavior when executed
[INFO] [stdout]     |                              help: use `MaybeUninit<T>` instead, and only call `assume_init` after initialization is done
[INFO] [stdout]     |
[INFO] [stdout]     = note: raw pointers must be initialized
[INFO] [stdout]     = note: `#[warn(invalid_value)]` on by default
[INFO] [stdout] 
[INFO] [stdout] 
[INFO] [stdout] warning: the type `ImVec2` does not permit being left uninitialized
[INFO] [stdout]    --> src/fonts.rs:231:43
[INFO] [stdout]     |
[INFO] [stdout] 231 |         let mut display_offset = unsafe { mem::uninitialized() };
[INFO] [stdout]     |                                           ^^^^^^^^^^^^^^^^^^^^
[INFO] [stdout]     |                                           |
[INFO] [stdout]     |                                           this code causes undefined behavior when executed
[INFO] [stdout]     |                                           help: use `MaybeUninit<T>` instead, and only call `assume_init` after initialization is done
[INFO] [stdout]     |
[INFO] [stdout]     = note: floats must be initialized
[INFO] [stdout] 
[INFO] [stdout] 
[INFO] [stdout] warning: 7 warnings emitted
[INFO] [stdout] 
[INFO] [stdout] 
[INFO] [stderr]    Compiling aflak_imgui v0.18.1 (/opt/rustwide/workdir)
[INFO] [stdout] warning: use of deprecated macro `try`: use the `?` operator instead
[INFO] [stdout]    --> src/lib.rs:492:17
[INFO] [stdout]     |
[INFO] [stdout] 492 |                 try!(f(&self, draw_list));
[INFO] [stdout]     |                 ^^^
[INFO] [stdout]     |
[INFO] [stdout]     = note: `#[warn(deprecated)]` on by default
[INFO] [stdout] 
[INFO] [stdout] 
[INFO] [stdout] warning: use of deprecated function `std::mem::uninitialized`: use `mem::MaybeUninit` instead
[INFO] [stdout]    --> src/fonts.rs:163:35
[INFO] [stdout]     |
[INFO] [stdout] 163 |             let mut config = mem::uninitialized();
[INFO] [stdout]     |                                   ^^^^^^^^^^^^^
[INFO] [stdout] 
[INFO] [stdout] 
[INFO] [stdout] warning: use of deprecated function `std::mem::uninitialized`: use `mem::MaybeUninit` instead
[INFO] [stdout]    --> src/fonts.rs:231:48
[INFO] [stdout]     |
[INFO] [stdout] 231 |         let mut display_offset = unsafe { mem::uninitialized() };
[INFO] [stdout]     |                                                ^^^^^^^^^^^^^
[INFO] [stdout] 
[INFO] [stdout] 
[INFO] [stdout] warning: trait objects without an explicit `dyn` are deprecated
[INFO] [stdout]   --> src/texture.rs:36:30
[INFO] [stdout]    |
[INFO] [stdout] 36 | pub struct AnyTexture(Rc<Box<ImTexture>>);
[INFO] [stdout]    |                              ^^^^^^^^^
[INFO] [stdout]    |
[INFO] [stdout]    = warning: this is accepted in the current edition (Rust 2015) but is a hard error in Rust 2021!
[INFO] [stdout]    = note: for more information, see <https://doc.rust-lang.org/nightly/edition-guide/rust-2021/warnings-promoted-to-error.html>
[INFO] [stdout]    = note: `#[warn(bare_trait_objects)]` on by default
[INFO] [stdout] help: use `dyn`
[INFO] [stdout]    |
[INFO] [stdout] 36 | pub struct AnyTexture(Rc<Box<dyn ImTexture>>);
[INFO] [stdout]    |                              +++
[INFO] [stdout] 
[INFO] [stdout] 
[INFO] [stdout] warning: trait objects without an explicit `dyn` are deprecated
[INFO] [stdout]   --> src/texture.rs:50:23
[INFO] [stdout]    |
[INFO] [stdout] 50 |     type Target = Box<ImTexture>;
[INFO] [stdout]    |                       ^^^^^^^^^
[INFO] [stdout]    |
[INFO] [stdout]    = warning: this is accepted in the current edition (Rust 2015) but is a hard error in Rust 2021!
[INFO] [stdout]    = note: for more information, see <https://doc.rust-lang.org/nightly/edition-guide/rust-2021/warnings-promoted-to-error.html>
[INFO] [stdout] help: use `dyn`
[INFO] [stdout]    |
[INFO] [stdout] 50 |     type Target = Box<dyn ImTexture>;
[INFO] [stdout]    |                       +++
[INFO] [stdout] 
[INFO] [stdout] 
[INFO] [stdout] warning: the type `sys::ImFontConfig` does not permit being left uninitialized
[INFO] [stdout]    --> src/fonts.rs:163:30
[INFO] [stdout]     |
[INFO] [stdout] 163 |             let mut config = mem::uninitialized();
[INFO] [stdout]     |                              ^^^^^^^^^^^^^^^^^^^^
[INFO] [stdout]     |                              |
[INFO] [stdout]     |                              this code causes undefined behavior when executed
[INFO] [stdout]     |                              help: use `MaybeUninit<T>` instead, and only call `assume_init` after initialization is done
[INFO] [stdout]     |
[INFO] [stdout]     = note: raw pointers must be initialized
[INFO] [stdout]     = note: `#[warn(invalid_value)]` on by default
[INFO] [stdout] 
[INFO] [stdout] 
[INFO] [stdout] warning: the type `ImVec2` does not permit being left uninitialized
[INFO] [stdout]    --> src/fonts.rs:231:43
[INFO] [stdout]     |
[INFO] [stdout] 231 |         let mut display_offset = unsafe { mem::uninitialized() };
[INFO] [stdout]     |                                           ^^^^^^^^^^^^^^^^^^^^
[INFO] [stdout]     |                                           |
[INFO] [stdout]     |                                           this code causes undefined behavior when executed
[INFO] [stdout]     |                                           help: use `MaybeUninit<T>` instead, and only call `assume_init` after initialization is done
[INFO] [stdout]     |
[INFO] [stdout]     = note: floats must be initialized
[INFO] [stdout] 
[INFO] [stdout] 
[INFO] [stdout] warning: 7 warnings emitted
[INFO] [stdout] 
[INFO] [stdout] 
[INFO] [stderr]     Finished test [unoptimized + debuginfo] target(s) in 0.84s
[INFO] running `Command { std: "docker" "inspect" "0a2ff9fe52260cac8368eeee220fd81febf85fc8dd7215ff9f5c4994554ecdf2", kill_on_drop: false }`
[INFO] running `Command { std: "docker" "rm" "-f" "0a2ff9fe52260cac8368eeee220fd81febf85fc8dd7215ff9f5c4994554ecdf2", kill_on_drop: false }`
[INFO] [stdout] 0a2ff9fe52260cac8368eeee220fd81febf85fc8dd7215ff9f5c4994554ecdf2
[INFO] running `Command { std: "docker" "create" "-v" "/var/lib/crater-agent-workspace/builds/worker-6-tc1/target:/opt/rustwide/target:rw,Z" "-v" "/var/lib/crater-agent-workspace/builds/worker-6-tc1/source:/opt/rustwide/workdir:ro,Z" "-v" "/var/lib/crater-agent-workspace/cargo-home:/opt/rustwide/cargo-home:ro,Z" "-v" "/var/lib/crater-agent-workspace/rustup-home:/opt/rustwide/rustup-home:ro,Z" "-e" "SOURCE_DIR=/opt/rustwide/workdir" "-e" "CARGO_TARGET_DIR=/opt/rustwide/target" "-e" "CARGO_INCREMENTAL=0" "-e" "RUST_BACKTRACE=full" "-e" "RUSTFLAGS=--cap-lints=warn" "-e" "RUSTDOCFLAGS=--cap-lints=warn" "-e" "CARGO_HOME=/opt/rustwide/cargo-home" "-e" "RUSTUP_HOME=/opt/rustwide/rustup-home" "-w" "/opt/rustwide/workdir" "-m" "1610612736" "--user" "0:0" "--network" "none" "ghcr.io/rust-lang/crates-build-env/linux@sha256:5ff2268d62e97bff2cde7d5815dd6ed5b47097566f13b8d0ca110b04b60e07ed" "/opt/rustwide/cargo-home/bin/cargo" "+1.69.0" "test" "--frozen", kill_on_drop: false }`
[INFO] [stdout] 27e5f2a4006d29ce666b5b38d41fa7e995f5a06ebf13c376a4156fbd75e4c26a
[INFO] running `Command { std: "docker" "start" "-a" "27e5f2a4006d29ce666b5b38d41fa7e995f5a06ebf13c376a4156fbd75e4c26a", kill_on_drop: false }`
[INFO] [stderr] warning: use of deprecated macro `try`: use the `?` operator instead
[INFO] [stderr]    --> src/lib.rs:492:17
[INFO] [stderr]     |
[INFO] [stderr] 492 |                 try!(f(&self, draw_list));
[INFO] [stderr]     |                 ^^^
[INFO] [stderr]     |
[INFO] [stderr]     = note: `#[warn(deprecated)]` on by default
[INFO] [stderr] 
[INFO] [stderr] warning: use of deprecated function `std::mem::uninitialized`: use `mem::MaybeUninit` instead
[INFO] [stderr]    --> src/fonts.rs:163:35
[INFO] [stderr]     |
[INFO] [stderr] 163 |             let mut config = mem::uninitialized();
[INFO] [stderr]     |                                   ^^^^^^^^^^^^^
[INFO] [stderr] 
[INFO] [stderr] warning: use of deprecated function `std::mem::uninitialized`: use `mem::MaybeUninit` instead
[INFO] [stderr]    --> src/fonts.rs:231:48
[INFO] [stderr]     |
[INFO] [stderr] 231 |         let mut display_offset = unsafe { mem::uninitialized() };
[INFO] [stderr]     |                                                ^^^^^^^^^^^^^
[INFO] [stderr] 
[INFO] [stderr] warning: trait objects without an explicit `dyn` are deprecated
[INFO] [stderr]   --> src/texture.rs:36:30
[INFO] [stderr]    |
[INFO] [stderr] 36 | pub struct AnyTexture(Rc<Box<ImTexture>>);
[INFO] [stderr]    |                              ^^^^^^^^^
[INFO] [stderr]    |
[INFO] [stderr]    = warning: this is accepted in the current edition (Rust 2015) but is a hard error in Rust 2021!
[INFO] [stderr]    = note: for more information, see <https://doc.rust-lang.org/nightly/edition-guide/rust-2021/warnings-promoted-to-error.html>
[INFO] [stderr]    = note: `#[warn(bare_trait_objects)]` on by default
[INFO] [stderr] help: use `dyn`
[INFO] [stderr]    |
[INFO] [stderr] 36 | pub struct AnyTexture(Rc<Box<dyn ImTexture>>);
[INFO] [stderr]    |                              +++
[INFO] [stderr] 
[INFO] [stderr] warning: trait objects without an explicit `dyn` are deprecated
[INFO] [stderr]   --> src/texture.rs:50:23
[INFO] [stderr]    |
[INFO] [stderr] 50 |     type Target = Box<ImTexture>;
[INFO] [stderr]    |                       ^^^^^^^^^
[INFO] [stderr]    |
[INFO] [stderr]    = warning: this is accepted in the current edition (Rust 2015) but is a hard error in Rust 2021!
[INFO] [stderr]    = note: for more information, see <https://doc.rust-lang.org/nightly/edition-guide/rust-2021/warnings-promoted-to-error.html>
[INFO] [stderr] help: use `dyn`
[INFO] [stderr]    |
[INFO] [stderr] 50 |     type Target = Box<dyn ImTexture>;
[INFO] [stderr]    |                       +++
[INFO] [stderr] 
[INFO] [stderr] warning: the type `sys::ImFontConfig` does not permit being left uninitialized
[INFO] [stderr]    --> src/fonts.rs:163:30
[INFO] [stderr]     |
[INFO] [stderr] 163 |             let mut config = mem::uninitialized();
[INFO] [stderr]     |                              ^^^^^^^^^^^^^^^^^^^^
[INFO] [stderr]     |                              |
[INFO] [stderr]     |                              this code causes undefined behavior when executed
[INFO] [stderr]     |                              help: use `MaybeUninit<T>` instead, and only call `assume_init` after initialization is done
[INFO] [stderr]     |
[INFO] [stderr]     = note: raw pointers must be initialized
[INFO] [stderr]     = note: `#[warn(invalid_value)]` on by default
[INFO] [stderr] 
[INFO] [stderr] warning: the type `ImVec2` does not permit being left uninitialized
[INFO] [stderr]    --> src/fonts.rs:231:43
[INFO] [stderr]     |
[INFO] [stderr] 231 |         let mut display_offset = unsafe { mem::uninitialized() };
[INFO] [stderr]     |                                           ^^^^^^^^^^^^^^^^^^^^
[INFO] [stderr]     |                                           |
[INFO] [stderr]     |                                           this code causes undefined behavior when executed
[INFO] [stderr]     |                                           help: use `MaybeUninit<T>` instead, and only call `assume_init` after initialization is done
[INFO] [stderr]     |
[INFO] [stderr]     = note: floats must be initialized
[INFO] [stderr] 
[INFO] [stderr] warning: `aflak_imgui` (lib) generated 7 warnings (run `cargo fix --lib -p aflak_imgui` to apply 2 suggestions)
[INFO] [stderr] warning: `aflak_imgui` (lib test) generated 7 warnings (7 duplicates)
[INFO] [stderr]     Finished test [unoptimized + debuginfo] target(s) in 0.01s
[INFO] [stderr]      Running unittests src/lib.rs (/opt/rustwide/target/debug/deps/aflak_imgui-79279811474373a9)
[INFO] [stdout] 
[INFO] [stdout] running 0 tests
[INFO] [stdout] 
[INFO] [stdout] test result: ok. 0 passed; 0 failed; 0 ignored; 0 measured; 0 filtered out; finished in 0.00s
[INFO] [stdout] 
[INFO] [stderr]    Doc-tests aflak_imgui
[INFO] [stdout] 
[INFO] [stdout] running 18 tests
[INFO] [stdout] test src/lib.rs - Ui<'ui>::get_window_draw_list (line 1474) - compile ... ok
[INFO] [stdout] test src/lib.rs - Ui<'ui>::make_texture (line 1516) - compile ... FAILED
[INFO] [stdout] test src/lib.rs - Ui<'ui>::image (line 1246) - compile ... FAILED
[INFO] [stdout] test src/lib.rs - Ui<'ui>::progress_bar (line 1192) - compile ... ok
[INFO] [stdout] test src/lib.rs - Ui<'ui>::child_frame (line 1210) - compile ... ok
[INFO] [stdout] test src/lib.rs - Ui<'ui>::radio_button_bool (line 1115) - compile ... ok
[INFO] [stdout] test src/lib.rs - Ui<'ui>::replace_texture (line 1559) - compile ... FAILED
[INFO] [stdout] test src/lib.rs - Ui<'ui>::radio_button (line 1098) - compile ... ok
[INFO] [stdout] test src/lib.rs - Ui<'ui>::with_color_var (line 1356) - compile ... ok
[INFO] [stdout] test src/lib.rs - Ui<'ui>::with_style_var (line 1278) - compile ... ok
[INFO] [stdout] test src/lib.rs - Ui<'ui>::with_color_vars (line 1382) - compile ... ok
[INFO] [stdout] test src/lib.rs - Ui<'ui>::with_style_vars (line 1296) - compile ... ok
[INFO] [stdout] test src/lib.rs - Ui<'ui>::is_item_hovered (line 1432) ... ok
[INFO] [stdout] test src/window_draw_list.rs - window_draw_list::WindowDrawList<'ui>::channels_split (line 87) - compile ... ok
[INFO] [stdout] test src/lib.rs - Ui<'ui>::get_window_draw_list (line 1489) ... ok
[INFO] [stdout] test src/lib.rs - Ui<'ui>::tooltip_text (line 987) ... ok
[INFO] [stdout] test src/lib.rs - ImGui::is_key_down (line 362) ... ok
[INFO] [stdout] test src/lib.rs - Ui<'ui>::tooltip (line 962) ... ok
[INFO] [stdout] 
[INFO] [stdout] failures:
[INFO] [stdout] 
[INFO] [stdout] ---- src/lib.rs - Ui<'ui>::make_texture (line 1516) stdout ----
[INFO] [stdout] error[E0463]: can't find crate for `glium`
[INFO] [stdout]  --> src/lib.rs:1518:1
[INFO] [stdout]   |
[INFO] [stdout] 3 | extern crate glium;
[INFO] [stdout]   | ^^^^^^^^^^^^^^^^^^^ can't find crate
[INFO] [stdout] 
[INFO] [stdout] error[E0463]: can't find crate for `aflak_imgui_glium_renderer`
[INFO] [stdout]  --> src/lib.rs:1519:1
[INFO] [stdout]   |
[INFO] [stdout] 4 | extern crate aflak_imgui_glium_renderer;
[INFO] [stdout]   | ^^^^^^^^^^^^^^^^^^^^^^^^^^^^^^^^^^^^^^^^ can't find crate
[INFO] [stdout] 
[INFO] [stdout] error: aborting due to 2 previous errors
[INFO] [stdout] 
[INFO] [stdout] For more information about this error, try `rustc --explain E0463`.
[INFO] [stdout] Couldn't compile the test.
[INFO] [stdout] ---- src/lib.rs - Ui<'ui>::image (line 1246) stdout ----
[INFO] [stdout] error[E0463]: can't find crate for `glium`
[INFO] [stdout]  --> src/lib.rs:1248:1
[INFO] [stdout]   |
[INFO] [stdout] 3 | extern crate glium;
[INFO] [stdout]   | ^^^^^^^^^^^^^^^^^^^ can't find crate
[INFO] [stdout] 
[INFO] [stdout] error[E0463]: can't find crate for `aflak_imgui_glium_renderer`
[INFO] [stdout]  --> src/lib.rs:1249:1
[INFO] [stdout]   |
[INFO] [stdout] 4 | extern crate aflak_imgui_glium_renderer;
[INFO] [stdout]   | ^^^^^^^^^^^^^^^^^^^^^^^^^^^^^^^^^^^^^^^^ can't find crate
[INFO] [stdout] 
[INFO] [stdout] error: aborting due to 2 previous errors
[INFO] [stdout] 
[INFO] [stdout] For more information about this error, try `rustc --explain E0463`.
[INFO] [stdout] Couldn't compile the test.
[INFO] [stdout] ---- src/lib.rs - Ui<'ui>::replace_texture (line 1559) stdout ----
[INFO] [stdout] error[E0463]: can't find crate for `glium`
[INFO] [stdout]  --> src/lib.rs:1561:1
[INFO] [stdout]   |
[INFO] [stdout] 3 | extern crate glium;
[INFO] [stdout]   | ^^^^^^^^^^^^^^^^^^^ can't find crate
[INFO] [stdout] 
[INFO] [stdout] error[E0463]: can't find crate for `aflak_imgui_glium_renderer`
[INFO] [stdout]  --> src/lib.rs:1562:1
[INFO] [stdout]   |
[INFO] [stdout] 4 | extern crate aflak_imgui_glium_renderer;
[INFO] [stdout]   | ^^^^^^^^^^^^^^^^^^^^^^^^^^^^^^^^^^^^^^^^ can't find crate
[INFO] [stdout] 
[INFO] [stdout] error: aborting due to 2 previous errors
[INFO] [stdout] 
[INFO] [stdout] For more information about this error, try `rustc --explain E0463`.
[INFO] [stdout] Couldn't compile the test.
[INFO] [stdout] 
[INFO] [stdout] failures:
[INFO] [stdout]     src/lib.rs - Ui<'ui>::image (line 1246)
[INFO] [stdout]     src/lib.rs - Ui<'ui>::make_texture (line 1516)
[INFO] [stdout]     src/lib.rs - Ui<'ui>::replace_texture (line 1559)
[INFO] [stdout] 
[INFO] [stdout] test result: FAILED. 15 passed; 3 failed; 0 ignored; 0 measured; 0 filtered out; finished in 1.02s
[INFO] [stdout] 
[INFO] [stderr] error: doctest failed, to rerun pass `--doc`
[INFO] running `Command { std: "docker" "inspect" "27e5f2a4006d29ce666b5b38d41fa7e995f5a06ebf13c376a4156fbd75e4c26a", kill_on_drop: false }`
[INFO] running `Command { std: "docker" "rm" "-f" "27e5f2a4006d29ce666b5b38d41fa7e995f5a06ebf13c376a4156fbd75e4c26a", kill_on_drop: false }`
[INFO] [stdout] 27e5f2a4006d29ce666b5b38d41fa7e995f5a06ebf13c376a4156fbd75e4c26a
