[INFO] fetching crate actix-test 0.1.1...
[INFO] testing actix-test-0.1.1 against 1.69.0 for beta-1.70-1
[INFO] extracting crate actix-test 0.1.1 into /workspace/builds/worker-1-tc1/source
[INFO] validating manifest of crates.io crate actix-test 0.1.1 on toolchain 1.69.0
[INFO] running `Command { std: CARGO_HOME="/workspace/cargo-home" RUSTUP_HOME="/workspace/rustup-home" "/workspace/cargo-home/bin/cargo" "+1.69.0" "metadata" "--manifest-path" "Cargo.toml" "--no-deps", kill_on_drop: false }`
[INFO] started tweaking crates.io crate actix-test 0.1.1
[INFO] finished tweaking crates.io crate actix-test 0.1.1
[INFO] tweaked toml for crates.io crate actix-test 0.1.1 written to /workspace/builds/worker-1-tc1/source/Cargo.toml
[INFO] running `Command { std: CARGO_HOME="/workspace/cargo-home" RUSTUP_HOME="/workspace/rustup-home" __CARGO_TEST_CHANNEL_OVERRIDE_DO_NOT_USE_THIS="nightly" "/workspace/cargo-home/bin/cargo" "+1.69.0" "generate-lockfile" "--manifest-path" "Cargo.toml" "-Zno-index-update", kill_on_drop: false }`
[INFO] running `Command { std: CARGO_HOME="/workspace/cargo-home" RUSTUP_HOME="/workspace/rustup-home" "/workspace/cargo-home/bin/cargo" "+1.69.0" "fetch" "--manifest-path" "Cargo.toml", kill_on_drop: false }`
[INFO] [stderr]  Downloading crates ...
[INFO] [stderr]   Downloaded awc v3.1.1
[INFO] [stderr]   Downloaded actix-http-test v3.1.0
[INFO] [stderr]   Downloaded tokio-openssl v0.6.3
[INFO] [stderr]   Downloaded webpki-roots v0.22.6
[INFO] [stderr]   Downloaded actix-tls v3.0.3
[INFO] running `Command { std: "docker" "create" "-v" "/var/lib/crater-agent-workspace/builds/worker-1-tc1/target:/opt/rustwide/target:rw,Z" "-v" "/var/lib/crater-agent-workspace/builds/worker-1-tc1/source:/opt/rustwide/workdir:ro,Z" "-v" "/var/lib/crater-agent-workspace/cargo-home:/opt/rustwide/cargo-home:ro,Z" "-v" "/var/lib/crater-agent-workspace/rustup-home:/opt/rustwide/rustup-home:ro,Z" "-e" "SOURCE_DIR=/opt/rustwide/workdir" "-e" "CARGO_TARGET_DIR=/opt/rustwide/target" "-e" "CARGO_HOME=/opt/rustwide/cargo-home" "-e" "RUSTUP_HOME=/opt/rustwide/rustup-home" "-w" "/opt/rustwide/workdir" "-m" "1610612736" "--user" "0:0" "--network" "none" "ghcr.io/rust-lang/crates-build-env/linux@sha256:5ff2268d62e97bff2cde7d5815dd6ed5b47097566f13b8d0ca110b04b60e07ed" "/opt/rustwide/cargo-home/bin/cargo" "+1.69.0" "metadata" "--no-deps" "--format-version=1", kill_on_drop: false }`
[INFO] [stdout] 240053082a6d985298de615bd992dd5913829a9eca0c7cf0c54ec18a627a2090
[INFO] running `Command { std: "docker" "start" "-a" "240053082a6d985298de615bd992dd5913829a9eca0c7cf0c54ec18a627a2090", kill_on_drop: false }`
[INFO] running `Command { std: "docker" "inspect" "240053082a6d985298de615bd992dd5913829a9eca0c7cf0c54ec18a627a2090", kill_on_drop: false }`
[INFO] running `Command { std: "docker" "rm" "-f" "240053082a6d985298de615bd992dd5913829a9eca0c7cf0c54ec18a627a2090", kill_on_drop: false }`
[INFO] [stdout] 240053082a6d985298de615bd992dd5913829a9eca0c7cf0c54ec18a627a2090
[INFO] running `Command { std: "docker" "create" "-v" "/var/lib/crater-agent-workspace/builds/worker-1-tc1/target:/opt/rustwide/target:rw,Z" "-v" "/var/lib/crater-agent-workspace/builds/worker-1-tc1/source:/opt/rustwide/workdir:ro,Z" "-v" "/var/lib/crater-agent-workspace/cargo-home:/opt/rustwide/cargo-home:ro,Z" "-v" "/var/lib/crater-agent-workspace/rustup-home:/opt/rustwide/rustup-home:ro,Z" "-e" "SOURCE_DIR=/opt/rustwide/workdir" "-e" "CARGO_TARGET_DIR=/opt/rustwide/target" "-e" "CARGO_INCREMENTAL=0" "-e" "RUST_BACKTRACE=full" "-e" "RUSTFLAGS=--cap-lints=warn" "-e" "RUSTDOCFLAGS=--cap-lints=warn" "-e" "CARGO_HOME=/opt/rustwide/cargo-home" "-e" "RUSTUP_HOME=/opt/rustwide/rustup-home" "-w" "/opt/rustwide/workdir" "-m" "1610612736" "--user" "0:0" "--network" "none" "ghcr.io/rust-lang/crates-build-env/linux@sha256:5ff2268d62e97bff2cde7d5815dd6ed5b47097566f13b8d0ca110b04b60e07ed" "/opt/rustwide/cargo-home/bin/cargo" "+1.69.0" "build" "--frozen" "--message-format=json", kill_on_drop: false }`
[INFO] [stdout] 05612ba2ea538fc1728f8806713d954b2c8c440e2e6347afadd61ed29a900846
[INFO] running `Command { std: "docker" "start" "-a" "05612ba2ea538fc1728f8806713d954b2c8c440e2e6347afadd61ed29a900846", kill_on_drop: false }`
[INFO] [stderr]    Compiling libc v0.2.142
[INFO] [stderr]    Compiling cfg-if v1.0.0
[INFO] [stderr]    Compiling autocfg v1.1.0
[INFO] [stderr]    Compiling version_check v0.9.4
[INFO] [stderr]    Compiling proc-macro2 v1.0.56
[INFO] [stderr]    Compiling quote v1.0.26
[INFO] [stderr]    Compiling unicode-ident v1.0.8
[INFO] [stderr]    Compiling pin-project-lite v0.2.9
[INFO] [stderr]    Compiling log v0.4.17
[INFO] [stderr]    Compiling futures-core v0.3.28
[INFO] [stderr]    Compiling bytes v1.4.0
[INFO] [stderr]    Compiling once_cell v1.17.1
[INFO] [stderr]    Compiling parking_lot_core v0.9.7
[INFO] [stderr]    Compiling lock_api v0.4.9
[INFO] [stderr]    Compiling scopeguard v1.1.0
[INFO] [stderr]    Compiling smallvec v1.10.0
[INFO] [stderr]    Compiling tokio v1.28.0
[INFO] [stderr]    Compiling tracing-core v0.1.30
[INFO] [stderr]    Compiling futures-sink v0.3.28
[INFO] [stderr]    Compiling syn v1.0.109
[INFO] [stderr]    Compiling typenum v1.16.0
[INFO] [stderr]    Compiling memchr v2.5.0
[INFO] [stderr]    Compiling tracing v0.1.37
[INFO] [stderr]    Compiling socket2 v0.4.9
[INFO] [stderr]    Compiling signal-hook-registry v1.4.1
[INFO] [stderr]    Compiling mio v0.8.6
[INFO] [stderr]    Compiling parking_lot v0.12.1
[INFO] [stderr]    Compiling generic-array v0.14.7
[INFO] [stderr]    Compiling futures-task v0.3.28
[INFO] [stderr]    Compiling getrandom v0.2.9
[INFO] [stderr]    Compiling futures-util v0.3.28
[INFO] [stderr]    Compiling serde_derive v1.0.160
[INFO] [stderr]    Compiling paste v1.0.12
[INFO] [stderr]    Compiling syn v2.0.15
[INFO] [stderr]    Compiling percent-encoding v2.2.0
[INFO] [stderr]    Compiling local-waker v0.1.3
[INFO] [stderr]    Compiling pin-utils v0.1.0
[INFO] [stderr]    Compiling serde v1.0.160
[INFO] [stderr]    Compiling fnv v1.0.7
[INFO] [stderr]    Compiling http v0.2.9
[INFO] [stderr]    Compiling indexmap v1.9.3
[INFO] [stderr]    Compiling slab v0.4.8
[INFO] [stderr]    Compiling block-buffer v0.10.4
[INFO] [stderr]    Compiling crypto-common v0.1.6
[INFO] [stderr]    Compiling actix-utils v3.0.1
[INFO] [stderr]    Compiling actix-service v2.0.2
[INFO] [stderr]    Compiling rand_core v0.6.4
[INFO] [stderr]    Compiling ahash v0.8.3
[INFO] [stderr]    Compiling hashbrown v0.12.3
[INFO] [stderr]    Compiling httparse v1.8.0
[INFO] [stderr]    Compiling time-core v0.1.0
[INFO] [stderr]    Compiling ppv-lite86 v0.2.17
[INFO] [stderr]    Compiling bitflags v1.3.2
[INFO] [stderr]    Compiling time-macros v0.2.8
[INFO] [stderr]    Compiling rand_chacha v0.3.1
[INFO] [stderr]    Compiling digest v0.10.6
[INFO] [stderr]    Compiling form_urlencoded v1.1.0
[INFO] [stderr]    Compiling bytestring v1.3.0
[INFO] [stderr]    Compiling ahash v0.7.6
[INFO] [stderr]    Compiling cookie v0.16.2
[INFO] [stderr]    Compiling cpufeatures v0.2.7
[INFO] [stderr]    Compiling tinyvec_macros v0.1.1
[INFO] [stderr]    Compiling convert_case v0.4.0
[INFO] [stderr]    Compiling tinyvec v1.6.0
[INFO] [stderr]    Compiling sha1 v0.10.5
[INFO] [stderr]    Compiling rand v0.8.5
[INFO] [stderr]    Compiling local-channel v0.1.3
[INFO] [stderr]    Compiling encoding_rs v0.8.32
[INFO] [stderr]    Compiling time v0.3.20
[INFO] [stderr]    Compiling mime v0.3.17
[INFO] [stderr]    Compiling httpdate v1.0.2
[INFO] [stderr]    Compiling tokio-util v0.7.8
[INFO] [stderr]    Compiling language-tags v0.3.2
[INFO] [stderr]    Compiling base64 v0.21.0
[INFO] [stderr]    Compiling unicode-normalization v0.1.22
[INFO] [stderr]    Compiling actix-codec v0.5.0
[INFO] [stderr]    Compiling h2 v0.3.18
[INFO] [stderr]    Compiling aho-corasick v1.0.1
[INFO] [stderr]    Compiling num_cpus v1.15.0
[INFO] [stderr]    Compiling actix-macros v0.2.3
[INFO] [stderr]    Compiling derive_more v0.99.17
[INFO] [stderr]    Compiling regex-syntax v0.7.1
[INFO] [stderr]    Compiling unicode-bidi v0.3.13
[INFO] [stderr]    Compiling actix-rt v2.8.0
[INFO] [stderr]    Compiling idna v0.3.0
[INFO] [stderr]    Compiling actix-tls v3.0.3
[INFO] [stderr]    Compiling actix-server v2.2.0
[INFO] [stderr]    Compiling regex v1.8.1
[INFO] [stderr]    Compiling url v2.3.1
[INFO] [stderr]    Compiling actix-http v3.3.1
[INFO] [stderr]    Compiling serde_json v1.0.96
[INFO] [stderr]    Compiling serde_urlencoded v0.7.1
[INFO] [stderr]    Compiling actix-router v0.5.1
[INFO] [stderr]    Compiling awc v3.1.1
[INFO] [stderr]    Compiling actix-web v4.3.1
[INFO] [stderr]    Compiling actix-http-test v3.1.0
[INFO] [stderr]    Compiling actix-test v0.1.1 (/opt/rustwide/workdir)
[INFO] [stderr]     Finished dev [unoptimized + debuginfo] target(s) in 1m 42s
[INFO] running `Command { std: "docker" "inspect" "05612ba2ea538fc1728f8806713d954b2c8c440e2e6347afadd61ed29a900846", kill_on_drop: false }`
[INFO] running `Command { std: "docker" "rm" "-f" "05612ba2ea538fc1728f8806713d954b2c8c440e2e6347afadd61ed29a900846", kill_on_drop: false }`
[INFO] [stdout] 05612ba2ea538fc1728f8806713d954b2c8c440e2e6347afadd61ed29a900846
[INFO] running `Command { std: "docker" "create" "-v" "/var/lib/crater-agent-workspace/builds/worker-1-tc1/target:/opt/rustwide/target:rw,Z" "-v" "/var/lib/crater-agent-workspace/builds/worker-1-tc1/source:/opt/rustwide/workdir:ro,Z" "-v" "/var/lib/crater-agent-workspace/cargo-home:/opt/rustwide/cargo-home:ro,Z" "-v" "/var/lib/crater-agent-workspace/rustup-home:/opt/rustwide/rustup-home:ro,Z" "-e" "SOURCE_DIR=/opt/rustwide/workdir" "-e" "CARGO_TARGET_DIR=/opt/rustwide/target" "-e" "CARGO_INCREMENTAL=0" "-e" "RUST_BACKTRACE=full" "-e" "RUSTFLAGS=--cap-lints=warn" "-e" "RUSTDOCFLAGS=--cap-lints=warn" "-e" "CARGO_HOME=/opt/rustwide/cargo-home" "-e" "RUSTUP_HOME=/opt/rustwide/rustup-home" "-w" "/opt/rustwide/workdir" "-m" "1610612736" "--user" "0:0" "--network" "none" "ghcr.io/rust-lang/crates-build-env/linux@sha256:5ff2268d62e97bff2cde7d5815dd6ed5b47097566f13b8d0ca110b04b60e07ed" "/opt/rustwide/cargo-home/bin/cargo" "+1.69.0" "test" "--frozen" "--no-run" "--message-format=json", kill_on_drop: false }`
[INFO] [stdout] 82bb48eb1eaec5dd7a83206b5c986979ece20f68ffa2591f4c6cfd9668293f03
[INFO] running `Command { std: "docker" "start" "-a" "82bb48eb1eaec5dd7a83206b5c986979ece20f68ffa2591f4c6cfd9668293f03", kill_on_drop: false }`
[INFO] [stderr]     Blocking waiting for file lock on package cache
[INFO] [stderr]    Compiling actix-test v0.1.1 (/opt/rustwide/workdir)
[INFO] [stderr]     Finished test [unoptimized + debuginfo] target(s) in 0.97s
[INFO] running `Command { std: "docker" "inspect" "82bb48eb1eaec5dd7a83206b5c986979ece20f68ffa2591f4c6cfd9668293f03", kill_on_drop: false }`
[INFO] running `Command { std: "docker" "rm" "-f" "82bb48eb1eaec5dd7a83206b5c986979ece20f68ffa2591f4c6cfd9668293f03", kill_on_drop: false }`
[INFO] [stdout] 82bb48eb1eaec5dd7a83206b5c986979ece20f68ffa2591f4c6cfd9668293f03
[INFO] running `Command { std: "docker" "create" "-v" "/var/lib/crater-agent-workspace/builds/worker-1-tc1/target:/opt/rustwide/target:rw,Z" "-v" "/var/lib/crater-agent-workspace/builds/worker-1-tc1/source:/opt/rustwide/workdir:ro,Z" "-v" "/var/lib/crater-agent-workspace/cargo-home:/opt/rustwide/cargo-home:ro,Z" "-v" "/var/lib/crater-agent-workspace/rustup-home:/opt/rustwide/rustup-home:ro,Z" "-e" "SOURCE_DIR=/opt/rustwide/workdir" "-e" "CARGO_TARGET_DIR=/opt/rustwide/target" "-e" "CARGO_INCREMENTAL=0" "-e" "RUST_BACKTRACE=full" "-e" "RUSTFLAGS=--cap-lints=warn" "-e" "RUSTDOCFLAGS=--cap-lints=warn" "-e" "CARGO_HOME=/opt/rustwide/cargo-home" "-e" "RUSTUP_HOME=/opt/rustwide/rustup-home" "-w" "/opt/rustwide/workdir" "-m" "1610612736" "--user" "0:0" "--network" "none" "ghcr.io/rust-lang/crates-build-env/linux@sha256:5ff2268d62e97bff2cde7d5815dd6ed5b47097566f13b8d0ca110b04b60e07ed" "/opt/rustwide/cargo-home/bin/cargo" "+1.69.0" "test" "--frozen", kill_on_drop: false }`
[INFO] [stdout] b3379696a2302ac90127207ecfc1fe6c18f68e40d22ad5601710138dbc32e421
[INFO] running `Command { std: "docker" "start" "-a" "b3379696a2302ac90127207ecfc1fe6c18f68e40d22ad5601710138dbc32e421", kill_on_drop: false }`
[INFO] [stderr]     Finished test [unoptimized + debuginfo] target(s) in 0.14s
[INFO] [stderr]      Running unittests src/lib.rs (/opt/rustwide/target/debug/deps/actix_test-0a5976db6b290ac8)
[INFO] [stdout] 
[INFO] [stdout] running 0 tests
[INFO] [stdout] 
[INFO] [stdout] test result: ok. 0 passed; 0 failed; 0 ignored; 0 measured; 0 filtered out; finished in 0.00s
[INFO] [stdout] 
[INFO] [stderr]    Doc-tests actix-test
[INFO] [stdout] 
[INFO] [stdout] running 3 tests
[INFO] [stdout] test src/lib.rs - (line 8) ... FAILED
[INFO] [stdout] test src/lib.rs - start (line 61) ... FAILED
[INFO] [stdout] test src/lib.rs - start_with (line 100) ... FAILED
[INFO] [stdout] 
[INFO] [stdout] failures:
[INFO] [stdout] 
[INFO] [stdout] ---- src/lib.rs - (line 8) stdout ----
[INFO] [stdout] error[E0432]: unresolved import `actix_web::get`
[INFO] [stdout]  --> src/lib.rs:9:17
[INFO] [stdout]   |
[INFO] [stdout] 4 | use actix_web::{get, web, test, App, HttpResponse, Error, Responder};
[INFO] [stdout]   |                 ^^^ no `get` in the root
[INFO] [stdout] 
[INFO] [stdout] error: cannot determine resolution for the attribute macro `get`
[INFO] [stdout]  --> src/lib.rs:11:3
[INFO] [stdout]   |
[INFO] [stdout] 6 | #[get("/")]
[INFO] [stdout]   |   ^^^
[INFO] [stdout]   |
[INFO] [stdout]   = note: import resolution is stuck, try simplifying macro imports
[INFO] [stdout] 
[INFO] [stdout] error: aborting due to 2 previous errors
[INFO] [stdout] 
[INFO] [stdout] For more information about this error, try `rustc --explain E0432`.
[INFO] [stdout] Couldn't compile the test.
[INFO] [stdout] ---- src/lib.rs - start (line 61) stdout ----
[INFO] [stdout] error[E0432]: unresolved import `actix_web::get`
[INFO] [stdout]  --> src/lib.rs:62:17
[INFO] [stdout]   |
[INFO] [stdout] 4 | use actix_web::{get, web, test, App, HttpResponse, Error, Responder};
[INFO] [stdout]   |                 ^^^ no `get` in the root
[INFO] [stdout] 
[INFO] [stdout] error[E0433]: failed to resolve: could not find `test` in `actix_web`
[INFO] [stdout]   --> src/lib.rs:69:14
[INFO] [stdout]    |
[INFO] [stdout] 11 | #[actix_web::test]
[INFO] [stdout]    |              ^^^^ could not find `test` in `actix_web`
[INFO] [stdout] 
[INFO] [stdout] error: cannot determine resolution for the attribute macro `get`
[INFO] [stdout]  --> src/lib.rs:64:3
[INFO] [stdout]   |
[INFO] [stdout] 6 | #[get("/")]
[INFO] [stdout]   |   ^^^
[INFO] [stdout]   |
[INFO] [stdout]   = note: import resolution is stuck, try simplifying macro imports
[INFO] [stdout] 
[INFO] [stdout] error[E0277]: the trait bound `fn() -> impl std::future::Future<Output = Result<impl Responder, actix_web::Error>> {my_handler}: HttpServiceFactory` is not satisfied
[INFO] [stdout]    --> src/lib.rs:72:28
[INFO] [stdout]     |
[INFO] [stdout] 14  |         App::new().service(my_handler)
[INFO] [stdout]     |                    ------- ^^^^^^^^^^ the trait `HttpServiceFactory` is not implemented for fn item `fn() -> impl std::future::Future<Output = Result<impl Responder, actix_web::Error>> {my_handler}`
[INFO] [stdout]     |                    |
[INFO] [stdout]     |                    required by a bound introduced by this call
[INFO] [stdout]     |
[INFO] [stdout]     = help: the following other types implement trait `HttpServiceFactory`:
[INFO] [stdout]               (A, B)
[INFO] [stdout]               (A, B, C)
[INFO] [stdout]               (A, B, C, D)
[INFO] [stdout]               (A, B, C, D, E)
[INFO] [stdout]               (A, B, C, D, E, F)
[INFO] [stdout]               (A, B, C, D, E, F, G)
[INFO] [stdout]               (A, B, C, D, E, F, G, H)
[INFO] [stdout]               (A, B, C, D, E, F, G, H, I)
[INFO] [stdout]             and 8 others
[INFO] [stdout] note: required by a bound in `App::<T>::service`
[INFO] [stdout]    --> /opt/rustwide/cargo-home/registry/src/github.com-1ecc6299db9ec823/actix-web-4.3.1/src/app.rs:238:12
[INFO] [stdout]     |
[INFO] [stdout] 238 |         F: HttpServiceFactory + 'static,
[INFO] [stdout]     |            ^^^^^^^^^^^^^^^^^^ required by this bound in `App::<T>::service`
[INFO] [stdout] 
[INFO] [stdout] error: aborting due to 4 previous errors
[INFO] [stdout] 
[INFO] [stdout] Some errors have detailed explanations: E0277, E0432, E0433.
[INFO] [stdout] For more information about an error, try `rustc --explain E0277`.
[INFO] [stdout] Couldn't compile the test.
[INFO] [stdout] ---- src/lib.rs - start_with (line 100) stdout ----
[INFO] [stdout] error[E0432]: unresolved import `actix_web::get`
[INFO] [stdout]  --> src/lib.rs:101:17
[INFO] [stdout]   |
[INFO] [stdout] 4 | use actix_web::{get, web, test, App, HttpResponse, Error, Responder};
[INFO] [stdout]   |                 ^^^ no `get` in the root
[INFO] [stdout] 
[INFO] [stdout] error[E0433]: failed to resolve: could not find `test` in `actix_web`
[INFO] [stdout]   --> src/lib.rs:108:14
[INFO] [stdout]    |
[INFO] [stdout] 11 | #[actix_web::test]
[INFO] [stdout]    |              ^^^^ could not find `test` in `actix_web`
[INFO] [stdout] 
[INFO] [stdout] error: cannot determine resolution for the attribute macro `get`
[INFO] [stdout]  --> src/lib.rs:103:3
[INFO] [stdout]   |
[INFO] [stdout] 6 | #[get("/")]
[INFO] [stdout]   |   ^^^
[INFO] [stdout]   |
[INFO] [stdout]   = note: import resolution is stuck, try simplifying macro imports
[INFO] [stdout] 
[INFO] [stdout] error[E0277]: the trait bound `fn() -> impl std::future::Future<Output = Result<impl Responder, actix_web::Error>> {my_handler}: HttpServiceFactory` is not satisfied
[INFO] [stdout]    --> src/lib.rs:111:28
[INFO] [stdout]     |
[INFO] [stdout] 14  |         App::new().service(my_handler)
[INFO] [stdout]     |                    ------- ^^^^^^^^^^ the trait `HttpServiceFactory` is not implemented for fn item `fn() -> impl std::future::Future<Output = Result<impl Responder, actix_web::Error>> {my_handler}`
[INFO] [stdout]     |                    |
[INFO] [stdout]     |                    required by a bound introduced by this call
[INFO] [stdout]     |
[INFO] [stdout]     = help: the following other types implement trait `HttpServiceFactory`:
[INFO] [stdout]               (A, B)
[INFO] [stdout]               (A, B, C)
[INFO] [stdout]               (A, B, C, D)
[INFO] [stdout]               (A, B, C, D, E)
[INFO] [stdout]               (A, B, C, D, E, F)
[INFO] [stdout]               (A, B, C, D, E, F, G)
[INFO] [stdout]               (A, B, C, D, E, F, G, H)
[INFO] [stdout]               (A, B, C, D, E, F, G, H, I)
[INFO] [stdout]             and 8 others
[INFO] [stdout] note: required by a bound in `App::<T>::service`
[INFO] [stdout]    --> /opt/rustwide/cargo-home/registry/src/github.com-1ecc6299db9ec823/actix-web-4.3.1/src/app.rs:238:12
[INFO] [stdout]     |
[INFO] [stdout] 238 |         F: HttpServiceFactory + 'static,
[INFO] [stdout]     |            ^^^^^^^^^^^^^^^^^^ required by this bound in `App::<T>::service`
[INFO] [stdout] 
[INFO] [stdout] error: aborting due to 4 previous errors
[INFO] [stdout] 
[INFO] [stdout] Some errors have detailed explanations: E0277, E0432, E0433.
[INFO] [stdout] For more information about an error, try `rustc --explain E0277`.
[INFO] [stdout] Couldn't compile the test.
[INFO] [stdout] 
[INFO] [stdout] failures:
[INFO] [stdout]     src/lib.rs - (line 8)
[INFO] [stdout]     src/lib.rs - start (line 61)
[INFO] [stdout]     src/lib.rs - start_with (line 100)
[INFO] [stdout] 
[INFO] [stdout] test result: FAILED. 0 passed; 3 failed; 0 ignored; 0 measured; 0 filtered out; finished in 0.23s
[INFO] [stdout] 
[INFO] [stderr] error: doctest failed, to rerun pass `--doc`
[INFO] running `Command { std: "docker" "inspect" "b3379696a2302ac90127207ecfc1fe6c18f68e40d22ad5601710138dbc32e421", kill_on_drop: false }`
[INFO] running `Command { std: "docker" "rm" "-f" "b3379696a2302ac90127207ecfc1fe6c18f68e40d22ad5601710138dbc32e421", kill_on_drop: false }`
[INFO] [stdout] b3379696a2302ac90127207ecfc1fe6c18f68e40d22ad5601710138dbc32e421
