[INFO] fetching crate actix-socks 0.1.0...
[INFO] testing actix-socks-0.1.0 against 1.69.0 for beta-1.70-1
[INFO] extracting crate actix-socks 0.1.0 into /workspace/builds/worker-2-tc1/source
[INFO] validating manifest of crates.io crate actix-socks 0.1.0 on toolchain 1.69.0
[INFO] running `Command { std: CARGO_HOME="/workspace/cargo-home" RUSTUP_HOME="/workspace/rustup-home" "/workspace/cargo-home/bin/cargo" "+1.69.0" "metadata" "--manifest-path" "Cargo.toml" "--no-deps", kill_on_drop: false }`
[INFO] started tweaking crates.io crate actix-socks 0.1.0
[INFO] finished tweaking crates.io crate actix-socks 0.1.0
[INFO] tweaked toml for crates.io crate actix-socks 0.1.0 written to /workspace/builds/worker-2-tc1/source/Cargo.toml
[INFO] running `Command { std: CARGO_HOME="/workspace/cargo-home" RUSTUP_HOME="/workspace/rustup-home" __CARGO_TEST_CHANNEL_OVERRIDE_DO_NOT_USE_THIS="nightly" "/workspace/cargo-home/bin/cargo" "+1.69.0" "generate-lockfile" "--manifest-path" "Cargo.toml" "-Zno-index-update", kill_on_drop: false }`
[INFO] running `Command { std: CARGO_HOME="/workspace/cargo-home" RUSTUP_HOME="/workspace/rustup-home" "/workspace/cargo-home/bin/cargo" "+1.69.0" "fetch" "--manifest-path" "Cargo.toml", kill_on_drop: false }`
[INFO] [stderr]  Downloading crates ...
[INFO] [stderr]   Downloaded actix-router v0.2.7
[INFO] [stderr]   Downloaded serde_urlencoded v0.6.1
[INFO] [stderr]   Downloaded pin-project v0.4.30
[INFO] [stderr]   Downloaded actix-web v2.0.0
[INFO] [stderr]   Downloaded actix-threadpool v0.3.3
[INFO] [stderr]   Downloaded actix-macros v0.1.3
[INFO] [stderr]   Downloaded actix-testing v1.0.1
[INFO] [stderr]   Downloaded awc v1.0.1
[INFO] [stderr]   Downloaded fxhash v0.2.1
[INFO] [stderr]   Downloaded dtoa v0.4.8
[INFO] [stderr]   Downloaded threadpool v1.8.1
[INFO] [stderr]   Downloaded actix-rt v1.1.1
[INFO] [stderr]   Downloaded actix-codec v0.2.0
[INFO] [stderr]   Downloaded copyless v0.1.5
[INFO] [stderr]   Downloaded heck v0.4.1
[INFO] [stderr]   Downloaded actix-codec v0.3.0
[INFO] [stderr]   Downloaded language-tags v0.2.2
[INFO] [stderr]   Downloaded actix-connect v1.0.2
[INFO] [stderr]   Downloaded actix-tls v1.0.0
[INFO] [stderr]   Downloaded actix-utils v2.0.0
[INFO] [stderr]   Downloaded actix-web-codegen v0.2.2
[INFO] [stderr]   Downloaded ipconfig v0.2.2
[INFO] [stderr]   Downloaded winreg v0.6.2
[INFO] [stderr]   Downloaded actix-utils v1.0.6
[INFO] [stderr]   Downloaded pin-project-internal v0.4.30
[INFO] [stderr]   Downloaded widestring v0.4.3
[INFO] [stderr]   Downloaded tokio-util v0.2.0
[INFO] [stderr]   Downloaded brotli2 v0.3.2
[INFO] [stderr]   Downloaded actix-server v1.0.4
[INFO] [stderr]   Downloaded actix-service v1.0.6
[INFO] [stderr]   Downloaded base64 v0.11.0
[INFO] [stderr]   Downloaded trust-dns-resolver v0.18.0-alpha.2
[INFO] [stderr]   Downloaded enum-as-inner v0.3.4
[INFO] [stderr]   Downloaded actix-http v1.0.1
[INFO] [stderr]   Downloaded trust-dns-proto v0.18.0-alpha.2
[INFO] [stderr]   Downloaded idna v0.2.3
[INFO] [stderr]   Downloaded brotli-sys v0.3.2
[INFO] [stderr]   Downloaded tokio-socks v0.2.2
[INFO] running `Command { std: "docker" "create" "-v" "/var/lib/crater-agent-workspace/builds/worker-2-tc1/target:/opt/rustwide/target:rw,Z" "-v" "/var/lib/crater-agent-workspace/builds/worker-2-tc1/source:/opt/rustwide/workdir:ro,Z" "-v" "/var/lib/crater-agent-workspace/cargo-home:/opt/rustwide/cargo-home:ro,Z" "-v" "/var/lib/crater-agent-workspace/rustup-home:/opt/rustwide/rustup-home:ro,Z" "-e" "SOURCE_DIR=/opt/rustwide/workdir" "-e" "CARGO_TARGET_DIR=/opt/rustwide/target" "-e" "CARGO_HOME=/opt/rustwide/cargo-home" "-e" "RUSTUP_HOME=/opt/rustwide/rustup-home" "-w" "/opt/rustwide/workdir" "-m" "1610612736" "--user" "0:0" "--network" "none" "ghcr.io/rust-lang/crates-build-env/linux@sha256:5ff2268d62e97bff2cde7d5815dd6ed5b47097566f13b8d0ca110b04b60e07ed" "/opt/rustwide/cargo-home/bin/cargo" "+1.69.0" "metadata" "--no-deps" "--format-version=1", kill_on_drop: false }`
[INFO] [stdout] 0caf2d74349b58b59a6d5cb421892de76580f6c4f30e46cc6201fc03f98e9a1b
[INFO] running `Command { std: "docker" "start" "-a" "0caf2d74349b58b59a6d5cb421892de76580f6c4f30e46cc6201fc03f98e9a1b", kill_on_drop: false }`
[INFO] running `Command { std: "docker" "inspect" "0caf2d74349b58b59a6d5cb421892de76580f6c4f30e46cc6201fc03f98e9a1b", kill_on_drop: false }`
[INFO] running `Command { std: "docker" "rm" "-f" "0caf2d74349b58b59a6d5cb421892de76580f6c4f30e46cc6201fc03f98e9a1b", kill_on_drop: false }`
[INFO] [stdout] 0caf2d74349b58b59a6d5cb421892de76580f6c4f30e46cc6201fc03f98e9a1b
[INFO] running `Command { std: "docker" "create" "-v" "/var/lib/crater-agent-workspace/builds/worker-2-tc1/target:/opt/rustwide/target:rw,Z" "-v" "/var/lib/crater-agent-workspace/builds/worker-2-tc1/source:/opt/rustwide/workdir:ro,Z" "-v" "/var/lib/crater-agent-workspace/cargo-home:/opt/rustwide/cargo-home:ro,Z" "-v" "/var/lib/crater-agent-workspace/rustup-home:/opt/rustwide/rustup-home:ro,Z" "-e" "SOURCE_DIR=/opt/rustwide/workdir" "-e" "CARGO_TARGET_DIR=/opt/rustwide/target" "-e" "CARGO_INCREMENTAL=0" "-e" "RUST_BACKTRACE=full" "-e" "RUSTFLAGS=--cap-lints=warn" "-e" "RUSTDOCFLAGS=--cap-lints=warn" "-e" "CARGO_HOME=/opt/rustwide/cargo-home" "-e" "RUSTUP_HOME=/opt/rustwide/rustup-home" "-w" "/opt/rustwide/workdir" "-m" "1610612736" "--user" "0:0" "--network" "none" "ghcr.io/rust-lang/crates-build-env/linux@sha256:5ff2268d62e97bff2cde7d5815dd6ed5b47097566f13b8d0ca110b04b60e07ed" "/opt/rustwide/cargo-home/bin/cargo" "+1.69.0" "build" "--frozen" "--message-format=json", kill_on_drop: false }`
[INFO] [stdout] 7e87cd97d8b4580b0458d0f66ae694ae60f4dad1064f407d1958f5be64af9a5c
[INFO] running `Command { std: "docker" "start" "-a" "7e87cd97d8b4580b0458d0f66ae694ae60f4dad1064f407d1958f5be64af9a5c", kill_on_drop: false }`
[INFO] [stderr]     Blocking waiting for file lock on package cache
[INFO] [stderr]    Compiling libc v0.2.142
[INFO] [stderr]    Compiling cfg-if v0.1.10
[INFO] [stderr]    Compiling futures-util v0.3.28
[INFO] [stderr]    Compiling bytes v0.5.6
[INFO] [stderr]    Compiling pin-project-lite v0.1.12
[INFO] [stderr]    Compiling adler v1.0.2
[INFO] [stderr]    Compiling parking_lot_core v0.8.6
[INFO] [stderr]    Compiling backtrace v0.3.67
[INFO] [stderr]    Compiling instant v0.1.12
[INFO] [stderr]    Compiling syn v1.0.109
[INFO] [stderr]    Compiling syn v2.0.15
[INFO] [stderr]    Compiling unicode-xid v0.2.4
[INFO] [stderr]    Compiling failure_derive v0.1.8
[INFO] [stderr]    Compiling gimli v0.27.2
[INFO] [stderr]    Compiling pin-project-internal v0.4.30
[INFO] [stderr]    Compiling object v0.30.3
[INFO] [stderr]    Compiling rustc-demangle v0.1.23
[INFO] [stderr]    Compiling convert_case v0.4.0
[INFO] [stderr]    Compiling matches v0.1.10
[INFO] [stderr]    Compiling heck v0.4.1
[INFO] [stderr]    Compiling match_cfg v0.1.0
[INFO] [stderr]    Compiling miniz_oxide v0.6.2
[INFO] [stderr]    Compiling idna v0.2.3
[INFO] [stderr]    Compiling brotli-sys v0.3.2
[INFO] [stderr]    Compiling indexmap v1.9.3
[INFO] [stderr]    Compiling byteorder v1.4.3
[INFO] [stderr]    Compiling linked-hash-map v0.5.6
[INFO] [stderr]    Compiling quick-error v1.2.3
[INFO] [stderr]    Compiling crc32fast v1.3.2
[INFO] [stderr]    Compiling fnv v1.0.7
[INFO] [stderr]    Compiling either v1.8.1
[INFO] [stderr]    Compiling copyless v0.1.5
[INFO] [stderr]    Compiling http v0.2.9
[INFO] [stderr]    Compiling lru-cache v0.1.2
[INFO] [stderr]    Compiling tracing v0.1.37
[INFO] [stderr]    Compiling httparse v1.8.0
[INFO] [stderr]    Compiling hashbrown v0.12.3
[INFO] [stderr]    Compiling miniz_oxide v0.7.1
[INFO] [stderr]    Compiling itoa v0.4.8
[INFO] [stderr]    Compiling dtoa v0.4.8
[INFO] [stderr]    Compiling iovec v0.1.4
[INFO] [stderr]    Compiling net2 v0.2.38
[INFO] [stderr]    Compiling signal-hook-registry v1.4.1
[INFO] [stderr]    Compiling getrandom v0.1.16
[INFO] [stderr]    Compiling num_cpus v1.15.0
[INFO] [stderr]    Compiling socket2 v0.3.19
[INFO] [stderr]    Compiling hostname v0.3.1
[INFO] [stderr]    Compiling mio v0.6.23
[INFO] [stderr]    Compiling rand_core v0.5.1
[INFO] [stderr]    Compiling parking_lot v0.11.2
[INFO] [stderr]    Compiling threadpool v1.8.1
[INFO] [stderr]    Compiling resolv-conf v0.6.3
[INFO] [stderr]    Compiling rand_chacha v0.2.2
[INFO] [stderr]    Compiling time v0.1.45
[INFO] [stderr]    Compiling regex-syntax v0.7.1
[INFO] [stderr]    Compiling rand v0.7.3
[INFO] [stderr]    Compiling mio-uds v0.6.8
[INFO] [stderr]    Compiling flate2 v1.0.26
[INFO] [stderr]    Compiling bytes v0.4.12
[INFO] [stderr]    Compiling fxhash v0.2.1
[INFO] [stderr]    Compiling tokio v0.2.25
[INFO] [stderr]    Compiling addr2line v0.19.0
[INFO] [stderr]    Compiling chrono v0.4.24
[INFO] [stderr]    Compiling encoding_rs v0.8.32
[INFO] [stderr]    Compiling language-tags v0.2.2
[INFO] [stderr]    Compiling base64 v0.11.0
[INFO] [stderr]    Compiling mime v0.3.17
[INFO] [stderr]    Compiling futures-macro v0.3.28
[INFO] [stderr]    Compiling serde_derive v1.0.160
[INFO] [stderr]    Compiling async-trait v0.1.68
[INFO] [stderr]    Compiling thiserror-impl v1.0.40
[INFO] [stderr]    Compiling regex v1.8.1
[INFO] [stderr]    Compiling tokio-util v0.2.0
[INFO] [stderr]    Compiling tokio-util v0.3.1
[INFO] [stderr]    Compiling synstructure v0.12.6
[INFO] [stderr]    Compiling actix-codec v0.2.0
[INFO] [stderr]    Compiling thiserror v1.0.40
[INFO] [stderr]    Compiling derive_more v0.99.17
[INFO] [stderr]    Compiling enum-as-inner v0.3.4
[INFO] [stderr]    Compiling actix-macros v0.1.3
[INFO] [stderr]    Compiling pin-project-internal v1.0.12
[INFO] [stderr]    Compiling brotli2 v0.3.2
[INFO] [stderr]    Compiling serde v1.0.160
[INFO] [stderr]    Compiling failure v0.1.8
[INFO] [stderr]    Compiling pin-project v1.0.12
[INFO] [stderr]    Compiling tracing-futures v0.2.5
[INFO] [stderr]    Compiling futures-executor v0.3.28
[INFO] [stderr]    Compiling h2 v0.2.7
[INFO] [stderr]    Compiling pin-project v0.4.30
[INFO] [stderr]    Compiling futures v0.3.28
[INFO] [stderr]    Compiling trust-dns-proto v0.18.0-alpha.2
[INFO] [stderr]    Compiling actix-service v1.0.6
[INFO] [stderr]    Compiling tokio-socks v0.2.2
[INFO] [stderr]    Compiling actix-threadpool v0.3.3
[INFO] [stderr]    Compiling actix-rt v1.1.1
[INFO] [stderr]    Compiling trust-dns-resolver v0.18.0-alpha.2
[INFO] [stderr]    Compiling actix-utils v1.0.6
[INFO] [stderr]    Compiling serde_json v1.0.96
[INFO] [stderr]    Compiling serde_urlencoded v0.6.1
[INFO] [stderr]    Compiling actix-connect v1.0.2
[INFO] [stderr]    Compiling actix-http v1.0.1
[INFO] [stderr]    Compiling actix-socks v0.1.0 (/opt/rustwide/workdir)
[INFO] [stderr]     Finished dev [unoptimized + debuginfo] target(s) in 27.64s
[INFO] running `Command { std: "docker" "inspect" "7e87cd97d8b4580b0458d0f66ae694ae60f4dad1064f407d1958f5be64af9a5c", kill_on_drop: false }`
[INFO] running `Command { std: "docker" "rm" "-f" "7e87cd97d8b4580b0458d0f66ae694ae60f4dad1064f407d1958f5be64af9a5c", kill_on_drop: false }`
[INFO] [stdout] 7e87cd97d8b4580b0458d0f66ae694ae60f4dad1064f407d1958f5be64af9a5c
[INFO] running `Command { std: "docker" "create" "-v" "/var/lib/crater-agent-workspace/builds/worker-2-tc1/target:/opt/rustwide/target:rw,Z" "-v" "/var/lib/crater-agent-workspace/builds/worker-2-tc1/source:/opt/rustwide/workdir:ro,Z" "-v" "/var/lib/crater-agent-workspace/cargo-home:/opt/rustwide/cargo-home:ro,Z" "-v" "/var/lib/crater-agent-workspace/rustup-home:/opt/rustwide/rustup-home:ro,Z" "-e" "SOURCE_DIR=/opt/rustwide/workdir" "-e" "CARGO_TARGET_DIR=/opt/rustwide/target" "-e" "CARGO_INCREMENTAL=0" "-e" "RUST_BACKTRACE=full" "-e" "RUSTFLAGS=--cap-lints=warn" "-e" "RUSTDOCFLAGS=--cap-lints=warn" "-e" "CARGO_HOME=/opt/rustwide/cargo-home" "-e" "RUSTUP_HOME=/opt/rustwide/rustup-home" "-w" "/opt/rustwide/workdir" "-m" "1610612736" "--user" "0:0" "--network" "none" "ghcr.io/rust-lang/crates-build-env/linux@sha256:5ff2268d62e97bff2cde7d5815dd6ed5b47097566f13b8d0ca110b04b60e07ed" "/opt/rustwide/cargo-home/bin/cargo" "+1.69.0" "test" "--frozen" "--no-run" "--message-format=json", kill_on_drop: false }`
[INFO] [stdout] e22e3a20d01ac313b9de8bd320ec9a711c38650206e362f89662d1e861fc6dfa
[INFO] running `Command { std: "docker" "start" "-a" "e22e3a20d01ac313b9de8bd320ec9a711c38650206e362f89662d1e861fc6dfa", kill_on_drop: false }`
[INFO] [stderr]     Blocking waiting for file lock on package cache
[INFO] [stderr]    Compiling actix-codec v0.3.0
[INFO] [stderr]    Compiling bytestring v1.3.0
[INFO] [stderr]    Compiling actix-tls v1.0.0
[INFO] [stderr]    Compiling actix-web-codegen v0.2.2
[INFO] [stderr]    Compiling awc v1.0.1
[INFO] [stderr]    Compiling actix-router v0.2.7
[INFO] [stderr]    Compiling actix-utils v2.0.0
[INFO] [stderr]    Compiling actix-server v1.0.4
[INFO] [stderr]    Compiling actix-testing v1.0.1
[INFO] [stderr]    Compiling actix-web v2.0.0
[INFO] [stderr]    Compiling actix-socks v0.1.0 (/opt/rustwide/workdir)
[INFO] [stderr]     Finished test [unoptimized + debuginfo] target(s) in 10.76s
[INFO] running `Command { std: "docker" "inspect" "e22e3a20d01ac313b9de8bd320ec9a711c38650206e362f89662d1e861fc6dfa", kill_on_drop: false }`
[INFO] running `Command { std: "docker" "rm" "-f" "e22e3a20d01ac313b9de8bd320ec9a711c38650206e362f89662d1e861fc6dfa", kill_on_drop: false }`
[INFO] [stdout] e22e3a20d01ac313b9de8bd320ec9a711c38650206e362f89662d1e861fc6dfa
[INFO] running `Command { std: "docker" "create" "-v" "/var/lib/crater-agent-workspace/builds/worker-2-tc1/target:/opt/rustwide/target:rw,Z" "-v" "/var/lib/crater-agent-workspace/builds/worker-2-tc1/source:/opt/rustwide/workdir:ro,Z" "-v" "/var/lib/crater-agent-workspace/cargo-home:/opt/rustwide/cargo-home:ro,Z" "-v" "/var/lib/crater-agent-workspace/rustup-home:/opt/rustwide/rustup-home:ro,Z" "-e" "SOURCE_DIR=/opt/rustwide/workdir" "-e" "CARGO_TARGET_DIR=/opt/rustwide/target" "-e" "CARGO_INCREMENTAL=0" "-e" "RUST_BACKTRACE=full" "-e" "RUSTFLAGS=--cap-lints=warn" "-e" "RUSTDOCFLAGS=--cap-lints=warn" "-e" "CARGO_HOME=/opt/rustwide/cargo-home" "-e" "RUSTUP_HOME=/opt/rustwide/rustup-home" "-w" "/opt/rustwide/workdir" "-m" "1610612736" "--user" "0:0" "--network" "none" "ghcr.io/rust-lang/crates-build-env/linux@sha256:5ff2268d62e97bff2cde7d5815dd6ed5b47097566f13b8d0ca110b04b60e07ed" "/opt/rustwide/cargo-home/bin/cargo" "+1.69.0" "test" "--frozen", kill_on_drop: false }`
[INFO] [stdout] 53782c632e4f393d628978ef1941ce9ed2638430ad15d5eba2e444e57f309e4e
[INFO] running `Command { std: "docker" "start" "-a" "53782c632e4f393d628978ef1941ce9ed2638430ad15d5eba2e444e57f309e4e", kill_on_drop: false }`
[INFO] [stderr]     Finished test [unoptimized + debuginfo] target(s) in 0.22s
[INFO] [stderr]      Running unittests src/lib.rs (/opt/rustwide/target/debug/deps/actix_socks-e08b97ab4c85cd22)
[INFO] [stdout] 
[INFO] [stdout] running 1 test
[INFO] [stdout] test test::test ... FAILED
[INFO] [stdout] 
[INFO] [stdout] failures:
[INFO] [stdout] 
[INFO] [stdout] ---- test::test stdout ----
[INFO] [stdout] thread 'test::test' panicked at 'called `Result::unwrap()` on an `Err` value: Connect(Io(Custom { kind: Other, error: ProxyServerUnreachable }))', src/lib.rs:70:14
[INFO] [stdout] stack backtrace:
[INFO] [stdout]    0:     0x55df577d950a - std::backtrace_rs::backtrace::libunwind::trace::ha9053a9a07ca49cb
[INFO] [stdout]                                at /rustc/84c898d65adf2f39a5a98507f1fe0ce10a2b8dbc/library/std/src/../../backtrace/src/backtrace/libunwind.rs:93:5
[INFO] [stdout]    1:     0x55df577d950a - std::backtrace_rs::backtrace::trace_unsynchronized::h9c2852a457ad564e
[INFO] [stdout]                                at /rustc/84c898d65adf2f39a5a98507f1fe0ce10a2b8dbc/library/std/src/../../backtrace/src/backtrace/mod.rs:66:5
[INFO] [stdout]    2:     0x55df577d950a - std::sys_common::backtrace::_print_fmt::h457936fbfaa0070f
[INFO] [stdout]                                at /rustc/84c898d65adf2f39a5a98507f1fe0ce10a2b8dbc/library/std/src/sys_common/backtrace.rs:65:5
[INFO] [stdout]    3:     0x55df577d950a - <std::sys_common::backtrace::_print::DisplayBacktrace as core::fmt::Display>::fmt::h5779d7bf7f70cb0c
[INFO] [stdout]                                at /rustc/84c898d65adf2f39a5a98507f1fe0ce10a2b8dbc/library/std/src/sys_common/backtrace.rs:44:22
[INFO] [stdout]    4:     0x55df5780198e - core::fmt::write::h5a4baaff1bcd3eb5
[INFO] [stdout]                                at /rustc/84c898d65adf2f39a5a98507f1fe0ce10a2b8dbc/library/core/src/fmt/mod.rs:1232:17
[INFO] [stdout]    5:     0x55df577d6195 - std::io::Write::write_fmt::h478f79c628ef31d1
[INFO] [stdout]                                at /rustc/84c898d65adf2f39a5a98507f1fe0ce10a2b8dbc/library/std/src/io/mod.rs:1684:15
[INFO] [stdout]    6:     0x55df577d92d5 - std::sys_common::backtrace::_print::h5fcdc36060f177e8
[INFO] [stdout]                                at /rustc/84c898d65adf2f39a5a98507f1fe0ce10a2b8dbc/library/std/src/sys_common/backtrace.rs:47:5
[INFO] [stdout]    7:     0x55df577d92d5 - std::sys_common::backtrace::print::h54ca9458b876c8bf
[INFO] [stdout]                                at /rustc/84c898d65adf2f39a5a98507f1fe0ce10a2b8dbc/library/std/src/sys_common/backtrace.rs:34:9
[INFO] [stdout]    8:     0x55df577db09f - std::panicking::default_hook::{{closure}}::hbe471161c7664ed6
[INFO] [stdout]                                at /rustc/84c898d65adf2f39a5a98507f1fe0ce10a2b8dbc/library/std/src/panicking.rs:271:22
[INFO] [stdout]    9:     0x55df577dad5f - std::panicking::default_hook::ha3500da57aa4ac4f
[INFO] [stdout]                                at /rustc/84c898d65adf2f39a5a98507f1fe0ce10a2b8dbc/library/std/src/panicking.rs:287:9
[INFO] [stdout]   10:     0x55df57326857 - <alloc::boxed::Box<F,A> as core::ops::function::Fn<Args>>::call::hdf1b89dd137ece34
[INFO] [stdout]                                at /rustc/84c898d65adf2f39a5a98507f1fe0ce10a2b8dbc/library/alloc/src/boxed.rs:2001:9
[INFO] [stdout]   11:     0x55df57326857 - test::test_main::{{closure}}::h9081a79f20e75698
[INFO] [stdout]                                at /rustc/84c898d65adf2f39a5a98507f1fe0ce10a2b8dbc/library/test/src/lib.rs:135:21
[INFO] [stdout]   12:     0x55df577db7cd - <alloc::boxed::Box<F,A> as core::ops::function::Fn<Args>>::call::h6507bddc3eebb4a5
[INFO] [stdout]                                at /rustc/84c898d65adf2f39a5a98507f1fe0ce10a2b8dbc/library/alloc/src/boxed.rs:2001:9
[INFO] [stdout]   13:     0x55df577db7cd - std::panicking::rust_panic_with_hook::h50c09d000dc561d2
[INFO] [stdout]                                at /rustc/84c898d65adf2f39a5a98507f1fe0ce10a2b8dbc/library/std/src/panicking.rs:696:13
[INFO] [stdout]   14:     0x55df577db549 - std::panicking::begin_panic_handler::{{closure}}::h9e2b2176e00e0d9c
[INFO] [stdout]                                at /rustc/84c898d65adf2f39a5a98507f1fe0ce10a2b8dbc/library/std/src/panicking.rs:583:13
[INFO] [stdout]   15:     0x55df577d9976 - std::sys_common::backtrace::__rust_end_short_backtrace::h5739b8e512c09d02
[INFO] [stdout]                                at /rustc/84c898d65adf2f39a5a98507f1fe0ce10a2b8dbc/library/std/src/sys_common/backtrace.rs:150:18
[INFO] [stdout]   16:     0x55df577db252 - rust_begin_unwind
[INFO] [stdout]                                at /rustc/84c898d65adf2f39a5a98507f1fe0ce10a2b8dbc/library/std/src/panicking.rs:579:5
[INFO] [stdout]   17:     0x55df5718c2f3 - core::panicking::panic_fmt::hf33a1475b4dc5c3e
[INFO] [stdout]                                at /rustc/84c898d65adf2f39a5a98507f1fe0ce10a2b8dbc/library/core/src/panicking.rs:64:14
[INFO] [stdout]   18:     0x55df5718c7a3 - core::result::unwrap_failed::hdff5465d74574b44
[INFO] [stdout]                                at /rustc/84c898d65adf2f39a5a98507f1fe0ce10a2b8dbc/library/core/src/result.rs:1750:5
[INFO] [stdout]   19:     0x55df571cb411 - core::result::Result<T,E>::unwrap::h68dcc9516413aa34
[INFO] [stdout]                                at /rustc/84c898d65adf2f39a5a98507f1fe0ce10a2b8dbc/library/core/src/result.rs:1090:23
[INFO] [stdout]   20:     0x55df572044a6 - actix_socks::test::test::{{closure}}::h0fa9283ae794b4f6
[INFO] [stdout]                                at /opt/rustwide/workdir/src/lib.rs:66:19
[INFO] [stdout]   21:     0x55df571ce1e0 - <tokio::task::local::RunUntil<T> as core::future::future::Future>::poll::{{closure}}::{{closure}}::h746cd76599e6f2ff
[INFO] [stdout]                                at /opt/rustwide/cargo-home/registry/src/github.com-1ecc6299db9ec823/tokio-0.2.25/src/task/local.rs:528:65
[INFO] [stdout]   22:     0x55df571de090 - tokio::coop::with_budget::{{closure}}::h754757c7be9780b9
[INFO] [stdout]                                at /opt/rustwide/cargo-home/registry/src/github.com-1ecc6299db9ec823/tokio-0.2.25/src/coop.rs:127:9
[INFO] [stdout]   23:     0x55df571d5b84 - std::thread::local::LocalKey<T>::try_with::h9579cafdc13deeb6
[INFO] [stdout]                                at /rustc/84c898d65adf2f39a5a98507f1fe0ce10a2b8dbc/library/std/src/thread/local.rs:446:16
[INFO] [stdout]   24:     0x55df571d445a - std::thread::local::LocalKey<T>::with::h134095360b45eb28
[INFO] [stdout]                                at /rustc/84c898d65adf2f39a5a98507f1fe0ce10a2b8dbc/library/std/src/thread/local.rs:422:9
[INFO] [stdout]   25:     0x55df571ce0af - tokio::coop::with_budget::h4c03c1176f1832ba
[INFO] [stdout]                                at /opt/rustwide/cargo-home/registry/src/github.com-1ecc6299db9ec823/tokio-0.2.25/src/coop.rs:120:5
[INFO] [stdout]   26:     0x55df571ce0af - tokio::coop::budget::hd67d2722288eae11
[INFO] [stdout]                                at /opt/rustwide/cargo-home/registry/src/github.com-1ecc6299db9ec823/tokio-0.2.25/src/coop.rs:96:5
[INFO] [stdout]   27:     0x55df571ce0af - <tokio::task::local::RunUntil<T> as core::future::future::Future>::poll::{{closure}}::h128994cfdb9f4160
[INFO] [stdout]                                at /opt/rustwide/cargo-home/registry/src/github.com-1ecc6299db9ec823/tokio-0.2.25/src/task/local.rs:528:42
[INFO] [stdout]   28:     0x55df57201f37 - tokio::macros::scoped_tls::ScopedKey<T>::set::h98a6de92e093fb20
[INFO] [stdout]                                at /opt/rustwide/cargo-home/registry/src/github.com-1ecc6299db9ec823/tokio-0.2.25/src/macros/scoped_tls.rs:63:9
[INFO] [stdout]   29:     0x55df571ccc97 - tokio::task::local::LocalSet::with::h944e66b08a2ef414
[INFO] [stdout]                                at /opt/rustwide/cargo-home/registry/src/github.com-1ecc6299db9ec823/tokio-0.2.25/src/task/local.rs:442:9
[INFO] [stdout]   30:     0x55df571cdf4a - <tokio::task::local::RunUntil<T> as core::future::future::Future>::poll::h3f4dee5b10af92be
[INFO] [stdout]                                at /opt/rustwide/cargo-home/registry/src/github.com-1ecc6299db9ec823/tokio-0.2.25/src/task/local.rs:518:9
[INFO] [stdout]   31:     0x55df571ccfcf - tokio::task::local::LocalSet::run_until::{{closure}}::hb70591145aa6a425
[INFO] [stdout]                                at /opt/rustwide/cargo-home/registry/src/github.com-1ecc6299db9ec823/tokio-0.2.25/src/task/local.rs:392:18
[INFO] [stdout]   32:     0x55df5721e674 - tokio::runtime::basic_scheduler::BasicScheduler<P>::block_on::{{closure}}::{{closure}}::h8ad265ac91b12918
[INFO] [stdout]                                at /opt/rustwide/cargo-home/registry/src/github.com-1ecc6299db9ec823/tokio-0.2.25/src/runtime/basic_scheduler.rs:131:58
[INFO] [stdout]   33:     0x55df571de1c0 - tokio::coop::with_budget::{{closure}}::h9f6a8f2f23bb34a4
[INFO] [stdout]                                at /opt/rustwide/cargo-home/registry/src/github.com-1ecc6299db9ec823/tokio-0.2.25/src/coop.rs:127:9
[INFO] [stdout]   34:     0x55df571d51e4 - std::thread::local::LocalKey<T>::try_with::h1816295547a6e13f
[INFO] [stdout]                                at /rustc/84c898d65adf2f39a5a98507f1fe0ce10a2b8dbc/library/std/src/thread/local.rs:446:16
[INFO] [stdout]   35:     0x55df571d46fa - std::thread::local::LocalKey<T>::with::h6b521abdc9a87056
[INFO] [stdout]                                at /rustc/84c898d65adf2f39a5a98507f1fe0ce10a2b8dbc/library/std/src/thread/local.rs:422:9
[INFO] [stdout]   36:     0x55df5721e0e0 - tokio::coop::with_budget::hb135b7fce80500e4
[INFO] [stdout]                                at /opt/rustwide/cargo-home/registry/src/github.com-1ecc6299db9ec823/tokio-0.2.25/src/coop.rs:120:5
[INFO] [stdout]   37:     0x55df5721e0e0 - tokio::coop::budget::hc436c94e9a36ae6b
[INFO] [stdout]                                at /opt/rustwide/cargo-home/registry/src/github.com-1ecc6299db9ec823/tokio-0.2.25/src/coop.rs:96:5
[INFO] [stdout]   38:     0x55df5721e0e0 - tokio::runtime::basic_scheduler::BasicScheduler<P>::block_on::{{closure}}::h57fa3becbfd15eb9
[INFO] [stdout]                                at /opt/rustwide/cargo-home/registry/src/github.com-1ecc6299db9ec823/tokio-0.2.25/src/runtime/basic_scheduler.rs:131:35
[INFO] [stdout]   39:     0x55df5721eb0e - tokio::runtime::basic_scheduler::enter::{{closure}}::he8a45c22088337cf
[INFO] [stdout]                                at /opt/rustwide/cargo-home/registry/src/github.com-1ecc6299db9ec823/tokio-0.2.25/src/runtime/basic_scheduler.rs:213:29
[INFO] [stdout]   40:     0x55df57202063 - tokio::macros::scoped_tls::ScopedKey<T>::set::hfbd6db94b33460c7
[INFO] [stdout]                                at /opt/rustwide/cargo-home/registry/src/github.com-1ecc6299db9ec823/tokio-0.2.25/src/macros/scoped_tls.rs:63:9
[INFO] [stdout]   41:     0x55df5721ea51 - tokio::runtime::basic_scheduler::enter::h5bc4f713dddb4121
[INFO] [stdout]                                at /opt/rustwide/cargo-home/registry/src/github.com-1ecc6299db9ec823/tokio-0.2.25/src/runtime/basic_scheduler.rs:213:5
[INFO] [stdout]   42:     0x55df5721ddd0 - tokio::runtime::basic_scheduler::BasicScheduler<P>::block_on::h3b7e36ee4d4ecef8
[INFO] [stdout]                                at /opt/rustwide/cargo-home/registry/src/github.com-1ecc6299db9ec823/tokio-0.2.25/src/runtime/basic_scheduler.rs:123:9
[INFO] [stdout]   43:     0x55df5720fe04 - tokio::runtime::Runtime::block_on::{{closure}}::h18f2fbd67b96e6b3
[INFO] [stdout]                                at /opt/rustwide/cargo-home/registry/src/github.com-1ecc6299db9ec823/tokio-0.2.25/src/runtime/mod.rs:444:34
[INFO] [stdout]   44:     0x55df571cd0fb - tokio::runtime::context::enter::h273de9e9935f077c
[INFO] [stdout]                                at /opt/rustwide/cargo-home/registry/src/github.com-1ecc6299db9ec823/tokio-0.2.25/src/runtime/context.rs:72:5
[INFO] [stdout]   45:     0x55df571f90ea - tokio::runtime::handle::Handle::enter::h7eee3a9f72af6db4
[INFO] [stdout]                                at /opt/rustwide/cargo-home/registry/src/github.com-1ecc6299db9ec823/tokio-0.2.25/src/runtime/handle.rs:76:9
[INFO] [stdout]   46:     0x55df5720fd57 - tokio::runtime::Runtime::block_on::h0d5deffb35f42af8
[INFO] [stdout]                                at /opt/rustwide/cargo-home/registry/src/github.com-1ecc6299db9ec823/tokio-0.2.25/src/runtime/mod.rs:441:9
[INFO] [stdout]   47:     0x55df571cccdb - tokio::task::local::LocalSet::block_on::ha1704a8938d93d7c
[INFO] [stdout]                                at /opt/rustwide/cargo-home/registry/src/github.com-1ecc6299db9ec823/tokio-0.2.25/src/task/local.rs:353:9
[INFO] [stdout]   48:     0x55df571e18fa - actix_rt::runtime::Runtime::block_on::hc7a4834794d2165d
[INFO] [stdout]                                at /opt/rustwide/cargo-home/registry/src/github.com-1ecc6299db9ec823/actix-rt-1.1.1/src/runtime.rs:89:9
[INFO] [stdout]   49:     0x55df57203858 - actix_rt::builder::SystemRunner::block_on::h493b762c61f01d61
[INFO] [stdout]                                at /opt/rustwide/cargo-home/registry/src/github.com-1ecc6299db9ec823/actix-rt-1.1.1/src/builder.rs:187:19
[INFO] [stdout]   50:     0x55df5720408a - actix_socks::test::test::h6cf6de3b570e00f7
[INFO] [stdout]                                at /opt/rustwide/workdir/src/lib.rs:56:5
[INFO] [stdout]   51:     0x55df57204007 - actix_socks::test::test::{{closure}}::h6f7e160a8451708e
[INFO] [stdout]                                at /opt/rustwide/workdir/src/lib.rs:56:5
[INFO] [stdout]   52:     0x55df57215945 - core::ops::function::FnOnce::call_once::hb9f51e1c0b2a44c5
[INFO] [stdout]                                at /rustc/84c898d65adf2f39a5a98507f1fe0ce10a2b8dbc/library/core/src/ops/function.rs:250:5
[INFO] [stdout]   53:     0x55df5732bc3f - core::ops::function::FnOnce::call_once::h7d969581be7d0075
[INFO] [stdout]                                at /rustc/84c898d65adf2f39a5a98507f1fe0ce10a2b8dbc/library/core/src/ops/function.rs:250:5
[INFO] [stdout]   54:     0x55df5732bc3f - test::__rust_begin_short_backtrace::hca25a52684e56655
[INFO] [stdout]                                at /rustc/84c898d65adf2f39a5a98507f1fe0ce10a2b8dbc/library/test/src/lib.rs:656:18
[INFO] [stdout]   55:     0x55df572fd25c - test::run_test::{{closure}}::ha8ac744c4af1a4bb
[INFO] [stdout]                                at /rustc/84c898d65adf2f39a5a98507f1fe0ce10a2b8dbc/library/test/src/lib.rs:647:30
[INFO] [stdout]   56:     0x55df572fd25c - core::ops::function::FnOnce::call_once{{vtable.shim}}::h7b411a9ed45bdecf
[INFO] [stdout]                                at /rustc/84c898d65adf2f39a5a98507f1fe0ce10a2b8dbc/library/core/src/ops/function.rs:250:5
[INFO] [stdout]   57:     0x55df5732ac06 - <alloc::boxed::Box<F,A> as core::ops::function::FnOnce<Args>>::call_once::hd05328869a8ed200
[INFO] [stdout]                                at /rustc/84c898d65adf2f39a5a98507f1fe0ce10a2b8dbc/library/alloc/src/boxed.rs:1987:9
[INFO] [stdout]   58:     0x55df5732ac06 - <core::panic::unwind_safe::AssertUnwindSafe<F> as core::ops::function::FnOnce<()>>::call_once::h0c601ce20bd5b2be
[INFO] [stdout]                                at /rustc/84c898d65adf2f39a5a98507f1fe0ce10a2b8dbc/library/core/src/panic/unwind_safe.rs:271:9
[INFO] [stdout]   59:     0x55df5732ac06 - std::panicking::try::do_call::ha4be5c164fe30854
[INFO] [stdout]                                at /rustc/84c898d65adf2f39a5a98507f1fe0ce10a2b8dbc/library/std/src/panicking.rs:487:40
[INFO] [stdout]   60:     0x55df5732ac06 - std::panicking::try::h604546f3609af05f
[INFO] [stdout]                                at /rustc/84c898d65adf2f39a5a98507f1fe0ce10a2b8dbc/library/std/src/panicking.rs:451:19
[INFO] [stdout]   61:     0x55df5732ac06 - std::panic::catch_unwind::h5bfa8afe44c9c2f9
[INFO] [stdout]                                at /rustc/84c898d65adf2f39a5a98507f1fe0ce10a2b8dbc/library/std/src/panic.rs:140:14
[INFO] [stdout]   62:     0x55df5732ac06 - test::run_test_in_process::hd50dee55dd63e6aa
[INFO] [stdout]                                at /rustc/84c898d65adf2f39a5a98507f1fe0ce10a2b8dbc/library/test/src/lib.rs:679:27
[INFO] [stdout]   63:     0x55df5732ac06 - test::run_test::run_test_inner::{{closure}}::h4aa0f433aa85cea8
[INFO] [stdout]                                at /rustc/84c898d65adf2f39a5a98507f1fe0ce10a2b8dbc/library/test/src/lib.rs:573:39
[INFO] [stdout]   64:     0x55df572f78d1 - test::run_test::run_test_inner::{{closure}}::had56431adf24b4d6
[INFO] [stdout]                                at /rustc/84c898d65adf2f39a5a98507f1fe0ce10a2b8dbc/library/test/src/lib.rs:600:37
[INFO] [stdout]   65:     0x55df572f78d1 - std::sys_common::backtrace::__rust_begin_short_backtrace::ha8d9890e0c73bf13
[INFO] [stdout]                                at /rustc/84c898d65adf2f39a5a98507f1fe0ce10a2b8dbc/library/std/src/sys_common/backtrace.rs:134:18
[INFO] [stdout]   66:     0x55df572fd2eb - std::thread::Builder::spawn_unchecked_::{{closure}}::{{closure}}::h251832bcb4a95327
[INFO] [stdout]                                at /rustc/84c898d65adf2f39a5a98507f1fe0ce10a2b8dbc/library/std/src/thread/mod.rs:560:17
[INFO] [stdout]   67:     0x55df572fd2eb - <core::panic::unwind_safe::AssertUnwindSafe<F> as core::ops::function::FnOnce<()>>::call_once::h8fdff598fa414831
[INFO] [stdout]                                at /rustc/84c898d65adf2f39a5a98507f1fe0ce10a2b8dbc/library/core/src/panic/unwind_safe.rs:271:9
[INFO] [stdout]   68:     0x55df572fd2eb - std::panicking::try::do_call::h455dd2f7764a950f
[INFO] [stdout]                                at /rustc/84c898d65adf2f39a5a98507f1fe0ce10a2b8dbc/library/std/src/panicking.rs:487:40
[INFO] [stdout]   69:     0x55df572fd2eb - std::panicking::try::had6f23b7b73ae72a
[INFO] [stdout]                                at /rustc/84c898d65adf2f39a5a98507f1fe0ce10a2b8dbc/library/std/src/panicking.rs:451:19
[INFO] [stdout]   70:     0x55df572fd2eb - std::panic::catch_unwind::ha6a5ca3915b4dad0
[INFO] [stdout]                                at /rustc/84c898d65adf2f39a5a98507f1fe0ce10a2b8dbc/library/std/src/panic.rs:140:14
[INFO] [stdout]   71:     0x55df572fd2eb - std::thread::Builder::spawn_unchecked_::{{closure}}::h883b72ef75da6231
[INFO] [stdout]                                at /rustc/84c898d65adf2f39a5a98507f1fe0ce10a2b8dbc/library/std/src/thread/mod.rs:559:30
[INFO] [stdout]   72:     0x55df572fd2eb - core::ops::function::FnOnce::call_once{{vtable.shim}}::hb7dff73dc8bd2ccb
[INFO] [stdout]                                at /rustc/84c898d65adf2f39a5a98507f1fe0ce10a2b8dbc/library/core/src/ops/function.rs:250:5
[INFO] [stdout]   73:     0x55df577dfd53 - <alloc::boxed::Box<F,A> as core::ops::function::FnOnce<Args>>::call_once::h39990b24eedef2ab
[INFO] [stdout]                                at /rustc/84c898d65adf2f39a5a98507f1fe0ce10a2b8dbc/library/alloc/src/boxed.rs:1987:9
[INFO] [stdout]   74:     0x55df577dfd53 - <alloc::boxed::Box<F,A> as core::ops::function::FnOnce<Args>>::call_once::h01a027258444143b
[INFO] [stdout]                                at /rustc/84c898d65adf2f39a5a98507f1fe0ce10a2b8dbc/library/alloc/src/boxed.rs:1987:9
[INFO] [stdout]   75:     0x55df577dfd53 - std::sys::unix::thread::Thread::new::thread_start::ha4f1cdd9c25884ba
[INFO] [stdout]                                at /rustc/84c898d65adf2f39a5a98507f1fe0ce10a2b8dbc/library/std/src/sys/unix/thread.rs:108:17
[INFO] [stdout]   76:     0x7f6d48109b43 - <unknown>
[INFO] [stdout]   77:     0x7f6d4819abb4 - __clone
[INFO] [stdout]   78:                0x0 - <unknown>
[INFO] [stdout] Panic in Arbiter thread.
[INFO] [stdout] 
[INFO] [stdout] 
[INFO] [stdout] failures:
[INFO] [stdout]     test::test
[INFO] [stdout] 
[INFO] [stdout] test result: FAILED. 0 passed; 1 failed; 0 ignored; 0 measured; 0 filtered out; finished in 0.06s
[INFO] [stdout] 
[INFO] [stderr] error: test failed, to rerun pass `--lib`
[INFO] running `Command { std: "docker" "inspect" "53782c632e4f393d628978ef1941ce9ed2638430ad15d5eba2e444e57f309e4e", kill_on_drop: false }`
[INFO] running `Command { std: "docker" "rm" "-f" "53782c632e4f393d628978ef1941ce9ed2638430ad15d5eba2e444e57f309e4e", kill_on_drop: false }`
[INFO] [stdout] 53782c632e4f393d628978ef1941ce9ed2638430ad15d5eba2e444e57f309e4e
