[INFO] fetching crate actix-protobuf 0.9.0...
[INFO] testing actix-protobuf-0.9.0 against 1.69.0 for beta-1.70-1
[INFO] extracting crate actix-protobuf 0.9.0 into /workspace/builds/worker-6-tc1/source
[INFO] validating manifest of crates.io crate actix-protobuf 0.9.0 on toolchain 1.69.0
[INFO] running `Command { std: CARGO_HOME="/workspace/cargo-home" RUSTUP_HOME="/workspace/rustup-home" "/workspace/cargo-home/bin/cargo" "+1.69.0" "metadata" "--manifest-path" "Cargo.toml" "--no-deps", kill_on_drop: false }`
[INFO] started tweaking crates.io crate actix-protobuf 0.9.0
[INFO] finished tweaking crates.io crate actix-protobuf 0.9.0
[INFO] tweaked toml for crates.io crate actix-protobuf 0.9.0 written to /workspace/builds/worker-6-tc1/source/Cargo.toml
[INFO] running `Command { std: CARGO_HOME="/workspace/cargo-home" RUSTUP_HOME="/workspace/rustup-home" __CARGO_TEST_CHANNEL_OVERRIDE_DO_NOT_USE_THIS="nightly" "/workspace/cargo-home/bin/cargo" "+1.69.0" "generate-lockfile" "--manifest-path" "Cargo.toml" "-Zno-index-update", kill_on_drop: false }`
[INFO] running `Command { std: CARGO_HOME="/workspace/cargo-home" RUSTUP_HOME="/workspace/rustup-home" "/workspace/cargo-home/bin/cargo" "+1.69.0" "fetch" "--manifest-path" "Cargo.toml", kill_on_drop: false }`
[INFO] [stderr]  Downloading crates ...
[INFO] [stderr]   Downloaded prost v0.11.9
[INFO] [stderr]   Downloaded bytestring v1.3.0
[INFO] [stderr]   Downloaded ahash v0.7.6
[INFO] [stderr]   Downloaded local-waker v0.1.3
[INFO] [stderr]   Downloaded actix-web v4.3.1
[INFO] [stderr]   Downloaded sha1 v0.10.5
[INFO] [stderr]   Downloaded actix-codec v0.5.0
[INFO] [stderr]   Downloaded local-channel v0.1.3
[INFO] [stderr]   Downloaded actix-http v3.3.1
[INFO] [stderr]   Downloaded ahash v0.8.3
[INFO] [stderr]   Downloaded language-tags v0.3.2
[INFO] [stderr]   Downloaded paste v1.0.12
[INFO] [stderr]   Downloaded actix-router v0.5.1
[INFO] [stderr]   Downloaded actix-rt v2.8.0
[INFO] [stderr]   Downloaded actix-server v2.2.0
[INFO] [stderr]   Downloaded actix-service v2.0.2
[INFO] [stderr]   Downloaded actix-utils v3.0.1
[INFO] running `Command { std: "docker" "create" "-v" "/var/lib/crater-agent-workspace/builds/worker-6-tc1/target:/opt/rustwide/target:rw,Z" "-v" "/var/lib/crater-agent-workspace/builds/worker-6-tc1/source:/opt/rustwide/workdir:ro,Z" "-v" "/var/lib/crater-agent-workspace/cargo-home:/opt/rustwide/cargo-home:ro,Z" "-v" "/var/lib/crater-agent-workspace/rustup-home:/opt/rustwide/rustup-home:ro,Z" "-e" "SOURCE_DIR=/opt/rustwide/workdir" "-e" "CARGO_TARGET_DIR=/opt/rustwide/target" "-e" "CARGO_HOME=/opt/rustwide/cargo-home" "-e" "RUSTUP_HOME=/opt/rustwide/rustup-home" "-w" "/opt/rustwide/workdir" "-m" "1610612736" "--user" "0:0" "--network" "none" "ghcr.io/rust-lang/crates-build-env/linux@sha256:5ff2268d62e97bff2cde7d5815dd6ed5b47097566f13b8d0ca110b04b60e07ed" "/opt/rustwide/cargo-home/bin/cargo" "+1.69.0" "metadata" "--no-deps" "--format-version=1", kill_on_drop: false }`
[INFO] [stdout] 832119e68f9f8a085baa5f5384d8c125317b5ed0591fc645989c2f61805ab1da
[INFO] running `Command { std: "docker" "start" "-a" "832119e68f9f8a085baa5f5384d8c125317b5ed0591fc645989c2f61805ab1da", kill_on_drop: false }`
[INFO] running `Command { std: "docker" "inspect" "832119e68f9f8a085baa5f5384d8c125317b5ed0591fc645989c2f61805ab1da", kill_on_drop: false }`
[INFO] running `Command { std: "docker" "rm" "-f" "832119e68f9f8a085baa5f5384d8c125317b5ed0591fc645989c2f61805ab1da", kill_on_drop: false }`
[INFO] [stdout] 832119e68f9f8a085baa5f5384d8c125317b5ed0591fc645989c2f61805ab1da
[INFO] running `Command { std: "docker" "create" "-v" "/var/lib/crater-agent-workspace/builds/worker-6-tc1/target:/opt/rustwide/target:rw,Z" "-v" "/var/lib/crater-agent-workspace/builds/worker-6-tc1/source:/opt/rustwide/workdir:ro,Z" "-v" "/var/lib/crater-agent-workspace/cargo-home:/opt/rustwide/cargo-home:ro,Z" "-v" "/var/lib/crater-agent-workspace/rustup-home:/opt/rustwide/rustup-home:ro,Z" "-e" "SOURCE_DIR=/opt/rustwide/workdir" "-e" "CARGO_TARGET_DIR=/opt/rustwide/target" "-e" "CARGO_INCREMENTAL=0" "-e" "RUST_BACKTRACE=full" "-e" "RUSTFLAGS=--cap-lints=warn" "-e" "RUSTDOCFLAGS=--cap-lints=warn" "-e" "CARGO_HOME=/opt/rustwide/cargo-home" "-e" "RUSTUP_HOME=/opt/rustwide/rustup-home" "-w" "/opt/rustwide/workdir" "-m" "1610612736" "--user" "0:0" "--network" "none" "ghcr.io/rust-lang/crates-build-env/linux@sha256:5ff2268d62e97bff2cde7d5815dd6ed5b47097566f13b8d0ca110b04b60e07ed" "/opt/rustwide/cargo-home/bin/cargo" "+1.69.0" "build" "--frozen" "--message-format=json", kill_on_drop: false }`
[INFO] [stdout] 475aa2513dd74fe514bbc8b333a4127b69c87e6f7e798061dfdbb39c2f9f8e78
[INFO] running `Command { std: "docker" "start" "-a" "475aa2513dd74fe514bbc8b333a4127b69c87e6f7e798061dfdbb39c2f9f8e78", kill_on_drop: false }`
[INFO] [stderr]    Compiling libc v0.2.142
[INFO] [stderr]    Compiling version_check v0.9.4
[INFO] [stderr]    Compiling pin-project-lite v0.2.9
[INFO] [stderr]    Compiling log v0.4.17
[INFO] [stderr]    Compiling bytes v1.4.0
[INFO] [stderr]    Compiling futures-core v0.3.28
[INFO] [stderr]    Compiling parking_lot_core v0.9.7
[INFO] [stderr]    Compiling lock_api v0.4.9
[INFO] [stderr]    Compiling once_cell v1.17.1
[INFO] [stderr]    Compiling scopeguard v1.1.0
[INFO] [stderr]    Compiling smallvec v1.10.0
[INFO] [stderr]    Compiling tokio v1.28.0
[INFO] [stderr]    Compiling typenum v1.16.0
[INFO] [stderr]    Compiling generic-array v0.14.7
[INFO] [stderr]    Compiling tracing-core v0.1.30
[INFO] [stderr]    Compiling itoa v1.0.6
[INFO] [stderr]    Compiling memchr v2.5.0
[INFO] [stderr]    Compiling futures-task v0.3.28
[INFO] [stderr]    Compiling futures-util v0.3.28
[INFO] [stderr]    Compiling proc-macro2 v1.0.56
[INFO] [stderr]    Compiling quote v1.0.26
[INFO] [stderr]    Compiling tracing v0.1.37
[INFO] [stderr]    Compiling signal-hook-registry v1.4.1
[INFO] [stderr]    Compiling mio v0.8.6
[INFO] [stderr]    Compiling socket2 v0.4.9
[INFO] [stderr]    Compiling getrandom v0.2.9
[INFO] [stderr]    Compiling parking_lot v0.12.1
[INFO] [stderr]    Compiling paste v1.0.12
[INFO] [stderr]    Compiling unicode-ident v1.0.8
[INFO] [stderr]    Compiling pin-utils v0.1.0
[INFO] [stderr]    Compiling futures-sink v0.3.28
[INFO] [stderr]    Compiling serde v1.0.160
[INFO] [stderr]    Compiling slab v0.4.8
[INFO] [stderr]    Compiling indexmap v1.9.3
[INFO] [stderr]    Compiling tinyvec_macros v0.1.1
[INFO] [stderr]    Compiling local-waker v0.1.3
[INFO] [stderr]    Compiling percent-encoding v2.2.0
[INFO] [stderr]    Compiling fnv v1.0.7
[INFO] [stderr]    Compiling syn v1.0.109
[INFO] [stderr]    Compiling http v0.2.9
[INFO] [stderr]    Compiling crypto-common v0.1.6
[INFO] [stderr]    Compiling block-buffer v0.10.4
[INFO] [stderr]    Compiling tinyvec v1.6.0
[INFO] [stderr]    Compiling rand_core v0.6.4
[INFO] [stderr]    Compiling ahash v0.8.3
[INFO] [stderr]    Compiling httparse v1.8.0
[INFO] [stderr]    Compiling ppv-lite86 v0.2.17
[INFO] [stderr]    Compiling hashbrown v0.12.3
[INFO] [stderr]    Compiling actix-service v2.0.2
[INFO] [stderr]    Compiling rand_chacha v0.3.1
[INFO] [stderr]    Compiling unicode-normalization v0.1.22
[INFO] [stderr]    Compiling digest v0.10.6
[INFO] [stderr]    Compiling form_urlencoded v1.1.0
[INFO] [stderr]    Compiling actix-utils v3.0.1
[INFO] [stderr]    Compiling aho-corasick v1.0.1
[INFO] [stderr]    Compiling bytestring v1.3.0
[INFO] [stderr]    Compiling ahash v0.7.6
[INFO] [stderr]    Compiling convert_case v0.4.0
[INFO] [stderr]    Compiling ryu v1.0.13
[INFO] [stderr]    Compiling regex-syntax v0.7.1
[INFO] [stderr]    Compiling cpufeatures v0.2.7
[INFO] [stderr]    Compiling serde_json v1.0.96
[INFO] [stderr]    Compiling unicode-bidi v0.3.13
[INFO] [stderr]    Compiling sha1 v0.10.5
[INFO] [stderr]    Compiling tokio-util v0.7.8
[INFO] [stderr]    Compiling actix-rt v2.8.0
[INFO] [stderr]    Compiling idna v0.3.0
[INFO] [stderr]    Compiling h2 v0.3.18
[INFO] [stderr]    Compiling actix-codec v0.5.0
[INFO] [stderr]    Compiling local-channel v0.1.3
[INFO] [stderr]    Compiling rand v0.8.5
[INFO] [stderr]    Compiling num_cpus v1.15.0
[INFO] [stderr]    Compiling language-tags v0.3.2
[INFO] [stderr]    Compiling regex v1.8.1
[INFO] [stderr]    Compiling time-core v0.1.0
[INFO] [stderr]    Compiling mime v0.3.17
[INFO] [stderr]    Compiling httpdate v1.0.2
[INFO] [stderr]    Compiling derive_more v0.99.17
[INFO] [stderr]    Compiling base64 v0.21.0
[INFO] [stderr]    Compiling time v0.3.20
[INFO] [stderr]    Compiling actix-router v0.5.1
[INFO] [stderr]    Compiling actix-server v2.2.0
[INFO] [stderr]    Compiling url v2.3.1
[INFO] [stderr]    Compiling serde_urlencoded v0.7.1
[INFO] [stderr]    Compiling prost v0.11.9
[INFO] [stderr]    Compiling actix-http v3.3.1
[INFO] [stderr]    Compiling actix-web v4.3.1
[INFO] [stderr]    Compiling actix-protobuf v0.9.0 (/opt/rustwide/workdir)
[INFO] [stderr]     Finished dev [unoptimized + debuginfo] target(s) in 1m 20s
[INFO] running `Command { std: "docker" "inspect" "475aa2513dd74fe514bbc8b333a4127b69c87e6f7e798061dfdbb39c2f9f8e78", kill_on_drop: false }`
[INFO] running `Command { std: "docker" "rm" "-f" "475aa2513dd74fe514bbc8b333a4127b69c87e6f7e798061dfdbb39c2f9f8e78", kill_on_drop: false }`
[INFO] [stdout] 475aa2513dd74fe514bbc8b333a4127b69c87e6f7e798061dfdbb39c2f9f8e78
[INFO] running `Command { std: "docker" "create" "-v" "/var/lib/crater-agent-workspace/builds/worker-6-tc1/target:/opt/rustwide/target:rw,Z" "-v" "/var/lib/crater-agent-workspace/builds/worker-6-tc1/source:/opt/rustwide/workdir:ro,Z" "-v" "/var/lib/crater-agent-workspace/cargo-home:/opt/rustwide/cargo-home:ro,Z" "-v" "/var/lib/crater-agent-workspace/rustup-home:/opt/rustwide/rustup-home:ro,Z" "-e" "SOURCE_DIR=/opt/rustwide/workdir" "-e" "CARGO_TARGET_DIR=/opt/rustwide/target" "-e" "CARGO_INCREMENTAL=0" "-e" "RUST_BACKTRACE=full" "-e" "RUSTFLAGS=--cap-lints=warn" "-e" "RUSTDOCFLAGS=--cap-lints=warn" "-e" "CARGO_HOME=/opt/rustwide/cargo-home" "-e" "RUSTUP_HOME=/opt/rustwide/rustup-home" "-w" "/opt/rustwide/workdir" "-m" "1610612736" "--user" "0:0" "--network" "none" "ghcr.io/rust-lang/crates-build-env/linux@sha256:5ff2268d62e97bff2cde7d5815dd6ed5b47097566f13b8d0ca110b04b60e07ed" "/opt/rustwide/cargo-home/bin/cargo" "+1.69.0" "test" "--frozen" "--no-run" "--message-format=json", kill_on_drop: false }`
[INFO] [stdout] 5c2e692950c91f8b950c48c47396953feea6ca604077507fee70617bb39c7d3d
[INFO] running `Command { std: "docker" "start" "-a" "5c2e692950c91f8b950c48c47396953feea6ca604077507fee70617bb39c7d3d", kill_on_drop: false }`
[INFO] [stderr]    Compiling actix-protobuf v0.9.0 (/opt/rustwide/workdir)
[INFO] [stdout] error[E0433]: failed to resolve: could not find `test` in `actix_web`
[INFO] [stdout]    --> src/lib.rs:302:18
[INFO] [stdout]     |
[INFO] [stdout] 302 |     #[actix_web::test]
[INFO] [stdout]     |                  ^^^^ could not find `test` in `actix_web`
[INFO] [stdout] 
[INFO] [stdout] 
[INFO] [stdout] error[E0433]: failed to resolve: could not find `test` in `actix_web`
[INFO] [stdout]    --> src/lib.rs:314:18
[INFO] [stdout]     |
[INFO] [stdout] 314 |     #[actix_web::test]
[INFO] [stdout]     |                  ^^^^ could not find `test` in `actix_web`
[INFO] [stdout] 
[INFO] [stdout] 
[INFO] [stdout] error: cannot find derive macro `Message` in this scope
[INFO] [stdout]    --> src/lib.rs:294:36
[INFO] [stdout]     |
[INFO] [stdout] 294 |     #[derive(Clone, PartialEq, Eq, Message)]
[INFO] [stdout]     |                                    ^^^^^^^
[INFO] [stdout]     |
[INFO] [stdout] note: `Message` is imported here, but it is only a trait, without a derive macro
[INFO] [stdout]    --> src/lib.rs:278:9
[INFO] [stdout]     |
[INFO] [stdout] 278 |     use super::*;
[INFO] [stdout]     |         ^^^^^^^^
[INFO] [stdout] 
[INFO] [stdout] 
[INFO] [stdout] error: cannot find attribute `prost` in this scope
[INFO] [stdout]    --> src/lib.rs:296:11
[INFO] [stdout]     |
[INFO] [stdout] 296 |         #[prost(int32, tag = "1")]
[INFO] [stdout]     |           ^^^^^
[INFO] [stdout]     |
[INFO] [stdout]     = note: `prost` is in scope, but it is a crate, not an attribute
[INFO] [stdout] 
[INFO] [stdout] 
[INFO] [stdout] error: cannot find attribute `prost` in this scope
[INFO] [stdout]    --> src/lib.rs:298:11
[INFO] [stdout]     |
[INFO] [stdout] 298 |         #[prost(string, tag = "2")]
[INFO] [stdout]     |           ^^^^^
[INFO] [stdout]     |
[INFO] [stdout]     = note: `prost` is in scope, but it is a crate, not an attribute
[INFO] [stdout] 
[INFO] [stdout] 
[INFO] [stdout] error[E0277]: the trait bound `MyObject: prost::Message` is not satisfied
[INFO] [stdout]    --> src/lib.rs:304:33
[INFO] [stdout]     |
[INFO] [stdout] 304 |           let protobuf = ProtoBuf(MyObject {
[INFO] [stdout]     |  ________________________--------_^
[INFO] [stdout]     | |                        |
[INFO] [stdout]     | |                        required by a bound introduced by this call
[INFO] [stdout] 305 | |             number: 9,
[INFO] [stdout] 306 | |             name: "test".to_owned(),
[INFO] [stdout] 307 | |         });
[INFO] [stdout]     | |_________^ the trait `prost::Message` is not implemented for `MyObject`
[INFO] [stdout]     |
[INFO] [stdout]     = help: the following other types implement trait `prost::Message`:
[INFO] [stdout]               ()
[INFO] [stdout]               Box<M>
[INFO] [stdout]               String
[INFO] [stdout]               Vec<u8>
[INFO] [stdout]               actix_web::web::Bytes
[INFO] [stdout]               bool
[INFO] [stdout]               f32
[INFO] [stdout]               f64
[INFO] [stdout]             and 4 others
[INFO] [stdout] note: required by a bound in `ProtoBuf`
[INFO] [stdout]    --> src/lib.rs:75:24
[INFO] [stdout]     |
[INFO] [stdout] 75  | pub struct ProtoBuf<T: Message>(pub T);
[INFO] [stdout]     |                        ^^^^^^^ required by this bound in `ProtoBuf`
[INFO] [stdout] 
[INFO] [stdout] 
[INFO] [stdout] error[E0277]: the trait bound `MyObject: prost::Message` is not satisfied
[INFO] [stdout]    --> src/lib.rs:304:24
[INFO] [stdout]     |
[INFO] [stdout] 304 |           let protobuf = ProtoBuf(MyObject {
[INFO] [stdout]     |  ________________________^
[INFO] [stdout] 305 | |             number: 9,
[INFO] [stdout] 306 | |             name: "test".to_owned(),
[INFO] [stdout] 307 | |         });
[INFO] [stdout]     | |__________^ the trait `prost::Message` is not implemented for `MyObject`
[INFO] [stdout]     |
[INFO] [stdout]     = help: the following other types implement trait `prost::Message`:
[INFO] [stdout]               ()
[INFO] [stdout]               Box<M>
[INFO] [stdout]               String
[INFO] [stdout]               Vec<u8>
[INFO] [stdout]               actix_web::web::Bytes
[INFO] [stdout]               bool
[INFO] [stdout]               f32
[INFO] [stdout]               f64
[INFO] [stdout]             and 4 others
[INFO] [stdout] note: required by a bound in `ProtoBuf`
[INFO] [stdout]    --> src/lib.rs:75:24
[INFO] [stdout]     |
[INFO] [stdout] 75  | pub struct ProtoBuf<T: Message>(pub T);
[INFO] [stdout]     |                        ^^^^^^^ required by this bound in `ProtoBuf`
[INFO] [stdout] 
[INFO] [stdout] 
[INFO] [stdout] error[E0599]: the method `respond_to` exists for struct `ProtoBuf<MyObject>`, but its trait bounds were not satisfied
[INFO] [stdout]    --> src/lib.rs:309:29
[INFO] [stdout]     |
[INFO] [stdout] 75  | pub struct ProtoBuf<T: Message>(pub T);
[INFO] [stdout]     | -------------------------------
[INFO] [stdout]     | |
[INFO] [stdout]     | method `respond_to` not found for this struct
[INFO] [stdout]     | doesn't satisfy `ProtoBuf<MyObject>: actix_web::Responder`
[INFO] [stdout] ...
[INFO] [stdout] 295 |     pub struct MyObject {
[INFO] [stdout]     |     -------------------
[INFO] [stdout]     |     |
[INFO] [stdout]     |     doesn't satisfy `MyObject: Default`
[INFO] [stdout]     |     doesn't satisfy `MyObject: prost::Message`
[INFO] [stdout] ...
[INFO] [stdout] 309 |         let resp = protobuf.respond_to(&req);
[INFO] [stdout]     |                             ^^^^^^^^^^ method cannot be called on `ProtoBuf<MyObject>` due to unsatisfied trait bounds
[INFO] [stdout]     |
[INFO] [stdout] note: the following trait bounds were not satisfied:
[INFO] [stdout]       `MyObject: Default`
[INFO] [stdout]       `MyObject: prost::Message`
[INFO] [stdout]    --> src/lib.rs:150:9
[INFO] [stdout]     |
[INFO] [stdout] 150 | impl<T: Message + Default> Responder for ProtoBuf<T> {
[INFO] [stdout]     |         ^^^^^^^   ^^^^^^^  ---------     -----------
[INFO] [stdout]     |         |         |
[INFO] [stdout]     |         |         unsatisfied trait bound introduced here
[INFO] [stdout]     |         unsatisfied trait bound introduced here
[INFO] [stdout] note: the trait `prost::Message` must be implemented
[INFO] [stdout]    --> /opt/rustwide/cargo-home/registry/src/github.com-1ecc6299db9ec823/prost-0.11.9/src/message.rs:16:1
[INFO] [stdout]     |
[INFO] [stdout] 16  | pub trait Message: Debug + Send + Sync {
[INFO] [stdout]     | ^^^^^^^^^^^^^^^^^^^^^^^^^^^^^^^^^^^^^^
[INFO] [stdout] help: consider annotating `MyObject` with `#[derive(Default)]`
[INFO] [stdout]     |
[INFO] [stdout] 295 |     #[derive(Default)]
[INFO] [stdout]     |
[INFO] [stdout] 
[INFO] [stdout] 
[INFO] [stdout] error[E0599]: the function or associated item `new` exists for struct `ProtoBufMessage<MyObject>`, but its trait bounds were not satisfied
[INFO] [stdout]    --> src/lib.rs:317:53
[INFO] [stdout]     |
[INFO] [stdout] 164 | pub struct ProtoBufMessage<T: Message + Default> {
[INFO] [stdout]     | ------------------------------------------------ function or associated item `new` not found for this struct
[INFO] [stdout] ...
[INFO] [stdout] 295 |     pub struct MyObject {
[INFO] [stdout]     |     -------------------
[INFO] [stdout]     |     |
[INFO] [stdout]     |     doesn't satisfy `MyObject: Debug`
[INFO] [stdout]     |     doesn't satisfy `MyObject: Default`
[INFO] [stdout]     |     doesn't satisfy `MyObject: prost::Message`
[INFO] [stdout] ...
[INFO] [stdout] 317 |         let protobuf = ProtoBufMessage::<MyObject>::new(&req, &mut pl).await;
[INFO] [stdout]     |                                                     ^^^ function or associated item cannot be called on `ProtoBufMessage<MyObject>` due to unsatisfied trait bounds
[INFO] [stdout]     |
[INFO] [stdout] note: the following trait bounds were not satisfied:
[INFO] [stdout]       `MyObject: Default`
[INFO] [stdout]       `MyObject: prost::Message`
[INFO] [stdout]    --> src/lib.rs:172:9
[INFO] [stdout]     |
[INFO] [stdout] 172 | impl<T: Message + Default> ProtoBufMessage<T> {
[INFO] [stdout]     |         ^^^^^^^   ^^^^^^^  ------------------
[INFO] [stdout]     |         |         |
[INFO] [stdout]     |         |         unsatisfied trait bound introduced here
[INFO] [stdout]     |         unsatisfied trait bound introduced here
[INFO] [stdout]     = note: the following trait bounds were not satisfied:
[INFO] [stdout]             `MyObject: Debug`
[INFO] [stdout]             which is required by `MyObject: prost::Message`
[INFO] [stdout] note: the trait `prost::Message` must be implemented
[INFO] [stdout]    --> /opt/rustwide/cargo-home/registry/src/github.com-1ecc6299db9ec823/prost-0.11.9/src/message.rs:16:1
[INFO] [stdout]     |
[INFO] [stdout] 16  | pub trait Message: Debug + Send + Sync {
[INFO] [stdout]     | ^^^^^^^^^^^^^^^^^^^^^^^^^^^^^^^^^^^^^^
[INFO] [stdout] help: consider annotating `MyObject` with `#[derive(Debug, Default)]`
[INFO] [stdout]     |
[INFO] [stdout] 295 |     #[derive(Debug, Default)]
[INFO] [stdout]     |
[INFO] [stdout] 
[INFO] [stdout] 
[INFO] [stdout] error[E0277]: the trait bound `MyObject: prost::Message` is not satisfied
[INFO] [stdout]    --> src/lib.rs:317:24
[INFO] [stdout]     |
[INFO] [stdout] 317 |         let protobuf = ProtoBufMessage::<MyObject>::new(&req, &mut pl).await;
[INFO] [stdout]     |                        ^^^^^^^^^^^^^^^^^^^^^^^^^^^ the trait `prost::Message` is not implemented for `MyObject`
[INFO] [stdout]     |
[INFO] [stdout]     = help: the following other types implement trait `prost::Message`:
[INFO] [stdout]               ()
[INFO] [stdout]               Box<M>
[INFO] [stdout]               String
[INFO] [stdout]               Vec<u8>
[INFO] [stdout]               actix_web::web::Bytes
[INFO] [stdout]               bool
[INFO] [stdout]               f32
[INFO] [stdout]               f64
[INFO] [stdout]             and 4 others
[INFO] [stdout] note: required by a bound in `ProtoBufMessage`
[INFO] [stdout]    --> src/lib.rs:164:31
[INFO] [stdout]     |
[INFO] [stdout] 164 | pub struct ProtoBufMessage<T: Message + Default> {
[INFO] [stdout]     |                               ^^^^^^^ required by this bound in `ProtoBufMessage`
[INFO] [stdout] 
[INFO] [stdout] 
[INFO] [stdout] error[E0277]: the trait bound `MyObject: Default` is not satisfied
[INFO] [stdout]    --> src/lib.rs:317:24
[INFO] [stdout]     |
[INFO] [stdout] 317 |         let protobuf = ProtoBufMessage::<MyObject>::new(&req, &mut pl).await;
[INFO] [stdout]     |                        ^^^^^^^^^^^^^^^^^^^^^^^^^^^ the trait `Default` is not implemented for `MyObject`
[INFO] [stdout]     |
[INFO] [stdout] note: required by a bound in `ProtoBufMessage`
[INFO] [stdout]    --> src/lib.rs:164:41
[INFO] [stdout]     |
[INFO] [stdout] 164 | pub struct ProtoBufMessage<T: Message + Default> {
[INFO] [stdout]     |                                         ^^^^^^^ required by this bound in `ProtoBufMessage`
[INFO] [stdout] help: consider annotating `MyObject` with `#[derive(Default)]`
[INFO] [stdout]     |
[INFO] [stdout] 295 |     #[derive(Default)]
[INFO] [stdout]     |
[INFO] [stdout] 
[INFO] [stdout] 
[INFO] [stdout] error[E0599]: the function or associated item `new` exists for struct `ProtoBufMessage<MyObject>`, but its trait bounds were not satisfied
[INFO] [stdout]    --> src/lib.rs:323:53
[INFO] [stdout]     |
[INFO] [stdout] 164 | pub struct ProtoBufMessage<T: Message + Default> {
[INFO] [stdout]     | ------------------------------------------------ function or associated item `new` not found for this struct
[INFO] [stdout] ...
[INFO] [stdout] 295 |     pub struct MyObject {
[INFO] [stdout]     |     -------------------
[INFO] [stdout]     |     |
[INFO] [stdout]     |     doesn't satisfy `MyObject: Debug`
[INFO] [stdout]     |     doesn't satisfy `MyObject: Default`
[INFO] [stdout]     |     doesn't satisfy `MyObject: prost::Message`
[INFO] [stdout] ...
[INFO] [stdout] 323 |         let protobuf = ProtoBufMessage::<MyObject>::new(&req, &mut pl).await;
[INFO] [stdout]     |                                                     ^^^ function or associated item cannot be called on `ProtoBufMessage<MyObject>` due to unsatisfied trait bounds
[INFO] [stdout]     |
[INFO] [stdout] note: the following trait bounds were not satisfied:
[INFO] [stdout]       `MyObject: Default`
[INFO] [stdout]       `MyObject: prost::Message`
[INFO] [stdout]    --> src/lib.rs:172:9
[INFO] [stdout]     |
[INFO] [stdout] 172 | impl<T: Message + Default> ProtoBufMessage<T> {
[INFO] [stdout]     |         ^^^^^^^   ^^^^^^^  ------------------
[INFO] [stdout]     |         |         |
[INFO] [stdout]     |         |         unsatisfied trait bound introduced here
[INFO] [stdout]     |         unsatisfied trait bound introduced here
[INFO] [stdout]     = note: the following trait bounds were not satisfied:
[INFO] [stdout]             `MyObject: Debug`
[INFO] [stdout]             which is required by `MyObject: prost::Message`
[INFO] [stdout] note: the trait `prost::Message` must be implemented
[INFO] [stdout]    --> /opt/rustwide/cargo-home/registry/src/github.com-1ecc6299db9ec823/prost-0.11.9/src/message.rs:16:1
[INFO] [stdout]     |
[INFO] [stdout] 16  | pub trait Message: Debug + Send + Sync {
[INFO] [stdout]     | ^^^^^^^^^^^^^^^^^^^^^^^^^^^^^^^^^^^^^^
[INFO] [stdout] help: consider annotating `MyObject` with `#[derive(Debug, Default)]`
[INFO] [stdout]     |
[INFO] [stdout] 295 |     #[derive(Debug, Default)]
[INFO] [stdout]     |
[INFO] [stdout] 
[INFO] [stdout] 
[INFO] [stdout] error[E0277]: the trait bound `MyObject: prost::Message` is not satisfied
[INFO] [stdout]    --> src/lib.rs:323:24
[INFO] [stdout]     |
[INFO] [stdout] 323 |         let protobuf = ProtoBufMessage::<MyObject>::new(&req, &mut pl).await;
[INFO] [stdout]     |                        ^^^^^^^^^^^^^^^^^^^^^^^^^^^ the trait `prost::Message` is not implemented for `MyObject`
[INFO] [stdout]     |
[INFO] [stdout]     = help: the following other types implement trait `prost::Message`:
[INFO] [stdout]               ()
[INFO] [stdout]               Box<M>
[INFO] [stdout]               String
[INFO] [stdout]               Vec<u8>
[INFO] [stdout]               actix_web::web::Bytes
[INFO] [stdout]               bool
[INFO] [stdout]               f32
[INFO] [stdout]               f64
[INFO] [stdout]             and 4 others
[INFO] [stdout] note: required by a bound in `ProtoBufMessage`
[INFO] [stdout]    --> src/lib.rs:164:31
[INFO] [stdout]     |
[INFO] [stdout] 164 | pub struct ProtoBufMessage<T: Message + Default> {
[INFO] [stdout]     |                               ^^^^^^^ required by this bound in `ProtoBufMessage`
[INFO] [stdout] 
[INFO] [stdout] 
[INFO] [stdout] error[E0277]: the trait bound `MyObject: Default` is not satisfied
[INFO] [stdout]    --> src/lib.rs:323:24
[INFO] [stdout]     |
[INFO] [stdout] 323 |         let protobuf = ProtoBufMessage::<MyObject>::new(&req, &mut pl).await;
[INFO] [stdout]     |                        ^^^^^^^^^^^^^^^^^^^^^^^^^^^ the trait `Default` is not implemented for `MyObject`
[INFO] [stdout]     |
[INFO] [stdout] note: required by a bound in `ProtoBufMessage`
[INFO] [stdout]    --> src/lib.rs:164:41
[INFO] [stdout]     |
[INFO] [stdout] 164 | pub struct ProtoBufMessage<T: Message + Default> {
[INFO] [stdout]     |                                         ^^^^^^^ required by this bound in `ProtoBufMessage`
[INFO] [stdout] help: consider annotating `MyObject` with `#[derive(Default)]`
[INFO] [stdout]     |
[INFO] [stdout] 295 |     #[derive(Default)]
[INFO] [stdout]     |
[INFO] [stdout] 
[INFO] [stdout] 
[INFO] [stdout] error[E0599]: the function or associated item `new` exists for struct `ProtoBufMessage<MyObject>`, but its trait bounds were not satisfied
[INFO] [stdout]    --> src/lib.rs:330:53
[INFO] [stdout]     |
[INFO] [stdout] 164 | pub struct ProtoBufMessage<T: Message + Default> {
[INFO] [stdout]     | ------------------------------------------------ function or associated item `new` not found for this struct
[INFO] [stdout] ...
[INFO] [stdout] 295 |     pub struct MyObject {
[INFO] [stdout]     |     -------------------
[INFO] [stdout]     |     |
[INFO] [stdout]     |     doesn't satisfy `MyObject: Debug`
[INFO] [stdout]     |     doesn't satisfy `MyObject: Default`
[INFO] [stdout]     |     doesn't satisfy `MyObject: prost::Message`
[INFO] [stdout] ...
[INFO] [stdout] 330 |         let protobuf = ProtoBufMessage::<MyObject>::new(&req, &mut pl)
[INFO] [stdout]     |                                                     ^^^ function or associated item cannot be called on `ProtoBufMessage<MyObject>` due to unsatisfied trait bounds
[INFO] [stdout]     |
[INFO] [stdout] note: the following trait bounds were not satisfied:
[INFO] [stdout]       `MyObject: Default`
[INFO] [stdout]       `MyObject: prost::Message`
[INFO] [stdout]    --> src/lib.rs:172:9
[INFO] [stdout]     |
[INFO] [stdout] 172 | impl<T: Message + Default> ProtoBufMessage<T> {
[INFO] [stdout]     |         ^^^^^^^   ^^^^^^^  ------------------
[INFO] [stdout]     |         |         |
[INFO] [stdout]     |         |         unsatisfied trait bound introduced here
[INFO] [stdout]     |         unsatisfied trait bound introduced here
[INFO] [stdout]     = note: the following trait bounds were not satisfied:
[INFO] [stdout]             `MyObject: Debug`
[INFO] [stdout]             which is required by `MyObject: prost::Message`
[INFO] [stdout] note: the trait `prost::Message` must be implemented
[INFO] [stdout]    --> /opt/rustwide/cargo-home/registry/src/github.com-1ecc6299db9ec823/prost-0.11.9/src/message.rs:16:1
[INFO] [stdout]     |
[INFO] [stdout] 16  | pub trait Message: Debug + Send + Sync {
[INFO] [stdout]     | ^^^^^^^^^^^^^^^^^^^^^^^^^^^^^^^^^^^^^^
[INFO] [stdout] help: consider annotating `MyObject` with `#[derive(Debug, Default)]`
[INFO] [stdout]     |
[INFO] [stdout] 295 |     #[derive(Debug, Default)]
[INFO] [stdout]     |
[INFO] [stdout] 
[INFO] [stdout] 
[INFO] [stdout] error[E0277]: the trait bound `MyObject: prost::Message` is not satisfied
[INFO] [stdout]    --> src/lib.rs:330:24
[INFO] [stdout]     |
[INFO] [stdout] 330 |         let protobuf = ProtoBufMessage::<MyObject>::new(&req, &mut pl)
[INFO] [stdout]     |                        ^^^^^^^^^^^^^^^^^^^^^^^^^^^ the trait `prost::Message` is not implemented for `MyObject`
[INFO] [stdout]     |
[INFO] [stdout]     = help: the following other types implement trait `prost::Message`:
[INFO] [stdout]               ()
[INFO] [stdout]               Box<M>
[INFO] [stdout]               String
[INFO] [stdout]               Vec<u8>
[INFO] [stdout]               actix_web::web::Bytes
[INFO] [stdout]               bool
[INFO] [stdout]               f32
[INFO] [stdout]               f64
[INFO] [stdout]             and 4 others
[INFO] [stdout] note: required by a bound in `ProtoBufMessage`
[INFO] [stdout]    --> src/lib.rs:164:31
[INFO] [stdout]     |
[INFO] [stdout] 164 | pub struct ProtoBufMessage<T: Message + Default> {
[INFO] [stdout]     |                               ^^^^^^^ required by this bound in `ProtoBufMessage`
[INFO] [stdout] 
[INFO] [stdout] 
[INFO] [stdout] error[E0277]: the trait bound `MyObject: Default` is not satisfied
[INFO] [stdout]    --> src/lib.rs:330:24
[INFO] [stdout]     |
[INFO] [stdout] 330 |         let protobuf = ProtoBufMessage::<MyObject>::new(&req, &mut pl)
[INFO] [stdout]     |                        ^^^^^^^^^^^^^^^^^^^^^^^^^^^ the trait `Default` is not implemented for `MyObject`
[INFO] [stdout]     |
[INFO] [stdout] note: required by a bound in `ProtoBufMessage`
[INFO] [stdout]    --> src/lib.rs:164:41
[INFO] [stdout]     |
[INFO] [stdout] 164 | pub struct ProtoBufMessage<T: Message + Default> {
[INFO] [stdout]     |                                         ^^^^^^^ required by this bound in `ProtoBufMessage`
[INFO] [stdout] help: consider annotating `MyObject` with `#[derive(Default)]`
[INFO] [stdout]     |
[INFO] [stdout] 295 |     #[derive(Default)]
[INFO] [stdout]     |
[INFO] [stdout] 
[INFO] [stdout] 
[INFO] [stdout] error: aborting due to 17 previous errors
[INFO] [stdout] 
[INFO] [stdout] 
[INFO] [stdout] Some errors have detailed explanations: E0277, E0433, E0599.
[INFO] [stdout] 
[INFO] [stdout] For more information about an error, try `rustc --explain E0277`.
[INFO] [stdout] 
[INFO] [stderr] error: could not compile `actix-protobuf` due to 18 previous errors
[INFO] running `Command { std: "docker" "inspect" "5c2e692950c91f8b950c48c47396953feea6ca604077507fee70617bb39c7d3d", kill_on_drop: false }`
[INFO] running `Command { std: "docker" "rm" "-f" "5c2e692950c91f8b950c48c47396953feea6ca604077507fee70617bb39c7d3d", kill_on_drop: false }`
[INFO] [stdout] 5c2e692950c91f8b950c48c47396953feea6ca604077507fee70617bb39c7d3d
