[INFO] fetching crate actix-multipart 0.6.0...
[INFO] testing actix-multipart-0.6.0 against 1.69.0 for beta-1.70-1
[INFO] extracting crate actix-multipart 0.6.0 into /workspace/builds/worker-4-tc1/source
[INFO] validating manifest of crates.io crate actix-multipart 0.6.0 on toolchain 1.69.0
[INFO] running `Command { std: CARGO_HOME="/workspace/cargo-home" RUSTUP_HOME="/workspace/rustup-home" "/workspace/cargo-home/bin/cargo" "+1.69.0" "metadata" "--manifest-path" "Cargo.toml" "--no-deps", kill_on_drop: false }`
[INFO] started tweaking crates.io crate actix-multipart 0.6.0
[INFO] finished tweaking crates.io crate actix-multipart 0.6.0
[INFO] tweaked toml for crates.io crate actix-multipart 0.6.0 written to /workspace/builds/worker-4-tc1/source/Cargo.toml
[INFO] running `Command { std: CARGO_HOME="/workspace/cargo-home" RUSTUP_HOME="/workspace/rustup-home" __CARGO_TEST_CHANNEL_OVERRIDE_DO_NOT_USE_THIS="nightly" "/workspace/cargo-home/bin/cargo" "+1.69.0" "generate-lockfile" "--manifest-path" "Cargo.toml" "-Zno-index-update", kill_on_drop: false }`
[INFO] running `Command { std: CARGO_HOME="/workspace/cargo-home" RUSTUP_HOME="/workspace/rustup-home" "/workspace/cargo-home/bin/cargo" "+1.69.0" "fetch" "--manifest-path" "Cargo.toml", kill_on_drop: false }`
[INFO] [stderr]  Downloading crates ...
[INFO] [stderr]   Downloaded parking_lot_core v0.9.7
[INFO] [stderr]   Downloaded socket2 v0.4.9
[INFO] [stderr]   Downloaded time-core v0.1.0
[INFO] [stderr]   Downloaded actix-multipart-derive v0.6.0
[INFO] [stderr]   Downloaded errno-dragonfly v0.1.2
[INFO] [stderr]   Downloaded redox_syscall v0.3.5
[INFO] [stderr]   Downloaded windows-targets v0.42.2
[INFO] [stderr]   Downloaded hermit-abi v0.3.1
[INFO] [stderr]   Downloaded time-macros v0.2.8
[INFO] [stderr]   Downloaded actix-server v2.2.0
[INFO] [stderr]   Downloaded actix-utils v3.0.1
[INFO] [stderr]   Downloaded parse-size v1.0.0
[INFO] [stderr]   Downloaded errno v0.3.1
[INFO] [stderr]   Downloaded bytestring v1.3.0
[INFO] [stderr]   Downloaded windows-targets v0.48.0
[INFO] [stderr]   Downloaded serde_plain v1.0.1
[INFO] [stderr]   Downloaded hermit-abi v0.2.6
[INFO] [stderr]   Downloaded paste v1.0.12
[INFO] [stderr]   Downloaded ppv-lite86 v0.2.17
[INFO] [stderr]   Downloaded actix-rt v2.8.0
[INFO] [stderr]   Downloaded cpufeatures v0.2.7
[INFO] [stderr]   Downloaded ahash v0.8.3
[INFO] [stderr]   Downloaded mio v0.8.6
[INFO] [stderr]   Downloaded time v0.3.20
[INFO] [stderr]   Downloaded serde_json v1.0.96
[INFO] [stderr]   Downloaded tokio-util v0.7.8
[INFO] [stderr]   Downloaded h2 v0.3.18
[INFO] [stderr]   Downloaded actix-http v3.3.1
[INFO] [stderr]   Downloaded actix-web v4.3.1
[INFO] [stderr]   Downloaded aho-corasick v1.0.1
[INFO] [stderr]   Downloaded regex v1.8.1
[INFO] [stderr]   Downloaded windows_aarch64_gnullvm v0.48.0
[INFO] [stderr]   Downloaded regex-syntax v0.7.1
[INFO] [stderr]   Downloaded windows_aarch64_gnullvm v0.42.2
[INFO] [stderr]   Downloaded windows_x86_64_gnullvm v0.42.2
[INFO] [stderr]   Downloaded windows_x86_64_gnullvm v0.48.0
[INFO] [stderr]   Downloaded windows_aarch64_msvc v0.48.0
[INFO] [stderr]   Downloaded windows_i686_msvc v0.42.2
[INFO] [stderr]   Downloaded windows_x86_64_msvc v0.42.2
[INFO] [stderr]   Downloaded windows_x86_64_msvc v0.48.0
[INFO] [stderr]   Downloaded windows_aarch64_msvc v0.42.2
[INFO] [stderr]   Downloaded windows_i686_msvc v0.48.0
[INFO] [stderr]   Downloaded windows_i686_gnu v0.42.2
[INFO] [stderr]   Downloaded windows_i686_gnu v0.48.0
[INFO] [stderr]   Downloaded windows_x86_64_gnu v0.42.2
[INFO] [stderr]   Downloaded windows_x86_64_gnu v0.48.0
[INFO] [stderr]   Downloaded tokio v1.28.0
[INFO] [stderr]   Downloaded signal-hook-registry v1.4.1
[INFO] [stderr]   Downloaded windows-sys v0.48.0
[INFO] running `Command { std: "docker" "create" "-v" "/var/lib/crater-agent-workspace/builds/worker-4-tc1/target:/opt/rustwide/target:rw,Z" "-v" "/var/lib/crater-agent-workspace/builds/worker-4-tc1/source:/opt/rustwide/workdir:ro,Z" "-v" "/var/lib/crater-agent-workspace/cargo-home:/opt/rustwide/cargo-home:ro,Z" "-v" "/var/lib/crater-agent-workspace/rustup-home:/opt/rustwide/rustup-home:ro,Z" "-e" "SOURCE_DIR=/opt/rustwide/workdir" "-e" "CARGO_TARGET_DIR=/opt/rustwide/target" "-e" "CARGO_HOME=/opt/rustwide/cargo-home" "-e" "RUSTUP_HOME=/opt/rustwide/rustup-home" "-w" "/opt/rustwide/workdir" "-m" "1610612736" "--user" "0:0" "--network" "none" "ghcr.io/rust-lang/crates-build-env/linux@sha256:5ff2268d62e97bff2cde7d5815dd6ed5b47097566f13b8d0ca110b04b60e07ed" "/opt/rustwide/cargo-home/bin/cargo" "+1.69.0" "metadata" "--no-deps" "--format-version=1", kill_on_drop: false }`
[INFO] [stdout] 07ce3a561b35ce9bf9feee0804d5e86171b2c5200674099673b57f84e91bc941
[INFO] running `Command { std: "docker" "start" "-a" "07ce3a561b35ce9bf9feee0804d5e86171b2c5200674099673b57f84e91bc941", kill_on_drop: false }`
[INFO] running `Command { std: "docker" "inspect" "07ce3a561b35ce9bf9feee0804d5e86171b2c5200674099673b57f84e91bc941", kill_on_drop: false }`
[INFO] running `Command { std: "docker" "rm" "-f" "07ce3a561b35ce9bf9feee0804d5e86171b2c5200674099673b57f84e91bc941", kill_on_drop: false }`
[INFO] [stdout] 07ce3a561b35ce9bf9feee0804d5e86171b2c5200674099673b57f84e91bc941
[INFO] running `Command { std: "docker" "create" "-v" "/var/lib/crater-agent-workspace/builds/worker-4-tc1/target:/opt/rustwide/target:rw,Z" "-v" "/var/lib/crater-agent-workspace/builds/worker-4-tc1/source:/opt/rustwide/workdir:ro,Z" "-v" "/var/lib/crater-agent-workspace/cargo-home:/opt/rustwide/cargo-home:ro,Z" "-v" "/var/lib/crater-agent-workspace/rustup-home:/opt/rustwide/rustup-home:ro,Z" "-e" "SOURCE_DIR=/opt/rustwide/workdir" "-e" "CARGO_TARGET_DIR=/opt/rustwide/target" "-e" "CARGO_INCREMENTAL=0" "-e" "RUST_BACKTRACE=full" "-e" "RUSTFLAGS=--cap-lints=warn" "-e" "RUSTDOCFLAGS=--cap-lints=warn" "-e" "CARGO_HOME=/opt/rustwide/cargo-home" "-e" "RUSTUP_HOME=/opt/rustwide/rustup-home" "-w" "/opt/rustwide/workdir" "-m" "1610612736" "--user" "0:0" "--network" "none" "ghcr.io/rust-lang/crates-build-env/linux@sha256:5ff2268d62e97bff2cde7d5815dd6ed5b47097566f13b8d0ca110b04b60e07ed" "/opt/rustwide/cargo-home/bin/cargo" "+1.69.0" "build" "--frozen" "--message-format=json", kill_on_drop: false }`
[INFO] [stdout] 1ff552ed71a7289d7e75fb4a1764f53b8cdc37db479c82fb199cda927c70e63a
[INFO] running `Command { std: "docker" "start" "-a" "1ff552ed71a7289d7e75fb4a1764f53b8cdc37db479c82fb199cda927c70e63a", kill_on_drop: false }`
[INFO] [stderr]    Compiling libc v0.2.142
[INFO] [stderr]    Compiling cfg-if v1.0.0
[INFO] [stderr]    Compiling autocfg v1.1.0
[INFO] [stderr]    Compiling version_check v0.9.4
[INFO] [stderr]    Compiling pin-project-lite v0.2.9
[INFO] [stderr]    Compiling log v0.4.17
[INFO] [stderr]    Compiling futures-core v0.3.28
[INFO] [stderr]    Compiling parking_lot_core v0.9.7
[INFO] [stderr]    Compiling bytes v1.4.0
[INFO] [stderr]    Compiling once_cell v1.17.1
[INFO] [stderr]    Compiling scopeguard v1.1.0
[INFO] [stderr]    Compiling smallvec v1.10.0
[INFO] [stderr]    Compiling fnv v1.0.7
[INFO] [stderr]    Compiling lock_api v0.4.9
[INFO] [stderr]    Compiling tokio v1.28.0
[INFO] [stderr]    Compiling typenum v1.16.0
[INFO] [stderr]    Compiling generic-array v0.14.7
[INFO] [stderr]    Compiling tracing-core v0.1.30
[INFO] [stderr]    Compiling memchr v2.5.0
[INFO] [stderr]    Compiling itoa v1.0.6
[INFO] [stderr]    Compiling futures-task v0.3.28
[INFO] [stderr]    Compiling futures-util v0.3.28
[INFO] [stderr]    Compiling serde v1.0.160
[INFO] [stderr]    Compiling paste v1.0.12
[INFO] [stderr]    Compiling tracing v0.1.37
[INFO] [stderr]    Compiling pin-utils v0.1.0
[INFO] [stderr]    Compiling futures-sink v0.3.28
[INFO] [stderr]    Compiling indexmap v1.9.3
[INFO] [stderr]    Compiling slab v0.4.8
[INFO] [stderr]    Compiling local-waker v0.1.3
[INFO] [stderr]    Compiling percent-encoding v2.2.0
[INFO] [stderr]    Compiling bitflags v1.3.2
[INFO] [stderr]    Compiling tinyvec_macros v0.1.1
[INFO] [stderr]    Compiling tinyvec v1.6.0
[INFO] [stderr]    Compiling http v0.2.9
[INFO] [stderr]    Compiling ahash v0.8.3
[INFO] [stderr]    Compiling signal-hook-registry v1.4.1
[INFO] [stderr]    Compiling socket2 v0.4.9
[INFO] [stderr]    Compiling parking_lot v0.12.1
[INFO] [stderr]    Compiling mio v0.8.6
[INFO] [stderr]    Compiling getrandom v0.2.9
[INFO] [stderr]    Compiling block-buffer v0.10.4
[INFO] [stderr]    Compiling rand_core v0.6.4
[INFO] [stderr]    Compiling crypto-common v0.1.6
[INFO] [stderr]    Compiling httparse v1.8.0
[INFO] [stderr]    Compiling io-lifetimes v1.0.10
[INFO] [stderr]    Compiling hashbrown v0.12.3
[INFO] [stderr]    Compiling ppv-lite86 v0.2.17
[INFO] [stderr]    Compiling darling_core v0.14.4
[INFO] [stderr]    Compiling digest v0.10.6
[INFO] [stderr]    Compiling unicode-normalization v0.1.22
[INFO] [stderr]    Compiling actix-service v2.0.2
[INFO] [stderr]    Compiling rand_chacha v0.3.1
[INFO] [stderr]    Compiling form_urlencoded v1.1.0
[INFO] [stderr]    Compiling actix-utils v3.0.1
[INFO] [stderr]    Compiling aho-corasick v1.0.1
[INFO] [stderr]    Compiling bytestring v1.3.0
[INFO] [stderr]    Compiling ahash v0.7.6
[INFO] [stderr]    Compiling cpufeatures v0.2.7
[INFO] [stderr]    Compiling regex-syntax v0.7.1
[INFO] [stderr]    Compiling serde_json v1.0.96
[INFO] [stderr]    Compiling convert_case v0.4.0
[INFO] [stderr]    Compiling ryu v1.0.13
[INFO] [stderr]    Compiling rustix v0.37.18
[INFO] [stderr]    Compiling unicode-bidi v0.3.13
[INFO] [stderr]    Compiling derive_more v0.99.17
[INFO] [stderr]    Compiling sha1 v0.10.5
[INFO] [stderr]    Compiling idna v0.3.0
[INFO] [stderr]    Compiling rand v0.8.5
[INFO] [stderr]    Compiling darling_macro v0.14.4
[INFO] [stderr]    Compiling local-channel v0.1.3
[INFO] [stderr]    Compiling num_cpus v1.15.0
[INFO] [stderr]    Compiling encoding_rs v0.8.32
[INFO] [stderr]    Compiling time-core v0.1.0
[INFO] [stderr]    Compiling httpdate v1.0.2
[INFO] [stderr]    Compiling regex v1.8.1
[INFO] [stderr]    Compiling linux-raw-sys v0.3.6
[INFO] [stderr]    Compiling base64 v0.21.0
[INFO] [stderr]    Compiling mime v0.3.17
[INFO] [stderr]    Compiling language-tags v0.3.2
[INFO] [stderr]    Compiling darling v0.14.4
[INFO] [stderr]    Compiling time v0.3.20
[INFO] [stderr]    Compiling tokio-util v0.7.8
[INFO] [stderr]    Compiling actix-rt v2.8.0
[INFO] [stderr]    Compiling h2 v0.3.18
[INFO] [stderr]    Compiling actix-codec v0.5.0
[INFO] [stderr]    Compiling actix-server v2.2.0
[INFO] [stderr]    Compiling actix-router v0.5.1
[INFO] [stderr]    Compiling url v2.3.1
[INFO] [stderr]    Compiling serde_urlencoded v0.7.1
[INFO] [stderr]    Compiling parse-size v1.0.0
[INFO] [stderr]    Compiling fastrand v1.9.0
[INFO] [stderr]    Compiling actix-multipart-derive v0.6.0
[INFO] [stderr]    Compiling serde_plain v1.0.1
[INFO] [stderr]    Compiling tempfile v3.5.0
[INFO] [stderr]    Compiling actix-http v3.3.1
[INFO] [stderr]    Compiling actix-web v4.3.1
[INFO] [stderr]    Compiling actix-multipart v0.6.0 (/opt/rustwide/workdir)
[INFO] [stderr]     Finished dev [unoptimized + debuginfo] target(s) in 1m 36s
[INFO] running `Command { std: "docker" "inspect" "1ff552ed71a7289d7e75fb4a1764f53b8cdc37db479c82fb199cda927c70e63a", kill_on_drop: false }`
[INFO] running `Command { std: "docker" "rm" "-f" "1ff552ed71a7289d7e75fb4a1764f53b8cdc37db479c82fb199cda927c70e63a", kill_on_drop: false }`
[INFO] [stdout] 1ff552ed71a7289d7e75fb4a1764f53b8cdc37db479c82fb199cda927c70e63a
[INFO] running `Command { std: "docker" "create" "-v" "/var/lib/crater-agent-workspace/builds/worker-4-tc1/target:/opt/rustwide/target:rw,Z" "-v" "/var/lib/crater-agent-workspace/builds/worker-4-tc1/source:/opt/rustwide/workdir:ro,Z" "-v" "/var/lib/crater-agent-workspace/cargo-home:/opt/rustwide/cargo-home:ro,Z" "-v" "/var/lib/crater-agent-workspace/rustup-home:/opt/rustwide/rustup-home:ro,Z" "-e" "SOURCE_DIR=/opt/rustwide/workdir" "-e" "CARGO_TARGET_DIR=/opt/rustwide/target" "-e" "CARGO_INCREMENTAL=0" "-e" "RUST_BACKTRACE=full" "-e" "RUSTFLAGS=--cap-lints=warn" "-e" "RUSTDOCFLAGS=--cap-lints=warn" "-e" "CARGO_HOME=/opt/rustwide/cargo-home" "-e" "RUSTUP_HOME=/opt/rustwide/rustup-home" "-w" "/opt/rustwide/workdir" "-m" "1610612736" "--user" "0:0" "--network" "none" "ghcr.io/rust-lang/crates-build-env/linux@sha256:5ff2268d62e97bff2cde7d5815dd6ed5b47097566f13b8d0ca110b04b60e07ed" "/opt/rustwide/cargo-home/bin/cargo" "+1.69.0" "test" "--frozen" "--no-run" "--message-format=json", kill_on_drop: false }`
[INFO] [stdout] 4fc6ef3850775429262f2c06bf116980045f9350a29e0b86ce1930c4cbd08aef
[INFO] running `Command { std: "docker" "start" "-a" "4fc6ef3850775429262f2c06bf116980045f9350a29e0b86ce1930c4cbd08aef", kill_on_drop: false }`
[INFO] [stderr]    Compiling actix-multipart v0.6.0 (/opt/rustwide/workdir)
[INFO] [stdout] error[E0433]: failed to resolve: use of undeclared crate or module `tokio_stream`
[INFO] [stdout]    --> src/server.rs:877:9
[INFO] [stdout]     |
[INFO] [stdout] 877 |     use tokio_stream::wrappers::UnboundedReceiverStream;
[INFO] [stdout]     |         ^^^^^^^^^^^^ use of undeclared crate or module `tokio_stream`
[INFO] [stdout] 
[INFO] [stdout] 
[INFO] [stdout] error[E0433]: failed to resolve: use of undeclared crate or module `actix_multipart_rfc7578`
[INFO] [stdout]    --> src/form/json.rs:137:9
[INFO] [stdout]     |
[INFO] [stdout] 137 |     use actix_multipart_rfc7578::client::multipart;
[INFO] [stdout]     |         ^^^^^^^^^^^^^^^^^^^^^^^ use of undeclared crate or module `actix_multipart_rfc7578`
[INFO] [stdout]     |
[INFO] [stdout] help: there is a crate or module with a similar name
[INFO] [stdout]     |
[INFO] [stdout] 137 |     use actix_multipart_derive::client::multipart;
[INFO] [stdout]     |         ~~~~~~~~~~~~~~~~~~~~~~
[INFO] [stdout] 
[INFO] [stdout] 
[INFO] [stdout] error[E0433]: failed to resolve: use of undeclared crate or module `actix_multipart_rfc7578`
[INFO] [stdout]    --> src/form/tempfile.rs:176:9
[INFO] [stdout]     |
[INFO] [stdout] 176 |     use actix_multipart_rfc7578::client::multipart;
[INFO] [stdout]     |         ^^^^^^^^^^^^^^^^^^^^^^^ use of undeclared crate or module `actix_multipart_rfc7578`
[INFO] [stdout]     |
[INFO] [stdout] help: there is a crate or module with a similar name
[INFO] [stdout]     |
[INFO] [stdout] 176 |     use actix_multipart_derive::client::multipart;
[INFO] [stdout]     |         ~~~~~~~~~~~~~~~~~~~~~~
[INFO] [stdout] 
[INFO] [stdout] 
[INFO] [stdout] error[E0433]: failed to resolve: use of undeclared crate or module `actix_multipart_rfc7578`
[INFO] [stdout]    --> src/form/text.rs:155:9
[INFO] [stdout]     |
[INFO] [stdout] 155 |     use actix_multipart_rfc7578::client::multipart;
[INFO] [stdout]     |         ^^^^^^^^^^^^^^^^^^^^^^^ use of undeclared crate or module `actix_multipart_rfc7578`
[INFO] [stdout]     |
[INFO] [stdout] help: there is a crate or module with a similar name
[INFO] [stdout]     |
[INFO] [stdout] 155 |     use actix_multipart_derive::client::multipart;
[INFO] [stdout]     |         ~~~~~~~~~~~~~~~~~~~~~~
[INFO] [stdout] 
[INFO] [stdout] 
[INFO] [stdout] error[E0433]: failed to resolve: use of undeclared crate or module `actix_http`
[INFO] [stdout]    --> src/form/mod.rs:395:9
[INFO] [stdout]     |
[INFO] [stdout] 395 |     use actix_http::encoding::Decoder;
[INFO] [stdout]     |         ^^^^^^^^^^ use of undeclared crate or module `actix_http`
[INFO] [stdout] 
[INFO] [stdout] 
[INFO] [stdout] error[E0433]: failed to resolve: use of undeclared crate or module `actix_multipart_rfc7578`
[INFO] [stdout]    --> src/form/mod.rs:396:9
[INFO] [stdout]     |
[INFO] [stdout] 396 |     use actix_multipart_rfc7578::client::multipart;
[INFO] [stdout]     |         ^^^^^^^^^^^^^^^^^^^^^^^ use of undeclared crate or module `actix_multipart_rfc7578`
[INFO] [stdout]     |
[INFO] [stdout] help: there is a crate or module with a similar name
[INFO] [stdout]     |
[INFO] [stdout] 396 |     use actix_multipart_derive::client::multipart;
[INFO] [stdout]     |         ~~~~~~~~~~~~~~~~~~~~~~
[INFO] [stdout] 
[INFO] [stdout] 
[INFO] [stdout] error[E0432]: unresolved import `actix_http`
[INFO] [stdout]    --> src/server.rs:867:9
[INFO] [stdout]     |
[INFO] [stdout] 867 |     use actix_http::h1;
[INFO] [stdout]     |         ^^^^^^^^^^ use of undeclared crate or module `actix_http`
[INFO] [stdout] 
[INFO] [stdout] 
[INFO] [stdout] error[E0432]: unresolved import `actix_test`
[INFO] [stdout]    --> src/form/mod.rs:397:9
[INFO] [stdout]     |
[INFO] [stdout] 397 |     use actix_test::TestServer;
[INFO] [stdout]     |         ^^^^^^^^^^ use of undeclared crate or module `actix_test`
[INFO] [stdout]     |
[INFO] [stdout] help: there is a crate or module with a similar name
[INFO] [stdout]     |
[INFO] [stdout] 397 |     use actix_web::TestServer;
[INFO] [stdout]     |         ~~~~~~~~~
[INFO] [stdout] 
[INFO] [stdout] 
[INFO] [stdout] error[E0432]: unresolved import `awc`
[INFO] [stdout]    --> src/form/mod.rs:399:9
[INFO] [stdout]     |
[INFO] [stdout] 399 |     use awc::{Client, ClientResponse};
[INFO] [stdout]     |         ^^^ use of undeclared crate or module `awc`
[INFO] [stdout] 
[INFO] [stdout] 
[INFO] [stdout] error[E0433]: failed to resolve: use of undeclared crate or module `actix_rt`
[INFO] [stdout]    --> src/server.rs:881:7
[INFO] [stdout]     |
[INFO] [stdout] 881 |     #[actix_rt::test]
[INFO] [stdout]     |       ^^^^^^^^ use of undeclared crate or module `actix_rt`
[INFO] [stdout] 
[INFO] [stdout] 
[INFO] [stdout] error[E0433]: failed to resolve: use of undeclared crate or module `actix_rt`
[INFO] [stdout]    --> src/server.rs:998:7
[INFO] [stdout]     |
[INFO] [stdout] 998 |     #[actix_rt::test]
[INFO] [stdout]     |       ^^^^^^^^ use of undeclared crate or module `actix_rt`
[INFO] [stdout] 
[INFO] [stdout] 
[INFO] [stdout] error[E0433]: failed to resolve: use of undeclared crate or module `actix_rt`
[INFO] [stdout]     --> src/server.rs:1025:7
[INFO] [stdout]      |
[INFO] [stdout] 1025 |     #[actix_rt::test]
[INFO] [stdout]      |       ^^^^^^^^ use of undeclared crate or module `actix_rt`
[INFO] [stdout] 
[INFO] [stdout] 
[INFO] [stdout] error[E0433]: failed to resolve: use of undeclared crate or module `actix_rt`
[INFO] [stdout]     --> src/server.rs:1089:7
[INFO] [stdout]      |
[INFO] [stdout] 1089 |     #[actix_rt::test]
[INFO] [stdout]      |       ^^^^^^^^ use of undeclared crate or module `actix_rt`
[INFO] [stdout] 
[INFO] [stdout] 
[INFO] [stdout] error[E0433]: failed to resolve: use of undeclared crate or module `actix_rt`
[INFO] [stdout]     --> src/server.rs:1125:7
[INFO] [stdout]      |
[INFO] [stdout] 1125 |     #[actix_rt::test]
[INFO] [stdout]      |       ^^^^^^^^ use of undeclared crate or module `actix_rt`
[INFO] [stdout] 
[INFO] [stdout] 
[INFO] [stdout] error[E0433]: failed to resolve: use of undeclared crate or module `actix_rt`
[INFO] [stdout]     --> src/server.rs:1135:7
[INFO] [stdout]      |
[INFO] [stdout] 1135 |     #[actix_rt::test]
[INFO] [stdout]      |       ^^^^^^^^ use of undeclared crate or module `actix_rt`
[INFO] [stdout] 
[INFO] [stdout] 
[INFO] [stdout] error[E0433]: failed to resolve: use of undeclared crate or module `actix_rt`
[INFO] [stdout]     --> src/server.rs:1151:7
[INFO] [stdout]      |
[INFO] [stdout] 1151 |     #[actix_rt::test]
[INFO] [stdout]      |       ^^^^^^^^ use of undeclared crate or module `actix_rt`
[INFO] [stdout] 
[INFO] [stdout] 
[INFO] [stdout] error[E0433]: failed to resolve: use of undeclared crate or module `actix_rt`
[INFO] [stdout]     --> src/server.rs:1160:7
[INFO] [stdout]      |
[INFO] [stdout] 1160 |     #[actix_rt::test]
[INFO] [stdout]      |       ^^^^^^^^ use of undeclared crate or module `actix_rt`
[INFO] [stdout] 
[INFO] [stdout] 
[INFO] [stdout] error[E0433]: failed to resolve: use of undeclared crate or module `actix_rt`
[INFO] [stdout]     --> src/server.rs:1177:7
[INFO] [stdout]      |
[INFO] [stdout] 1177 |     #[actix_rt::test]
[INFO] [stdout]      |       ^^^^^^^^ use of undeclared crate or module `actix_rt`
[INFO] [stdout] 
[INFO] [stdout] 
[INFO] [stdout] error[E0433]: failed to resolve: use of undeclared crate or module `actix_rt`
[INFO] [stdout]     --> src/server.rs:1195:7
[INFO] [stdout]      |
[INFO] [stdout] 1195 |     #[actix_rt::test]
[INFO] [stdout]      |       ^^^^^^^^ use of undeclared crate or module `actix_rt`
[INFO] [stdout] 
[INFO] [stdout] 
[INFO] [stdout] error[E0433]: failed to resolve: use of undeclared crate or module `actix_rt`
[INFO] [stdout]     --> src/server.rs:1219:7
[INFO] [stdout]      |
[INFO] [stdout] 1219 |     #[actix_rt::test]
[INFO] [stdout]      |       ^^^^^^^^ use of undeclared crate or module `actix_rt`
[INFO] [stdout] 
[INFO] [stdout] 
[INFO] [stdout] error[E0433]: failed to resolve: use of undeclared crate or module `actix_rt`
[INFO] [stdout]     --> src/server.rs:1226:7
[INFO] [stdout]      |
[INFO] [stdout] 1226 |     #[actix_rt::test]
[INFO] [stdout]      |       ^^^^^^^^ use of undeclared crate or module `actix_rt`
[INFO] [stdout] 
[INFO] [stdout] 
[INFO] [stdout] error[E0433]: failed to resolve: use of undeclared crate or module `actix_rt`
[INFO] [stdout]     --> src/server.rs:1235:7
[INFO] [stdout]      |
[INFO] [stdout] 1235 |     #[actix_rt::test]
[INFO] [stdout]      |       ^^^^^^^^ use of undeclared crate or module `actix_rt`
[INFO] [stdout] 
[INFO] [stdout] 
[INFO] [stdout] error[E0433]: failed to resolve: use of undeclared crate or module `actix_rt`
[INFO] [stdout]     --> src/server.rs:1253:7
[INFO] [stdout]      |
[INFO] [stdout] 1253 |     #[actix_rt::test]
[INFO] [stdout]      |       ^^^^^^^^ use of undeclared crate or module `actix_rt`
[INFO] [stdout] 
[INFO] [stdout] 
[INFO] [stdout] error[E0433]: failed to resolve: use of undeclared crate or module `actix_rt`
[INFO] [stdout]     --> src/server.rs:1280:7
[INFO] [stdout]      |
[INFO] [stdout] 1280 |     #[actix_rt::test]
[INFO] [stdout]      |       ^^^^^^^^ use of undeclared crate or module `actix_rt`
[INFO] [stdout] 
[INFO] [stdout] 
[INFO] [stdout] error[E0433]: failed to resolve: use of undeclared crate or module `actix_rt`
[INFO] [stdout]     --> src/server.rs:1308:7
[INFO] [stdout]      |
[INFO] [stdout] 1308 |     #[actix_rt::test]
[INFO] [stdout]      |       ^^^^^^^^ use of undeclared crate or module `actix_rt`
[INFO] [stdout] 
[INFO] [stdout] 
[INFO] [stdout] error[E0433]: failed to resolve: use of undeclared crate or module `actix_rt`
[INFO] [stdout]     --> src/server.rs:1327:7
[INFO] [stdout]      |
[INFO] [stdout] 1327 |     #[actix_rt::test]
[INFO] [stdout]      |       ^^^^^^^^ use of undeclared crate or module `actix_rt`
[INFO] [stdout] 
[INFO] [stdout] 
[INFO] [stdout] error[E0433]: failed to resolve: use of undeclared crate or module `actix_rt`
[INFO] [stdout]    --> src/form/json.rs:159:7
[INFO] [stdout]     |
[INFO] [stdout] 159 |     #[actix_rt::test]
[INFO] [stdout]     |       ^^^^^^^^ use of undeclared crate or module `actix_rt`
[INFO] [stdout] 
[INFO] [stdout] 
[INFO] [stdout] error[E0433]: failed to resolve: use of undeclared crate or module `actix_rt`
[INFO] [stdout]    --> src/form/json.rs:173:7
[INFO] [stdout]     |
[INFO] [stdout] 173 |     #[actix_rt::test]
[INFO] [stdout]     |       ^^^^^^^^ use of undeclared crate or module `actix_rt`
[INFO] [stdout] 
[INFO] [stdout] 
[INFO] [stdout] error[E0433]: failed to resolve: use of undeclared crate or module `actix_rt`
[INFO] [stdout]    --> src/form/tempfile.rs:196:7
[INFO] [stdout]     |
[INFO] [stdout] 196 |     #[actix_rt::test]
[INFO] [stdout]     |       ^^^^^^^^ use of undeclared crate or module `actix_rt`
[INFO] [stdout] 
[INFO] [stdout] 
[INFO] [stdout] error[E0433]: failed to resolve: use of undeclared crate or module `actix_rt`
[INFO] [stdout]    --> src/form/text.rs:174:7
[INFO] [stdout]     |
[INFO] [stdout] 174 |     #[actix_rt::test]
[INFO] [stdout]     |       ^^^^^^^^ use of undeclared crate or module `actix_rt`
[INFO] [stdout] 
[INFO] [stdout] 
[INFO] [stdout] error[E0433]: failed to resolve: use of undeclared crate or module `actix_rt`
[INFO] [stdout]    --> src/form/mod.rs:430:7
[INFO] [stdout]     |
[INFO] [stdout] 430 |     #[actix_rt::test]
[INFO] [stdout]     |       ^^^^^^^^ use of undeclared crate or module `actix_rt`
[INFO] [stdout] 
[INFO] [stdout] 
[INFO] [stdout] error[E0433]: failed to resolve: use of undeclared crate or module `actix_rt`
[INFO] [stdout]    --> src/form/mod.rs:461:7
[INFO] [stdout]     |
[INFO] [stdout] 461 |     #[actix_rt::test]
[INFO] [stdout]     |       ^^^^^^^^ use of undeclared crate or module `actix_rt`
[INFO] [stdout] 
[INFO] [stdout] 
[INFO] [stdout] error[E0433]: failed to resolve: use of undeclared crate or module `actix_rt`
[INFO] [stdout]    --> src/form/mod.rs:493:7
[INFO] [stdout]     |
[INFO] [stdout] 493 |     #[actix_rt::test]
[INFO] [stdout]     |       ^^^^^^^^ use of undeclared crate or module `actix_rt`
[INFO] [stdout] 
[INFO] [stdout] 
[INFO] [stdout] error[E0433]: failed to resolve: use of undeclared crate or module `actix_rt`
[INFO] [stdout]    --> src/form/mod.rs:524:7
[INFO] [stdout]     |
[INFO] [stdout] 524 |     #[actix_rt::test]
[INFO] [stdout]     |       ^^^^^^^^ use of undeclared crate or module `actix_rt`
[INFO] [stdout] 
[INFO] [stdout] 
[INFO] [stdout] error[E0433]: failed to resolve: use of undeclared crate or module `actix_rt`
[INFO] [stdout]    --> src/form/mod.rs:580:7
[INFO] [stdout]     |
[INFO] [stdout] 580 |     #[actix_rt::test]
[INFO] [stdout]     |       ^^^^^^^^ use of undeclared crate or module `actix_rt`
[INFO] [stdout] 
[INFO] [stdout] 
[INFO] [stdout] error[E0433]: failed to resolve: use of undeclared crate or module `actix_rt`
[INFO] [stdout]    --> src/form/mod.rs:633:7
[INFO] [stdout]     |
[INFO] [stdout] 633 |     #[actix_rt::test]
[INFO] [stdout]     |       ^^^^^^^^ use of undeclared crate or module `actix_rt`
[INFO] [stdout] 
[INFO] [stdout] 
[INFO] [stdout] error[E0433]: failed to resolve: use of undeclared crate or module `actix_rt`
[INFO] [stdout]    --> src/form/mod.rs:659:7
[INFO] [stdout]     |
[INFO] [stdout] 659 |     #[actix_rt::test]
[INFO] [stdout]     |       ^^^^^^^^ use of undeclared crate or module `actix_rt`
[INFO] [stdout] 
[INFO] [stdout] 
[INFO] [stdout] error[E0433]: failed to resolve: use of undeclared crate or module `actix_rt`
[INFO] [stdout]    --> src/form/mod.rs:704:7
[INFO] [stdout]     |
[INFO] [stdout] 704 |     #[actix_rt::test]
[INFO] [stdout]     |       ^^^^^^^^ use of undeclared crate or module `actix_rt`
[INFO] [stdout] 
[INFO] [stdout] 
[INFO] [stdout] error[E0433]: failed to resolve: use of undeclared crate or module `actix_test`
[INFO] [stdout]    --> src/form/json.rs:161:19
[INFO] [stdout]     |
[INFO] [stdout] 161 |         let srv = actix_test::start(|| {
[INFO] [stdout]     |                   ^^^^^^^^^^ use of undeclared crate or module `actix_test`
[INFO] [stdout]     |
[INFO] [stdout] help: there is a crate or module with a similar name
[INFO] [stdout]     |
[INFO] [stdout] 161 |         let srv = actix_web::start(|| {
[INFO] [stdout]     |                   ~~~~~~~~~
[INFO] [stdout] 
[INFO] [stdout] 
[INFO] [stdout] error[E0433]: failed to resolve: use of undeclared crate or module `actix_test`
[INFO] [stdout]    --> src/form/json.rs:175:19
[INFO] [stdout]     |
[INFO] [stdout] 175 |         let srv = actix_test::start(|| {
[INFO] [stdout]     |                   ^^^^^^^^^^ use of undeclared crate or module `actix_test`
[INFO] [stdout]     |
[INFO] [stdout] help: there is a crate or module with a similar name
[INFO] [stdout]     |
[INFO] [stdout] 175 |         let srv = actix_web::start(|| {
[INFO] [stdout]     |                   ~~~~~~~~~
[INFO] [stdout] 
[INFO] [stdout] 
[INFO] [stdout] error[E0433]: failed to resolve: use of undeclared crate or module `actix_test`
[INFO] [stdout]    --> src/form/tempfile.rs:198:19
[INFO] [stdout]     |
[INFO] [stdout] 198 |         let srv = actix_test::start(|| App::new().route("/", web::post().to(test_file_route)));
[INFO] [stdout]     |                   ^^^^^^^^^^ use of undeclared crate or module `actix_test`
[INFO] [stdout]     |
[INFO] [stdout] help: there is a crate or module with a similar name
[INFO] [stdout]     |
[INFO] [stdout] 198 |         let srv = actix_web::start(|| App::new().route("/", web::post().to(test_file_route)));
[INFO] [stdout]     |                   ~~~~~~~~~
[INFO] [stdout] 
[INFO] [stdout] 
[INFO] [stdout] error[E0433]: failed to resolve: use of undeclared crate or module `actix_test`
[INFO] [stdout]    --> src/form/text.rs:176:19
[INFO] [stdout]     |
[INFO] [stdout] 176 |         let srv = actix_test::start(|| {
[INFO] [stdout]     |                   ^^^^^^^^^^ use of undeclared crate or module `actix_test`
[INFO] [stdout]     |
[INFO] [stdout] help: there is a crate or module with a similar name
[INFO] [stdout]     |
[INFO] [stdout] 176 |         let srv = actix_web::start(|| {
[INFO] [stdout]     |                   ~~~~~~~~~
[INFO] [stdout] 
[INFO] [stdout] 
[INFO] [stdout] error[E0433]: failed to resolve: use of undeclared crate or module `actix_test`
[INFO] [stdout]    --> src/form/mod.rs:433:13
[INFO] [stdout]     |
[INFO] [stdout] 433 |             actix_test::start(|| App::new().route("/", web::post().to(test_options_route)));
[INFO] [stdout]     |             ^^^^^^^^^^ use of undeclared crate or module `actix_test`
[INFO] [stdout]     |
[INFO] [stdout] help: there is a crate or module with a similar name
[INFO] [stdout]     |
[INFO] [stdout] 433 |             actix_web::start(|| App::new().route("/", web::post().to(test_options_route)));
[INFO] [stdout]     |             ~~~~~~~~~
[INFO] [stdout] 
[INFO] [stdout] 
[INFO] [stdout] error[E0433]: failed to resolve: use of undeclared crate or module `actix_test`
[INFO] [stdout]    --> src/form/mod.rs:463:19
[INFO] [stdout]     |
[INFO] [stdout] 463 |         let srv = actix_test::start(|| App::new().route("/", web::post().to(test_vec_route)));
[INFO] [stdout]     |                   ^^^^^^^^^^ use of undeclared crate or module `actix_test`
[INFO] [stdout]     |
[INFO] [stdout] help: there is a crate or module with a similar name
[INFO] [stdout]     |
[INFO] [stdout] 463 |         let srv = actix_web::start(|| App::new().route("/", web::post().to(test_vec_route)));
[INFO] [stdout]     |                   ~~~~~~~~~
[INFO] [stdout] 
[INFO] [stdout] 
[INFO] [stdout] error[E0433]: failed to resolve: use of undeclared crate or module `actix_test`
[INFO] [stdout]    --> src/form/mod.rs:495:19
[INFO] [stdout]     |
[INFO] [stdout] 495 |         let srv = actix_test::start(|| {
[INFO] [stdout]     |                   ^^^^^^^^^^ use of undeclared crate or module `actix_test`
[INFO] [stdout]     |
[INFO] [stdout] help: there is a crate or module with a similar name
[INFO] [stdout]     |
[INFO] [stdout] 495 |         let srv = actix_web::start(|| {
[INFO] [stdout]     |                   ~~~~~~~~~
[INFO] [stdout] 
[INFO] [stdout] 
[INFO] [stdout] error[E0433]: failed to resolve: use of undeclared crate or module `actix_test`
[INFO] [stdout]    --> src/form/mod.rs:526:19
[INFO] [stdout]     |
[INFO] [stdout] 526 |         let srv = actix_test::start(|| {
[INFO] [stdout]     |                   ^^^^^^^^^^ use of undeclared crate or module `actix_test`
[INFO] [stdout]     |
[INFO] [stdout] help: there is a crate or module with a similar name
[INFO] [stdout]     |
[INFO] [stdout] 526 |         let srv = actix_web::start(|| {
[INFO] [stdout]     |                   ~~~~~~~~~
[INFO] [stdout] 
[INFO] [stdout] 
[INFO] [stdout] error[E0433]: failed to resolve: use of undeclared crate or module `actix_test`
[INFO] [stdout]    --> src/form/mod.rs:582:19
[INFO] [stdout]     |
[INFO] [stdout] 582 |         let srv = actix_test::start(|| {
[INFO] [stdout]     |                   ^^^^^^^^^^ use of undeclared crate or module `actix_test`
[INFO] [stdout]     |
[INFO] [stdout] help: there is a crate or module with a similar name
[INFO] [stdout]     |
[INFO] [stdout] 582 |         let srv = actix_web::start(|| {
[INFO] [stdout]     |                   ~~~~~~~~~
[INFO] [stdout] 
[INFO] [stdout] 
[INFO] [stdout] error[E0433]: failed to resolve: use of undeclared crate or module `actix_test`
[INFO] [stdout]    --> src/form/mod.rs:635:19
[INFO] [stdout]     |
[INFO] [stdout] 635 |         let srv = actix_test::start(|| {
[INFO] [stdout]     |                   ^^^^^^^^^^ use of undeclared crate or module `actix_test`
[INFO] [stdout]     |
[INFO] [stdout] help: there is a crate or module with a similar name
[INFO] [stdout]     |
[INFO] [stdout] 635 |         let srv = actix_web::start(|| {
[INFO] [stdout]     |                   ~~~~~~~~~
[INFO] [stdout] 
[INFO] [stdout] 
[INFO] [stdout] error[E0433]: failed to resolve: use of undeclared crate or module `actix_test`
[INFO] [stdout]    --> src/form/mod.rs:661:19
[INFO] [stdout]     |
[INFO] [stdout] 661 |         let srv = actix_test::start(|| {
[INFO] [stdout]     |                   ^^^^^^^^^^ use of undeclared crate or module `actix_test`
[INFO] [stdout]     |
[INFO] [stdout] help: there is a crate or module with a similar name
[INFO] [stdout]     |
[INFO] [stdout] 661 |         let srv = actix_web::start(|| {
[INFO] [stdout]     |                   ~~~~~~~~~
[INFO] [stdout] 
[INFO] [stdout] 
[INFO] [stdout] error[E0433]: failed to resolve: use of undeclared crate or module `actix_test`
[INFO] [stdout]    --> src/form/mod.rs:706:19
[INFO] [stdout]     |
[INFO] [stdout] 706 |         let srv = actix_test::start(|| {
[INFO] [stdout]     |                   ^^^^^^^^^^ use of undeclared crate or module `actix_test`
[INFO] [stdout]     |
[INFO] [stdout] help: there is a crate or module with a similar name
[INFO] [stdout]     |
[INFO] [stdout] 706 |         let srv = actix_web::start(|| {
[INFO] [stdout]     |                   ~~~~~~~~~
[INFO] [stdout] 
[INFO] [stdout] 
[INFO] [stdout] error: aborting due to 50 previous errors
[INFO] [stdout] 
[INFO] [stdout] 
[INFO] [stdout] Some errors have detailed explanations: E0432, E0433.
[INFO] [stdout] 
[INFO] [stdout] For more information about an error, try `rustc --explain E0432`.
[INFO] [stdout] 
[INFO] [stderr] error: could not compile `actix-multipart` due to 51 previous errors
[INFO] running `Command { std: "docker" "inspect" "4fc6ef3850775429262f2c06bf116980045f9350a29e0b86ce1930c4cbd08aef", kill_on_drop: false }`
[INFO] running `Command { std: "docker" "rm" "-f" "4fc6ef3850775429262f2c06bf116980045f9350a29e0b86ce1930c4cbd08aef", kill_on_drop: false }`
[INFO] [stdout] 4fc6ef3850775429262f2c06bf116980045f9350a29e0b86ce1930c4cbd08aef
