[INFO] fetching crate acme-pipelines 0.2.4...
[INFO] testing acme-pipelines-0.2.4 against 1.69.0 for beta-1.70-1
[INFO] extracting crate acme-pipelines 0.2.4 into /workspace/builds/worker-1-tc1/source
[INFO] validating manifest of crates.io crate acme-pipelines 0.2.4 on toolchain 1.69.0
[INFO] running `Command { std: CARGO_HOME="/workspace/cargo-home" RUSTUP_HOME="/workspace/rustup-home" "/workspace/cargo-home/bin/cargo" "+1.69.0" "metadata" "--manifest-path" "Cargo.toml" "--no-deps", kill_on_drop: false }`
[INFO] started tweaking crates.io crate acme-pipelines 0.2.4
[INFO] finished tweaking crates.io crate acme-pipelines 0.2.4
[INFO] tweaked toml for crates.io crate acme-pipelines 0.2.4 written to /workspace/builds/worker-1-tc1/source/Cargo.toml
[INFO] running `Command { std: CARGO_HOME="/workspace/cargo-home" RUSTUP_HOME="/workspace/rustup-home" __CARGO_TEST_CHANNEL_OVERRIDE_DO_NOT_USE_THIS="nightly" "/workspace/cargo-home/bin/cargo" "+1.69.0" "generate-lockfile" "--manifest-path" "Cargo.toml" "-Zno-index-update", kill_on_drop: false }`
[INFO] running `Command { std: CARGO_HOME="/workspace/cargo-home" RUSTUP_HOME="/workspace/rustup-home" "/workspace/cargo-home/bin/cargo" "+1.69.0" "fetch" "--manifest-path" "Cargo.toml", kill_on_drop: false }`
[INFO] [stderr]  Downloading crates ...
[INFO] [stderr]   Downloaded config v0.13.3
[INFO] [stderr]   Downloaded uuid v1.3.2
[INFO] [stderr]   Downloaded time-core v0.1.0
[INFO] [stderr]   Downloaded funty v2.0.0
[INFO] [stderr]   Downloaded tap v1.0.1
[INFO] [stderr]   Downloaded wyz v0.5.1
[INFO] [stderr]   Downloaded wasi v0.10.0+wasi-snapshot-preview1
[INFO] [stderr]   Downloaded http-body v0.4.5
[INFO] [stderr]   Downloaded pest_meta v2.6.0
[INFO] [stderr]   Downloaded serde_path_to_error v0.1.11
[INFO] [stderr]   Downloaded decanter-crypto v0.1.5
[INFO] [stderr]   Downloaded decanter-derive v0.1.5
[INFO] [stderr]   Downloaded decanter v0.1.5
[INFO] [stderr]   Downloaded socket2 v0.4.9
[INFO] [stderr]   Downloaded windows_x86_64_gnullvm v0.42.2
[INFO] [stderr]   Downloaded json5 v0.4.1
[INFO] [stderr]   Downloaded cxxbridge-flags v1.0.94
[INFO] [stderr]   Downloaded sync_wrapper v0.1.2
[INFO] [stderr]   Downloaded cxxbridge-macro v1.0.94
[INFO] [stderr]   Downloaded tower v0.4.13
[INFO] [stderr]   Downloaded tokio-util v0.7.8
[INFO] [stderr]   Downloaded axum-core v0.3.4
[INFO] [stderr]   Downloaded glob v0.3.1
[INFO] [stderr]   Downloaded scsys-derive v0.1.42
[INFO] [stderr]   Downloaded tower-layer v0.3.2
[INFO] [stderr]   Downloaded scratch v1.0.5
[INFO] [stderr]   Downloaded axum v0.6.17
[INFO] [stderr]   Downloaded matchit v0.7.0
[INFO] [stderr]   Downloaded link-cplusplus v1.0.8
[INFO] [stderr]   Downloaded android_system_properties v0.1.5
[INFO] [stderr]   Downloaded codespan-reporting v0.11.1
[INFO] [stderr]   Downloaded windows_aarch64_msvc v0.42.2
[INFO] [stderr]   Downloaded windows_i686_gnu v0.42.2
[INFO] [stderr]   Downloaded windows-sys v0.45.0
[INFO] [stderr]   Downloaded tokio v1.28.0
[INFO] [stderr]   Downloaded windows-sys v0.48.0
[INFO] [stderr]   Downloaded windows_i686_msvc v0.42.2
[INFO] [stderr]   Downloaded windows_x86_64_gnu v0.42.2
[INFO] [stderr]   Downloaded windows_x86_64_msvc v0.42.2
[INFO] [stderr]   Downloaded windows v0.48.0
[INFO] [stderr]   Downloaded windows_aarch64_msvc v0.48.0
[INFO] [stderr]   Downloaded windows_i686_gnu v0.48.0
[INFO] [stderr]   Downloaded windows_i686_msvc v0.48.0
[INFO] [stderr]   Downloaded windows_x86_64_gnu v0.48.0
[INFO] [stderr]   Downloaded hyper v0.14.26
[INFO] [stderr]   Downloaded bson v2.6.1
[INFO] [stderr]   Downloaded iana-time-zone-haiku v0.1.1
[INFO] [stderr]   Downloaded darling v0.13.4
[INFO] [stderr]   Downloaded strum_macros v0.24.3
[INFO] [stderr]   Downloaded tokio-macros v2.1.0
[INFO] [stderr]   Downloaded h2 v0.3.18
[INFO] [stderr]   Downloaded ucd-trie v0.1.5
[INFO] [stderr]   Downloaded sha2 v0.10.6
[INFO] [stderr]   Downloaded bitvec v1.0.1
[INFO] [stderr]   Downloaded cxx v1.0.94
[INFO] [stderr]   Downloaded cxx-build v1.0.94
[INFO] [stderr]   Downloaded uuid v0.8.2
[INFO] [stderr]   Downloaded scsys-macros v0.1.42
[INFO] [stderr]   Downloaded scsys v0.1.42
[INFO] [stderr]   Downloaded tracing-attributes v0.1.24
[INFO] [stderr]   Downloaded ron v0.7.1
[INFO] [stderr]   Downloaded radium v0.7.0
[INFO] [stderr]   Downloaded core-foundation-sys v0.8.4
[INFO] [stderr]   Downloaded iana-time-zone v0.1.56
[INFO] [stderr]   Downloaded num-integer v0.1.45
[INFO] [stderr]   Downloaded time v0.1.45
[INFO] [stderr]   Downloaded hex v0.4.3
[INFO] [stderr]   Downloaded ident_case v1.0.1
[INFO] [stderr]   Downloaded strsim v0.10.0
[INFO] [stderr]   Downloaded darling_core v0.13.4
[INFO] [stderr]   Downloaded darling_macro v0.13.4
[INFO] [stderr]   Downloaded serde_with_macros v1.5.2
[INFO] [stderr]   Downloaded serde_with v1.14.0
[INFO] [stderr]   Downloaded time v0.3.20
[INFO] [stderr]   Downloaded windows_aarch64_gnullvm v0.42.2
[INFO] [stderr]   Downloaded windows-targets v0.42.2
[INFO] [stderr]   Downloaded windows_aarch64_gnullvm v0.48.0
[INFO] [stderr]   Downloaded windows_x86_64_gnullvm v0.48.0
[INFO] [stderr]   Downloaded windows-targets v0.48.0
[INFO] [stderr]   Downloaded scsys-actors v0.1.42
[INFO] [stderr]   Downloaded pest v2.6.0
[INFO] [stderr]   Downloaded pest_generator v2.6.0
[INFO] [stderr]   Downloaded pest_derive v2.6.0
[INFO] [stderr]   Downloaded pathdiff v0.2.1
[INFO] [stderr]   Downloaded dlv-list v0.3.0
[INFO] [stderr]   Downloaded ordered-multimap v0.4.3
[INFO] [stderr]   Downloaded rust-ini v0.18.0
[INFO] [stderr]   Downloaded linked-hash-map v0.5.6
[INFO] [stderr]   Downloaded smart-default v0.6.0
[INFO] [stderr]   Downloaded scsys-core v0.1.42
[INFO] [stderr]   Downloaded httpdate v1.0.2
[INFO] [stderr]   Downloaded async-trait v0.1.68
[INFO] [stderr]   Downloaded minimal-lexical v0.2.1
[INFO] [stderr]   Downloaded nom v7.1.3
[INFO] [stderr]   Downloaded chrono v0.4.24
[INFO] [stderr]   Downloaded time-macros v0.2.8
[INFO] [stderr]   Downloaded rand v0.8.5
[INFO] [stderr]   Downloaded strum v0.24.1
[INFO] [stderr]   Downloaded rand_core v0.6.4
[INFO] [stderr]   Downloaded heck v0.4.1
[INFO] [stderr]   Downloaded mio v0.8.6
[INFO] [stderr]   Downloaded windows_x86_64_msvc v0.48.0
[INFO] running `Command { std: "docker" "create" "-v" "/var/lib/crater-agent-workspace/builds/worker-1-tc1/target:/opt/rustwide/target:rw,Z" "-v" "/var/lib/crater-agent-workspace/builds/worker-1-tc1/source:/opt/rustwide/workdir:ro,Z" "-v" "/var/lib/crater-agent-workspace/cargo-home:/opt/rustwide/cargo-home:ro,Z" "-v" "/var/lib/crater-agent-workspace/rustup-home:/opt/rustwide/rustup-home:ro,Z" "-e" "SOURCE_DIR=/opt/rustwide/workdir" "-e" "CARGO_TARGET_DIR=/opt/rustwide/target" "-e" "CARGO_HOME=/opt/rustwide/cargo-home" "-e" "RUSTUP_HOME=/opt/rustwide/rustup-home" "-w" "/opt/rustwide/workdir" "-m" "1610612736" "--user" "0:0" "--network" "none" "ghcr.io/rust-lang/crates-build-env/linux@sha256:5ff2268d62e97bff2cde7d5815dd6ed5b47097566f13b8d0ca110b04b60e07ed" "/opt/rustwide/cargo-home/bin/cargo" "+1.69.0" "metadata" "--no-deps" "--format-version=1", kill_on_drop: false }`
[INFO] [stdout] 14a869797524caf45661aee37dfd5be8b18d1d9bdd3b7583d812858f905048ad
[INFO] running `Command { std: "docker" "start" "-a" "14a869797524caf45661aee37dfd5be8b18d1d9bdd3b7583d812858f905048ad", kill_on_drop: false }`
[INFO] running `Command { std: "docker" "inspect" "14a869797524caf45661aee37dfd5be8b18d1d9bdd3b7583d812858f905048ad", kill_on_drop: false }`
[INFO] running `Command { std: "docker" "rm" "-f" "14a869797524caf45661aee37dfd5be8b18d1d9bdd3b7583d812858f905048ad", kill_on_drop: false }`
[INFO] [stdout] 14a869797524caf45661aee37dfd5be8b18d1d9bdd3b7583d812858f905048ad
[INFO] running `Command { std: "docker" "create" "-v" "/var/lib/crater-agent-workspace/builds/worker-1-tc1/target:/opt/rustwide/target:rw,Z" "-v" "/var/lib/crater-agent-workspace/builds/worker-1-tc1/source:/opt/rustwide/workdir:ro,Z" "-v" "/var/lib/crater-agent-workspace/cargo-home:/opt/rustwide/cargo-home:ro,Z" "-v" "/var/lib/crater-agent-workspace/rustup-home:/opt/rustwide/rustup-home:ro,Z" "-e" "SOURCE_DIR=/opt/rustwide/workdir" "-e" "CARGO_TARGET_DIR=/opt/rustwide/target" "-e" "CARGO_INCREMENTAL=0" "-e" "RUST_BACKTRACE=full" "-e" "RUSTFLAGS=--cap-lints=warn" "-e" "RUSTDOCFLAGS=--cap-lints=warn" "-e" "CARGO_HOME=/opt/rustwide/cargo-home" "-e" "RUSTUP_HOME=/opt/rustwide/rustup-home" "-w" "/opt/rustwide/workdir" "-m" "1610612736" "--user" "0:0" "--network" "none" "ghcr.io/rust-lang/crates-build-env/linux@sha256:5ff2268d62e97bff2cde7d5815dd6ed5b47097566f13b8d0ca110b04b60e07ed" "/opt/rustwide/cargo-home/bin/cargo" "+1.69.0" "build" "--frozen" "--message-format=json", kill_on_drop: false }`
[INFO] [stdout] a401265159e111468f9bc98a6b00ebb0b5d8b46a3dd6391de1e1a8e1f40fa2e5
[INFO] running `Command { std: "docker" "start" "-a" "a401265159e111468f9bc98a6b00ebb0b5d8b46a3dd6391de1e1a8e1f40fa2e5", kill_on_drop: false }`
[INFO] [stderr]    Compiling proc-macro2 v1.0.56
[INFO] [stderr]    Compiling unicode-ident v1.0.8
[INFO] [stderr]    Compiling quote v1.0.26
[INFO] [stderr]    Compiling once_cell v1.17.1
[INFO] [stderr]    Compiling syn v1.0.109
[INFO] [stderr]    Compiling itoa v1.0.6
[INFO] [stderr]    Compiling fnv v1.0.7
[INFO] [stderr]    Compiling serde_json v1.0.96
[INFO] [stderr]    Compiling ryu v1.0.13
[INFO] [stderr]    Compiling getrandom v0.2.9
[INFO] [stderr]    Compiling ahash v0.7.6
[INFO] [stderr]    Compiling indexmap v1.9.3
[INFO] [stderr]    Compiling log v0.4.17
[INFO] [stderr]    Compiling ident_case v1.0.1
[INFO] [stderr]    Compiling futures-core v0.3.28
[INFO] [stderr]    Compiling strsim v0.10.0
[INFO] [stderr]    Compiling pin-project-lite v0.2.9
[INFO] [stderr]    Compiling num-traits v0.2.15
[INFO] [stderr]    Compiling generic-array v0.14.7
[INFO] [stderr]    Compiling ucd-trie v0.1.5
[INFO] [stderr]    Compiling bytes v1.4.0
[INFO] [stderr]    Compiling num-integer v0.1.45
[INFO] [stderr]    Compiling futures-task v0.3.28
[INFO] [stderr]    Compiling rand_core v0.6.4
[INFO] [stderr]    Compiling radium v0.7.0
[INFO] [stderr]    Compiling async-trait v0.1.68
[INFO] [stderr]    Compiling tokio v1.28.0
[INFO] [stderr]    Compiling time-core v0.1.0
[INFO] [stderr]    Compiling rand_chacha v0.3.1
[INFO] [stderr]    Compiling percent-encoding v2.2.0
[INFO] [stderr]    Compiling futures-util v0.3.28
[INFO] [stderr]    Compiling heck v0.4.1
[INFO] [stderr]    Compiling hashbrown v0.12.3
[INFO] [stderr]    Compiling tinyvec_macros v0.1.1
[INFO] [stderr]    Compiling tap v1.0.1
[INFO] [stderr]    Compiling syn v2.0.15
[INFO] [stderr]    Compiling tinyvec v1.6.0
[INFO] [stderr]    Compiling rand v0.8.5
[INFO] [stderr]    Compiling wyz v0.5.1
[INFO] [stderr]    Compiling form_urlencoded v1.1.0
[INFO] [stderr]    Compiling time-macros v0.2.8
[INFO] [stderr]    Compiling mio v0.8.6
[INFO] [stderr]    Compiling tracing-core v0.1.30
[INFO] [stderr]    Compiling ring v0.16.20
[INFO] [stderr]    Compiling socket2 v0.4.9
[INFO] [stderr]    Compiling time v0.1.45
[INFO] [stderr]    Compiling pin-utils v0.1.0
[INFO] [stderr]    Compiling iana-time-zone v0.1.56
[INFO] [stderr]    Compiling dlv-list v0.3.0
[INFO] [stderr]    Compiling funty v2.0.0
[INFO] [stderr]    Compiling unicode-normalization v0.1.22
[INFO] [stderr]    Compiling ordered-multimap v0.4.3
[INFO] [stderr]    Compiling block-buffer v0.10.4
[INFO] [stderr]    Compiling crypto-common v0.1.6
[INFO] [stderr]    Compiling http v0.2.9
[INFO] [stderr]    Compiling blake3 v1.3.3
[INFO] [stderr]    Compiling slab v0.4.8
[INFO] [stderr]    Compiling untrusted v0.7.1
[INFO] [stderr]    Compiling unicode-bidi v0.3.13
[INFO] [stderr]    Compiling subtle v2.4.1
[INFO] [stderr]    Compiling bitvec v1.0.1
[INFO] [stderr]    Compiling spin v0.5.2
[INFO] [stderr]    Compiling hex v0.4.3
[INFO] [stderr]    Compiling linked-hash-map v0.5.6
[INFO] [stderr]    Compiling minimal-lexical v0.2.1
[INFO] [stderr]    Compiling chrono v0.4.24
[INFO] [stderr]    Compiling nom v7.1.3
[INFO] [stderr]    Compiling yaml-rust v0.4.5
[INFO] [stderr]    Compiling idna v0.3.0
[INFO] [stderr]    Compiling digest v0.10.6
[INFO] [stderr]    Compiling rust-ini v0.18.0
[INFO] [stderr]    Compiling pathdiff v0.2.1
[INFO] [stderr]    Compiling futures-channel v0.3.28
[INFO] [stderr]    Compiling futures-sink v0.3.28
[INFO] [stderr]    Compiling httparse v1.8.0
[INFO] [stderr]    Compiling tower-service v0.3.2
[INFO] [stderr]    Compiling time v0.3.20
[INFO] [stderr]    Compiling http-body v0.4.5
[INFO] [stderr]    Compiling url v2.3.1
[INFO] [stderr]    Compiling anyhow v1.0.71
[INFO] [stderr]    Compiling axum-core v0.3.4
[INFO] [stderr]    Compiling glob v0.3.1
[INFO] [stderr]    Compiling try-lock v0.2.4
[INFO] [stderr]    Compiling tower-layer v0.3.2
[INFO] [stderr]    Compiling want v0.3.0
[INFO] [stderr]    Compiling axum v0.6.17
[INFO] [stderr]    Compiling mime v0.3.17
[INFO] [stderr]    Compiling httpdate v1.0.2
[INFO] [stderr]    Compiling matchit v0.7.0
[INFO] [stderr]    Compiling sync_wrapper v0.1.2
[INFO] [stderr]    Compiling darling_core v0.13.4
[INFO] [stderr]    Compiling serde_derive v1.0.160
[INFO] [stderr]    Compiling thiserror-impl v1.0.40
[INFO] [stderr]    Compiling tokio-macros v2.1.0
[INFO] [stderr]    Compiling tracing-attributes v0.1.24
[INFO] [stderr]    Compiling thiserror v1.0.40
[INFO] [stderr]    Compiling pest v2.6.0
[INFO] [stderr]    Compiling tracing v0.1.37
[INFO] [stderr]    Compiling strum_macros v0.24.3
[INFO] [stderr]    Compiling smart-default v0.6.0
[INFO] [stderr]    Compiling pin-project-internal v1.0.12
[INFO] [stderr]    Compiling darling_macro v0.13.4
[INFO] [stderr]    Compiling darling v0.13.4
[INFO] [stderr]    Compiling pest_meta v2.6.0
[INFO] [stderr]    Compiling serde_with_macros v1.5.2
[INFO] [stderr]    Compiling strum v0.24.1
[INFO] [stderr]    Compiling pin-project v1.0.12
[INFO] [stderr]    Compiling pest_generator v2.6.0
[INFO] [stderr]    Compiling serde v1.0.160
[INFO] [stderr]    Compiling tokio-util v0.7.8
[INFO] [stderr]    Compiling tower v0.4.13
[INFO] [stderr]    Compiling pest_derive v2.6.0
[INFO] [stderr]    Compiling h2 v0.3.18
[INFO] [stderr]    Compiling serde_bytes v0.11.9
[INFO] [stderr]    Compiling uuid v1.3.2
[INFO] [stderr]    Compiling uuid v0.8.2
[INFO] [stderr]    Compiling serde_with v1.14.0
[INFO] [stderr]    Compiling toml v0.5.11
[INFO] [stderr]    Compiling json5 v0.4.1
[INFO] [stderr]    Compiling ron v0.7.1
[INFO] [stderr]    Compiling serde_urlencoded v0.7.1
[INFO] [stderr]    Compiling serde_path_to_error v0.1.11
[INFO] [stderr]    Compiling config v0.13.3
[INFO] [stderr]    Compiling decanter-derive v0.1.5
[INFO] [stderr]    Compiling decanter-crypto v0.1.5
[INFO] [stderr]    Compiling scsys-derive v0.1.42
[INFO] [stderr]    Compiling hyper v0.14.26
[INFO] [stderr]    Compiling bson v2.6.1
[INFO] [stderr]    Compiling decanter v0.1.5
[INFO] [stderr]    Compiling scsys-actors v0.1.42
[INFO] [stderr]    Compiling scsys-macros v0.1.42
[INFO] [stderr]    Compiling scsys-core v0.1.42
[INFO] [stdout] error[E0432]: unresolved imports `decanter::crypto::Hashable`, `decanter::Hash`
[INFO] [stdout]  --> /opt/rustwide/cargo-home/registry/src/github.com-1ecc6299db9ec823/scsys-actors-0.1.42/src/catalysts/catalyst.rs:7:16
[INFO] [stdout]   |
[INFO] [stdout] 7 | use decanter::{crypto::Hashable, Hash};
[INFO] [stdout]   |                ^^^^^^^^^^^^^^^^  ^^^^
[INFO] [stdout]   |                |                 |
[INFO] [stdout]   |                |                 no `Hash` in the root
[INFO] [stdout]   |                |                 help: a similar name exists in the module: `hash`
[INFO] [stdout]   |                no `Hashable` in the root
[INFO] [stdout]   |
[INFO] [stdout]   = help: consider importing this trait instead:
[INFO] [stdout]           decanter::prelude::Hashable
[INFO] [stdout]   = help: consider importing one of these items instead:
[INFO] [stdout]           std::hash::Hash
[INFO] [stdout]           core::hash::Hash
[INFO] [stdout] 
[INFO] [stdout] 
[INFO] [stdout] error[E0432]: unresolved imports `decanter::crypto::Hashable`, `decanter::Hash`
[INFO] [stdout]  --> /opt/rustwide/cargo-home/registry/src/github.com-1ecc6299db9ec823/scsys-actors-0.1.42/src/messages/message.rs:7:16
[INFO] [stdout]   |
[INFO] [stdout] 7 | use decanter::{crypto::Hashable, Hash};
[INFO] [stdout]   |                ^^^^^^^^^^^^^^^^  ^^^^
[INFO] [stdout]   |                |                 |
[INFO] [stdout]   |                |                 no `Hash` in the root
[INFO] [stdout]   |                |                 help: a similar name exists in the module: `hash`
[INFO] [stdout]   |                no `Hashable` in the root
[INFO] [stdout]   |
[INFO] [stdout]   = help: consider importing this trait instead:
[INFO] [stdout]           decanter::prelude::Hashable
[INFO] [stdout]   = help: consider importing one of these items instead:
[INFO] [stdout]           std::hash::Hash
[INFO] [stdout]           core::hash::Hash
[INFO] [stdout] 
[INFO] [stdout] 
[INFO] [stdout] error[E0432]: unresolved import `decanter::prelude::Hash`
[INFO] [stdout]   --> /opt/rustwide/cargo-home/registry/src/github.com-1ecc6299db9ec823/scsys-actors-0.1.42/src/states/state.rs:10:25
[INFO] [stdout]    |
[INFO] [stdout] 10 | use decanter::prelude::{Hash, Hashable, H256};
[INFO] [stdout]    |                         ^^^^
[INFO] [stdout]    |                         |
[INFO] [stdout]    |                         no `Hash` in `prelude`
[INFO] [stdout]    |                         help: a similar name exists in the module: `hash`
[INFO] [stdout]    |
[INFO] [stdout]    = help: consider importing one of these items instead:
[INFO] [stdout]            std::hash::Hash
[INFO] [stdout]            core::hash::Hash
[INFO] [stdout] 
[INFO] [stdout] 
[INFO] [stdout] error[E0432]: unresolved imports `decanter::crypto::Hashable`, `decanter::Hash`
[INFO] [stdout]  --> /opt/rustwide/cargo-home/registry/src/github.com-1ecc6299db9ec823/scsys-actors-0.1.42/src/direction.rs:6:16
[INFO] [stdout]   |
[INFO] [stdout] 6 | use decanter::{crypto::Hashable, Hash};
[INFO] [stdout]   |                ^^^^^^^^^^^^^^^^  ^^^^
[INFO] [stdout]   |                |                 |
[INFO] [stdout]   |                |                 no `Hash` in the root
[INFO] [stdout]   |                |                 help: a similar name exists in the module: `hash`
[INFO] [stdout]   |                no `Hashable` in the root
[INFO] [stdout]   |
[INFO] [stdout]   = help: consider importing this trait instead:
[INFO] [stdout]           decanter::prelude::Hashable
[INFO] [stdout]   = help: consider importing one of these items instead:
[INFO] [stdout]           std::hash::Hash
[INFO] [stdout]           core::hash::Hash
[INFO] [stdout] 
[INFO] [stdout] 
[INFO] [stdout] error[E0277]: the trait bound `context::Context<Cnf>: AsRef<[u8]>` is not satisfied
[INFO] [stdout]   --> /opt/rustwide/cargo-home/registry/src/github.com-1ecc6299db9ec823/scsys-actors-0.1.42/src/contexts/context.rs:23:16
[INFO] [stdout]    |
[INFO] [stdout] 23 |         hasher(self).into()
[INFO] [stdout]    |         ------ ^^^^ the trait `AsRef<[u8]>` is not implemented for `context::Context<Cnf>`
[INFO] [stdout]    |         |
[INFO] [stdout]    |         required by a bound introduced by this call
[INFO] [stdout]    |
[INFO] [stdout]    = note: required for `&context::Context<Cnf>` to implement `AsRef<[u8]>`
[INFO] [stdout] note: required by a bound in `hasher`
[INFO] [stdout]   --> /opt/rustwide/cargo-home/registry/src/github.com-1ecc6299db9ec823/decanter-0.1.5/src/hash/mod.rs:57:26
[INFO] [stdout]    |
[INFO] [stdout] 57 | pub fn hasher(data: impl AsRef<[u8]>) -> GenericHash {
[INFO] [stdout]    |                          ^^^^^^^^^^^ required by this bound in `hasher`
[INFO] [stdout] 
[INFO] [stdout] 
[INFO] [stdout] error: aborting due to 5 previous errors
[INFO] [stdout] 
[INFO] [stdout] 
[INFO] [stdout] Some errors have detailed explanations: E0277, E0432.
[INFO] [stdout] 
[INFO] [stdout] For more information about an error, try `rustc --explain E0277`.
[INFO] [stdout] 
[INFO] [stderr] error: could not compile `scsys-actors` due to 6 previous errors
[INFO] [stderr] warning: build failed, waiting for other jobs to finish...
[INFO] running `Command { std: "docker" "inspect" "a401265159e111468f9bc98a6b00ebb0b5d8b46a3dd6391de1e1a8e1f40fa2e5", kill_on_drop: false }`
[INFO] running `Command { std: "docker" "rm" "-f" "a401265159e111468f9bc98a6b00ebb0b5d8b46a3dd6391de1e1a8e1f40fa2e5", kill_on_drop: false }`
[INFO] [stdout] a401265159e111468f9bc98a6b00ebb0b5d8b46a3dd6391de1e1a8e1f40fa2e5
