[INFO] fetching crate acick-util 0.2.0...
[INFO] testing acick-util-0.2.0 against 1.69.0 for beta-1.70-1
[INFO] extracting crate acick-util 0.2.0 into /workspace/builds/worker-0-tc1/source
[INFO] validating manifest of crates.io crate acick-util 0.2.0 on toolchain 1.69.0
[INFO] running `Command { std: CARGO_HOME="/workspace/cargo-home" RUSTUP_HOME="/workspace/rustup-home" "/workspace/cargo-home/bin/cargo" "+1.69.0" "metadata" "--manifest-path" "Cargo.toml" "--no-deps", kill_on_drop: false }`
[INFO] started tweaking crates.io crate acick-util 0.2.0
[INFO] finished tweaking crates.io crate acick-util 0.2.0
[INFO] tweaked toml for crates.io crate acick-util 0.2.0 written to /workspace/builds/worker-0-tc1/source/Cargo.toml
[INFO] running `Command { std: CARGO_HOME="/workspace/cargo-home" RUSTUP_HOME="/workspace/rustup-home" __CARGO_TEST_CHANNEL_OVERRIDE_DO_NOT_USE_THIS="nightly" "/workspace/cargo-home/bin/cargo" "+1.69.0" "generate-lockfile" "--manifest-path" "Cargo.toml" "-Zno-index-update", kill_on_drop: false }`
[INFO] running `Command { std: CARGO_HOME="/workspace/cargo-home" RUSTUP_HOME="/workspace/rustup-home" "/workspace/cargo-home/bin/cargo" "+1.69.0" "fetch" "--manifest-path" "Cargo.toml", kill_on_drop: false }`
[INFO] [stderr]  Downloading crates ...
[INFO] [stderr]   Downloaded lock_api v0.4.9
[INFO] [stderr]   Downloaded ego-tree v0.6.2
[INFO] [stderr]   Downloaded indicatif v0.15.0
[INFO] [stderr]   Downloaded console v0.15.5
[INFO] [stderr]   Downloaded getset v0.1.2
[INFO] [stderr]   Downloaded linked-hash-map v0.5.6
[INFO] [stderr]   Downloaded strum v0.19.5
[INFO] [stderr]   Downloaded windows_x86_64_gnullvm v0.48.0
[INFO] [stderr]   Downloaded windows_aarch64_gnullvm v0.48.0
[INFO] [stderr]   Downloaded parking_lot v0.12.1
[INFO] [stderr]   Downloaded publicsuffix v1.5.6
[INFO] [stderr]   Downloaded scraper v0.12.0
[INFO] [stderr]   Downloaded cookie_store v0.12.0
[INFO] [stderr]   Downloaded retry v1.3.1
[INFO] [stderr]   Downloaded base-x v0.2.11
[INFO] [stderr]   Downloaded errno-dragonfly v0.1.2
[INFO] [stderr]   Downloaded dirs v3.0.2
[INFO] [stderr]   Downloaded wasm-bindgen-futures v0.4.34
[INFO] [stderr]   Downloaded getopts v0.2.21
[INFO] [stderr]   Downloaded string_cache_codegen v0.5.2
[INFO] [stderr]   Downloaded cssparser-macros v0.6.0
[INFO] [stderr]   Downloaded dtoa v0.4.8
[INFO] [stderr]   Downloaded dtoa-short v0.3.3
[INFO] [stderr]   Downloaded cssparser v0.27.2
[INFO] [stderr]   Downloaded phf_macros v0.8.0
[INFO] [stderr]   Downloaded phf v0.8.0
[INFO] [stderr]   Downloaded phf_generator v0.8.0
[INFO] [stderr]   Downloaded phf_shared v0.8.0
[INFO] [stderr]   Downloaded phf_codegen v0.8.0
[INFO] [stderr]   Downloaded precomputed-hash v0.1.1
[INFO] [stderr]   Downloaded servo_arc v0.1.1
[INFO] [stderr]   Downloaded hyper-rustls v0.21.0
[INFO] [stderr]   Downloaded utf-8 v0.7.6
[INFO] [stderr]   Downloaded thiserror-impl v1.0.40
[INFO] [stderr]   Downloaded number_prefix v0.3.0
[INFO] [stderr]   Downloaded proc-macro-hack v0.5.20+deprecated
[INFO] [stderr]   Downloaded hermit-abi v0.2.6
[INFO] [stderr]   Downloaded getrandom v0.2.9
[INFO] [stderr]   Downloaded humantime-serde v1.1.1
[INFO] [stderr]   Downloaded semver v1.0.17
[INFO] [stderr]   Downloaded humantime v2.1.0
[INFO] [stderr]   Downloaded nodrop v0.1.14
[INFO] [stderr]   Downloaded stable_deref_trait v1.2.0
[INFO] [stderr]   Downloaded phf_shared v0.10.0
[INFO] [stderr]   Downloaded serde_yaml v0.8.26
[INFO] [stderr]   Downloaded encode_unicode v0.3.6
[INFO] [stderr]   Downloaded html5ever v0.25.2
[INFO] [stderr]   Downloaded aho-corasick v1.0.1
[INFO] [stderr]   Downloaded serde_json v1.0.96
[INFO] [stderr]   Downloaded rand_pcg v0.2.1
[INFO] [stderr]   Downloaded fs2 v0.4.3
[INFO] [stderr]   Downloaded string_cache v0.8.7
[INFO] [stderr]   Downloaded markup5ever v0.10.1
[INFO] [stderr]   Downloaded phf_generator v0.10.0
[INFO] [stderr]   Downloaded wasm-bindgen v0.2.84
[INFO] [stderr]   Downloaded serde_derive v1.0.160
[INFO] [stderr]   Downloaded regex v1.8.1
[INFO] [stderr]   Downloaded windows-targets v0.48.0
[INFO] [stderr]   Downloaded futures-macro v0.3.28
[INFO] [stderr]   Downloaded errno v0.3.1
[INFO] [stderr]   Downloaded parking_lot_core v0.9.7
[INFO] [stderr]   Downloaded windows_i686_gnu v0.48.0
[INFO] [stderr]   Downloaded bumpalo v3.12.1
[INFO] [stderr]   Downloaded windows_x86_64_gnullvm v0.42.2
[INFO] [stderr]   Downloaded js-sys v0.3.61
[INFO] [stderr]   Downloaded rand_core v0.6.4
[INFO] [stderr]   Downloaded windows_x86_64_msvc v0.48.0
[INFO] [stderr]   Downloaded bytefmt v0.1.7
[INFO] [stderr]   Downloaded windows_x86_64_gnu v0.48.0
[INFO] [stderr]   Downloaded regex-syntax v0.7.1
[INFO] [stderr]   Downloaded windows_i686_gnu v0.42.2
[INFO] [stderr]   Downloaded windows-sys v0.45.0
[INFO] [stderr]   Downloaded windows_i686_msvc v0.42.2
[INFO] [stderr]   Downloaded windows_x86_64_gnu v0.42.2
[INFO] [stderr]   Downloaded web-sys v0.3.61
[INFO] [stderr]   Downloaded windows_x86_64_msvc v0.42.2
[INFO] [stderr]   Downloaded windows_aarch64_msvc v0.42.2
[INFO] [stderr]   Downloaded windows-sys v0.42.0
[INFO] [stderr]   Downloaded windows-sys v0.48.0
[INFO] [stderr]   Downloaded windows_i686_msvc v0.48.0
[INFO] [stderr]   Downloaded windows_aarch64_gnullvm v0.42.2
[INFO] [stderr]   Downloaded windows-targets v0.42.2
[INFO] [stderr]   Downloaded matches v0.1.10
[INFO] [stderr]   Downloaded shellexpand v2.1.2
[INFO] [stderr]   Downloaded futf v0.1.5
[INFO] [stderr]   Downloaded mac v0.1.1
[INFO] [stderr]   Downloaded wasm-bindgen-macro-support v0.2.84
[INFO] [stderr]   Downloaded wasm-bindgen-backend v0.2.84
[INFO] [stderr]   Downloaded yaml-rust v0.4.5
[INFO] [stderr]   Downloaded wasm-bindgen-shared v0.2.84
[INFO] [stderr]   Downloaded wasm-bindgen-macro v0.2.84
[INFO] [stderr]   Downloaded smallvec v1.10.0
[INFO] [stderr]   Downloaded redox_syscall v0.2.16
[INFO] [stderr]   Downloaded ppv-lite86 v0.2.17
[INFO] [stderr]   Downloaded wasi v0.11.0+wasi-snapshot-preview1
[INFO] [stderr]   Downloaded redox_syscall v0.3.5
[INFO] [stderr]   Downloaded thiserror v1.0.40
[INFO] [stderr]   Downloaded dirs-sys v0.3.7
[INFO] [stderr]   Downloaded hermit-abi v0.3.1
[INFO] [stderr]   Downloaded thin-slice v0.1.1
[INFO] [stderr]   Downloaded selectors v0.22.0
[INFO] [stderr]   Downloaded new_debug_unreachable v1.0.4
[INFO] [stderr]   Downloaded tendril v0.4.3
[INFO] [stderr]   Downloaded strum_macros v0.19.4
[INFO] [stderr]   Downloaded webbrowser v0.5.5
[INFO] [stderr]   Downloaded siphasher v0.3.10
[INFO] [stderr]   Downloaded redox_users v0.4.3
[INFO] [stderr]   Downloaded windows_aarch64_msvc v0.48.0
[INFO] running `Command { std: "docker" "create" "-v" "/var/lib/crater-agent-workspace/builds/worker-0-tc1/target:/opt/rustwide/target:rw,Z" "-v" "/var/lib/crater-agent-workspace/builds/worker-0-tc1/source:/opt/rustwide/workdir:ro,Z" "-v" "/var/lib/crater-agent-workspace/cargo-home:/opt/rustwide/cargo-home:ro,Z" "-v" "/var/lib/crater-agent-workspace/rustup-home:/opt/rustwide/rustup-home:ro,Z" "-e" "SOURCE_DIR=/opt/rustwide/workdir" "-e" "CARGO_TARGET_DIR=/opt/rustwide/target" "-e" "CARGO_HOME=/opt/rustwide/cargo-home" "-e" "RUSTUP_HOME=/opt/rustwide/rustup-home" "-w" "/opt/rustwide/workdir" "-m" "1610612736" "--user" "0:0" "--network" "none" "ghcr.io/rust-lang/crates-build-env/linux@sha256:5ff2268d62e97bff2cde7d5815dd6ed5b47097566f13b8d0ca110b04b60e07ed" "/opt/rustwide/cargo-home/bin/cargo" "+1.69.0" "metadata" "--no-deps" "--format-version=1", kill_on_drop: false }`
[INFO] [stdout] 5f25785fcf875fe9627e88bcc09f47e4f200c2b8c3efc6ecbb566ac5171ca2d5
[INFO] running `Command { std: "docker" "start" "-a" "5f25785fcf875fe9627e88bcc09f47e4f200c2b8c3efc6ecbb566ac5171ca2d5", kill_on_drop: false }`
[INFO] running `Command { std: "docker" "inspect" "5f25785fcf875fe9627e88bcc09f47e4f200c2b8c3efc6ecbb566ac5171ca2d5", kill_on_drop: false }`
[INFO] running `Command { std: "docker" "rm" "-f" "5f25785fcf875fe9627e88bcc09f47e4f200c2b8c3efc6ecbb566ac5171ca2d5", kill_on_drop: false }`
[INFO] [stdout] 5f25785fcf875fe9627e88bcc09f47e4f200c2b8c3efc6ecbb566ac5171ca2d5
[INFO] running `Command { std: "docker" "create" "-v" "/var/lib/crater-agent-workspace/builds/worker-0-tc1/target:/opt/rustwide/target:rw,Z" "-v" "/var/lib/crater-agent-workspace/builds/worker-0-tc1/source:/opt/rustwide/workdir:ro,Z" "-v" "/var/lib/crater-agent-workspace/cargo-home:/opt/rustwide/cargo-home:ro,Z" "-v" "/var/lib/crater-agent-workspace/rustup-home:/opt/rustwide/rustup-home:ro,Z" "-e" "SOURCE_DIR=/opt/rustwide/workdir" "-e" "CARGO_TARGET_DIR=/opt/rustwide/target" "-e" "CARGO_INCREMENTAL=0" "-e" "RUST_BACKTRACE=full" "-e" "RUSTFLAGS=--cap-lints=warn" "-e" "RUSTDOCFLAGS=--cap-lints=warn" "-e" "CARGO_HOME=/opt/rustwide/cargo-home" "-e" "RUSTUP_HOME=/opt/rustwide/rustup-home" "-w" "/opt/rustwide/workdir" "-m" "1610612736" "--user" "0:0" "--network" "none" "ghcr.io/rust-lang/crates-build-env/linux@sha256:5ff2268d62e97bff2cde7d5815dd6ed5b47097566f13b8d0ca110b04b60e07ed" "/opt/rustwide/cargo-home/bin/cargo" "+1.69.0" "build" "--frozen" "--message-format=json", kill_on_drop: false }`
[INFO] [stdout] f99b03197e8a2eb10c8fa22d06382654eb2c1de027c08d9a09b29d58ef642d68
[INFO] running `Command { std: "docker" "start" "-a" "f99b03197e8a2eb10c8fa22d06382654eb2c1de027c08d9a09b29d58ef642d68", kill_on_drop: false }`
[INFO] [stderr]    Compiling libc v0.2.142
[INFO] [stderr]    Compiling proc-macro2 v1.0.56
[INFO] [stderr]    Compiling unicode-ident v1.0.8
[INFO] [stderr]    Compiling quote v1.0.26
[INFO] [stderr]    Compiling cfg-if v1.0.0
[INFO] [stderr]    Compiling syn v1.0.109
[INFO] [stderr]    Compiling version_check v0.9.4
[INFO] [stderr]    Compiling autocfg v1.1.0
[INFO] [stderr]    Compiling ppv-lite86 v0.2.17
[INFO] [stderr]    Compiling log v0.4.17
[INFO] [stderr]    Compiling getrandom v0.1.16
[INFO] [stderr]    Compiling siphasher v0.3.10
[INFO] [stderr]    Compiling once_cell v1.17.1
[INFO] [stderr]    Compiling memchr v2.5.0
[INFO] [stderr]    Compiling proc-macro-hack v0.5.20+deprecated
[INFO] [stderr]    Compiling phf_shared v0.8.0
[INFO] [stderr]    Compiling serde_derive v1.0.160
[INFO] [stderr]    Compiling slab v0.4.8
[INFO] [stderr]    Compiling futures-core v0.3.28
[INFO] [stderr]    Compiling serde v1.0.160
[INFO] [stderr]    Compiling syn v2.0.15
[INFO] [stderr]    Compiling cc v1.0.79
[INFO] [stderr]    Compiling fnv v1.0.7
[INFO] [stderr]    Compiling lazy_static v1.4.0
[INFO] [stderr]    Compiling itoa v1.0.6
[INFO] [stderr]    Compiling getrandom v0.2.9
[INFO] [stderr]    Compiling rand_core v0.5.1
[INFO] [stderr]    Compiling rand_core v0.6.4
[INFO] [stderr]    Compiling cfg-if v0.1.10
[INFO] [stderr]    Compiling rand_chacha v0.2.2
[INFO] [stderr]    Compiling rand_pcg v0.2.1
[INFO] [stderr]    Compiling rand_chacha v0.3.1
[INFO] [stderr]    Compiling net2 v0.2.38
[INFO] [stderr]    Compiling iovec v0.1.4
[INFO] [stderr]    Compiling rand v0.7.3
[INFO] [stderr]    Compiling rand v0.8.5
[INFO] [stderr]    Compiling ring v0.16.20
[INFO] [stderr]    Compiling phf_shared v0.10.0
[INFO] [stderr]    Compiling spin v0.5.2
[INFO] [stderr]    Compiling tinyvec_macros v0.1.1
[INFO] [stderr]    Compiling untrusted v0.7.1
[INFO] [stderr]    Compiling bytes v0.5.6
[INFO] [stderr]    Compiling smallvec v1.10.0
[INFO] [stderr]    Compiling tinyvec v1.6.0
[INFO] [stderr]    Compiling phf_generator v0.8.0
[INFO] [stderr]    Compiling phf_codegen v0.8.0
[INFO] [stderr]    Compiling mio v0.6.23
[INFO] [stderr]    Compiling num_cpus v1.15.0
[INFO] [stderr]    Compiling lock_api v0.4.9
[INFO] [stderr]    Compiling standback v0.2.17
[INFO] [stderr]    Compiling pin-project-lite v0.1.12
[INFO] [stderr]    Compiling parking_lot_core v0.9.7
[INFO] [stderr]    Compiling futures-task v0.3.28
[INFO] [stderr]    Compiling percent-encoding v2.2.0
[INFO] [stderr]    Compiling pin-project-lite v0.2.9
[INFO] [stderr]    Compiling unicode-normalization v0.1.22
[INFO] [stderr]    Compiling tokio v0.2.25
[INFO] [stderr]    Compiling phf_generator v0.10.0
[INFO] [stderr]    Compiling tracing-core v0.1.30
[INFO] [stderr]    Compiling indexmap v1.9.3
[INFO] [stderr]    Compiling unicase v2.6.0
[INFO] [stderr]    Compiling scopeguard v1.1.0
[INFO] [stderr]    Compiling itoa v0.4.8
[INFO] [stderr]    Compiling futures-util v0.3.28
[INFO] [stderr]    Compiling bytes v1.4.0
[INFO] [stderr]    Compiling unicode-bidi v0.3.13
[INFO] [stderr]    Compiling matches v0.1.10
[INFO] [stderr]    Compiling new_debug_unreachable v1.0.4
[INFO] [stderr]    Compiling http v0.2.9
[INFO] [stderr]    Compiling tracing v0.1.37
[INFO] [stderr]    Compiling futures-macro v0.3.28
[INFO] [stderr]    Compiling string_cache_codegen v0.5.2
[INFO] [stderr]    Compiling webpki v0.21.4
[INFO] [stderr]    Compiling form_urlencoded v1.1.0
[INFO] [stderr]    Compiling hashbrown v0.12.3
[INFO] [stderr]    Compiling futures-sink v0.3.28
[INFO] [stderr]    Compiling futures-io v0.3.28
[INFO] [stderr]    Compiling mac v0.1.1
[INFO] [stderr]    Compiling futures-channel v0.3.28
[INFO] [stderr]    Compiling httparse v1.8.0
[INFO] [stderr]    Compiling pin-utils v0.1.0
[INFO] [stderr]    Compiling precomputed-hash v0.1.1
[INFO] [stderr]    Compiling const_fn v0.4.9
[INFO] [stderr]    Compiling futf v0.1.5
[INFO] [stderr]    Compiling tokio-util v0.3.1
[INFO] [stderr]    Compiling parking_lot v0.12.1
[INFO] [stderr]    Compiling markup5ever v0.10.1
[INFO] [stderr]    Compiling sct v0.6.1
[INFO] [stderr]    Compiling idna v0.3.0
[INFO] [stderr]    Compiling proc-macro-error-attr v1.0.4
[INFO] [stderr]    Compiling time v0.2.27
[INFO] [stderr]    Compiling pin-project-internal v1.0.12
[INFO] [stderr]    Compiling phf_macros v0.8.0
[INFO] [stderr]    Compiling time-macros-impl v0.1.2
[INFO] [stderr]    Compiling cssparser v0.27.2
[INFO] [stderr]    Compiling base64 v0.12.3
[INFO] [stderr]    Compiling ryu v1.0.13
[INFO] [stderr]    Compiling try-lock v0.2.4
[INFO] [stderr]    Compiling unicode-width v0.1.10
[INFO] [stderr]    Compiling utf-8 v0.7.6
[INFO] [stderr]    Compiling dtoa v0.4.8
[INFO] [stderr]    Compiling time-macros v0.1.1
[INFO] [stderr]    Compiling dtoa-short v0.3.3
[INFO] [stderr]    Compiling tendril v0.4.3
[INFO] [stderr]    Compiling want v0.3.0
[INFO] [stderr]    Compiling rustls v0.18.1
[INFO] [stderr]    Compiling phf v0.8.0
[INFO] [stderr]    Compiling url v2.3.1
[INFO] [stderr]    Compiling cssparser-macros v0.6.0
[INFO] [stderr]    Compiling pin-project v1.0.12
[INFO] [stderr]    Compiling tracing-futures v0.2.5
[INFO] [stderr]    Compiling html5ever v0.25.2
[INFO] [stderr]    Compiling h2 v0.2.7
[INFO] [stderr]    Compiling mime_guess v2.0.4
[INFO] [stderr]    Compiling http-body v0.3.1
[INFO] [stderr]    Compiling selectors v0.22.0
[INFO] [stderr]    Compiling dirs-sys v0.3.7
[INFO] [stderr]    Compiling socket2 v0.3.19
[INFO] [stderr]    Compiling aho-corasick v1.0.1
[INFO] [stderr]    Compiling cookie v0.14.4
[INFO] [stderr]    Compiling proc-macro-error v1.0.4
[INFO] [stderr]    Compiling convert_case v0.4.0
[INFO] [stderr]    Compiling nodrop v0.1.14
[INFO] [stderr]    Compiling stable_deref_trait v1.2.0
[INFO] [stderr]    Compiling tower-service v0.3.2
[INFO] [stderr]    Compiling unicode-segmentation v1.10.1
[INFO] [stderr]    Compiling regex-syntax v0.7.1
[INFO] [stderr]    Compiling httpdate v0.3.2
[INFO] [stderr]    Compiling byteorder v1.4.3
[INFO] [stderr]    Compiling serde_json v1.0.96
[INFO] [stderr]    Compiling fxhash v0.2.1
[INFO] [stderr]    Compiling heck v0.3.3
[INFO] [stderr]    Compiling derive_more v0.99.17
[INFO] [stderr]    Compiling servo_arc v0.1.1
[INFO] [stderr]    Compiling tokio-rustls v0.14.1
[INFO] [stderr]    Compiling string_cache v0.8.7
[INFO] [stderr]    Compiling regex v1.8.1
[INFO] [stderr]    Compiling hyper v0.13.10
[INFO] [stderr]    Compiling idna v0.2.3
[INFO] [stderr]    Compiling bitflags v1.3.2
[INFO] [stderr]    Compiling thin-slice v0.1.1
[INFO] [stderr]    Compiling mime v0.3.17
[INFO] [stderr]    Compiling anyhow v1.0.71
[INFO] [stderr]    Compiling publicsuffix v1.5.6
[INFO] [stderr]    Compiling serde_urlencoded v0.7.1
[INFO] [stderr]    Compiling strum_macros v0.19.4
[INFO] [stderr]    Compiling dirs v4.0.0
[INFO] [stderr]    Compiling console v0.15.5
[INFO] [stderr]    Compiling getopts v0.2.21
[INFO] [stderr]    Compiling webpki-roots v0.20.0
[INFO] [stderr]    Compiling encoding_rs v0.8.32
[INFO] [stderr]    Compiling ipnet v2.7.2
[INFO] [stderr]    Compiling ego-tree v0.6.2
[INFO] [stderr]    Compiling humantime v2.1.0
[INFO] [stderr]    Compiling hyper-rustls v0.21.0
[INFO] [stderr]    Compiling number_prefix v0.3.0
[INFO] [stderr]    Compiling base64 v0.13.1
[INFO] [stderr]    Compiling indicatif v0.15.0
[INFO] [stderr]    Compiling humantime-serde v1.1.1
[INFO] [stderr]    Compiling scraper v0.12.0
[INFO] [stderr]    Compiling strum v0.19.5
[INFO] [stderr]    Compiling cookie_store v0.12.0
[INFO] [stderr]    Compiling shellexpand v2.1.2
[INFO] [stderr]    Compiling getset v0.1.2
[INFO] [stderr]    Compiling reqwest v0.10.10
[INFO] [stderr]    Compiling bytefmt v0.1.7
[INFO] [stderr]    Compiling dirs v3.0.2
[INFO] [stderr]    Compiling retry v1.3.1
[INFO] [stderr]    Compiling fs2 v0.4.3
[INFO] [stderr]    Compiling webbrowser v0.5.5
[INFO] [stderr]    Compiling acick-util v0.2.0 (/opt/rustwide/workdir)
[INFO] [stderr]     Finished dev [unoptimized + debuginfo] target(s) in 1m 02s
[INFO] running `Command { std: "docker" "inspect" "f99b03197e8a2eb10c8fa22d06382654eb2c1de027c08d9a09b29d58ef642d68", kill_on_drop: false }`
[INFO] running `Command { std: "docker" "rm" "-f" "f99b03197e8a2eb10c8fa22d06382654eb2c1de027c08d9a09b29d58ef642d68", kill_on_drop: false }`
[INFO] [stdout] f99b03197e8a2eb10c8fa22d06382654eb2c1de027c08d9a09b29d58ef642d68
[INFO] running `Command { std: "docker" "create" "-v" "/var/lib/crater-agent-workspace/builds/worker-0-tc1/target:/opt/rustwide/target:rw,Z" "-v" "/var/lib/crater-agent-workspace/builds/worker-0-tc1/source:/opt/rustwide/workdir:ro,Z" "-v" "/var/lib/crater-agent-workspace/cargo-home:/opt/rustwide/cargo-home:ro,Z" "-v" "/var/lib/crater-agent-workspace/rustup-home:/opt/rustwide/rustup-home:ro,Z" "-e" "SOURCE_DIR=/opt/rustwide/workdir" "-e" "CARGO_TARGET_DIR=/opt/rustwide/target" "-e" "CARGO_INCREMENTAL=0" "-e" "RUST_BACKTRACE=full" "-e" "RUSTFLAGS=--cap-lints=warn" "-e" "RUSTDOCFLAGS=--cap-lints=warn" "-e" "CARGO_HOME=/opt/rustwide/cargo-home" "-e" "RUSTUP_HOME=/opt/rustwide/rustup-home" "-w" "/opt/rustwide/workdir" "-m" "1610612736" "--user" "0:0" "--network" "none" "ghcr.io/rust-lang/crates-build-env/linux@sha256:5ff2268d62e97bff2cde7d5815dd6ed5b47097566f13b8d0ca110b04b60e07ed" "/opt/rustwide/cargo-home/bin/cargo" "+1.69.0" "test" "--frozen" "--no-run" "--message-format=json", kill_on_drop: false }`
[INFO] [stdout] 0aeef66ec0c873c5ddea21adaea60bcd74e236cf8e10ca6fe36c7f72cc231330
[INFO] running `Command { std: "docker" "start" "-a" "0aeef66ec0c873c5ddea21adaea60bcd74e236cf8e10ca6fe36c7f72cc231330", kill_on_drop: false }`
[INFO] [stderr]     Blocking waiting for file lock on package cache
[INFO] [stderr]    Compiling io-lifetimes v1.0.10
[INFO] [stderr]    Compiling rustix v0.37.18
[INFO] [stderr]    Compiling linux-raw-sys v0.3.6
[INFO] [stderr]    Compiling linked-hash-map v0.5.6
[INFO] [stderr]    Compiling fastrand v1.9.0
[INFO] [stderr]    Compiling yaml-rust v0.4.5
[INFO] [stderr]    Compiling serde_yaml v0.8.26
[INFO] [stderr]    Compiling tempfile v3.5.0
[INFO] [stderr]    Compiling acick-util v0.2.0 (/opt/rustwide/workdir)
[INFO] [stderr]     Finished test [unoptimized + debuginfo] target(s) in 12.67s
[INFO] running `Command { std: "docker" "inspect" "0aeef66ec0c873c5ddea21adaea60bcd74e236cf8e10ca6fe36c7f72cc231330", kill_on_drop: false }`
[INFO] running `Command { std: "docker" "rm" "-f" "0aeef66ec0c873c5ddea21adaea60bcd74e236cf8e10ca6fe36c7f72cc231330", kill_on_drop: false }`
[INFO] [stdout] 0aeef66ec0c873c5ddea21adaea60bcd74e236cf8e10ca6fe36c7f72cc231330
[INFO] running `Command { std: "docker" "create" "-v" "/var/lib/crater-agent-workspace/builds/worker-0-tc1/target:/opt/rustwide/target:rw,Z" "-v" "/var/lib/crater-agent-workspace/builds/worker-0-tc1/source:/opt/rustwide/workdir:ro,Z" "-v" "/var/lib/crater-agent-workspace/cargo-home:/opt/rustwide/cargo-home:ro,Z" "-v" "/var/lib/crater-agent-workspace/rustup-home:/opt/rustwide/rustup-home:ro,Z" "-e" "SOURCE_DIR=/opt/rustwide/workdir" "-e" "CARGO_TARGET_DIR=/opt/rustwide/target" "-e" "CARGO_INCREMENTAL=0" "-e" "RUST_BACKTRACE=full" "-e" "RUSTFLAGS=--cap-lints=warn" "-e" "RUSTDOCFLAGS=--cap-lints=warn" "-e" "CARGO_HOME=/opt/rustwide/cargo-home" "-e" "RUSTUP_HOME=/opt/rustwide/rustup-home" "-w" "/opt/rustwide/workdir" "-m" "1610612736" "--user" "0:0" "--network" "none" "ghcr.io/rust-lang/crates-build-env/linux@sha256:5ff2268d62e97bff2cde7d5815dd6ed5b47097566f13b8d0ca110b04b60e07ed" "/opt/rustwide/cargo-home/bin/cargo" "+1.69.0" "test" "--frozen", kill_on_drop: false }`
[INFO] [stdout] 4f148841d99d80ea5f0ef72ad87e35bd1f6ab9c08e51000230bfd2d7683c23a3
[INFO] running `Command { std: "docker" "start" "-a" "4f148841d99d80ea5f0ef72ad87e35bd1f6ab9c08e51000230bfd2d7683c23a3", kill_on_drop: false }`
[INFO] [stderr]     Finished test [unoptimized + debuginfo] target(s) in 0.23s
[INFO] [stderr]      Running unittests src/lib.rs (/opt/rustwide/target/debug/deps/acick_util-8c8304c08a7b643a)
[INFO] [stdout] 
[INFO] [stdout] running 29 tests
[INFO] [stdout] test abs_path::tests::test_deserialize_failure ... ok
[INFO] [stdout] test abs_path::tests::test_from_str_failure ... ok
[INFO] [stdout] test abs_path::tests::test_from_str_success ... ok
[INFO] [stdout] test abs_path::tests::test_deserialize_success ... ok
[INFO] [stdout] test abs_path::tests::test_display ... ok
[INFO] [stdout] test abs_path::tests::test_serialize_success_unix ... ok
[INFO] [stdout] test abs_path::tests::test_parent ... ok
[INFO] [stdout] test console::tests::test_warn ... ok
[INFO] [stdout] test abs_path::tests::test_try_new_success ... ok
[INFO] [stdout] test model::contest::tests::test_contest_id_display ... ok
[INFO] [stdout] test model::problem::tests::problem_id_eq ... ok
[INFO] [stdout] test abs_path::tests::test_try_new_failure ... ok
[INFO] [stdout] test model::problem::tests::test_byte_display ... ok
[INFO] [stdout] test model::problem::tests::test_compare ... ok
[INFO] [stdout] test macros::tests::test_regex ... ok
[INFO] [stdout] test macros::tests::test_select ... ok
[INFO] [stdout] test model::problem::tests::test_byte_try_from ... ok
[INFO] [stderr] prompt >********         (read from env HOME)
[INFO] [stdout] test console::tests::test_confirm ... ok
[INFO] [stdout] test model::problem::tests::test_problem_id_display ... ok
[INFO] [stdout] test model::service::tests::test_service_kind_default_display ... ok
[INFO] [stdout] test model::problem::tests::test_problem_take_sapmles ... ok
[INFO] [stdout] test model::sample::tests::test_sample_iter ... ok
[INFO] [stdout] test console::tests::test_get_env_or_prompt_and_read ... ok
[INFO] [stdout] test service::scrape::tests::test_find_first ... ok
[INFO] [stdout] test service::scrape::tests::test_parse_zenkaku_digits ... ok
[INFO] [stdout] test service::scrape::tests::test_inner_text ... ok
[INFO] [stdout] test model::contest::tests::contest_id_eq ... ok
[INFO] [stdout] test service::tests::test_location_url ... FAILED
[INFO] [stdout] test service::scrape::tests::test_get_html ... FAILED
[INFO] [stdout] 
[INFO] [stdout] failures:
[INFO] [stdout] 
[INFO] [stdout] ---- service::tests::test_location_url stdout ----
[INFO] [stdout] Error: error sending request for url (https://mail.google.com/): error trying to connect: dns error: failed to lookup address information: Temporary failure in name resolution
[INFO] [stdout] 
[INFO] [stdout] Caused by:
[INFO] [stdout]     0: error trying to connect: dns error: failed to lookup address information: Temporary failure in name resolution
[INFO] [stdout]     1: dns error: failed to lookup address information: Temporary failure in name resolution
[INFO] [stdout]     2: failed to lookup address information: Temporary failure in name resolution
[INFO] [stdout] 
[INFO] [stdout] ---- service::scrape::tests::test_get_html stdout ----
[INFO] [stdout] Error: Could not send request
[INFO] [stdout] 
[INFO] [stdout] Caused by:
[INFO] [stdout]     0: error sending request for url (http://google.com/): error trying to connect: dns error: failed to lookup address information: Temporary failure in name resolution
[INFO] [stdout]     1: error trying to connect: dns error: failed to lookup address information: Temporary failure in name resolution
[INFO] [stdout]     2: dns error: failed to lookup address information: Temporary failure in name resolution
[INFO] [stdout]     3: failed to lookup address information: Temporary failure in name resolution
[INFO] [stdout] 
[INFO] [stdout] 
[INFO] [stdout] failures:
[INFO] [stdout]     service::scrape::tests::test_get_html
[INFO] [stdout]     service::tests::test_location_url
[INFO] [stdout] 
[INFO] [stdout] test result: FAILED. 27 passed; 2 failed; 0 ignored; 0 measured; 0 filtered out; finished in 8.08s
[INFO] [stdout] 
[INFO] [stderr] error: test failed, to rerun pass `--lib`
[INFO] running `Command { std: "docker" "inspect" "4f148841d99d80ea5f0ef72ad87e35bd1f6ab9c08e51000230bfd2d7683c23a3", kill_on_drop: false }`
[INFO] running `Command { std: "docker" "rm" "-f" "4f148841d99d80ea5f0ef72ad87e35bd1f6ab9c08e51000230bfd2d7683c23a3", kill_on_drop: false }`
[INFO] [stdout] 4f148841d99d80ea5f0ef72ad87e35bd1f6ab9c08e51000230bfd2d7683c23a3
