[INFO] fetching crate abstract-sdk 0.14.3...
[INFO] testing abstract-sdk-0.14.3 against 1.69.0 for beta-1.70-1
[INFO] extracting crate abstract-sdk 0.14.3 into /workspace/builds/worker-7-tc1/source
[INFO] validating manifest of crates.io crate abstract-sdk 0.14.3 on toolchain 1.69.0
[INFO] running `Command { std: CARGO_HOME="/workspace/cargo-home" RUSTUP_HOME="/workspace/rustup-home" "/workspace/cargo-home/bin/cargo" "+1.69.0" "metadata" "--manifest-path" "Cargo.toml" "--no-deps", kill_on_drop: false }`
[INFO] removed /workspace/builds/worker-7-tc1/source/.cargo/config
[INFO] started tweaking crates.io crate abstract-sdk 0.14.3
[INFO] finished tweaking crates.io crate abstract-sdk 0.14.3
[INFO] tweaked toml for crates.io crate abstract-sdk 0.14.3 written to /workspace/builds/worker-7-tc1/source/Cargo.toml
[INFO] running `Command { std: CARGO_HOME="/workspace/cargo-home" RUSTUP_HOME="/workspace/rustup-home" __CARGO_TEST_CHANNEL_OVERRIDE_DO_NOT_USE_THIS="nightly" "/workspace/cargo-home/bin/cargo" "+1.69.0" "generate-lockfile" "--manifest-path" "Cargo.toml" "-Zno-index-update", kill_on_drop: false }`
[INFO] running `Command { std: CARGO_HOME="/workspace/cargo-home" RUSTUP_HOME="/workspace/rustup-home" "/workspace/cargo-home/bin/cargo" "+1.69.0" "fetch" "--manifest-path" "Cargo.toml", kill_on_drop: false }`
[INFO] [stderr]  Downloading crates ...
[INFO] [stderr]   Downloaded semver v1.0.17
[INFO] [stderr]   Downloaded cosmwasm-schema-derive v1.2.4
[INFO] [stderr]   Downloaded static_assertions v1.1.0
[INFO] [stderr]   Downloaded cw-address-like v1.0.4
[INFO] [stderr]   Downloaded cosmwasm-schema v1.2.4
[INFO] [stderr]   Downloaded cosmwasm-derive v1.2.4
[INFO] [stderr]   Downloaded forward_ref v1.0.0
[INFO] [stderr]   Downloaded doc-comment v0.3.3
[INFO] [stderr]   Downloaded sec1 v0.3.0
[INFO] [stderr]   Downloaded derive_builder_core v0.12.0
[INFO] [stderr]   Downloaded const-oid v0.9.2
[INFO] [stderr]   Downloaded cw-ownable v0.5.1
[INFO] [stderr]   Downloaded rfc6979 v0.3.1
[INFO] [stderr]   Downloaded base16ct v0.1.1
[INFO] [stderr]   Downloaded sha2 v0.9.9
[INFO] [stderr]   Downloaded signature v1.6.4
[INFO] [stderr]   Downloaded group v0.12.1
[INFO] [stderr]   Downloaded spki v0.6.0
[INFO] [stderr]   Downloaded elliptic-curve v0.12.3
[INFO] [stderr]   Downloaded cw-semver v1.0.14
[INFO] [stderr]   Downloaded cw-ownable-derive v0.5.1
[INFO] [stderr]   Downloaded num v0.4.0
[INFO] [stderr]   Downloaded cosmwasm-crypto v1.2.4
[INFO] [stderr]   Downloaded derive_builder v0.12.0
[INFO] [stderr]   Downloaded crypto-bigint v0.4.9
[INFO] [stderr]   Downloaded abstract-testing v0.14.3
[INFO] [stderr]   Downloaded crunchy v0.2.2
[INFO] [stderr]   Downloaded cw2 v1.0.1
[INFO] [stderr]   Downloaded cw20 v1.0.1
[INFO] [stderr]   Downloaded abstract-ica v0.14.3
[INFO] [stderr]   Downloaded derive_builder_macro v0.12.0
[INFO] [stderr]   Downloaded cw-controllers v1.0.1
[INFO] [stderr]   Downloaded dyn-clone v1.0.11
[INFO] [stderr]   Downloaded cw-utils v1.0.1
[INFO] [stderr]   Downloaded block-buffer v0.9.0
[INFO] [stderr]   Downloaded num-iter v0.1.43
[INFO] [stderr]   Downloaded serde_derive_internals v0.26.0
[INFO] [stderr]   Downloaded abstract-macros v0.14.3
[INFO] [stderr]   Downloaded darling_macro v0.14.4
[INFO] [stderr]   Downloaded ecdsa v0.14.8
[INFO] [stderr]   Downloaded darling v0.14.4
[INFO] [stderr]   Downloaded speculoos v0.11.0
[INFO] [stderr]   Downloaded ed25519-zebra v3.1.0
[INFO] [stderr]   Downloaded cw20-base v1.0.1
[INFO] [stderr]   Downloaded base64ct v1.6.0
[INFO] [stderr]   Downloaded derivative v2.2.0
[INFO] [stderr]   Downloaded uint v0.9.5
[INFO] [stderr]   Downloaded schemars_derive v0.8.12
[INFO] [stderr]   Downloaded num-complex v0.4.3
[INFO] [stderr]   Downloaded serde-json-wasm v0.5.1
[INFO] [stderr]   Downloaded pkcs8 v0.9.0
[INFO] [stderr]   Downloaded cw-asset v3.0.0
[INFO] [stderr]   Downloaded ahash v0.7.6
[INFO] [stderr]   Downloaded abstract-core v0.14.3
[INFO] [stderr]   Downloaded darling_core v0.14.4
[INFO] [stderr]   Downloaded schemars v0.8.12
[INFO] [stderr]   Downloaded der v0.6.1
[INFO] [stderr]   Downloaded k256 v0.11.6
[INFO] [stderr]   Downloaded ff v0.12.1
[INFO] [stderr]   Downloaded cosmwasm-std v1.2.4
[INFO] [stderr]   Downloaded cw-storage-plus v1.0.1
[INFO] running `Command { std: "docker" "create" "-v" "/var/lib/crater-agent-workspace/builds/worker-7-tc1/target:/opt/rustwide/target:rw,Z" "-v" "/var/lib/crater-agent-workspace/builds/worker-7-tc1/source:/opt/rustwide/workdir:ro,Z" "-v" "/var/lib/crater-agent-workspace/cargo-home:/opt/rustwide/cargo-home:ro,Z" "-v" "/var/lib/crater-agent-workspace/rustup-home:/opt/rustwide/rustup-home:ro,Z" "-e" "SOURCE_DIR=/opt/rustwide/workdir" "-e" "CARGO_TARGET_DIR=/opt/rustwide/target" "-e" "CARGO_HOME=/opt/rustwide/cargo-home" "-e" "RUSTUP_HOME=/opt/rustwide/rustup-home" "-w" "/opt/rustwide/workdir" "-m" "1610612736" "--user" "0:0" "--network" "none" "ghcr.io/rust-lang/crates-build-env/linux@sha256:5ff2268d62e97bff2cde7d5815dd6ed5b47097566f13b8d0ca110b04b60e07ed" "/opt/rustwide/cargo-home/bin/cargo" "+1.69.0" "metadata" "--no-deps" "--format-version=1", kill_on_drop: false }`
[INFO] [stdout] 5bc8b2656539049354252402a55276231522b905b08b34347e00f377793cd261
[INFO] running `Command { std: "docker" "start" "-a" "5bc8b2656539049354252402a55276231522b905b08b34347e00f377793cd261", kill_on_drop: false }`
[INFO] running `Command { std: "docker" "inspect" "5bc8b2656539049354252402a55276231522b905b08b34347e00f377793cd261", kill_on_drop: false }`
[INFO] running `Command { std: "docker" "rm" "-f" "5bc8b2656539049354252402a55276231522b905b08b34347e00f377793cd261", kill_on_drop: false }`
[INFO] [stdout] 5bc8b2656539049354252402a55276231522b905b08b34347e00f377793cd261
[INFO] running `Command { std: "docker" "create" "-v" "/var/lib/crater-agent-workspace/builds/worker-7-tc1/target:/opt/rustwide/target:rw,Z" "-v" "/var/lib/crater-agent-workspace/builds/worker-7-tc1/source:/opt/rustwide/workdir:ro,Z" "-v" "/var/lib/crater-agent-workspace/cargo-home:/opt/rustwide/cargo-home:ro,Z" "-v" "/var/lib/crater-agent-workspace/rustup-home:/opt/rustwide/rustup-home:ro,Z" "-e" "SOURCE_DIR=/opt/rustwide/workdir" "-e" "CARGO_TARGET_DIR=/opt/rustwide/target" "-e" "CARGO_INCREMENTAL=0" "-e" "RUST_BACKTRACE=full" "-e" "RUSTFLAGS=--cap-lints=warn" "-e" "RUSTDOCFLAGS=--cap-lints=warn" "-e" "CARGO_HOME=/opt/rustwide/cargo-home" "-e" "RUSTUP_HOME=/opt/rustwide/rustup-home" "-w" "/opt/rustwide/workdir" "-m" "1610612736" "--user" "0:0" "--network" "none" "ghcr.io/rust-lang/crates-build-env/linux@sha256:5ff2268d62e97bff2cde7d5815dd6ed5b47097566f13b8d0ca110b04b60e07ed" "/opt/rustwide/cargo-home/bin/cargo" "+1.69.0" "build" "--frozen" "--message-format=json", kill_on_drop: false }`
[INFO] [stdout] 29c143c565d13275c1b0c8ec14feb66defafe9e8502c857c3849a12441351f2f
[INFO] running `Command { std: "docker" "start" "-a" "29c143c565d13275c1b0c8ec14feb66defafe9e8502c857c3849a12441351f2f", kill_on_drop: false }`
[INFO] [stderr]    Compiling version_check v0.9.4
[INFO] [stderr]    Compiling proc-macro2 v1.0.56
[INFO] [stderr]    Compiling quote v1.0.26
[INFO] [stderr]    Compiling unicode-ident v1.0.8
[INFO] [stderr]    Compiling typenum v1.16.0
[INFO] [stderr]    Compiling cfg-if v1.0.0
[INFO] [stderr]    Compiling libc v0.2.142
[INFO] [stderr]    Compiling subtle v2.4.1
[INFO] [stderr]    Compiling zeroize v1.6.0
[INFO] [stderr]    Compiling serde_derive v1.0.160
[INFO] [stderr]    Compiling syn v1.0.109
[INFO] [stderr]    Compiling serde v1.0.160
[INFO] [stderr]    Compiling const-oid v0.9.2
[INFO] [stderr]    Compiling generic-array v0.14.7
[INFO] [stderr]    Compiling der v0.6.1
[INFO] [stderr]    Compiling base64ct v1.6.0
[INFO] [stderr]    Compiling ahash v0.7.6
[INFO] [stderr]    Compiling cpufeatures v0.2.7
[INFO] [stderr]    Compiling base16ct v0.1.1
[INFO] [stderr]    Compiling serde_json v1.0.96
[INFO] [stderr]    Compiling once_cell v1.17.1
[INFO] [stderr]    Compiling byteorder v1.4.3
[INFO] [stderr]    Compiling thiserror v1.0.40
[INFO] [stderr]    Compiling getrandom v0.2.9
[INFO] [stderr]    Compiling syn v2.0.15
[INFO] [stderr]    Compiling rand_core v0.6.4
[INFO] [stderr]    Compiling spki v0.6.0
[INFO] [stderr]    Compiling pkcs8 v0.9.0
[INFO] [stderr]    Compiling ff v0.12.1
[INFO] [stderr]    Compiling group v0.12.1
[INFO] [stderr]    Compiling ryu v1.0.13
[INFO] [stderr]    Compiling crunchy v0.2.2
[INFO] [stderr]    Compiling itoa v1.0.6
[INFO] [stderr]    Compiling rand_core v0.5.1
[INFO] [stderr]    Compiling opaque-debug v0.3.0
[INFO] [stderr]    Compiling hex v0.4.3
[INFO] [stderr]    Compiling schemars v0.8.12
[INFO] [stderr]    Compiling hashbrown v0.12.3
[INFO] [stderr]    Compiling dyn-clone v1.0.11
[INFO] [stderr]    Compiling block-buffer v0.10.4
[INFO] [stderr]    Compiling crypto-common v0.1.6
[INFO] [stderr]    Compiling crypto-bigint v0.4.9
[INFO] [stderr]    Compiling digest v0.9.0
[INFO] [stderr]    Compiling sec1 v0.3.0
[INFO] [stderr]    Compiling digest v0.10.6
[INFO] [stderr]    Compiling block-buffer v0.9.0
[INFO] [stderr]    Compiling curve25519-dalek v3.2.0
[INFO] [stderr]    Compiling sha2 v0.9.9
[INFO] [stderr]    Compiling hmac v0.12.1
[INFO] [stderr]    Compiling signature v1.6.4
[INFO] [stderr]    Compiling sha2 v0.10.6
[INFO] [stderr]    Compiling static_assertions v1.1.0
[INFO] [stderr]    Compiling uint v0.9.5
[INFO] [stderr]    Compiling base64 v0.13.1
[INFO] [stderr]    Compiling elliptic-curve v0.12.3
[INFO] [stderr]    Compiling rfc6979 v0.3.1
[INFO] [stderr]    Compiling forward_ref v1.0.0
[INFO] [stderr]    Compiling semver v1.0.17
[INFO] [stderr]    Compiling cw-semver v1.0.14
[INFO] [stderr]    Compiling ecdsa v0.14.8
[INFO] [stderr]    Compiling k256 v0.11.6
[INFO] [stderr]    Compiling thiserror-impl v1.0.40
[INFO] [stderr]    Compiling serde_derive_internals v0.26.0
[INFO] [stderr]    Compiling derivative v2.2.0
[INFO] [stderr]    Compiling cosmwasm-derive v1.2.4
[INFO] [stderr]    Compiling cosmwasm-schema-derive v1.2.4
[INFO] [stderr]    Compiling cw-ownable-derive v0.5.1
[INFO] [stderr]    Compiling abstract-macros v0.14.3
[INFO] [stderr]    Compiling schemars_derive v0.8.12
[INFO] [stderr]    Compiling ed25519-zebra v3.1.0
[INFO] [stderr]    Compiling serde-json-wasm v0.5.1
[INFO] [stderr]    Compiling cosmwasm-crypto v1.2.4
[INFO] [stderr]    Compiling cosmwasm-std v1.2.4
[INFO] [stderr]    Compiling cosmwasm-schema v1.2.4
[INFO] [stderr]    Compiling cw-storage-plus v1.0.1
[INFO] [stderr]    Compiling cw-address-like v1.0.4
[INFO] [stderr]    Compiling abstract-ica v0.14.3
[INFO] [stderr]    Compiling cw2 v1.0.1
[INFO] [stderr]    Compiling cw-utils v1.0.1
[INFO] [stderr]    Compiling cw20 v1.0.1
[INFO] [stderr]    Compiling cw-ownable v0.5.1
[INFO] [stderr]    Compiling cw-controllers v1.0.1
[INFO] [stderr]    Compiling cw-asset v3.0.0
[INFO] [stderr]    Compiling cw20-base v1.0.1
[INFO] [stderr]    Compiling abstract-core v0.14.3
[INFO] [stderr]    Compiling abstract-sdk v0.14.3 (/opt/rustwide/workdir)
[INFO] [stderr]     Finished dev [unoptimized + debuginfo] target(s) in 57.52s
[INFO] running `Command { std: "docker" "inspect" "29c143c565d13275c1b0c8ec14feb66defafe9e8502c857c3849a12441351f2f", kill_on_drop: false }`
[INFO] running `Command { std: "docker" "rm" "-f" "29c143c565d13275c1b0c8ec14feb66defafe9e8502c857c3849a12441351f2f", kill_on_drop: false }`
[INFO] [stdout] 29c143c565d13275c1b0c8ec14feb66defafe9e8502c857c3849a12441351f2f
[INFO] running `Command { std: "docker" "create" "-v" "/var/lib/crater-agent-workspace/builds/worker-7-tc1/target:/opt/rustwide/target:rw,Z" "-v" "/var/lib/crater-agent-workspace/builds/worker-7-tc1/source:/opt/rustwide/workdir:ro,Z" "-v" "/var/lib/crater-agent-workspace/cargo-home:/opt/rustwide/cargo-home:ro,Z" "-v" "/var/lib/crater-agent-workspace/rustup-home:/opt/rustwide/rustup-home:ro,Z" "-e" "SOURCE_DIR=/opt/rustwide/workdir" "-e" "CARGO_TARGET_DIR=/opt/rustwide/target" "-e" "CARGO_INCREMENTAL=0" "-e" "RUST_BACKTRACE=full" "-e" "RUSTFLAGS=--cap-lints=warn" "-e" "RUSTDOCFLAGS=--cap-lints=warn" "-e" "CARGO_HOME=/opt/rustwide/cargo-home" "-e" "RUSTUP_HOME=/opt/rustwide/rustup-home" "-w" "/opt/rustwide/workdir" "-m" "1610612736" "--user" "0:0" "--network" "none" "ghcr.io/rust-lang/crates-build-env/linux@sha256:5ff2268d62e97bff2cde7d5815dd6ed5b47097566f13b8d0ca110b04b60e07ed" "/opt/rustwide/cargo-home/bin/cargo" "+1.69.0" "test" "--frozen" "--no-run" "--message-format=json", kill_on_drop: false }`
[INFO] [stdout] d201c41b8392e37590cd91127bc9d502a604dd3cf3b1e2cc13bde26471b46260
[INFO] running `Command { std: "docker" "start" "-a" "d201c41b8392e37590cd91127bc9d502a604dd3cf3b1e2cc13bde26471b46260", kill_on_drop: false }`
[INFO] [stderr]    Compiling autocfg v1.1.0
[INFO] [stderr]    Compiling doc-comment v0.3.3
[INFO] [stderr]    Compiling num-traits v0.2.15
[INFO] [stderr]    Compiling num-integer v0.1.45
[INFO] [stderr]    Compiling num-bigint v0.4.3
[INFO] [stderr]    Compiling num-iter v0.1.43
[INFO] [stderr]    Compiling num-rational v0.4.1
[INFO] [stderr]    Compiling num-complex v0.4.3
[INFO] [stderr]    Compiling num v0.4.0
[INFO] [stderr]    Compiling speculoos v0.11.0
[INFO] [stderr]    Compiling abstract-sdk v0.14.3 (/opt/rustwide/workdir)
[INFO] [stdout] error[E0433]: failed to resolve: use of undeclared crate or module `abstract_testing`
[INFO] [stdout]    --> src/ans_resolve.rs:362:9
[INFO] [stdout]     |
[INFO] [stdout] 362 |     use abstract_testing::prelude::*;
[INFO] [stdout]     |         ^^^^^^^^^^^^^^^^ use of undeclared crate or module `abstract_testing`
[INFO] [stdout] 
[INFO] [stdout] 
[INFO] [stdout] error[E0433]: failed to resolve: use of undeclared crate or module `abstract_testing`
[INFO] [stdout]   --> src/base/features/identification.rs:41:9
[INFO] [stdout]    |
[INFO] [stdout] 41 |     use abstract_testing::prelude::*;
[INFO] [stdout]    |         ^^^^^^^^^^^^^^^^ use of undeclared crate or module `abstract_testing`
[INFO] [stdout] 
[INFO] [stdout] 
[INFO] [stdout] error[E0432]: unresolved import `crate::mock_module`
[INFO] [stdout]   --> src/apis/api.rs:60:16
[INFO] [stdout]    |
[INFO] [stdout] 60 |     use crate::mock_module::*;
[INFO] [stdout]    |                ^^^^^^^^^^^ could not find `mock_module` in the crate root
[INFO] [stdout] 
[INFO] [stdout] 
[INFO] [stdout] error[E0432]: unresolved import `crate::mock_module`
[INFO] [stdout]   --> src/apis/app.rs:68:16
[INFO] [stdout]    |
[INFO] [stdout] 68 |     use crate::mock_module::*;
[INFO] [stdout]    |                ^^^^^^^^^^^ could not find `mock_module` in the crate root
[INFO] [stdout] 
[INFO] [stdout] 
[INFO] [stdout] error[E0432]: unresolved import `crate::mock_module`
[INFO] [stdout]   --> src/apis/app.rs:93:20
[INFO] [stdout]    |
[INFO] [stdout] 93 |         use crate::mock_module::MockModuleExecuteMsg;
[INFO] [stdout]    |                    ^^^^^^^^^^^ could not find `mock_module` in the crate root
[INFO] [stdout] 
[INFO] [stdout] 
[INFO] [stdout] error[E0432]: unresolved import `crate::mock_module`
[INFO] [stdout]    --> src/apis/bank.rs:171:16
[INFO] [stdout]     |
[INFO] [stdout] 171 |     use crate::mock_module::*;
[INFO] [stdout]     |                ^^^^^^^^^^^ could not find `mock_module` in the crate root
[INFO] [stdout] 
[INFO] [stdout] 
[INFO] [stdout] error[E0432]: unresolved import `crate::mock_module`
[INFO] [stdout]   --> src/apis/execution.rs:77:16
[INFO] [stdout]    |
[INFO] [stdout] 77 |     use crate::mock_module::*;
[INFO] [stdout]    |                ^^^^^^^^^^^ could not find `mock_module` in the crate root
[INFO] [stdout] 
[INFO] [stdout] 
[INFO] [stdout] error[E0432]: unresolved import `crate::mock_module`
[INFO] [stdout]   --> src/apis/ibc.rs:74:16
[INFO] [stdout]    |
[INFO] [stdout] 74 |     use crate::mock_module::*;
[INFO] [stdout]    |                ^^^^^^^^^^^ could not find `mock_module` in the crate root
[INFO] [stdout] 
[INFO] [stdout] 
[INFO] [stdout] error[E0433]: failed to resolve: use of undeclared crate or module `abstract_testing`
[INFO] [stdout]   --> src/feature_objects.rs:95:9
[INFO] [stdout]    |
[INFO] [stdout] 95 |     use abstract_testing::prelude::{TEST_MANAGER, TEST_PROXY};
[INFO] [stdout]    |         ^^^^^^^^^^^^^^^^ use of undeclared crate or module `abstract_testing`
[INFO] [stdout] 
[INFO] [stdout] 
[INFO] [stdout] error[E0433]: failed to resolve: use of undeclared crate or module `abstract_testing`
[INFO] [stdout]    --> src/ans_resolve.rs:205:9
[INFO] [stdout]     |
[INFO] [stdout] 205 |     use abstract_testing::prelude::{wrap_querier, MockDeps, MockQuerierBuilder, TEST_ANS_HOST};
[INFO] [stdout]     |         ^^^^^^^^^^^^^^^^ use of undeclared crate or module `abstract_testing`
[INFO] [stdout] 
[INFO] [stdout] 
[INFO] [stdout] error[E0433]: failed to resolve: use of undeclared crate or module `abstract_testing`
[INFO] [stdout]   --> src/apis/api.rs:61:9
[INFO] [stdout]    |
[INFO] [stdout] 61 |     use abstract_testing::prelude::*;
[INFO] [stdout]    |         ^^^^^^^^^^^^^^^^ use of undeclared crate or module `abstract_testing`
[INFO] [stdout] 
[INFO] [stdout] 
[INFO] [stdout] error[E0433]: failed to resolve: use of undeclared crate or module `abstract_testing`
[INFO] [stdout]   --> src/apis/app.rs:69:9
[INFO] [stdout]    |
[INFO] [stdout] 69 |     use abstract_testing::prelude::*;
[INFO] [stdout]    |         ^^^^^^^^^^^^^^^^ use of undeclared crate or module `abstract_testing`
[INFO] [stdout] 
[INFO] [stdout] 
[INFO] [stdout] error[E0433]: failed to resolve: use of undeclared crate or module `abstract_testing`
[INFO] [stdout]    --> src/apis/bank.rs:172:9
[INFO] [stdout]     |
[INFO] [stdout] 172 |     use abstract_testing::prelude::*;
[INFO] [stdout]     |         ^^^^^^^^^^^^^^^^ use of undeclared crate or module `abstract_testing`
[INFO] [stdout] 
[INFO] [stdout] 
[INFO] [stdout] error[E0433]: failed to resolve: use of undeclared crate or module `abstract_testing`
[INFO] [stdout]   --> src/apis/execution.rs:78:9
[INFO] [stdout]    |
[INFO] [stdout] 78 |     use abstract_testing::prelude::*;
[INFO] [stdout]    |         ^^^^^^^^^^^^^^^^ use of undeclared crate or module `abstract_testing`
[INFO] [stdout] 
[INFO] [stdout] 
[INFO] [stdout] error[E0433]: failed to resolve: use of undeclared crate or module `abstract_testing`
[INFO] [stdout]   --> src/apis/ibc.rs:75:9
[INFO] [stdout]    |
[INFO] [stdout] 75 |     use abstract_testing::prelude::*;
[INFO] [stdout]    |         ^^^^^^^^^^^^^^^^ use of undeclared crate or module `abstract_testing`
[INFO] [stdout] 
[INFO] [stdout] 
[INFO] [stdout] error[E0433]: failed to resolve: use of undeclared crate or module `abstract_testing`
[INFO] [stdout]   --> src/apis/modules.rs:77:9
[INFO] [stdout]    |
[INFO] [stdout] 77 |     use abstract_testing::prelude::TEST_MODULE_ID;
[INFO] [stdout]    |         ^^^^^^^^^^^^^^^^ use of undeclared crate or module `abstract_testing`
[INFO] [stdout] 
[INFO] [stdout] 
[INFO] [stdout] error[E0432]: unresolved imports `crate::mock_module`, `abstract_testing::prelude::wrap_querier`, `abstract_testing::prelude::MockDeps`, `abstract_testing::prelude::MockQuerierBuilder`, `abstract_testing::prelude::TEST_ANS_HOST`, `abstract_testing::prelude::*`, `abstract_testing::prelude::*`, `abstract_testing::prelude::*`, `abstract_testing::prelude::*`, `abstract_testing::prelude::*`, `abstract_testing::prelude::TEST_MODULE_ID`
[INFO] [stdout]    --> src/ans_resolve.rs:205:37
[INFO] [stdout]     |
[INFO] [stdout] 205 |     use abstract_testing::prelude::{wrap_querier, MockDeps, MockQuerierBuilder, TEST_ANS_HOST};
[INFO] [stdout]     |                                     ^^^^^^^^^^^^  ^^^^^^^^  ^^^^^^^^^^^^^^^^^^  ^^^^^^^^^^^^^
[INFO] [stdout]     |
[INFO] [stdout]    ::: src/apis/modules.rs:75:16
[INFO] [stdout]     |
[INFO] [stdout] 75  |     use crate::mock_module::*;
[INFO] [stdout]     |                ^^^^^^^^^^^ could not find `mock_module` in the crate root
[INFO] [stdout] 76  |
[INFO] [stdout] 77  |     use abstract_testing::prelude::TEST_MODULE_ID;
[INFO] [stdout]     |         ^^^^^^^^^^^^^^^^^^^^^^^^^^^^^^^^^^^^^^^^^
[INFO] [stdout]     |
[INFO] [stdout]    ::: src/apis/api.rs:61:9
[INFO] [stdout]     |
[INFO] [stdout] 61  |     use abstract_testing::prelude::*;
[INFO] [stdout]     |         ^^^^^^^^^^^^^^^^^^^^^^^^^^^^
[INFO] [stdout]     |
[INFO] [stdout]    ::: src/apis/app.rs:69:9
[INFO] [stdout]     |
[INFO] [stdout] 69  |     use abstract_testing::prelude::*;
[INFO] [stdout]     |         ^^^^^^^^^^^^^^^^^^^^^^^^^^^^
[INFO] [stdout]     |
[INFO] [stdout]    ::: src/apis/bank.rs:172:9
[INFO] [stdout]     |
[INFO] [stdout] 172 |     use abstract_testing::prelude::*;
[INFO] [stdout]     |         ^^^^^^^^^^^^^^^^^^^^^^^^^^^^
[INFO] [stdout]     |
[INFO] [stdout]    ::: src/apis/execution.rs:78:9
[INFO] [stdout]     |
[INFO] [stdout] 78  |     use abstract_testing::prelude::*;
[INFO] [stdout]     |         ^^^^^^^^^^^^^^^^^^^^^^^^^^^^
[INFO] [stdout]     |
[INFO] [stdout]    ::: src/apis/ibc.rs:75:9
[INFO] [stdout]     |
[INFO] [stdout] 75  |     use abstract_testing::prelude::*;
[INFO] [stdout]     |         ^^^^^^^^^^^^^^^^^^^^^^^^^^^^
[INFO] [stdout] 
[INFO] [stdout] 
[INFO] [stdout] error[E0433]: failed to resolve: use of undeclared crate or module `abstract_testing`
[INFO] [stdout]   --> src/apis/verify.rs:92:9
[INFO] [stdout]    |
[INFO] [stdout] 92 |     use abstract_testing::prelude::*;
[INFO] [stdout]    |         ^^^^^^^^^^^^^^^^ use of undeclared crate or module `abstract_testing`
[INFO] [stdout] 
[INFO] [stdout] 
[INFO] [stdout] error[E0432]: unresolved imports `abstract_testing`, `abstract_testing::prelude::*`
[INFO] [stdout]   --> src/apis/verify.rs:89:9
[INFO] [stdout]    |
[INFO] [stdout] 89 |     use abstract_testing::*;
[INFO] [stdout]    |         ^^^^^^^^^^^^^^^^ use of undeclared crate or module `abstract_testing`
[INFO] [stdout] ...
[INFO] [stdout] 92 |     use abstract_testing::prelude::*;
[INFO] [stdout]    |         ^^^^^^^^^^^^^^^^^^^^^^^^^^^^
[INFO] [stdout] 
[INFO] [stdout] 
[INFO] [stdout] error[E0433]: failed to resolve: use of undeclared crate or module `abstract_testing`
[INFO] [stdout]    --> src/apis/api.rs:151:30
[INFO] [stdout]     |
[INFO] [stdout] 151 |                 .is_equal_to(abstract_testing::prelude::TEST_MODULE_RESPONSE.to_string());
[INFO] [stdout]     |                              ^^^^^^^^^^^^^^^^ use of undeclared crate or module `abstract_testing`
[INFO] [stdout] 
[INFO] [stdout] 
[INFO] [stdout] error[E0433]: failed to resolve: use of undeclared crate or module `abstract_testing`
[INFO] [stdout]    --> src/apis/app.rs:209:30
[INFO] [stdout]     |
[INFO] [stdout] 209 |                 .is_equal_to(abstract_testing::prelude::TEST_MODULE_RESPONSE.to_string());
[INFO] [stdout]     |                              ^^^^^^^^^^^^^^^^ use of undeclared crate or module `abstract_testing`
[INFO] [stdout] 
[INFO] [stdout] 
[INFO] [stdout] error[E0412]: cannot find type `MockModule` in this scope
[INFO] [stdout]    --> src/apis/api.rs:68:34
[INFO] [stdout]     |
[INFO] [stdout] 68  |         modules_fn: impl FnOnce(&MockModule, Deps) -> AbstractSdkResult<T>,
[INFO] [stdout]     |                                  ^^^^^^^^^^ not found in this scope
[INFO] [stdout]     |
[INFO] [stdout] note: struct `crate::base::contract_base::test::MockModule` exists but is inaccessible
[INFO] [stdout]    --> src/base/contract_base.rs:217:5
[INFO] [stdout]     |
[INFO] [stdout] 217 |     struct MockModule;
[INFO] [stdout]     |     ^^^^^^^^^^^^^^^^^^ not accessible
[INFO] [stdout] 
[INFO] [stdout] 
[INFO] [stdout] error[E0433]: failed to resolve: use of undeclared type `MockModule`
[INFO] [stdout]    --> src/apis/api.rs:73:19
[INFO] [stdout]     |
[INFO] [stdout] 73  |         let app = MockModule::new();
[INFO] [stdout]     |                   ^^^^^^^^^^ use of undeclared type `MockModule`
[INFO] [stdout]     |
[INFO] [stdout] note: struct `crate::base::contract_base::test::MockModule` exists but is inaccessible
[INFO] [stdout]    --> src/base/contract_base.rs:217:5
[INFO] [stdout]     |
[INFO] [stdout] 217 |     struct MockModule;
[INFO] [stdout]     |     ^^^^^^^^^^^^^^^^^^ not accessible
[INFO] [stdout] 
[INFO] [stdout] 
[INFO] [stdout] error[E0425]: cannot find value `FAKE_MODULE_ID` in this scope
[INFO] [stdout]   --> src/apis/api.rs:92:34
[INFO] [stdout]    |
[INFO] [stdout] 92 |                     mods.request(FAKE_MODULE_ID, MockModuleExecuteMsg {})
[INFO] [stdout]    |                                  ^^^^^^^^^^^^^^ not found in this scope
[INFO] [stdout] 
[INFO] [stdout] 
[INFO] [stdout] error[E0422]: cannot find struct, variant or union type `MockModuleExecuteMsg` in this scope
[INFO] [stdout]   --> src/apis/api.rs:92:50
[INFO] [stdout]    |
[INFO] [stdout] 92 |                     mods.request(FAKE_MODULE_ID, MockModuleExecuteMsg {})
[INFO] [stdout]    |                                                  ^^^^^^^^^^^^^^^^^^^^ not found in this scope
[INFO] [stdout] 
[INFO] [stdout] 
[INFO] [stdout] error[E0425]: cannot find value `FAKE_MODULE_ID` in this scope
[INFO] [stdout]   --> src/apis/api.rs:94:17
[INFO] [stdout]    |
[INFO] [stdout] 94 |                 FAKE_MODULE_ID,
[INFO] [stdout]    |                 ^^^^^^^^^^^^^^ not found in this scope
[INFO] [stdout] 
[INFO] [stdout] 
[INFO] [stdout] error[E0433]: failed to resolve: use of undeclared type `MockModule`
[INFO] [stdout]    --> src/apis/api.rs:102:23
[INFO] [stdout]     |
[INFO] [stdout] 102 |             let app = MockModule::new();
[INFO] [stdout]     |                       ^^^^^^^^^^ use of undeclared type `MockModule`
[INFO] [stdout]     |
[INFO] [stdout] note: struct `crate::base::contract_base::test::MockModule` exists but is inaccessible
[INFO] [stdout]    --> src/base/contract_base.rs:217:5
[INFO] [stdout]     |
[INFO] [stdout] 217 |     struct MockModule;
[INFO] [stdout]     |     ^^^^^^^^^^^^^^^^^^ not accessible
[INFO] [stdout] 
[INFO] [stdout] 
[INFO] [stdout] error[E0425]: cannot find value `TEST_MODULE_ID` in this scope
[INFO] [stdout]    --> src/apis/api.rs:106:36
[INFO] [stdout]     |
[INFO] [stdout] 106 |             let res = mods.request(TEST_MODULE_ID, MockModuleExecuteMsg {});
[INFO] [stdout]     |                                    ^^^^^^^^^^^^^^ not found in this scope
[INFO] [stdout] 
[INFO] [stdout] 
[INFO] [stdout] error[E0422]: cannot find struct, variant or union type `MockModuleExecuteMsg` in this scope
[INFO] [stdout]    --> src/apis/api.rs:106:52
[INFO] [stdout]     |
[INFO] [stdout] 106 |             let res = mods.request(TEST_MODULE_ID, MockModuleExecuteMsg {});
[INFO] [stdout]     |                                                    ^^^^^^^^^^^^^^^^^^^^ not found in this scope
[INFO] [stdout] 
[INFO] [stdout] 
[INFO] [stdout] error[E0425]: cannot find value `TEST_PROXY` in this scope
[INFO] [stdout]    --> src/apis/api.rs:109:37
[INFO] [stdout]     |
[INFO] [stdout] 109 |                 proxy_address: Some(TEST_PROXY.into()),
[INFO] [stdout]     |                                     ^^^^^^^^^^ not found in this scope
[INFO] [stdout] 
[INFO] [stdout] 
[INFO] [stdout] error[E0422]: cannot find struct, variant or union type `MockModuleExecuteMsg` in this scope
[INFO] [stdout]    --> src/apis/api.rs:110:26
[INFO] [stdout]     |
[INFO] [stdout] 110 |                 request: MockModuleExecuteMsg {},
[INFO] [stdout]     |                          ^^^^^^^^^^^^^^^^^^^^ not found in this scope
[INFO] [stdout] 
[INFO] [stdout] 
[INFO] [stdout] error[E0425]: cannot find value `TEST_MODULE_ADDRESS` in this scope
[INFO] [stdout]    --> src/apis/api.rs:116:36
[INFO] [stdout]     |
[INFO] [stdout] 116 |                     contract_addr: TEST_MODULE_ADDRESS.into(),
[INFO] [stdout]     |                                    ^^^^^^^^^^^^^^^^^^^ not found in this scope
[INFO] [stdout] 
[INFO] [stdout] 
[INFO] [stdout] error[E0425]: cannot find value `FAKE_MODULE_ID` in this scope
[INFO] [stdout]    --> src/apis/api.rs:131:44
[INFO] [stdout]     |
[INFO] [stdout] 131 |                     mods.query::<_, Empty>(FAKE_MODULE_ID, Empty {})
[INFO] [stdout]     |                                            ^^^^^^^^^^^^^^ not found in this scope
[INFO] [stdout] 
[INFO] [stdout] 
[INFO] [stdout] error[E0425]: cannot find value `FAKE_MODULE_ID` in this scope
[INFO] [stdout]    --> src/apis/api.rs:133:17
[INFO] [stdout]     |
[INFO] [stdout] 133 |                 FAKE_MODULE_ID,
[INFO] [stdout]     |                 ^^^^^^^^^^^^^^ not found in this scope
[INFO] [stdout] 
[INFO] [stdout] 
[INFO] [stdout] error[E0433]: failed to resolve: use of undeclared type `MockModule`
[INFO] [stdout]    --> src/apis/api.rs:141:23
[INFO] [stdout]     |
[INFO] [stdout] 141 |             let app = MockModule::new();
[INFO] [stdout]     |                       ^^^^^^^^^^ use of undeclared type `MockModule`
[INFO] [stdout]     |
[INFO] [stdout] note: struct `crate::base::contract_base::test::MockModule` exists but is inaccessible
[INFO] [stdout]    --> src/base/contract_base.rs:217:5
[INFO] [stdout]     |
[INFO] [stdout] 217 |     struct MockModule;
[INFO] [stdout]     |     ^^^^^^^^^^^^^^^^^^ not accessible
[INFO] [stdout] 
[INFO] [stdout] 
[INFO] [stdout] error[E0425]: cannot find value `TEST_MODULE_ID` in this scope
[INFO] [stdout]    --> src/apis/api.rs:147:47
[INFO] [stdout]     |
[INFO] [stdout] 147 |             let res = mods.query::<_, String>(TEST_MODULE_ID, inner_msg);
[INFO] [stdout]     |                                               ^^^^^^^^^^^^^^ not found in this scope
[INFO] [stdout] 
[INFO] [stdout] 
[INFO] [stdout] error[E0412]: cannot find type `MockModule` in this scope
[INFO] [stdout]    --> src/apis/app.rs:76:34
[INFO] [stdout]     |
[INFO] [stdout] 76  |         modules_fn: impl FnOnce(&MockModule, Deps) -> AbstractSdkResult<T>,
[INFO] [stdout]     |                                  ^^^^^^^^^^ not found in this scope
[INFO] [stdout]     |
[INFO] [stdout] note: struct `crate::base::contract_base::test::MockModule` exists but is inaccessible
[INFO] [stdout]    --> src/base/contract_base.rs:217:5
[INFO] [stdout]     |
[INFO] [stdout] 217 |     struct MockModule;
[INFO] [stdout]     |     ^^^^^^^^^^^^^^^^^^ not accessible
[INFO] [stdout] 
[INFO] [stdout] 
[INFO] [stdout] error[E0433]: failed to resolve: use of undeclared type `MockModule`
[INFO] [stdout]    --> src/apis/app.rs:81:19
[INFO] [stdout]     |
[INFO] [stdout] 81  |         let app = MockModule::new();
[INFO] [stdout]     |                   ^^^^^^^^^^ use of undeclared type `MockModule`
[INFO] [stdout]     |
[INFO] [stdout] note: struct `crate::base::contract_base::test::MockModule` exists but is inaccessible
[INFO] [stdout]    --> src/base/contract_base.rs:217:5
[INFO] [stdout]     |
[INFO] [stdout] 217 |     struct MockModule;
[INFO] [stdout]     |     ^^^^^^^^^^^^^^^^^^ not accessible
[INFO] [stdout] 
[INFO] [stdout] 
[INFO] [stdout] error[E0425]: cannot find value `FAKE_MODULE_ID` in this scope
[INFO] [stdout]    --> src/apis/app.rs:103:34
[INFO] [stdout]     |
[INFO] [stdout] 103 |                     mods.request(FAKE_MODULE_ID, MockModuleExecuteMsg {})
[INFO] [stdout]     |                                  ^^^^^^^^^^^^^^ not found in this scope
[INFO] [stdout] 
[INFO] [stdout] 
[INFO] [stdout] error[E0425]: cannot find value `FAKE_MODULE_ID` in this scope
[INFO] [stdout]    --> src/apis/app.rs:105:17
[INFO] [stdout]     |
[INFO] [stdout] 105 |                 FAKE_MODULE_ID,
[INFO] [stdout]     |                 ^^^^^^^^^^^^^^ not found in this scope
[INFO] [stdout] 
[INFO] [stdout] 
[INFO] [stdout] error[E0433]: failed to resolve: use of undeclared type `MockModule`
[INFO] [stdout]    --> src/apis/app.rs:113:23
[INFO] [stdout]     |
[INFO] [stdout] 113 |             let app = MockModule::new();
[INFO] [stdout]     |                       ^^^^^^^^^^ use of undeclared type `MockModule`
[INFO] [stdout]     |
[INFO] [stdout] note: struct `crate::base::contract_base::test::MockModule` exists but is inaccessible
[INFO] [stdout]    --> src/base/contract_base.rs:217:5
[INFO] [stdout]     |
[INFO] [stdout] 217 |     struct MockModule;
[INFO] [stdout]     |     ^^^^^^^^^^^^^^^^^^ not accessible
[INFO] [stdout] 
[INFO] [stdout] 
[INFO] [stdout] error[E0425]: cannot find value `TEST_MODULE_ID` in this scope
[INFO] [stdout]    --> src/apis/app.rs:117:36
[INFO] [stdout]     |
[INFO] [stdout] 117 |             let res = mods.request(TEST_MODULE_ID, MockModuleExecuteMsg {});
[INFO] [stdout]     |                                    ^^^^^^^^^^^^^^ not found in this scope
[INFO] [stdout] 
[INFO] [stdout] 
[INFO] [stdout] error[E0425]: cannot find value `TEST_MODULE_ADDRESS` in this scope
[INFO] [stdout]    --> src/apis/app.rs:125:36
[INFO] [stdout]     |
[INFO] [stdout] 125 |                     contract_addr: TEST_MODULE_ADDRESS.into(),
[INFO] [stdout]     |                                    ^^^^^^^^^^^^^^^^^^^ not found in this scope
[INFO] [stdout] 
[INFO] [stdout] 
[INFO] [stdout] error[E0425]: cannot find value `FAKE_MODULE_ID` in this scope
[INFO] [stdout]    --> src/apis/app.rs:143:25
[INFO] [stdout]     |
[INFO] [stdout] 143 |                         FAKE_MODULE_ID,
[INFO] [stdout]     |                         ^^^^^^^^^^^^^^ not found in this scope
[INFO] [stdout] 
[INFO] [stdout] 
[INFO] [stdout] error[E0425]: cannot find value `FAKE_MODULE_ID` in this scope
[INFO] [stdout]    --> src/apis/app.rs:149:17
[INFO] [stdout]     |
[INFO] [stdout] 149 |                 FAKE_MODULE_ID,
[INFO] [stdout]     |                 ^^^^^^^^^^^^^^ not found in this scope
[INFO] [stdout] 
[INFO] [stdout] 
[INFO] [stdout] error[E0433]: failed to resolve: use of undeclared type `MockModule`
[INFO] [stdout]    --> src/apis/app.rs:157:23
[INFO] [stdout]     |
[INFO] [stdout] 157 |             let app = MockModule::new();
[INFO] [stdout]     |                       ^^^^^^^^^^ use of undeclared type `MockModule`
[INFO] [stdout]     |
[INFO] [stdout] note: struct `crate::base::contract_base::test::MockModule` exists but is inaccessible
[INFO] [stdout]    --> src/base/contract_base.rs:217:5
[INFO] [stdout]     |
[INFO] [stdout] 217 |     struct MockModule;
[INFO] [stdout]     |     ^^^^^^^^^^^^^^^^^^ not accessible
[INFO] [stdout] 
[INFO] [stdout] 
[INFO] [stdout] error[E0425]: cannot find value `TEST_MODULE_ID` in this scope
[INFO] [stdout]    --> src/apis/app.rs:162:17
[INFO] [stdout]     |
[INFO] [stdout] 162 |                 TEST_MODULE_ID,
[INFO] [stdout]     |                 ^^^^^^^^^^^^^^ not found in this scope
[INFO] [stdout] 
[INFO] [stdout] 
[INFO] [stdout] error[E0425]: cannot find value `TEST_MODULE_ADDRESS` in this scope
[INFO] [stdout]    --> src/apis/app.rs:176:36
[INFO] [stdout]     |
[INFO] [stdout] 176 |                     contract_addr: TEST_MODULE_ADDRESS.into(),
[INFO] [stdout]     |                                    ^^^^^^^^^^^^^^^^^^^ not found in this scope
[INFO] [stdout] 
[INFO] [stdout] 
[INFO] [stdout] error[E0425]: cannot find value `FAKE_MODULE_ID` in this scope
[INFO] [stdout]    --> src/apis/app.rs:191:44
[INFO] [stdout]     |
[INFO] [stdout] 191 |                     mods.query::<_, Empty>(FAKE_MODULE_ID, Empty {})
[INFO] [stdout]     |                                            ^^^^^^^^^^^^^^ not found in this scope
[INFO] [stdout] 
[INFO] [stdout] 
[INFO] [stdout] error[E0425]: cannot find value `FAKE_MODULE_ID` in this scope
[INFO] [stdout]    --> src/apis/app.rs:193:17
[INFO] [stdout]     |
[INFO] [stdout] 193 |                 FAKE_MODULE_ID,
[INFO] [stdout]     |                 ^^^^^^^^^^^^^^ not found in this scope
[INFO] [stdout] 
[INFO] [stdout] 
[INFO] [stdout] error[E0433]: failed to resolve: use of undeclared type `MockModule`
[INFO] [stdout]    --> src/apis/app.rs:201:23
[INFO] [stdout]     |
[INFO] [stdout] 201 |             let app = MockModule::new();
[INFO] [stdout]     |                       ^^^^^^^^^^ use of undeclared type `MockModule`
[INFO] [stdout]     |
[INFO] [stdout] note: struct `crate::base::contract_base::test::MockModule` exists but is inaccessible
[INFO] [stdout]    --> src/base/contract_base.rs:217:5
[INFO] [stdout]     |
[INFO] [stdout] 217 |     struct MockModule;
[INFO] [stdout]     |     ^^^^^^^^^^^^^^^^^^ not accessible
[INFO] [stdout] 
[INFO] [stdout] 
[INFO] [stdout] error[E0425]: cannot find value `TEST_MODULE_ID` in this scope
[INFO] [stdout]    --> src/apis/app.rs:205:47
[INFO] [stdout]     |
[INFO] [stdout] 205 |             let res = mods.query::<_, String>(TEST_MODULE_ID, Empty {});
[INFO] [stdout]     |                                               ^^^^^^^^^^^^^^ not found in this scope
[INFO] [stdout] 
[INFO] [stdout] 
[INFO] [stdout] error[E0433]: failed to resolve: use of undeclared type `MockModule`
[INFO] [stdout]    --> src/apis/bank.rs:182:23
[INFO] [stdout]     |
[INFO] [stdout] 182 |             let app = MockModule::new();
[INFO] [stdout]     |                       ^^^^^^^^^^ use of undeclared type `MockModule`
[INFO] [stdout]     |
[INFO] [stdout] note: struct `crate::base::contract_base::test::MockModule` exists but is inaccessible
[INFO] [stdout]    --> src/base/contract_base.rs:217:5
[INFO] [stdout]     |
[INFO] [stdout] 217 |     struct MockModule;
[INFO] [stdout]     |     ^^^^^^^^^^^^^^^^^^ not accessible
[INFO] [stdout] 
[INFO] [stdout] 
[INFO] [stdout] error[E0425]: cannot find value `TEST_PROXY` in this scope
[INFO] [stdout]    --> src/apis/bank.rs:194:17
[INFO] [stdout]     |
[INFO] [stdout] 194 |                 TEST_PROXY,
[INFO] [stdout]     |                 ^^^^^^^^^^ not found in this scope
[INFO] [stdout] 
[INFO] [stdout] 
[INFO] [stdout] error[E0433]: failed to resolve: use of undeclared type `MockModule`
[INFO] [stdout]    --> src/apis/bank.rs:218:23
[INFO] [stdout]     |
[INFO] [stdout] 218 |             let app = MockModule::new();
[INFO] [stdout]     |                       ^^^^^^^^^^ use of undeclared type `MockModule`
[INFO] [stdout]     |
[INFO] [stdout] note: struct `crate::base::contract_base::test::MockModule` exists but is inaccessible
[INFO] [stdout]    --> src/base/contract_base.rs:217:5
[INFO] [stdout]     |
[INFO] [stdout] 217 |     struct MockModule;
[INFO] [stdout]     |     ^^^^^^^^^^^^^^^^^^ not accessible
[INFO] [stdout] 
[INFO] [stdout] 
[INFO] [stdout] error[E0425]: cannot find value `TEST_PROXY` in this scope
[INFO] [stdout]    --> src/apis/bank.rs:227:29
[INFO] [stdout]     |
[INFO] [stdout] 227 |                 to_address: TEST_PROXY.to_string(),
[INFO] [stdout]     |                             ^^^^^^^^^^ not found in this scope
[INFO] [stdout] 
[INFO] [stdout] 
[INFO] [stdout] error[E0433]: failed to resolve: use of undeclared type `MockModule`
[INFO] [stdout]    --> src/apis/execution.rs:97:24
[INFO] [stdout]     |
[INFO] [stdout] 97  |             let stub = MockModule::new();
[INFO] [stdout]     |                        ^^^^^^^^^^ use of undeclared type `MockModule`
[INFO] [stdout]     |
[INFO] [stdout] note: struct `crate::base::contract_base::test::MockModule` exists but is inaccessible
[INFO] [stdout]    --> src/base/contract_base.rs:217:5
[INFO] [stdout]     |
[INFO] [stdout] 217 |     struct MockModule;
[INFO] [stdout]     |     ^^^^^^^^^^^^^^^^^^ not accessible
[INFO] [stdout] 
[INFO] [stdout] 
[INFO] [stdout] error[E0425]: cannot find value `TEST_PROXY` in this scope
[INFO] [stdout]    --> src/apis/execution.rs:106:32
[INFO] [stdout]     |
[INFO] [stdout] 106 |                 contract_addr: TEST_PROXY.to_string(),
[INFO] [stdout]     |                                ^^^^^^^^^^ not found in this scope
[INFO] [stdout] 
[INFO] [stdout] 
[INFO] [stdout] error[E0433]: failed to resolve: use of undeclared type `MockModule`
[INFO] [stdout]    --> src/apis/execution.rs:116:24
[INFO] [stdout]     |
[INFO] [stdout] 116 |             let stub = MockModule::new();
[INFO] [stdout]     |                        ^^^^^^^^^^ use of undeclared type `MockModule`
[INFO] [stdout]     |
[INFO] [stdout] note: struct `crate::base::contract_base::test::MockModule` exists but is inaccessible
[INFO] [stdout]    --> src/base/contract_base.rs:217:5
[INFO] [stdout]     |
[INFO] [stdout] 217 |     struct MockModule;
[INFO] [stdout]     |     ^^^^^^^^^^^^^^^^^^ not accessible
[INFO] [stdout] 
[INFO] [stdout] 
[INFO] [stdout] error[E0425]: cannot find value `TEST_PROXY` in this scope
[INFO] [stdout]    --> src/apis/execution.rs:126:32
[INFO] [stdout]     |
[INFO] [stdout] 126 |                 contract_addr: TEST_PROXY.to_string(),
[INFO] [stdout]     |                                ^^^^^^^^^^ not found in this scope
[INFO] [stdout] 
[INFO] [stdout] 
[INFO] [stdout] error[E0433]: failed to resolve: use of undeclared type `MockModule`
[INFO] [stdout]    --> src/apis/execution.rs:142:24
[INFO] [stdout]     |
[INFO] [stdout] 142 |             let stub = MockModule::new();
[INFO] [stdout]     |                        ^^^^^^^^^^ use of undeclared type `MockModule`
[INFO] [stdout]     |
[INFO] [stdout] note: struct `crate::base::contract_base::test::MockModule` exists but is inaccessible
[INFO] [stdout]    --> src/base/contract_base.rs:217:5
[INFO] [stdout]     |
[INFO] [stdout] 217 |     struct MockModule;
[INFO] [stdout]     |     ^^^^^^^^^^^^^^^^^^ not accessible
[INFO] [stdout] 
[INFO] [stdout] 
[INFO] [stdout] error[E0425]: cannot find value `TEST_PROXY` in this scope
[INFO] [stdout]    --> src/apis/execution.rs:159:36
[INFO] [stdout]     |
[INFO] [stdout] 159 |                     contract_addr: TEST_PROXY.to_string(),
[INFO] [stdout]     |                                    ^^^^^^^^^^ not found in this scope
[INFO] [stdout] 
[INFO] [stdout] 
[INFO] [stdout] error[E0433]: failed to resolve: use of undeclared type `MockModule`
[INFO] [stdout]    --> src/apis/execution.rs:172:24
[INFO] [stdout]     |
[INFO] [stdout] 172 |             let stub = MockModule::new();
[INFO] [stdout]     |                        ^^^^^^^^^^ use of undeclared type `MockModule`
[INFO] [stdout]     |
[INFO] [stdout] note: struct `crate::base::contract_base::test::MockModule` exists but is inaccessible
[INFO] [stdout]    --> src/base/contract_base.rs:217:5
[INFO] [stdout]     |
[INFO] [stdout] 217 |     struct MockModule;
[INFO] [stdout]     |     ^^^^^^^^^^^^^^^^^^ not accessible
[INFO] [stdout] 
[INFO] [stdout] 
[INFO] [stdout] error[E0425]: cannot find value `TEST_PROXY` in this scope
[INFO] [stdout]    --> src/apis/execution.rs:191:36
[INFO] [stdout]     |
[INFO] [stdout] 191 |                     contract_addr: TEST_PROXY.to_string(),
[INFO] [stdout]     |                                    ^^^^^^^^^^ not found in this scope
[INFO] [stdout] 
[INFO] [stdout] 
[INFO] [stdout] error[E0433]: failed to resolve: use of undeclared type `MockModule`
[INFO] [stdout]    --> src/apis/execution.rs:211:24
[INFO] [stdout]     |
[INFO] [stdout] 211 |             let stub = MockModule::new();
[INFO] [stdout]     |                        ^^^^^^^^^^ use of undeclared type `MockModule`
[INFO] [stdout]     |
[INFO] [stdout] note: struct `crate::base::contract_base::test::MockModule` exists but is inaccessible
[INFO] [stdout]    --> src/base/contract_base.rs:217:5
[INFO] [stdout]     |
[INFO] [stdout] 217 |     struct MockModule;
[INFO] [stdout]     |     ^^^^^^^^^^^^^^^^^^ not accessible
[INFO] [stdout] 
[INFO] [stdout] 
[INFO] [stdout] error[E0425]: cannot find value `TEST_PROXY` in this scope
[INFO] [stdout]    --> src/apis/execution.rs:220:32
[INFO] [stdout]     |
[INFO] [stdout] 220 |                 contract_addr: TEST_PROXY.to_string(),
[INFO] [stdout]     |                                ^^^^^^^^^^ not found in this scope
[INFO] [stdout] 
[INFO] [stdout] 
[INFO] [stdout] error[E0433]: failed to resolve: use of undeclared type `MockModule`
[INFO] [stdout]    --> src/apis/execution.rs:239:24
[INFO] [stdout]     |
[INFO] [stdout] 239 |             let stub = MockModule::new();
[INFO] [stdout]     |                        ^^^^^^^^^^ use of undeclared type `MockModule`
[INFO] [stdout]     |
[INFO] [stdout] note: struct `crate::base::contract_base::test::MockModule` exists but is inaccessible
[INFO] [stdout]    --> src/base/contract_base.rs:217:5
[INFO] [stdout]     |
[INFO] [stdout] 217 |     struct MockModule;
[INFO] [stdout]     |     ^^^^^^^^^^^^^^^^^^ not accessible
[INFO] [stdout] 
[INFO] [stdout] 
[INFO] [stdout] error[E0425]: cannot find value `TEST_PROXY` in this scope
[INFO] [stdout]    --> src/apis/execution.rs:249:32
[INFO] [stdout]     |
[INFO] [stdout] 249 |                 contract_addr: TEST_PROXY.to_string(),
[INFO] [stdout]     |                                ^^^^^^^^^^ not found in this scope
[INFO] [stdout] 
[INFO] [stdout] 
[INFO] [stdout] error[E0433]: failed to resolve: use of undeclared type `MockModule`
[INFO] [stdout]    --> src/apis/ibc.rs:84:20
[INFO] [stdout]     |
[INFO] [stdout] 84  |         let stub = MockModule::new();
[INFO] [stdout]     |                    ^^^^^^^^^^ use of undeclared type `MockModule`
[INFO] [stdout]     |
[INFO] [stdout] note: struct `crate::base::contract_base::test::MockModule` exists but is inaccessible
[INFO] [stdout]    --> src/base/contract_base.rs:217:5
[INFO] [stdout]     |
[INFO] [stdout] 217 |     struct MockModule;
[INFO] [stdout]     |     ^^^^^^^^^^^^^^^^^^ not accessible
[INFO] [stdout] 
[INFO] [stdout] 
[INFO] [stdout] error[E0425]: cannot find value `TEST_PROXY` in this scope
[INFO] [stdout]   --> src/apis/ibc.rs:96:28
[INFO] [stdout]    |
[INFO] [stdout] 96 |             contract_addr: TEST_PROXY.to_string(),
[INFO] [stdout]    |                            ^^^^^^^^^^ not found in this scope
[INFO] [stdout] 
[INFO] [stdout] 
[INFO] [stdout] error[E0433]: failed to resolve: use of undeclared type `MockModule`
[INFO] [stdout]    --> src/apis/ibc.rs:115:20
[INFO] [stdout]     |
[INFO] [stdout] 115 |         let stub = MockModule::new();
[INFO] [stdout]     |                    ^^^^^^^^^^ use of undeclared type `MockModule`
[INFO] [stdout]     |
[INFO] [stdout] note: struct `crate::base::contract_base::test::MockModule` exists but is inaccessible
[INFO] [stdout]    --> src/base/contract_base.rs:217:5
[INFO] [stdout]     |
[INFO] [stdout] 217 |     struct MockModule;
[INFO] [stdout]     |     ^^^^^^^^^^^^^^^^^^ not accessible
[INFO] [stdout] 
[INFO] [stdout] 
[INFO] [stdout] error[E0425]: cannot find value `TEST_PROXY` in this scope
[INFO] [stdout]    --> src/apis/ibc.rs:134:28
[INFO] [stdout]     |
[INFO] [stdout] 134 |             contract_addr: TEST_PROXY.to_string(),
[INFO] [stdout]     |                            ^^^^^^^^^^ not found in this scope
[INFO] [stdout] 
[INFO] [stdout] 
[INFO] [stdout] error[E0433]: failed to resolve: use of undeclared type `MockModule`
[INFO] [stdout]    --> src/apis/ibc.rs:154:20
[INFO] [stdout]     |
[INFO] [stdout] 154 |         let stub = MockModule::new();
[INFO] [stdout]     |                    ^^^^^^^^^^ use of undeclared type `MockModule`
[INFO] [stdout]     |
[INFO] [stdout] note: struct `crate::base::contract_base::test::MockModule` exists but is inaccessible
[INFO] [stdout]    --> src/base/contract_base.rs:217:5
[INFO] [stdout]     |
[INFO] [stdout] 217 |     struct MockModule;
[INFO] [stdout]     |     ^^^^^^^^^^^^^^^^^^ not accessible
[INFO] [stdout] 
[INFO] [stdout] 
[INFO] [stdout] error[E0425]: cannot find value `TEST_PROXY` in this scope
[INFO] [stdout]    --> src/apis/ibc.rs:163:28
[INFO] [stdout]     |
[INFO] [stdout] 163 |             contract_addr: TEST_PROXY.to_string(),
[INFO] [stdout]     |                            ^^^^^^^^^^ not found in this scope
[INFO] [stdout] 
[INFO] [stdout] 
[INFO] [stdout] error[E0433]: failed to resolve: use of undeclared type `MockModule`
[INFO] [stdout]    --> src/apis/modules.rs:87:23
[INFO] [stdout]     |
[INFO] [stdout] 87  |             let app = MockModule::new();
[INFO] [stdout]     |                       ^^^^^^^^^^ use of undeclared type `MockModule`
[INFO] [stdout]     |
[INFO] [stdout] note: struct `crate::base::contract_base::test::MockModule` exists but is inaccessible
[INFO] [stdout]    --> src/base/contract_base.rs:217:5
[INFO] [stdout]     |
[INFO] [stdout] 217 |     struct MockModule;
[INFO] [stdout]     |     ^^^^^^^^^^^^^^^^^^ not accessible
[INFO] [stdout] 
[INFO] [stdout] 
[INFO] [stdout] error[E0433]: failed to resolve: use of undeclared type `MockModule`
[INFO] [stdout]    --> src/apis/modules.rs:98:23
[INFO] [stdout]     |
[INFO] [stdout] 98  |             let app = MockModule::new();
[INFO] [stdout]     |                       ^^^^^^^^^^ use of undeclared type `MockModule`
[INFO] [stdout]     |
[INFO] [stdout] note: struct `crate::base::contract_base::test::MockModule` exists but is inaccessible
[INFO] [stdout]    --> src/base/contract_base.rs:217:5
[INFO] [stdout]     |
[INFO] [stdout] 217 |     struct MockModule;
[INFO] [stdout]     |     ^^^^^^^^^^^^^^^^^^ not accessible
[INFO] [stdout] 
[INFO] [stdout] 
[INFO] [stdout] error[E0425]: cannot find value `TEST_VERSION_CONTROL` in this scope
[INFO] [stdout]   --> src/apis/verify.rs:99:32
[INFO] [stdout]    |
[INFO] [stdout] 99 |             Ok(Addr::unchecked(TEST_VERSION_CONTROL))
[INFO] [stdout]    |                                ^^^^^^^^^^^^^^^^^^^^ not found in this scope
[INFO] [stdout] 
[INFO] [stdout] 
[INFO] [stdout] error[E0425]: cannot find value `TEST_ACCOUNT_ID` in this scope
[INFO] [stdout]    --> src/apis/verify.rs:112:54
[INFO] [stdout]     |
[INFO] [stdout] 112 |                 .account("not_manager", "not_proxy", TEST_ACCOUNT_ID)
[INFO] [stdout]     |                                                      ^^^^^^^^^^^^^^^ help: a constant with a similar name exists: `ACCOUNT_ID`
[INFO] [stdout]     |
[INFO] [stdout]    ::: /opt/rustwide/cargo-home/registry/src/github.com-1ecc6299db9ec823/abstract-core-0.14.3/src/objects/core.rs:6:1
[INFO] [stdout]     |
[INFO] [stdout] 6   | pub const ACCOUNT_ID: Item<AccountId> = Item::new("\u{0}{10}account_id");
[INFO] [stdout]     | ------------------------------------- similarly named constant `ACCOUNT_ID` defined here
[INFO] [stdout] 
[INFO] [stdout] 
[INFO] [stdout] error[E0425]: cannot find value `TEST_MANAGER` in this scope
[INFO] [stdout]    --> src/apis/verify.rs:114:26
[INFO] [stdout]     |
[INFO] [stdout] 114 |                 .account(TEST_MANAGER, TEST_PROXY, 1)
[INFO] [stdout]     |                          ^^^^^^^^^^^^ not found in this scope
[INFO] [stdout] 
[INFO] [stdout] 
[INFO] [stdout] error[E0425]: cannot find value `TEST_PROXY` in this scope
[INFO] [stdout]    --> src/apis/verify.rs:114:40
[INFO] [stdout]     |
[INFO] [stdout] 114 |                 .account(TEST_MANAGER, TEST_PROXY, 1)
[INFO] [stdout]     |                                        ^^^^^^^^^^ not found in this scope
[INFO] [stdout] 
[INFO] [stdout] 
[INFO] [stdout] error[E0425]: cannot find value `TEST_PROXY` in this scope
[INFO] [stdout]    --> src/apis/verify.rs:136:37
[INFO] [stdout]     |
[INFO] [stdout] 136 |                 .with_contract_item(TEST_PROXY, ACCOUNT_ID, &TEST_ACCOUNT_ID)
[INFO] [stdout]     |                                     ^^^^^^^^^^ not found in this scope
[INFO] [stdout] 
[INFO] [stdout] 
[INFO] [stdout] error[E0425]: cannot find value `TEST_ACCOUNT_ID` in this scope
[INFO] [stdout]    --> src/apis/verify.rs:136:62
[INFO] [stdout]     |
[INFO] [stdout] 136 |                 .with_contract_item(TEST_PROXY, ACCOUNT_ID, &TEST_ACCOUNT_ID)
[INFO] [stdout]     |                                                              ^^^^^^^^^^^^^^^ help: a constant with a similar name exists: `ACCOUNT_ID`
[INFO] [stdout]     |
[INFO] [stdout]    ::: /opt/rustwide/cargo-home/registry/src/github.com-1ecc6299db9ec823/abstract-core-0.14.3/src/objects/core.rs:6:1
[INFO] [stdout]     |
[INFO] [stdout] 6   | pub const ACCOUNT_ID: Item<AccountId> = Item::new("\u{0}{10}account_id");
[INFO] [stdout]     | ------------------------------------- similarly named constant `ACCOUNT_ID` defined here
[INFO] [stdout] 
[INFO] [stdout] 
[INFO] [stdout] error[E0425]: cannot find value `TEST_VERSION_CONTROL` in this scope
[INFO] [stdout]    --> src/apis/verify.rs:137:40
[INFO] [stdout]     |
[INFO] [stdout] 137 |                 .with_contract_map_key(TEST_VERSION_CONTROL, ACCOUNT_ADDRESSES, TEST_ACCOUNT_ID)
[INFO] [stdout]     |                                        ^^^^^^^^^^^^^^^^^^^^ not found in this scope
[INFO] [stdout] 
[INFO] [stdout] 
[INFO] [stdout] error[E0425]: cannot find value `TEST_ACCOUNT_ID` in this scope
[INFO] [stdout]    --> src/apis/verify.rs:137:81
[INFO] [stdout]     |
[INFO] [stdout] 137 |                 .with_contract_map_key(TEST_VERSION_CONTROL, ACCOUNT_ADDRESSES, TEST_ACCOUNT_ID)
[INFO] [stdout]     |                                                                                 ^^^^^^^^^^^^^^^ help: a constant with a similar name exists: `ACCOUNT_ID`
[INFO] [stdout]     |
[INFO] [stdout]    ::: /opt/rustwide/cargo-home/registry/src/github.com-1ecc6299db9ec823/abstract-core-0.14.3/src/objects/core.rs:6:1
[INFO] [stdout]     |
[INFO] [stdout] 6   | pub const ACCOUNT_ID: Item<AccountId> = Item::new("\u{0}{10}account_id");
[INFO] [stdout]     | ------------------------------------- similarly named constant `ACCOUNT_ID` defined here
[INFO] [stdout] 
[INFO] [stdout] 
[INFO] [stdout] error[E0425]: cannot find value `TEST_PROXY` in this scope
[INFO] [stdout]    --> src/apis/verify.rs:144:48
[INFO] [stdout]     |
[INFO] [stdout] 144 |                 .assert_proxy(&Addr::unchecked(TEST_PROXY));
[INFO] [stdout]     |                                                ^^^^^^^^^^ not found in this scope
[INFO] [stdout] 
[INFO] [stdout] 
[INFO] [stdout] error[E0425]: cannot find value `TEST_PROXY` in this scope
[INFO] [stdout]    --> src/apis/verify.rs:157:37
[INFO] [stdout]     |
[INFO] [stdout] 157 |                 .with_contract_item(TEST_PROXY, ACCOUNT_ID, &TEST_ACCOUNT_ID)
[INFO] [stdout]     |                                     ^^^^^^^^^^ not found in this scope
[INFO] [stdout] 
[INFO] [stdout] 
[INFO] [stdout] error[E0425]: cannot find value `TEST_ACCOUNT_ID` in this scope
[INFO] [stdout]    --> src/apis/verify.rs:157:62
[INFO] [stdout]     |
[INFO] [stdout] 157 |                 .with_contract_item(TEST_PROXY, ACCOUNT_ID, &TEST_ACCOUNT_ID)
[INFO] [stdout]     |                                                              ^^^^^^^^^^^^^^^ help: a constant with a similar name exists: `ACCOUNT_ID`
[INFO] [stdout]     |
[INFO] [stdout]    ::: /opt/rustwide/cargo-home/registry/src/github.com-1ecc6299db9ec823/abstract-core-0.14.3/src/objects/core.rs:6:1
[INFO] [stdout]     |
[INFO] [stdout] 6   | pub const ACCOUNT_ID: Item<AccountId> = Item::new("\u{0}{10}account_id");
[INFO] [stdout]     | ------------------------------------- similarly named constant `ACCOUNT_ID` defined here
[INFO] [stdout] 
[INFO] [stdout] 
[INFO] [stdout] error[E0425]: cannot find value `TEST_VERSION_CONTROL` in this scope
[INFO] [stdout]    --> src/apis/verify.rs:159:21
[INFO] [stdout]     |
[INFO] [stdout] 159 |                     TEST_VERSION_CONTROL,
[INFO] [stdout]     |                     ^^^^^^^^^^^^^^^^^^^^ not found in this scope
[INFO] [stdout] 
[INFO] [stdout] 
[INFO] [stdout] error[E0425]: cannot find value `TEST_ACCOUNT_ID` in this scope
[INFO] [stdout]    --> src/apis/verify.rs:161:22
[INFO] [stdout]     |
[INFO] [stdout] 161 |                     (TEST_ACCOUNT_ID, test_account_base()),
[INFO] [stdout]     |                      ^^^^^^^^^^^^^^^ help: a constant with a similar name exists: `ACCOUNT_ID`
[INFO] [stdout]     |
[INFO] [stdout]    ::: /opt/rustwide/cargo-home/registry/src/github.com-1ecc6299db9ec823/abstract-core-0.14.3/src/objects/core.rs:6:1
[INFO] [stdout]     |
[INFO] [stdout] 6   | pub const ACCOUNT_ID: Item<AccountId> = Item::new("\u{0}{10}account_id");
[INFO] [stdout]     | ------------------------------------- similarly named constant `ACCOUNT_ID` defined here
[INFO] [stdout] 
[INFO] [stdout] 
[INFO] [stdout] error[E0425]: cannot find function `test_account_base` in this scope
[INFO] [stdout]    --> src/apis/verify.rs:161:39
[INFO] [stdout]     |
[INFO] [stdout] 161 |                     (TEST_ACCOUNT_ID, test_account_base()),
[INFO] [stdout]     |                                       ^^^^^^^^^^^^^^^^^ not found in this scope
[INFO] [stdout]     |
[INFO] [stdout] note: function `crate::feature_objects::tests::base::test_account_base` exists but is inaccessible
[INFO] [stdout]    --> src/feature_objects.rs:142:9
[INFO] [stdout]     |
[INFO] [stdout] 142 |         fn test_account_base() -> AccountBase {
[INFO] [stdout]     |         ^^^^^^^^^^^^^^^^^^^^^^^^^^^^^^^^^^^^^ not accessible
[INFO] [stdout] 
[INFO] [stdout] 
[INFO] [stdout] error[E0425]: cannot find value `TEST_PROXY` in this scope
[INFO] [stdout]    --> src/apis/verify.rs:169:48
[INFO] [stdout]     |
[INFO] [stdout] 169 |                 .assert_proxy(&Addr::unchecked(TEST_PROXY));
[INFO] [stdout]     |                                                ^^^^^^^^^^ not found in this scope
[INFO] [stdout] 
[INFO] [stdout] 
[INFO] [stdout] error[E0425]: cannot find function `test_account_base` in this scope
[INFO] [stdout]    --> src/apis/verify.rs:171:51
[INFO] [stdout]     |
[INFO] [stdout] 171 |             assert_that!(res).is_ok().is_equal_to(test_account_base());
[INFO] [stdout]     |                                                   ^^^^^^^^^^^^^^^^^ not found in this scope
[INFO] [stdout]     |
[INFO] [stdout] note: function `crate::feature_objects::tests::base::test_account_base` exists but is inaccessible
[INFO] [stdout]    --> src/feature_objects.rs:142:9
[INFO] [stdout]     |
[INFO] [stdout] 142 |         fn test_account_base() -> AccountBase {
[INFO] [stdout]     |         ^^^^^^^^^^^^^^^^^^^^^^^^^^^^^^^^^^^^^ not accessible
[INFO] [stdout] 
[INFO] [stdout] 
[INFO] [stdout] error[E0425]: cannot find value `TEST_PROXY` in this scope
[INFO] [stdout]    --> src/apis/verify.rs:179:37
[INFO] [stdout]     |
[INFO] [stdout] 179 |                 .with_contract_item(TEST_PROXY, ACCOUNT_ID, &TEST_ACCOUNT_ID)
[INFO] [stdout]     |                                     ^^^^^^^^^^ not found in this scope
[INFO] [stdout] 
[INFO] [stdout] 
[INFO] [stdout] error[E0425]: cannot find value `TEST_ACCOUNT_ID` in this scope
[INFO] [stdout]    --> src/apis/verify.rs:179:62
[INFO] [stdout]     |
[INFO] [stdout] 179 |                 .with_contract_item(TEST_PROXY, ACCOUNT_ID, &TEST_ACCOUNT_ID)
[INFO] [stdout]     |                                                              ^^^^^^^^^^^^^^^ help: a constant with a similar name exists: `ACCOUNT_ID`
[INFO] [stdout]     |
[INFO] [stdout]    ::: /opt/rustwide/cargo-home/registry/src/github.com-1ecc6299db9ec823/abstract-core-0.14.3/src/objects/core.rs:6:1
[INFO] [stdout]     |
[INFO] [stdout] 6   | pub const ACCOUNT_ID: Item<AccountId> = Item::new("\u{0}{10}account_id");
[INFO] [stdout]     | ------------------------------------- similarly named constant `ACCOUNT_ID` defined here
[INFO] [stdout] 
[INFO] [stdout] 
[INFO] [stdout] error[E0425]: cannot find value `TEST_VERSION_CONTROL` in this scope
[INFO] [stdout]    --> src/apis/verify.rs:181:21
[INFO] [stdout]     |
[INFO] [stdout] 181 |                     TEST_VERSION_CONTROL,
[INFO] [stdout]     |                     ^^^^^^^^^^^^^^^^^^^^ not found in this scope
[INFO] [stdout] 
[INFO] [stdout] 
[INFO] [stdout] error[E0425]: cannot find value `TEST_ACCOUNT_ID` in this scope
[INFO] [stdout]    --> src/apis/verify.rs:184:25
[INFO] [stdout]     |
[INFO] [stdout] 184 |                         TEST_ACCOUNT_ID,
[INFO] [stdout]     |                         ^^^^^^^^^^^^^^^ help: a constant with a similar name exists: `ACCOUNT_ID`
[INFO] [stdout]     |
[INFO] [stdout]    ::: /opt/rustwide/cargo-home/registry/src/github.com-1ecc6299db9ec823/abstract-core-0.14.3/src/objects/core.rs:6:1
[INFO] [stdout]     |
[INFO] [stdout] 6   | pub const ACCOUNT_ID: Item<AccountId> = Item::new("\u{0}{10}account_id");
[INFO] [stdout]     | ------------------------------------- similarly named constant `ACCOUNT_ID` defined here
[INFO] [stdout] 
[INFO] [stdout] 
[INFO] [stdout] error[E0425]: cannot find value `TEST_MANAGER` in this scope
[INFO] [stdout]    --> src/apis/verify.rs:186:54
[INFO] [stdout]     |
[INFO] [stdout] 186 | ...                   manager: Addr::unchecked(TEST_MANAGER),
[INFO] [stdout]     |                                                ^^^^^^^^^^^^ not found in this scope
[INFO] [stdout] 
[INFO] [stdout] 
[INFO] [stdout] error[E0425]: cannot find value `TEST_PROXY` in this scope
[INFO] [stdout]    --> src/apis/verify.rs:197:48
[INFO] [stdout]     |
[INFO] [stdout] 197 |                 .assert_proxy(&Addr::unchecked(TEST_PROXY));
[INFO] [stdout]     |                                                ^^^^^^^^^^ not found in this scope
[INFO] [stdout] 
[INFO] [stdout] 
[INFO] [stdout] error[E0425]: cannot find value `TEST_ACCOUNT_ID` in this scope
[INFO] [stdout]    --> src/apis/verify.rs:214:54
[INFO] [stdout]     |
[INFO] [stdout] 214 |                 .account("not_manager", "not_proxy", TEST_ACCOUNT_ID)
[INFO] [stdout]     |                                                      ^^^^^^^^^^^^^^^ help: a constant with a similar name exists: `ACCOUNT_ID`
[INFO] [stdout]     |
[INFO] [stdout]    ::: /opt/rustwide/cargo-home/registry/src/github.com-1ecc6299db9ec823/abstract-core-0.14.3/src/objects/core.rs:6:1
[INFO] [stdout]     |
[INFO] [stdout] 6   | pub const ACCOUNT_ID: Item<AccountId> = Item::new("\u{0}{10}account_id");
[INFO] [stdout]     | ------------------------------------- similarly named constant `ACCOUNT_ID` defined here
[INFO] [stdout] 
[INFO] [stdout] 
[INFO] [stdout] error[E0425]: cannot find value `TEST_MANAGER` in this scope
[INFO] [stdout]    --> src/apis/verify.rs:216:26
[INFO] [stdout]     |
[INFO] [stdout] 216 |                 .account(TEST_MANAGER, TEST_PROXY, 1)
[INFO] [stdout]     |                          ^^^^^^^^^^^^ not found in this scope
[INFO] [stdout] 
[INFO] [stdout] 
[INFO] [stdout] error[E0425]: cannot find value `TEST_PROXY` in this scope
[INFO] [stdout]    --> src/apis/verify.rs:216:40
[INFO] [stdout]     |
[INFO] [stdout] 216 |                 .account(TEST_MANAGER, TEST_PROXY, 1)
[INFO] [stdout]     |                                        ^^^^^^^^^^ not found in this scope
[INFO] [stdout] 
[INFO] [stdout] 
[INFO] [stdout] error[E0425]: cannot find value `TEST_MANAGER` in this scope
[INFO] [stdout]    --> src/apis/verify.rs:238:37
[INFO] [stdout]     |
[INFO] [stdout] 238 |                 .with_contract_item(TEST_MANAGER, ACCOUNT_ID, &TEST_ACCOUNT_ID)
[INFO] [stdout]     |                                     ^^^^^^^^^^^^ not found in this scope
[INFO] [stdout] 
[INFO] [stdout] 
[INFO] [stdout] error[E0425]: cannot find value `TEST_ACCOUNT_ID` in this scope
[INFO] [stdout]    --> src/apis/verify.rs:238:64
[INFO] [stdout]     |
[INFO] [stdout] 238 |                 .with_contract_item(TEST_MANAGER, ACCOUNT_ID, &TEST_ACCOUNT_ID)
[INFO] [stdout]     |                                                                ^^^^^^^^^^^^^^^ help: a constant with a similar name exists: `ACCOUNT_ID`
[INFO] [stdout]     |
[INFO] [stdout]    ::: /opt/rustwide/cargo-home/registry/src/github.com-1ecc6299db9ec823/abstract-core-0.14.3/src/objects/core.rs:6:1
[INFO] [stdout]     |
[INFO] [stdout] 6   | pub const ACCOUNT_ID: Item<AccountId> = Item::new("\u{0}{10}account_id");
[INFO] [stdout]     | ------------------------------------- similarly named constant `ACCOUNT_ID` defined here
[INFO] [stdout] 
[INFO] [stdout] 
[INFO] [stdout] error[E0425]: cannot find value `TEST_VERSION_CONTROL` in this scope
[INFO] [stdout]    --> src/apis/verify.rs:239:40
[INFO] [stdout]     |
[INFO] [stdout] 239 |                 .with_contract_map_key(TEST_VERSION_CONTROL, ACCOUNT_ADDRESSES, TEST_ACCOUNT_ID)
[INFO] [stdout]     |                                        ^^^^^^^^^^^^^^^^^^^^ not found in this scope
[INFO] [stdout] 
[INFO] [stdout] 
[INFO] [stdout] error[E0425]: cannot find value `TEST_ACCOUNT_ID` in this scope
[INFO] [stdout]    --> src/apis/verify.rs:239:81
[INFO] [stdout]     |
[INFO] [stdout] 239 |                 .with_contract_map_key(TEST_VERSION_CONTROL, ACCOUNT_ADDRESSES, TEST_ACCOUNT_ID)
[INFO] [stdout]     |                                                                                 ^^^^^^^^^^^^^^^ help: a constant with a similar name exists: `ACCOUNT_ID`
[INFO] [stdout]     |
[INFO] [stdout]    ::: /opt/rustwide/cargo-home/registry/src/github.com-1ecc6299db9ec823/abstract-core-0.14.3/src/objects/core.rs:6:1
[INFO] [stdout]     |
[INFO] [stdout] 6   | pub const ACCOUNT_ID: Item<AccountId> = Item::new("\u{0}{10}account_id");
[INFO] [stdout]     | ------------------------------------- similarly named constant `ACCOUNT_ID` defined here
[INFO] [stdout] 
[INFO] [stdout] 
[INFO] [stdout] error[E0425]: cannot find value `TEST_MANAGER` in this scope
[INFO] [stdout]    --> src/apis/verify.rs:246:50
[INFO] [stdout]     |
[INFO] [stdout] 246 |                 .assert_manager(&Addr::unchecked(TEST_MANAGER));
[INFO] [stdout]     |                                                  ^^^^^^^^^^^^ not found in this scope
[INFO] [stdout] 
[INFO] [stdout] 
[INFO] [stdout] error[E0425]: cannot find value `TEST_ACCOUNT_ID` in this scope
[INFO] [stdout]    --> src/apis/verify.rs:253:46
[INFO] [stdout]     |
[INFO] [stdout] 253 |                         "Unknown Account id {TEST_ACCOUNT_ID} on version control {TEST_VERSION_CONTROL}"
[INFO] [stdout]     |                                              ^^^^^^^^^^^^^^^ help: a constant with a similar name exists: `ACCOUNT_ID`
[INFO] [stdout]     |
[INFO] [stdout]    ::: /opt/rustwide/cargo-home/registry/src/github.com-1ecc6299db9ec823/abstract-core-0.14.3/src/objects/core.rs:6:1
[INFO] [stdout]     |
[INFO] [stdout] 6   | pub const ACCOUNT_ID: Item<AccountId> = Item::new("\u{0}{10}account_id");
[INFO] [stdout]     | ------------------------------------- similarly named constant `ACCOUNT_ID` defined here
[INFO] [stdout] 
[INFO] [stdout] 
[INFO] [stdout] error[E0425]: cannot find value `TEST_VERSION_CONTROL` in this scope
[INFO] [stdout]    --> src/apis/verify.rs:253:83
[INFO] [stdout]     |
[INFO] [stdout] 253 |                         "Unknown Account id {TEST_ACCOUNT_ID} on version control {TEST_VERSION_CONTROL}"
[INFO] [stdout]     |                                                                                   ^^^^^^^^^^^^^^^^^^^^ not found in this scope
[INFO] [stdout] 
[INFO] [stdout] 
[INFO] [stdout] error[E0425]: cannot find value `TEST_MANAGER` in this scope
[INFO] [stdout]    --> src/apis/verify.rs:263:37
[INFO] [stdout]     |
[INFO] [stdout] 263 |                 .with_contract_item(TEST_MANAGER, ACCOUNT_ID, &TEST_ACCOUNT_ID)
[INFO] [stdout]     |                                     ^^^^^^^^^^^^ not found in this scope
[INFO] [stdout] 
[INFO] [stdout] 
[INFO] [stdout] error[E0425]: cannot find value `TEST_ACCOUNT_ID` in this scope
[INFO] [stdout]    --> src/apis/verify.rs:263:64
[INFO] [stdout]     |
[INFO] [stdout] 263 |                 .with_contract_item(TEST_MANAGER, ACCOUNT_ID, &TEST_ACCOUNT_ID)
[INFO] [stdout]     |                                                                ^^^^^^^^^^^^^^^ help: a constant with a similar name exists: `ACCOUNT_ID`
[INFO] [stdout]     |
[INFO] [stdout]    ::: /opt/rustwide/cargo-home/registry/src/github.com-1ecc6299db9ec823/abstract-core-0.14.3/src/objects/core.rs:6:1
[INFO] [stdout]     |
[INFO] [stdout] 6   | pub const ACCOUNT_ID: Item<AccountId> = Item::new("\u{0}{10}account_id");
[INFO] [stdout]     | ------------------------------------- similarly named constant `ACCOUNT_ID` defined here
[INFO] [stdout] 
[INFO] [stdout] 
[INFO] [stdout] error[E0425]: cannot find value `TEST_VERSION_CONTROL` in this scope
[INFO] [stdout]    --> src/apis/verify.rs:265:21
[INFO] [stdout]     |
[INFO] [stdout] 265 |                     TEST_VERSION_CONTROL,
[INFO] [stdout]     |                     ^^^^^^^^^^^^^^^^^^^^ not found in this scope
[INFO] [stdout] 
[INFO] [stdout] 
[INFO] [stdout] error[E0425]: cannot find value `TEST_ACCOUNT_ID` in this scope
[INFO] [stdout]    --> src/apis/verify.rs:267:22
[INFO] [stdout]     |
[INFO] [stdout] 267 |                     (TEST_ACCOUNT_ID, test_account_base()),
[INFO] [stdout]     |                      ^^^^^^^^^^^^^^^ help: a constant with a similar name exists: `ACCOUNT_ID`
[INFO] [stdout]     |
[INFO] [stdout]    ::: /opt/rustwide/cargo-home/registry/src/github.com-1ecc6299db9ec823/abstract-core-0.14.3/src/objects/core.rs:6:1
[INFO] [stdout]     |
[INFO] [stdout] 6   | pub const ACCOUNT_ID: Item<AccountId> = Item::new("\u{0}{10}account_id");
[INFO] [stdout]     | ------------------------------------- similarly named constant `ACCOUNT_ID` defined here
[INFO] [stdout] 
[INFO] [stdout] 
[INFO] [stdout] error[E0425]: cannot find function `test_account_base` in this scope
[INFO] [stdout]    --> src/apis/verify.rs:267:39
[INFO] [stdout]     |
[INFO] [stdout] 267 |                     (TEST_ACCOUNT_ID, test_account_base()),
[INFO] [stdout]     |                                       ^^^^^^^^^^^^^^^^^ not found in this scope
[INFO] [stdout]     |
[INFO] [stdout] note: function `crate::feature_objects::tests::base::test_account_base` exists but is inaccessible
[INFO] [stdout]    --> src/feature_objects.rs:142:9
[INFO] [stdout]     |
[INFO] [stdout] 142 |         fn test_account_base() -> AccountBase {
[INFO] [stdout]     |         ^^^^^^^^^^^^^^^^^^^^^^^^^^^^^^^^^^^^^ not accessible
[INFO] [stdout] 
[INFO] [stdout] 
[INFO] [stdout] error[E0425]: cannot find value `TEST_MANAGER` in this scope
[INFO] [stdout]    --> src/apis/verify.rs:275:50
[INFO] [stdout]     |
[INFO] [stdout] 275 |                 .assert_manager(&Addr::unchecked(TEST_MANAGER));
[INFO] [stdout]     |                                                  ^^^^^^^^^^^^ not found in this scope
[INFO] [stdout] 
[INFO] [stdout] 
[INFO] [stdout] error[E0425]: cannot find function `test_account_base` in this scope
[INFO] [stdout]    --> src/apis/verify.rs:277:51
[INFO] [stdout]     |
[INFO] [stdout] 277 |             assert_that!(res).is_ok().is_equal_to(test_account_base());
[INFO] [stdout]     |                                                   ^^^^^^^^^^^^^^^^^ not found in this scope
[INFO] [stdout]     |
[INFO] [stdout] note: function `crate::feature_objects::tests::base::test_account_base` exists but is inaccessible
[INFO] [stdout]    --> src/feature_objects.rs:142:9
[INFO] [stdout]     |
[INFO] [stdout] 142 |         fn test_account_base() -> AccountBase {
[INFO] [stdout]     |         ^^^^^^^^^^^^^^^^^^^^^^^^^^^^^^^^^^^^^ not accessible
[INFO] [stdout] 
[INFO] [stdout] 
[INFO] [stdout] error[E0425]: cannot find value `TEST_MANAGER` in this scope
[INFO] [stdout]    --> src/apis/verify.rs:285:37
[INFO] [stdout]     |
[INFO] [stdout] 285 |                 .with_contract_item(TEST_MANAGER, ACCOUNT_ID, &TEST_ACCOUNT_ID)
[INFO] [stdout]     |                                     ^^^^^^^^^^^^ not found in this scope
[INFO] [stdout] 
[INFO] [stdout] 
[INFO] [stdout] error[E0425]: cannot find value `TEST_ACCOUNT_ID` in this scope
[INFO] [stdout]    --> src/apis/verify.rs:285:64
[INFO] [stdout]     |
[INFO] [stdout] 285 |                 .with_contract_item(TEST_MANAGER, ACCOUNT_ID, &TEST_ACCOUNT_ID)
[INFO] [stdout]     |                                                                ^^^^^^^^^^^^^^^ help: a constant with a similar name exists: `ACCOUNT_ID`
[INFO] [stdout]     |
[INFO] [stdout]    ::: /opt/rustwide/cargo-home/registry/src/github.com-1ecc6299db9ec823/abstract-core-0.14.3/src/objects/core.rs:6:1
[INFO] [stdout]     |
[INFO] [stdout] 6   | pub const ACCOUNT_ID: Item<AccountId> = Item::new("\u{0}{10}account_id");
[INFO] [stdout]     | ------------------------------------- similarly named constant `ACCOUNT_ID` defined here
[INFO] [stdout] 
[INFO] [stdout] 
[INFO] [stdout] error[E0425]: cannot find value `TEST_VERSION_CONTROL` in this scope
[INFO] [stdout]    --> src/apis/verify.rs:287:21
[INFO] [stdout]     |
[INFO] [stdout] 287 |                     TEST_VERSION_CONTROL,
[INFO] [stdout]     |                     ^^^^^^^^^^^^^^^^^^^^ not found in this scope
[INFO] [stdout] 
[INFO] [stdout] 
[INFO] [stdout] error[E0425]: cannot find value `TEST_ACCOUNT_ID` in this scope
[INFO] [stdout]    --> src/apis/verify.rs:290:25
[INFO] [stdout]     |
[INFO] [stdout] 290 |                         TEST_ACCOUNT_ID,
[INFO] [stdout]     |                         ^^^^^^^^^^^^^^^ help: a constant with a similar name exists: `ACCOUNT_ID`
[INFO] [stdout]     |
[INFO] [stdout]    ::: /opt/rustwide/cargo-home/registry/src/github.com-1ecc6299db9ec823/abstract-core-0.14.3/src/objects/core.rs:6:1
[INFO] [stdout]     |
[INFO] [stdout] 6   | pub const ACCOUNT_ID: Item<AccountId> = Item::new("\u{0}{10}account_id");
[INFO] [stdout]     | ------------------------------------- similarly named constant `ACCOUNT_ID` defined here
[INFO] [stdout] 
[INFO] [stdout] 
[INFO] [stdout] error[E0425]: cannot find value `TEST_PROXY` in this scope
[INFO] [stdout]    --> src/apis/verify.rs:293:52
[INFO] [stdout]     |
[INFO] [stdout] 293 | ...                   proxy: Addr::unchecked(TEST_PROXY),
[INFO] [stdout]     |                                              ^^^^^^^^^^ not found in this scope
[INFO] [stdout] 
[INFO] [stdout] 
[INFO] [stdout] error[E0425]: cannot find value `TEST_MANAGER` in this scope
[INFO] [stdout]    --> src/apis/verify.rs:303:50
[INFO] [stdout]     |
[INFO] [stdout] 303 |                 .assert_manager(&Addr::unchecked(TEST_MANAGER));
[INFO] [stdout]     |                                                  ^^^^^^^^^^^^ not found in this scope
[INFO] [stdout] 
[INFO] [stdout] 
[INFO] [stdout] error[E0425]: cannot find value `TEST_MANAGER` in this scope
[INFO] [stdout]    --> src/apis/verify.rs:309:53
[INFO] [stdout]     |
[INFO] [stdout] 309 |                 .matches(|e| e.to_string().contains(TEST_MANAGER));
[INFO] [stdout]     |                                                     ^^^^^^^^^^^^ not found in this scope
[INFO] [stdout] 
[INFO] [stdout] 
[INFO] [stdout] error[E0425]: cannot find value `TEST_PROXY` in this scope
[INFO] [stdout]   --> src/base/features/identification.rs:48:32
[INFO] [stdout]    |
[INFO] [stdout] 48 |             Ok(Addr::unchecked(TEST_PROXY))
[INFO] [stdout]    |                                ^^^^^^^^^^ not found in this scope
[INFO] [stdout] 
[INFO] [stdout] 
[INFO] [stdout] error[E0425]: cannot find value `TEST_PROXY` in this scope
[INFO] [stdout]   --> src/base/features/identification.rs:64:46
[INFO] [stdout]    |
[INFO] [stdout] 64 |                 .is_equal_to(Addr::unchecked(TEST_PROXY));
[INFO] [stdout]    |                                              ^^^^^^^^^^ not found in this scope
[INFO] [stdout] 
[INFO] [stdout] 
[INFO] [stdout] error[E0425]: cannot find value `TEST_PROXY` in this scope
[INFO] [stdout]   --> src/base/features/identification.rs:73:37
[INFO] [stdout]    |
[INFO] [stdout] 73 |                 .with_contract_item(TEST_PROXY, MANAGER, &Some(Addr::unchecked(TEST_MANAGER)))
[INFO] [stdout]    |                                     ^^^^^^^^^^ not found in this scope
[INFO] [stdout] 
[INFO] [stdout] 
[INFO] [stdout] error[E0425]: cannot find value `TEST_MANAGER` in this scope
[INFO] [stdout]   --> src/base/features/identification.rs:73:80
[INFO] [stdout]    |
[INFO] [stdout] 73 |                 .with_contract_item(TEST_PROXY, MANAGER, &Some(Addr::unchecked(TEST_MANAGER)))
[INFO] [stdout]    |                                                                                ^^^^^^^^^^^^ not found in this scope
[INFO] [stdout] 
[INFO] [stdout] 
[INFO] [stdout] error[E0425]: cannot find value `TEST_MANAGER` in this scope
[INFO] [stdout]   --> src/base/features/identification.rs:78:46
[INFO] [stdout]    |
[INFO] [stdout] 78 |                 .is_equal_to(Addr::unchecked(TEST_MANAGER));
[INFO] [stdout]    |                                              ^^^^^^^^^^^^ not found in this scope
[INFO] [stdout] 
[INFO] [stdout] 
[INFO] [stdout] error[E0425]: cannot find value `TEST_PROXY` in this scope
[INFO] [stdout]   --> src/base/features/identification.rs:85:37
[INFO] [stdout]    |
[INFO] [stdout] 85 |                 .with_contract_item(TEST_PROXY, MANAGER, &Some(Addr::unchecked(TEST_MANAGER)))
[INFO] [stdout]    |                                     ^^^^^^^^^^ not found in this scope
[INFO] [stdout] 
[INFO] [stdout] 
[INFO] [stdout] error[E0425]: cannot find value `TEST_MANAGER` in this scope
[INFO] [stdout]   --> src/base/features/identification.rs:85:80
[INFO] [stdout]    |
[INFO] [stdout] 85 |                 .with_contract_item(TEST_PROXY, MANAGER, &Some(Addr::unchecked(TEST_MANAGER)))
[INFO] [stdout]    |                                                                                ^^^^^^^^^^^^ not found in this scope
[INFO] [stdout] 
[INFO] [stdout] 
[INFO] [stdout] error[E0425]: cannot find value `TEST_MANAGER` in this scope
[INFO] [stdout]   --> src/base/features/identification.rs:89:42
[INFO] [stdout]    |
[INFO] [stdout] 89 |                 manager: Addr::unchecked(TEST_MANAGER),
[INFO] [stdout]    |                                          ^^^^^^^^^^^^ not found in this scope
[INFO] [stdout] 
[INFO] [stdout] 
[INFO] [stdout] error[E0425]: cannot find value `TEST_PROXY` in this scope
[INFO] [stdout]   --> src/base/features/identification.rs:90:40
[INFO] [stdout]    |
[INFO] [stdout] 90 |                 proxy: Addr::unchecked(TEST_PROXY),
[INFO] [stdout]    |                                        ^^^^^^^^^^ not found in this scope
[INFO] [stdout] 
[INFO] [stdout] 
[INFO] [stdout] error[E0425]: cannot find value `TEST_PROXY` in this scope
[INFO] [stdout]    --> src/base/features/identification.rs:103:37
[INFO] [stdout]     |
[INFO] [stdout] 103 |                 .with_contract_item(TEST_PROXY, ACCOUNT_ID, &TEST_ACCOUNT_ID)
[INFO] [stdout]     |                                     ^^^^^^^^^^ not found in this scope
[INFO] [stdout] 
[INFO] [stdout] 
[INFO] [stdout] error[E0425]: cannot find value `TEST_ACCOUNT_ID` in this scope
[INFO] [stdout]    --> src/base/features/identification.rs:103:62
[INFO] [stdout]     |
[INFO] [stdout] 103 |                 .with_contract_item(TEST_PROXY, ACCOUNT_ID, &TEST_ACCOUNT_ID)
[INFO] [stdout]     |                                                              ^^^^^^^^^^^^^^^ help: a constant with a similar name exists: `ACCOUNT_ID`
[INFO] [stdout]     |
[INFO] [stdout]    ::: /opt/rustwide/cargo-home/registry/src/github.com-1ecc6299db9ec823/abstract-core-0.14.3/src/objects/core.rs:6:1
[INFO] [stdout]     |
[INFO] [stdout] 6   | pub const ACCOUNT_ID: Item<AccountId> = Item::new("\u{0}{10}account_id");
[INFO] [stdout]     | ------------------------------------- similarly named constant `ACCOUNT_ID` defined here
[INFO] [stdout] 
[INFO] [stdout] 
[INFO] [stdout] error[E0425]: cannot find value `TEST_ACCOUNT_ID` in this scope
[INFO] [stdout]    --> src/base/features/identification.rs:109:30
[INFO] [stdout]     |
[INFO] [stdout] 109 |                 .is_equal_to(TEST_ACCOUNT_ID);
[INFO] [stdout]     |                              ^^^^^^^^^^^^^^^ help: a constant with a similar name exists: `ACCOUNT_ID`
[INFO] [stdout]     |
[INFO] [stdout]    ::: /opt/rustwide/cargo-home/registry/src/github.com-1ecc6299db9ec823/abstract-core-0.14.3/src/objects/core.rs:6:1
[INFO] [stdout]     |
[INFO] [stdout] 6   | pub const ACCOUNT_ID: Item<AccountId> = Item::new("\u{0}{10}account_id");
[INFO] [stdout]     | ------------------------------------- similarly named constant `ACCOUNT_ID` defined here
[INFO] [stdout] 
[INFO] [stdout] 
[INFO] [stdout] error[E0433]: failed to resolve: use of undeclared type `AbstractMockQuerierBuilder`
[INFO] [stdout]    --> src/ans_resolve.rs:383:27
[INFO] [stdout]     |
[INFO] [stdout] 383 |             let querier = AbstractMockQuerierBuilder::default()
[INFO] [stdout]     |                           ^^^^^^^^^^^^^^^^^^^^^^^^^^ use of undeclared type `AbstractMockQuerierBuilder`
[INFO] [stdout] 
[INFO] [stdout] 
[INFO] [stdout] error[E0433]: failed to resolve: use of undeclared crate or module `abstract_testing`
[INFO] [stdout]   --> src/apis/api.rs:72:24
[INFO] [stdout]    |
[INFO] [stdout] 72 |         deps.querier = abstract_testing::mock_querier();
[INFO] [stdout]    |                        ^^^^^^^^^^^^^^^^ use of undeclared crate or module `abstract_testing`
[INFO] [stdout] 
[INFO] [stdout] 
[INFO] [stdout] error[E0618]: expected function, found `impl FnOnce(&MockModule, Deps) -> AbstractSdkResult<T>`
[INFO] [stdout]   --> src/apis/api.rs:77:19
[INFO] [stdout]    |
[INFO] [stdout] 68 |         modules_fn: impl FnOnce(&MockModule, Deps) -> AbstractSdkResult<T>,
[INFO] [stdout]    |         ---------- `modules_fn` has type `impl FnOnce(&MockModule, Deps) -> AbstractSdkResult<T>`
[INFO] [stdout] ...
[INFO] [stdout] 77 |         let res = modules_fn(&app, deps.as_ref());
[INFO] [stdout]    |                   ^^^^^^^^^^---------------------
[INFO] [stdout]    |                   |
[INFO] [stdout]    |                   call expression requires function
[INFO] [stdout] 
[INFO] [stdout] 
[INFO] [stdout] error[E0433]: failed to resolve: use of undeclared crate or module `abstract_testing`
[INFO] [stdout]    --> src/apis/api.rs:101:28
[INFO] [stdout]     |
[INFO] [stdout] 101 |             deps.querier = abstract_testing::mock_querier();
[INFO] [stdout]     |                            ^^^^^^^^^^^^^^^^ use of undeclared crate or module `abstract_testing`
[INFO] [stdout] 
[INFO] [stdout] 
[INFO] [stdout] error[E0433]: failed to resolve: use of undeclared crate or module `abstract_testing`
[INFO] [stdout]    --> src/apis/api.rs:140:28
[INFO] [stdout]     |
[INFO] [stdout] 140 |             deps.querier = abstract_testing::mock_querier();
[INFO] [stdout]     |                            ^^^^^^^^^^^^^^^^ use of undeclared crate or module `abstract_testing`
[INFO] [stdout] 
[INFO] [stdout] 
[INFO] [stdout] error[E0433]: failed to resolve: use of undeclared crate or module `abstract_testing`
[INFO] [stdout]   --> src/apis/app.rs:80:24
[INFO] [stdout]    |
[INFO] [stdout] 80 |         deps.querier = abstract_testing::mock_querier();
[INFO] [stdout]    |                        ^^^^^^^^^^^^^^^^ use of undeclared crate or module `abstract_testing`
[INFO] [stdout] 
[INFO] [stdout] 
[INFO] [stdout] error[E0618]: expected function, found `impl FnOnce(&MockModule, Deps) -> AbstractSdkResult<T>`
[INFO] [stdout]   --> src/apis/app.rs:85:19
[INFO] [stdout]    |
[INFO] [stdout] 76 |         modules_fn: impl FnOnce(&MockModule, Deps) -> AbstractSdkResult<T>,
[INFO] [stdout]    |         ---------- `modules_fn` has type `impl FnOnce(&MockModule, Deps) -> AbstractSdkResult<T>`
[INFO] [stdout] ...
[INFO] [stdout] 85 |         let res = modules_fn(&app, deps.as_ref());
[INFO] [stdout]    |                   ^^^^^^^^^^---------------------
[INFO] [stdout]    |                   |
[INFO] [stdout]    |                   call expression requires function
[INFO] [stdout] 
[INFO] [stdout] 
[INFO] [stdout] error[E0433]: failed to resolve: use of undeclared crate or module `abstract_testing`
[INFO] [stdout]    --> src/apis/app.rs:112:28
[INFO] [stdout]     |
[INFO] [stdout] 112 |             deps.querier = abstract_testing::mock_querier();
[INFO] [stdout]     |                            ^^^^^^^^^^^^^^^^ use of undeclared crate or module `abstract_testing`
[INFO] [stdout] 
[INFO] [stdout] 
[INFO] [stdout] error[E0433]: failed to resolve: use of undeclared crate or module `abstract_testing`
[INFO] [stdout]    --> src/apis/app.rs:156:28
[INFO] [stdout]     |
[INFO] [stdout] 156 |             deps.querier = abstract_testing::mock_querier();
[INFO] [stdout]     |                            ^^^^^^^^^^^^^^^^ use of undeclared crate or module `abstract_testing`
[INFO] [stdout] 
[INFO] [stdout] 
[INFO] [stdout] error[E0433]: failed to resolve: use of undeclared crate or module `abstract_testing`
[INFO] [stdout]    --> src/apis/app.rs:200:28
[INFO] [stdout]     |
[INFO] [stdout] 200 |             deps.querier = abstract_testing::mock_querier();
[INFO] [stdout]     |                            ^^^^^^^^^^^^^^^^ use of undeclared crate or module `abstract_testing`
[INFO] [stdout] 
[INFO] [stdout] 
[INFO] [stdout] error[E0425]: cannot find function `mocked_account_querier_builder` in this scope
[INFO] [stdout]    --> src/apis/verify.rs:110:28
[INFO] [stdout]     |
[INFO] [stdout] 110 |             deps.querier = mocked_account_querier_builder()
[INFO] [stdout]     |                            ^^^^^^^^^^^^^^^^^^^^^^^^^^^^^^ not found in this scope
[INFO] [stdout] 
[INFO] [stdout] 
[INFO] [stdout] error[E0433]: failed to resolve: use of undeclared type `MockQuerierBuilder`
[INFO] [stdout]    --> src/apis/verify.rs:135:28
[INFO] [stdout]     |
[INFO] [stdout] 135 |             deps.querier = MockQuerierBuilder::default()
[INFO] [stdout]     |                            ^^^^^^^^^^^^^^^^^^ use of undeclared type `MockQuerierBuilder`
[INFO] [stdout] 
[INFO] [stdout] 
[INFO] [stdout] error[E0433]: failed to resolve: use of undeclared type `MockQuerierBuilder`
[INFO] [stdout]    --> src/apis/verify.rs:156:28
[INFO] [stdout]     |
[INFO] [stdout] 156 |             deps.querier = MockQuerierBuilder::default()
[INFO] [stdout]     |                            ^^^^^^^^^^^^^^^^^^ use of undeclared type `MockQuerierBuilder`
[INFO] [stdout] 
[INFO] [stdout] 
[INFO] [stdout] error[E0433]: failed to resolve: use of undeclared type `MockQuerierBuilder`
[INFO] [stdout]    --> src/apis/verify.rs:178:28
[INFO] [stdout]     |
[INFO] [stdout] 178 |             deps.querier = MockQuerierBuilder::default()
[INFO] [stdout]     |                            ^^^^^^^^^^^^^^^^^^ use of undeclared type `MockQuerierBuilder`
[INFO] [stdout] 
[INFO] [stdout] 
[INFO] [stdout] error[E0425]: cannot find function `mocked_account_querier_builder` in this scope
[INFO] [stdout]    --> src/apis/verify.rs:212:28
[INFO] [stdout]     |
[INFO] [stdout] 212 |             deps.querier = mocked_account_querier_builder()
[INFO] [stdout]     |                            ^^^^^^^^^^^^^^^^^^^^^^^^^^^^^^ not found in this scope
[INFO] [stdout] 
[INFO] [stdout] 
[INFO] [stdout] error[E0433]: failed to resolve: use of undeclared type `MockQuerierBuilder`
[INFO] [stdout]    --> src/apis/verify.rs:237:28
[INFO] [stdout]     |
[INFO] [stdout] 237 |             deps.querier = MockQuerierBuilder::default()
[INFO] [stdout]     |                            ^^^^^^^^^^^^^^^^^^ use of undeclared type `MockQuerierBuilder`
[INFO] [stdout] 
[INFO] [stdout] 
[INFO] [stdout] error[E0433]: failed to resolve: use of undeclared type `MockQuerierBuilder`
[INFO] [stdout]    --> src/apis/verify.rs:262:28
[INFO] [stdout]     |
[INFO] [stdout] 262 |             deps.querier = MockQuerierBuilder::default()
[INFO] [stdout]     |                            ^^^^^^^^^^^^^^^^^^ use of undeclared type `MockQuerierBuilder`
[INFO] [stdout] 
[INFO] [stdout] 
[INFO] [stdout] error[E0433]: failed to resolve: use of undeclared type `MockQuerierBuilder`
[INFO] [stdout]    --> src/apis/verify.rs:284:28
[INFO] [stdout]     |
[INFO] [stdout] 284 |             deps.querier = MockQuerierBuilder::default()
[INFO] [stdout]     |                            ^^^^^^^^^^^^^^^^^^ use of undeclared type `MockQuerierBuilder`
[INFO] [stdout] 
[INFO] [stdout] 
[INFO] [stdout] error[E0433]: failed to resolve: use of undeclared type `MockQuerierBuilder`
[INFO] [stdout]   --> src/base/features/identification.rs:72:28
[INFO] [stdout]    |
[INFO] [stdout] 72 |             deps.querier = MockQuerierBuilder::default()
[INFO] [stdout]    |                            ^^^^^^^^^^^^^^^^^^ use of undeclared type `MockQuerierBuilder`
[INFO] [stdout] 
[INFO] [stdout] 
[INFO] [stdout] error[E0433]: failed to resolve: use of undeclared type `MockQuerierBuilder`
[INFO] [stdout]   --> src/base/features/identification.rs:84:28
[INFO] [stdout]    |
[INFO] [stdout] 84 |             deps.querier = MockQuerierBuilder::default()
[INFO] [stdout]    |                            ^^^^^^^^^^^^^^^^^^ use of undeclared type `MockQuerierBuilder`
[INFO] [stdout] 
[INFO] [stdout] 
[INFO] [stdout] error[E0433]: failed to resolve: use of undeclared type `MockQuerierBuilder`
[INFO] [stdout]    --> src/base/features/identification.rs:102:28
[INFO] [stdout]     |
[INFO] [stdout] 102 |             deps.querier = MockQuerierBuilder::default()
[INFO] [stdout]     |                            ^^^^^^^^^^^^^^^^^^ use of undeclared type `MockQuerierBuilder`
[INFO] [stdout] 
[INFO] [stdout] 
[INFO] [stdout] warning: unused import: `super`
[INFO] [stdout]   --> src/apis/modules.rs:74:9
[INFO] [stdout]    |
[INFO] [stdout] 74 |     use super::*;
[INFO] [stdout]    |         ^^^^^
[INFO] [stdout]    |
[INFO] [stdout]    = note: `#[warn(unused_imports)]` on by default
[INFO] [stdout] 
[INFO] [stdout] 
[INFO] [stdout] error: aborting due to 155 previous errors; 1 warning emitted
[INFO] [stdout] 
[INFO] [stdout] 
[INFO] [stdout] Some errors have detailed explanations: E0412, E0422, E0425, E0432, E0433, E0618.
[INFO] [stdout] 
[INFO] [stdout] For more information about an error, try `rustc --explain E0412`.
[INFO] [stdout] 
[INFO] [stderr] error: could not compile `abstract-sdk` due to 156 previous errors; 1 warning emitted
[INFO] running `Command { std: "docker" "inspect" "d201c41b8392e37590cd91127bc9d502a604dd3cf3b1e2cc13bde26471b46260", kill_on_drop: false }`
[INFO] running `Command { std: "docker" "rm" "-f" "d201c41b8392e37590cd91127bc9d502a604dd3cf3b1e2cc13bde26471b46260", kill_on_drop: false }`
[INFO] [stdout] d201c41b8392e37590cd91127bc9d502a604dd3cf3b1e2cc13bde26471b46260
