[INFO] fetching crate abstract-app 0.14.3...
[INFO] testing abstract-app-0.14.3 against 1.69.0 for beta-1.70-1
[INFO] extracting crate abstract-app 0.14.3 into /workspace/builds/worker-5-tc1/source
[INFO] validating manifest of crates.io crate abstract-app 0.14.3 on toolchain 1.69.0
[INFO] running `Command { std: CARGO_HOME="/workspace/cargo-home" RUSTUP_HOME="/workspace/rustup-home" "/workspace/cargo-home/bin/cargo" "+1.69.0" "metadata" "--manifest-path" "Cargo.toml" "--no-deps", kill_on_drop: false }`
[INFO] started tweaking crates.io crate abstract-app 0.14.3
[INFO] finished tweaking crates.io crate abstract-app 0.14.3
[INFO] tweaked toml for crates.io crate abstract-app 0.14.3 written to /workspace/builds/worker-5-tc1/source/Cargo.toml
[INFO] running `Command { std: CARGO_HOME="/workspace/cargo-home" RUSTUP_HOME="/workspace/rustup-home" __CARGO_TEST_CHANNEL_OVERRIDE_DO_NOT_USE_THIS="nightly" "/workspace/cargo-home/bin/cargo" "+1.69.0" "generate-lockfile" "--manifest-path" "Cargo.toml" "-Zno-index-update", kill_on_drop: false }`
[INFO] running `Command { std: CARGO_HOME="/workspace/cargo-home" RUSTUP_HOME="/workspace/rustup-home" "/workspace/cargo-home/bin/cargo" "+1.69.0" "fetch" "--manifest-path" "Cargo.toml", kill_on_drop: false }`
[INFO] [stderr]  Downloading crates ...
[INFO] [stderr]   Downloaded thiserror-impl v1.0.40
[INFO] [stderr]   Downloaded num-complex v0.4.3
[INFO] [stderr]   Downloaded serde_derive v1.0.160
[INFO] [stderr]   Downloaded schemars v0.8.12
[INFO] [stderr]   Downloaded indenter v0.3.3
[INFO] [stderr]   Downloaded ibc-chain-registry v0.23.0
[INFO] [stderr]   Downloaded signature v1.6.4
[INFO] [stderr]   Downloaded block-buffer v0.10.4
[INFO] [stderr]   Downloaded generic-array v0.14.7
[INFO] [stderr]   Downloaded byteorder v1.4.3
[INFO] [stderr]   Downloaded windows_x86_64_msvc v0.42.2
[INFO] [stderr]   Downloaded tokio-rustls v0.22.0
[INFO] [stderr]   Downloaded subtle-ng v2.5.0
[INFO] [stderr]   Downloaded ed25519-consensus v2.1.0
[INFO] [stderr]   Downloaded safe-proc-macro2 v1.0.36
[INFO] [stderr]   Downloaded hkd32 v0.7.0
[INFO] [stderr]   Downloaded prost v0.9.0
[INFO] [stderr]   Downloaded bip32 v0.4.0
[INFO] [stderr]   Downloaded bech32 v0.9.1
[INFO] [stderr]   Downloaded hex_lit v0.1.1
[INFO] [stderr]   Downloaded cpufeatures v0.2.7
[INFO] [stderr]   Downloaded bitcoin v0.30.0
[INFO] [stderr]   Downloaded cw-semver v1.0.14
[INFO] [stderr]   Downloaded cw-ownable-derive v0.5.1
[INFO] [stderr]   Downloaded abstract-manager v0.14.3
[INFO] [stderr]   Downloaded abstract-version-control v0.14.3
[INFO] [stderr]   Downloaded abstract-account-factory v0.14.3
[INFO] [stderr]   Downloaded uuid v0.8.2
[INFO] [stderr]   Downloaded tendermint-config v0.30.0
[INFO] [stderr]   Downloaded hyper-rustls v0.22.1
[INFO] [stderr]   Downloaded safe-regex-macro v0.2.5
[INFO] [stderr]   Downloaded async-tungstenite v0.20.0
[INFO] [stderr]   Downloaded rand_chacha v0.2.2
[INFO] [stderr]   Downloaded rustversion v1.0.12
[INFO] [stderr]   Downloaded fixed-hash v0.8.0
[INFO] [stderr]   Downloaded darling_macro v0.14.4
[INFO] [stderr]   Downloaded ident_case v1.0.1
[INFO] [stderr]   Downloaded tracing-attributes v0.1.24
[INFO] [stderr]   Downloaded ripemd v0.1.3
[INFO] [stderr]   Downloaded const-oid v0.9.2
[INFO] [stderr]   Downloaded futures-macro v0.3.28
[INFO] [stderr]   Downloaded num-derive v0.3.3
[INFO] [stderr]   Downloaded time-macros v0.2.8
[INFO] [stderr]   Downloaded protobuf v2.28.0
[INFO] [stderr]   Downloaded headers-core v0.2.0
[INFO] [stderr]   Downloaded tokio-native-tls v0.3.1
[INFO] [stderr]   Downloaded utf-8 v0.7.6
[INFO] [stderr]   Downloaded sync_wrapper v0.1.2
[INFO] [stderr]   Downloaded base16 v0.2.1
[INFO] [stderr]   Downloaded abstract-ans-host v0.14.3
[INFO] [stderr]   Downloaded ed25519-dalek v1.0.1
[INFO] [stderr]   Downloaded derive_builder_core v0.12.0
[INFO] [stderr]   Downloaded derive_builder v0.12.0
[INFO] [stderr]   Downloaded prost-derive v0.9.0
[INFO] [stderr]   Downloaded convert_case v0.6.0
[INFO] [stderr]   Downloaded abstract-module-factory v0.14.3
[INFO] [stderr]   Downloaded subtle-encoding v0.5.1
[INFO] [stderr]   Downloaded abstract-ica v0.14.3
[INFO] [stderr]   Downloaded hyper-proxy v0.9.1
[INFO] [stderr]   Downloaded abstract-proxy v0.14.3
[INFO] [stderr]   Downloaded impl-serde v0.4.0
[INFO] [stderr]   Downloaded curve25519-dalek-ng v4.1.1
[INFO] [stderr]   Downloaded windows_x86_64_gnu v0.42.2
[INFO] [stderr]   Downloaded secp256k1-sys v0.8.1
[INFO] [stderr]   Downloaded sha3 v0.10.7
[INFO] [stderr]   Downloaded rustls-native-certs v0.5.0
[INFO] [stderr]   Downloaded rustls v0.19.1
[INFO] [stderr]   Downloaded windows_aarch64_msvc v0.42.2
[INFO] [stderr]   Downloaded derive_builder_macro v0.12.0
[INFO] [stderr]   Downloaded rand v0.7.3
[INFO] [stderr]   Downloaded webpki v0.21.4
[INFO] [stderr]   Downloaded curve25519-dalek v3.2.0
[INFO] [stderr]   Downloaded ed25519 v1.5.3
[INFO] [stderr]   Downloaded tokio v1.28.0
[INFO] [stderr]   Downloaded ics23 v0.9.0
[INFO] [stderr]   Downloaded sct v0.6.1
[INFO] [stderr]   Downloaded eyre v0.6.8
[INFO] [stderr]   Downloaded reqwest v0.11.17
[INFO] [stderr]   Downloaded tokio-util v0.7.8
[INFO] [stderr]   Downloaded darling_core v0.14.4
[INFO] [stderr]   Downloaded rand_hc v0.2.0
[INFO] [stderr]   Downloaded bs58 v0.4.0
[INFO] [stderr]   Downloaded darling v0.14.4
[INFO] [stderr]   Downloaded windows_i686_gnu v0.42.2
[INFO] [stderr]   Downloaded windows_i686_msvc v0.42.2
[INFO] [stderr]   Downloaded cosmwasm-schema v1.2.4
[INFO] [stderr]   Downloaded headers v0.3.8
[INFO] [stderr]   Downloaded prost-types v0.11.9
[INFO] [stderr]   Downloaded axum-core v0.3.4
[INFO] [stderr]   Downloaded axum v0.6.17
[INFO] [stderr]   Downloaded tonic v0.8.3
[INFO] [stderr]   Downloaded tungstenite v0.18.0
[INFO] [stderr]   Downloaded h2 v0.3.18
[INFO] [stderr]   Downloaded prost v0.11.9
[INFO] [stderr]   Downloaded crypto-bigint v0.4.9
[INFO] [stderr]   Downloaded safe-regex-compiler v0.2.5
[INFO] [stderr]   Downloaded tendermint v0.30.0
[INFO] [stderr]   Downloaded vcpkg v0.2.15
[INFO] [stderr]   Downloaded hyper-tls v0.5.0
[INFO] [stderr]   Downloaded sha256 v1.1.3
[INFO] [stderr]   Downloaded tower-layer v0.3.2
[INFO] [stderr]   Downloaded semver v1.0.17
[INFO] [stderr]   Downloaded cosmos-sdk-proto v0.17.0
[INFO] [stderr]   Downloaded safe-quote v1.0.15
[INFO] [stderr]   Downloaded futures-executor v0.3.28
[INFO] [stderr]   Downloaded itertools v0.10.5
[INFO] [stderr]   Downloaded async-stream v0.3.5
[INFO] [stderr]   Downloaded serde_repr v0.1.12
[INFO] [stderr]   Downloaded der v0.6.1
[INFO] [stderr]   Downloaded toml v0.5.11
[INFO] [stderr]   Downloaded time v0.3.20
[INFO] [stderr]   Downloaded instant v0.1.12
[INFO] [stderr]   Downloaded rfc6979 v0.3.1
[INFO] [stderr]   Downloaded ed25519-zebra v3.1.0
[INFO] [stderr]   Downloaded elliptic-curve v0.12.3
[INFO] [stderr]   Downloaded serde_bytes v0.11.9
[INFO] [stderr]   Downloaded redox_syscall v0.3.5
[INFO] [stderr]   Downloaded prost-derive v0.11.9
[INFO] [stderr]   Downloaded group v0.12.1
[INFO] [stderr]   Downloaded ff v0.12.1
[INFO] [stderr]   Downloaded num-rational v0.4.1
[INFO] [stderr]   Downloaded secp256k1 v0.27.0
[INFO] [stderr]   Downloaded tokio-stream v0.1.14
[INFO] [stderr]   Downloaded serde_derive_internals v0.26.0
[INFO] [stderr]   Downloaded wasi v0.9.0+wasi-snapshot-preview1
[INFO] [stderr]   Downloaded rand_core v0.5.1
[INFO] [stderr]   Downloaded keccak v0.1.3
[INFO] [stderr]   Downloaded k256 v0.11.6
[INFO] [stderr]   Downloaded spki v0.6.0
[INFO] [stderr]   Downloaded pkcs8 v0.9.0
[INFO] [stderr]   Downloaded sec1 v0.3.0
[INFO] [stderr]   Downloaded zeroize v1.6.0
[INFO] [stderr]   Downloaded static_assertions v1.1.0
[INFO] [stderr]   Downloaded uint v0.9.5
[INFO] [stderr]   Downloaded schemars_derive v0.8.12
[INFO] [stderr]   Downloaded pbkdf2 v0.11.0
[INFO] [stderr]   Downloaded primitive-types v0.12.1
[INFO] [stderr]   Downloaded serde-json-wasm v0.5.1
[INFO] [stderr]   Downloaded speculoos v0.11.0
[INFO] [stderr]   Downloaded bitcoin-private v0.1.0
[INFO] [stderr]   Downloaded async-trait v0.1.68
[INFO] [stderr]   Downloaded hyper v0.14.26
[INFO] [stderr]   Downloaded getrandom v0.2.9
[INFO] [stderr]   Downloaded opaque-debug v0.3.0
[INFO] [stderr]   Downloaded thiserror v1.0.40
[INFO] [stderr]   Downloaded ct-logs v0.8.0
[INFO] [stderr]   Downloaded webpki-roots v0.21.1
[INFO] [stderr]   Downloaded peg-runtime v0.7.0
[INFO] [stderr]   Downloaded num v0.4.0
[INFO] [stderr]   Downloaded peg-macros v0.7.0
[INFO] [stderr]   Downloaded peg v0.7.0
[INFO] [stderr]   Downloaded flex-error v0.4.4
[INFO] [stderr]   Downloaded tendermint-proto v0.30.0
[INFO] [stderr]   Downloaded matchit v0.7.0
[INFO] [stderr]   Downloaded cw-address-like v1.0.4
[INFO] [stderr]   Downloaded tendermint-rpc v0.30.0
[INFO] [stderr]   Downloaded either v1.8.1
[INFO] [stderr]   Downloaded async-stream-impl v0.3.5
[INFO] [stderr]   Downloaded hyper-timeout v0.4.1
[INFO] [stderr]   Downloaded cw-asset v3.0.0
[INFO] [stderr]   Downloaded abstract-boot v0.14.3
[INFO] [stderr]   Downloaded tokio-io-timeout v1.2.0
[INFO] [stderr]   Downloaded windows-targets v0.42.2
[INFO] [stderr]   Downloaded tower v0.4.13
[INFO] [stderr]   Downloaded block-buffer v0.9.0
[INFO] [stderr]   Downloaded getrandom v0.1.16
[INFO] [stderr]   Downloaded abstract-macros v0.14.3
[INFO] [stderr]   Downloaded abstract-sdk v0.14.3
[INFO] [stderr]   Downloaded cw-ownable v0.5.1
[INFO] [stderr]   Downloaded socket2 v0.4.9
[INFO] [stderr]   Downloaded tokio-macros v2.1.0
[INFO] [stderr]   Downloaded cw20-base v1.0.1
[INFO] [stderr]   Downloaded abstract-testing v0.14.3
[INFO] [stderr]   Downloaded sha2 v0.9.9
[INFO] [stderr]   Downloaded abstract-core v0.14.3
[INFO] [stderr]   Downloaded digest v0.9.0
[INFO] [stderr]   Downloaded base64ct v1.6.0
[INFO] [stderr]   Downloaded boot-fns-derive v0.10.0
[INFO] [stderr]   Downloaded boot-contract-derive v0.10.0
[INFO] [stderr]   Downloaded cosmrs v0.12.0
[INFO] [stderr]   Downloaded dyn-clone v1.0.11
[INFO] [stderr]   Downloaded cw-multi-test v0.16.4
[INFO] [stderr]   Downloaded bitcoin_hashes v0.12.0
[INFO] [stderr]   Downloaded boot-core v0.10.0
[INFO] [stderr]   Downloaded cw20 v1.0.1
[INFO] [stderr]   Downloaded cw-utils v1.0.1
[INFO] [stderr]   Downloaded cw-controllers v1.0.1
[INFO] [stderr]   Downloaded cosmwasm-schema-derive v1.2.4
[INFO] [stderr]   Downloaded cosmwasm-crypto v1.2.4
[INFO] [stderr]   Downloaded ibc-proto v0.28.0
[INFO] [stderr]   Downloaded tendermint-light-client-verifier v0.30.0
[INFO] [stderr]   Downloaded ecdsa v0.14.8
[INFO] [stderr]   Downloaded base16ct v0.1.1
[INFO] [stderr]   Downloaded erased-serde v0.3.25
[INFO] [stderr]   Downloaded ibc-relayer-types v0.23.0
[INFO] [stderr]   Downloaded zeroize_derive v1.4.2
[INFO] [stderr]   Downloaded forward_ref v1.0.0
[INFO] [stderr]   Downloaded safe-regex v0.2.5
[INFO] [stderr]   Downloaded paste v1.0.12
[INFO] [stderr]   Downloaded cosmwasm-derive v1.2.4
[INFO] [stderr]   Downloaded cosmwasm-std v1.2.4
[INFO] [stderr]   Downloaded cw2 v1.0.1
[INFO] [stderr]   Downloaded cw-storage-plus v1.0.1
[INFO] [stderr]   Downloaded derivative v2.2.0
[INFO] [stderr]   Downloaded futures v0.3.28
[INFO] [stderr]   Downloaded mio v0.8.6
[INFO] [stderr]   Downloaded windows_aarch64_gnullvm v0.42.2
[INFO] [stderr]   Downloaded windows_x86_64_gnullvm v0.42.2
[INFO] [stderr]   Downloaded crunchy v0.2.2
[INFO] [stderr]   Downloaded serde_json v1.0.96
[INFO] [stderr]   Downloaded num-iter v0.1.43
[INFO] running `Command { std: "docker" "create" "-v" "/var/lib/crater-agent-workspace/builds/worker-5-tc1/target:/opt/rustwide/target:rw,Z" "-v" "/var/lib/crater-agent-workspace/builds/worker-5-tc1/source:/opt/rustwide/workdir:ro,Z" "-v" "/var/lib/crater-agent-workspace/cargo-home:/opt/rustwide/cargo-home:ro,Z" "-v" "/var/lib/crater-agent-workspace/rustup-home:/opt/rustwide/rustup-home:ro,Z" "-e" "SOURCE_DIR=/opt/rustwide/workdir" "-e" "CARGO_TARGET_DIR=/opt/rustwide/target" "-e" "CARGO_HOME=/opt/rustwide/cargo-home" "-e" "RUSTUP_HOME=/opt/rustwide/rustup-home" "-w" "/opt/rustwide/workdir" "-m" "1610612736" "--user" "0:0" "--network" "none" "ghcr.io/rust-lang/crates-build-env/linux@sha256:5ff2268d62e97bff2cde7d5815dd6ed5b47097566f13b8d0ca110b04b60e07ed" "/opt/rustwide/cargo-home/bin/cargo" "+1.69.0" "metadata" "--no-deps" "--format-version=1", kill_on_drop: false }`
[INFO] [stdout] c0a0579073e2dfe76b3d0e520df8696f3318ce098f1c4b24eb49b2364e1187ad
[INFO] running `Command { std: "docker" "start" "-a" "c0a0579073e2dfe76b3d0e520df8696f3318ce098f1c4b24eb49b2364e1187ad", kill_on_drop: false }`
[INFO] running `Command { std: "docker" "inspect" "c0a0579073e2dfe76b3d0e520df8696f3318ce098f1c4b24eb49b2364e1187ad", kill_on_drop: false }`
[INFO] running `Command { std: "docker" "rm" "-f" "c0a0579073e2dfe76b3d0e520df8696f3318ce098f1c4b24eb49b2364e1187ad", kill_on_drop: false }`
[INFO] [stdout] c0a0579073e2dfe76b3d0e520df8696f3318ce098f1c4b24eb49b2364e1187ad
[INFO] running `Command { std: "docker" "create" "-v" "/var/lib/crater-agent-workspace/builds/worker-5-tc1/target:/opt/rustwide/target:rw,Z" "-v" "/var/lib/crater-agent-workspace/builds/worker-5-tc1/source:/opt/rustwide/workdir:ro,Z" "-v" "/var/lib/crater-agent-workspace/cargo-home:/opt/rustwide/cargo-home:ro,Z" "-v" "/var/lib/crater-agent-workspace/rustup-home:/opt/rustwide/rustup-home:ro,Z" "-e" "SOURCE_DIR=/opt/rustwide/workdir" "-e" "CARGO_TARGET_DIR=/opt/rustwide/target" "-e" "CARGO_INCREMENTAL=0" "-e" "RUST_BACKTRACE=full" "-e" "RUSTFLAGS=--cap-lints=warn" "-e" "RUSTDOCFLAGS=--cap-lints=warn" "-e" "CARGO_HOME=/opt/rustwide/cargo-home" "-e" "RUSTUP_HOME=/opt/rustwide/rustup-home" "-w" "/opt/rustwide/workdir" "-m" "1610612736" "--user" "0:0" "--network" "none" "ghcr.io/rust-lang/crates-build-env/linux@sha256:5ff2268d62e97bff2cde7d5815dd6ed5b47097566f13b8d0ca110b04b60e07ed" "/opt/rustwide/cargo-home/bin/cargo" "+1.69.0" "build" "--frozen" "--message-format=json", kill_on_drop: false }`
[INFO] [stdout] 2526f82ea0952ead2b83defce9e815827be52c084cd7e9be5e609914462bc96d
[INFO] running `Command { std: "docker" "start" "-a" "2526f82ea0952ead2b83defce9e815827be52c084cd7e9be5e609914462bc96d", kill_on_drop: false }`
[INFO] [stderr]    Compiling version_check v0.9.4
[INFO] [stderr]    Compiling proc-macro2 v1.0.56
[INFO] [stderr]    Compiling unicode-ident v1.0.8
[INFO] [stderr]    Compiling quote v1.0.26
[INFO] [stderr]    Compiling typenum v1.16.0
[INFO] [stderr]    Compiling libc v0.2.142
[INFO] [stderr]    Compiling cfg-if v1.0.0
[INFO] [stderr]    Compiling subtle v2.4.1
[INFO] [stderr]    Compiling zeroize v1.6.0
[INFO] [stderr]    Compiling syn v1.0.109
[INFO] [stderr]    Compiling serde_derive v1.0.160
[INFO] [stderr]    Compiling serde v1.0.160
[INFO] [stderr]    Compiling generic-array v0.14.7
[INFO] [stderr]    Compiling const-oid v0.9.2
[INFO] [stderr]    Compiling der v0.6.1
[INFO] [stderr]    Compiling base64ct v1.6.0
[INFO] [stderr]    Compiling ahash v0.7.6
[INFO] [stderr]    Compiling cpufeatures v0.2.7
[INFO] [stderr]    Compiling base16ct v0.1.1
[INFO] [stderr]    Compiling byteorder v1.4.3
[INFO] [stderr]    Compiling thiserror v1.0.40
[INFO] [stderr]    Compiling syn v2.0.15
[INFO] [stderr]    Compiling getrandom v0.2.9
[INFO] [stderr]    Compiling serde_json v1.0.96
[INFO] [stderr]    Compiling once_cell v1.17.1
[INFO] [stderr]    Compiling rand_core v0.6.4
[INFO] [stderr]    Compiling spki v0.6.0
[INFO] [stderr]    Compiling pkcs8 v0.9.0
[INFO] [stderr]    Compiling ff v0.12.1
[INFO] [stderr]    Compiling group v0.12.1
[INFO] [stderr]    Compiling ryu v1.0.13
[INFO] [stderr]    Compiling rand_core v0.5.1
[INFO] [stderr]    Compiling opaque-debug v0.3.0
[INFO] [stderr]    Compiling schemars v0.8.12
[INFO] [stderr]    Compiling itoa v1.0.6
[INFO] [stderr]    Compiling crunchy v0.2.2
[INFO] [stderr]    Compiling hex v0.4.3
[INFO] [stderr]    Compiling hashbrown v0.12.3
[INFO] [stderr]    Compiling dyn-clone v1.0.11
[INFO] [stderr]    Compiling crypto-common v0.1.6
[INFO] [stderr]    Compiling block-buffer v0.10.4
[INFO] [stderr]    Compiling crypto-bigint v0.4.9
[INFO] [stderr]    Compiling sec1 v0.3.0
[INFO] [stderr]    Compiling digest v0.9.0
[INFO] [stderr]    Compiling block-buffer v0.9.0
[INFO] [stderr]    Compiling digest v0.10.6
[INFO] [stderr]    Compiling sha2 v0.9.9
[INFO] [stderr]    Compiling curve25519-dalek v3.2.0
[INFO] [stderr]    Compiling hmac v0.12.1
[INFO] [stderr]    Compiling signature v1.6.4
[INFO] [stderr]    Compiling sha2 v0.10.6
[INFO] [stderr]    Compiling static_assertions v1.1.0
[INFO] [stderr]    Compiling uint v0.9.5
[INFO] [stderr]    Compiling forward_ref v1.0.0
[INFO] [stderr]    Compiling base64 v0.13.1
[INFO] [stderr]    Compiling semver v1.0.17
[INFO] [stderr]    Compiling cw-semver v1.0.14
[INFO] [stderr]    Compiling rfc6979 v0.3.1
[INFO] [stderr]    Compiling elliptic-curve v0.12.3
[INFO] [stderr]    Compiling ecdsa v0.14.8
[INFO] [stderr]    Compiling thiserror-impl v1.0.40
[INFO] [stderr]    Compiling k256 v0.11.6
[INFO] [stderr]    Compiling serde_derive_internals v0.26.0
[INFO] [stderr]    Compiling schemars_derive v0.8.12
[INFO] [stderr]    Compiling derivative v2.2.0
[INFO] [stderr]    Compiling cosmwasm-derive v1.2.4
[INFO] [stderr]    Compiling cosmwasm-schema-derive v1.2.4
[INFO] [stderr]    Compiling cw-ownable-derive v0.5.1
[INFO] [stderr]    Compiling abstract-macros v0.14.3
[INFO] [stderr]    Compiling ed25519-zebra v3.1.0
[INFO] [stderr]    Compiling serde-json-wasm v0.5.1
[INFO] [stderr]    Compiling cosmwasm-crypto v1.2.4
[INFO] [stderr]    Compiling cosmwasm-std v1.2.4
[INFO] [stderr]    Compiling cosmwasm-schema v1.2.4
[INFO] [stderr]    Compiling cw-storage-plus v1.0.1
[INFO] [stderr]    Compiling cw-address-like v1.0.4
[INFO] [stderr]    Compiling abstract-ica v0.14.3
[INFO] [stderr]    Compiling cw2 v1.0.1
[INFO] [stderr]    Compiling cw-utils v1.0.1
[INFO] [stderr]    Compiling cw20 v1.0.1
[INFO] [stderr]    Compiling cw-ownable v0.5.1
[INFO] [stderr]    Compiling cw-controllers v1.0.1
[INFO] [stderr]    Compiling cw-asset v3.0.0
[INFO] [stderr]    Compiling cw20-base v1.0.1
[INFO] [stderr]    Compiling abstract-core v0.14.3
[INFO] [stderr]    Compiling abstract-sdk v0.14.3
[INFO] [stderr]    Compiling abstract-app v0.14.3 (/opt/rustwide/workdir)
[INFO] [stderr]     Finished dev [unoptimized + debuginfo] target(s) in 51.45s
[INFO] running `Command { std: "docker" "inspect" "2526f82ea0952ead2b83defce9e815827be52c084cd7e9be5e609914462bc96d", kill_on_drop: false }`
[INFO] running `Command { std: "docker" "rm" "-f" "2526f82ea0952ead2b83defce9e815827be52c084cd7e9be5e609914462bc96d", kill_on_drop: false }`
[INFO] [stdout] 2526f82ea0952ead2b83defce9e815827be52c084cd7e9be5e609914462bc96d
[INFO] running `Command { std: "docker" "create" "-v" "/var/lib/crater-agent-workspace/builds/worker-5-tc1/target:/opt/rustwide/target:rw,Z" "-v" "/var/lib/crater-agent-workspace/builds/worker-5-tc1/source:/opt/rustwide/workdir:ro,Z" "-v" "/var/lib/crater-agent-workspace/cargo-home:/opt/rustwide/cargo-home:ro,Z" "-v" "/var/lib/crater-agent-workspace/rustup-home:/opt/rustwide/rustup-home:ro,Z" "-e" "SOURCE_DIR=/opt/rustwide/workdir" "-e" "CARGO_TARGET_DIR=/opt/rustwide/target" "-e" "CARGO_INCREMENTAL=0" "-e" "RUST_BACKTRACE=full" "-e" "RUSTFLAGS=--cap-lints=warn" "-e" "RUSTDOCFLAGS=--cap-lints=warn" "-e" "CARGO_HOME=/opt/rustwide/cargo-home" "-e" "RUSTUP_HOME=/opt/rustwide/rustup-home" "-w" "/opt/rustwide/workdir" "-m" "1610612736" "--user" "0:0" "--network" "none" "ghcr.io/rust-lang/crates-build-env/linux@sha256:5ff2268d62e97bff2cde7d5815dd6ed5b47097566f13b8d0ca110b04b60e07ed" "/opt/rustwide/cargo-home/bin/cargo" "+1.69.0" "test" "--frozen" "--no-run" "--message-format=json", kill_on_drop: false }`
[INFO] [stdout] 6ab17ba4f71f69a1e760335f8ee5bdfc59beba67d6c82b724bd8a2a435b4f16e
[INFO] running `Command { std: "docker" "start" "-a" "6ab17ba4f71f69a1e760335f8ee5bdfc59beba67d6c82b724bd8a2a435b4f16e", kill_on_drop: false }`
[INFO] [stderr]     Blocking waiting for file lock on package cache
[INFO] [stderr]    Compiling autocfg v1.1.0
[INFO] [stderr]    Compiling num-traits v0.2.15
[INFO] [stderr]    Compiling num-integer v0.1.45
[INFO] [stderr]    Compiling num-bigint v0.4.3
[INFO] [stderr]    Compiling num-iter v0.1.43
[INFO] [stderr]    Compiling num-rational v0.4.1
[INFO] [stderr]    Compiling num-complex v0.4.3
[INFO] [stderr]    Compiling num v0.4.0
[INFO] [stderr]    Compiling speculoos v0.11.0
[INFO] [stderr]    Compiling abstract-app v0.14.3 (/opt/rustwide/workdir)
[INFO] [stdout] error[E0432]: unresolved import `crate::mock`
[INFO] [stdout]    --> src/endpoints/execute.rs:113:16
[INFO] [stdout]     |
[INFO] [stdout] 113 |     use crate::mock::*;
[INFO] [stdout]     |                ^^^^ could not find `mock` in the crate root
[INFO] [stdout] 
[INFO] [stdout] 
[INFO] [stdout] error[E0432]: unresolved import `crate::mock`
[INFO] [stdout]   --> src/endpoints/instantiate.rs:84:16
[INFO] [stdout]    |
[INFO] [stdout] 84 |     use crate::mock::*;
[INFO] [stdout]    |                ^^^^ could not find `mock` in the crate root
[INFO] [stdout] 
[INFO] [stdout] 
[INFO] [stdout] error[E0432]: unresolved import `crate::mock`
[INFO] [stdout]   --> src/endpoints/query.rs:83:16
[INFO] [stdout]    |
[INFO] [stdout] 83 |     use crate::mock::*;
[INFO] [stdout]    |                ^^^^ could not find `mock` in the crate root
[INFO] [stdout] 
[INFO] [stdout] 
[INFO] [stdout] error[E0432]: unresolved import `crate::mock`
[INFO] [stdout]   --> src/endpoints.rs:98:16
[INFO] [stdout]    |
[INFO] [stdout] 98 |     use crate::mock::*;
[INFO] [stdout]    |                ^^^^ could not find `mock` in the crate root
[INFO] [stdout] 
[INFO] [stdout] 
[INFO] [stdout] error[E0433]: failed to resolve: use of undeclared crate or module `abstract_testing`
[INFO] [stdout]    --> src/endpoints/execute.rs:114:9
[INFO] [stdout]     |
[INFO] [stdout] 114 |     use abstract_testing::prelude::TEST_MANAGER;
[INFO] [stdout]     |         ^^^^^^^^^^^^^^^^ use of undeclared crate or module `abstract_testing`
[INFO] [stdout] 
[INFO] [stdout] 
[INFO] [stdout] error[E0433]: failed to resolve: use of undeclared crate or module `abstract_testing`
[INFO] [stdout]    --> src/endpoints/execute.rs:148:13
[INFO] [stdout]     |
[INFO] [stdout] 148 |         use abstract_testing::prelude::TEST_ANS_HOST;
[INFO] [stdout]     |             ^^^^^^^^^^^^^^^^ use of undeclared crate or module `abstract_testing`
[INFO] [stdout] 
[INFO] [stdout] 
[INFO] [stdout] error[E0433]: failed to resolve: use of undeclared crate or module `abstract_testing`
[INFO] [stdout]   --> src/endpoints/instantiate.rs:87:9
[INFO] [stdout]    |
[INFO] [stdout] 87 |     use abstract_testing::prelude::{TEST_ANS_HOST, TEST_MODULE_FACTORY};
[INFO] [stdout]    |         ^^^^^^^^^^^^^^^^ use of undeclared crate or module `abstract_testing`
[INFO] [stdout] 
[INFO] [stdout] 
[INFO] [stdout] error[E0433]: failed to resolve: use of undeclared crate or module `abstract_testing`
[INFO] [stdout]    --> src/endpoints/query.rs:139:13
[INFO] [stdout]     |
[INFO] [stdout] 139 |         use abstract_testing::prelude::{TEST_ANS_HOST, TEST_MANAGER, TEST_PROXY};
[INFO] [stdout]     |             ^^^^^^^^^^^^^^^^ use of undeclared crate or module `abstract_testing`
[INFO] [stdout] 
[INFO] [stdout] 
[INFO] [stdout] error[E0433]: failed to resolve: use of undeclared crate or module `abstract_testing`
[INFO] [stdout]   --> src/endpoints.rs:91:9
[INFO] [stdout]    |
[INFO] [stdout] 91 |     use abstract_testing::prelude::{TEST_ADMIN, TEST_ANS_HOST};
[INFO] [stdout]    |         ^^^^^^^^^^^^^^^^ use of undeclared crate or module `abstract_testing`
[INFO] [stdout] 
[INFO] [stdout] 
[INFO] [stdout] error[E0433]: failed to resolve: use of undeclared crate or module `abstract_testing`
[INFO] [stdout]   --> src/features.rs:61:9
[INFO] [stdout]    |
[INFO] [stdout] 61 |     use abstract_testing::prelude::{TEST_ANS_HOST, TEST_MODULE_ID, TEST_PROXY};
[INFO] [stdout]    |         ^^^^^^^^^^^^^^^^ use of undeclared crate or module `abstract_testing`
[INFO] [stdout] 
[INFO] [stdout] 
[INFO] [stdout] error[E0432]: unresolved imports `crate::mock`, `abstract_testing::prelude::TEST_MANAGER`, `abstract_testing::prelude::TEST_ANS_HOST`, `abstract_testing::prelude::TEST_ANS_HOST`, `abstract_testing::prelude::TEST_MODULE_FACTORY`, `abstract_testing::prelude::TEST_ANS_HOST`, `abstract_testing::prelude::TEST_MANAGER`, `abstract_testing::prelude::TEST_PROXY`, `abstract_testing::prelude::TEST_ADMIN`, `abstract_testing::prelude::TEST_ANS_HOST`, `abstract_testing::prelude::TEST_ANS_HOST`, `abstract_testing::prelude::TEST_MODULE_ID`, `abstract_testing::prelude::TEST_PROXY`
[INFO] [stdout]     |
[INFO] [stdout]    ::: src/features.rs:61:37
[INFO] [stdout]     |
[INFO] [stdout] 61  |     use abstract_testing::prelude::{TEST_ANS_HOST, TEST_MODULE_ID, TEST_PROXY};
[INFO] [stdout]     |                                     ^^^^^^^^^^^^^  ^^^^^^^^^^^^^^  ^^^^^^^^^^
[INFO] [stdout] ...
[INFO] [stdout] 64  |     use crate::mock::*;
[INFO] [stdout]     |                ^^^^ could not find `mock` in the crate root
[INFO] [stdout]    --> src/endpoints.rs:91:37
[INFO] [stdout]     |
[INFO] [stdout] 91  |     use abstract_testing::prelude::{TEST_ADMIN, TEST_ANS_HOST};
[INFO] [stdout]     |                                     ^^^^^^^^^^  ^^^^^^^^^^^^^
[INFO] [stdout]     |
[INFO] [stdout]    ::: src/endpoints/execute.rs:114:9
[INFO] [stdout]     |
[INFO] [stdout] 114 |     use abstract_testing::prelude::TEST_MANAGER;
[INFO] [stdout]     |         ^^^^^^^^^^^^^^^^^^^^^^^^^^^^^^^^^^^^^^^
[INFO] [stdout] ...
[INFO] [stdout] 148 |         use abstract_testing::prelude::TEST_ANS_HOST;
[INFO] [stdout]     |             ^^^^^^^^^^^^^^^^^^^^^^^^^^^^^^^^^^^^^^^^
[INFO] [stdout]     |
[INFO] [stdout]    ::: src/endpoints/instantiate.rs:87:37
[INFO] [stdout]     |
[INFO] [stdout] 87  |     use abstract_testing::prelude::{TEST_ANS_HOST, TEST_MODULE_FACTORY};
[INFO] [stdout]     |                                     ^^^^^^^^^^^^^  ^^^^^^^^^^^^^^^^^^^
[INFO] [stdout]     |
[INFO] [stdout]    ::: src/endpoints/query.rs:139:41
[INFO] [stdout]     |
[INFO] [stdout] 139 |         use abstract_testing::prelude::{TEST_ANS_HOST, TEST_MANAGER, TEST_PROXY};
[INFO] [stdout]     |                                         ^^^^^^^^^^^^^  ^^^^^^^^^^^^  ^^^^^^^^^^
[INFO] [stdout] 
[INFO] [stdout] 
[INFO] [stdout] error[E0433]: failed to resolve: use of undeclared type `MockError`
[INFO] [stdout]    --> src/endpoints/execute.rs:140:17
[INFO] [stdout]     |
[INFO] [stdout] 140 |                 MockError::DappError(AppError::Admin(AdminError::NotAdmin {}))
[INFO] [stdout]     |                 ^^^^^^^^^ use of undeclared type `MockError`
[INFO] [stdout] 
[INFO] [stdout] 
[INFO] [stdout] error[E0433]: failed to resolve: use of undeclared type `MockError`
[INFO] [stdout]    --> src/endpoints/query.rs:108:25
[INFO] [stdout]     |
[INFO] [stdout] 108 |                         MockError::AbstractSdk(AbstractSdkError::MissingHandler { .. })
[INFO] [stdout]     |                         ^^^^^^^^^ use of undeclared type `MockError`
[INFO] [stdout] 
[INFO] [stdout] 
[INFO] [stdout] error[E0433]: failed to resolve: use of undeclared crate or module `app`
[INFO] [stdout]    --> src/endpoints.rs:107:24
[INFO] [stdout]     |
[INFO] [stdout] 107 |         let init_msg = app::InstantiateMsg {
[INFO] [stdout]     |                        ^^^ use of undeclared crate or module `app`
[INFO] [stdout] 
[INFO] [stdout] 
[INFO] [stdout] error[E0433]: failed to resolve: use of undeclared crate or module `app`
[INFO] [stdout]    --> src/endpoints.rs:108:19
[INFO] [stdout]     |
[INFO] [stdout] 108 |             base: app::BaseInstantiateMsg {
[INFO] [stdout]     |                   ^^^ use of undeclared crate or module `app`
[INFO] [stdout] 
[INFO] [stdout] 
[INFO] [stdout] error[E0433]: failed to resolve: use of undeclared crate or module `app`
[INFO] [stdout]    --> src/endpoints.rs:150:27
[INFO] [stdout]     |
[INFO] [stdout] 150 |         let migrate_msg = app::MigrateMsg {
[INFO] [stdout]     |                           ^^^ use of undeclared crate or module `app`
[INFO] [stdout] 
[INFO] [stdout] 
[INFO] [stdout] error[E0433]: failed to resolve: use of undeclared crate or module `app`
[INFO] [stdout]    --> src/endpoints.rs:151:19
[INFO] [stdout]     |
[INFO] [stdout] 151 |             base: app::BaseMigrateMsg {},
[INFO] [stdout]     |                   ^^^ use of undeclared crate or module `app`
[INFO] [stdout] 
[INFO] [stdout] 
[INFO] [stdout] error[E0412]: cannot find type `MockExecMsg` in this scope
[INFO] [stdout]    --> src/endpoints/execute.rs:119:37
[INFO] [stdout]     |
[INFO] [stdout] 119 |     type AppExecuteMsg = ExecuteMsg<MockExecMsg, MockReceiveMsg>;
[INFO] [stdout]     |                                     ^^^^^^^^^^^ not found in this scope
[INFO] [stdout]     |
[INFO] [stdout] help: you might be missing a type parameter
[INFO] [stdout]     |
[INFO] [stdout] 119 |     type AppExecuteMsg<MockExecMsg> = ExecuteMsg<MockExecMsg, MockReceiveMsg>;
[INFO] [stdout]     |                       +++++++++++++
[INFO] [stdout] 
[INFO] [stdout] 
[INFO] [stdout] error[E0412]: cannot find type `MockReceiveMsg` in this scope
[INFO] [stdout]    --> src/endpoints/execute.rs:119:50
[INFO] [stdout]     |
[INFO] [stdout] 119 |     type AppExecuteMsg = ExecuteMsg<MockExecMsg, MockReceiveMsg>;
[INFO] [stdout]     |                                                  ^^^^^^^^^^^^^^ not found in this scope
[INFO] [stdout]     |
[INFO] [stdout] help: you might be missing a type parameter
[INFO] [stdout]     |
[INFO] [stdout] 119 |     type AppExecuteMsg<MockReceiveMsg> = ExecuteMsg<MockExecMsg, MockReceiveMsg>;
[INFO] [stdout]     |                       ++++++++++++++++
[INFO] [stdout] 
[INFO] [stdout] 
[INFO] [stdout] error[E0412]: cannot find type `MockError` in this scope
[INFO] [stdout]    --> src/endpoints/execute.rs:121:88
[INFO] [stdout]     |
[INFO] [stdout] 121 |     fn execute_as(deps: DepsMut, sender: &str, msg: AppExecuteMsg) -> Result<Response, MockError> {
[INFO] [stdout]     |                                                                                        ^^^^^^^^^ not found in this scope
[INFO] [stdout]     |
[INFO] [stdout] help: you might be missing a type parameter
[INFO] [stdout]     |
[INFO] [stdout] 121 |     fn execute_as<MockError>(deps: DepsMut, sender: &str, msg: AppExecuteMsg) -> Result<Response, MockError> {
[INFO] [stdout]     |                  +++++++++++
[INFO] [stdout] 
[INFO] [stdout] 
[INFO] [stdout] error[E0425]: cannot find function `mock_info` in this scope
[INFO] [stdout]    --> src/endpoints/execute.rs:122:20
[INFO] [stdout]     |
[INFO] [stdout] 122 |         let info = mock_info(sender, &[]);
[INFO] [stdout]     |                    ^^^^^^^^^ not found in this scope
[INFO] [stdout]     |
[INFO] [stdout] help: consider importing this function
[INFO] [stdout]     |
[INFO] [stdout] 112 |     use cosmwasm_std::testing::mock_info;
[INFO] [stdout]     |
[INFO] [stdout] 
[INFO] [stdout] 
[INFO] [stdout] error[E0425]: cannot find value `MOCK_APP` in this scope
[INFO] [stdout]    --> src/endpoints/execute.rs:123:9
[INFO] [stdout]     |
[INFO] [stdout] 123 |         MOCK_APP.execute(deps, mock_env(), info, msg)
[INFO] [stdout]     |         ^^^^^^^^ not found in this scope
[INFO] [stdout] 
[INFO] [stdout] 
[INFO] [stdout] error[E0425]: cannot find function `mock_env` in this scope
[INFO] [stdout]    --> src/endpoints/execute.rs:123:32
[INFO] [stdout]     |
[INFO] [stdout] 123 |         MOCK_APP.execute(deps, mock_env(), info, msg)
[INFO] [stdout]     |                                ^^^^^^^^ not found in this scope
[INFO] [stdout]     |
[INFO] [stdout] help: consider importing this function
[INFO] [stdout]     |
[INFO] [stdout] 112 |     use cosmwasm_std::testing::mock_env;
[INFO] [stdout]     |
[INFO] [stdout] 
[INFO] [stdout] 
[INFO] [stdout] error[E0412]: cannot find type `MockError` in this scope
[INFO] [stdout]    --> src/endpoints/execute.rs:126:82
[INFO] [stdout]     |
[INFO] [stdout] 126 |     fn execute_as_manager(deps: DepsMut, msg: AppExecuteMsg) -> Result<Response, MockError> {
[INFO] [stdout]     |                                                                                  ^^^^^^^^^ not found in this scope
[INFO] [stdout]     |
[INFO] [stdout] help: you might be missing a type parameter
[INFO] [stdout]     |
[INFO] [stdout] 126 |     fn execute_as_manager<MockError>(deps: DepsMut, msg: AppExecuteMsg) -> Result<Response, MockError> {
[INFO] [stdout]     |                          +++++++++++
[INFO] [stdout] 
[INFO] [stdout] 
[INFO] [stdout] error[E0412]: cannot find type `AppTestResult` in this scope
[INFO] [stdout]    --> src/endpoints/execute.rs:130:50
[INFO] [stdout]     |
[INFO] [stdout] 130 |     fn test_only_manager(_msg: AppExecuteMsg) -> AppTestResult {
[INFO] [stdout]     |                                                  ^^^^^^^^^^^^^ help: a type alias with a similar name exists: `AppResult`
[INFO] [stdout]     |
[INFO] [stdout]    ::: src/lib.rs:12:1
[INFO] [stdout]     |
[INFO] [stdout] 12  | pub type AppResult<C = Empty> = Result<Response<C>, AppError>;
[INFO] [stdout]     | -------------------------------------------------------------- similarly named type alias `AppResult` defined here
[INFO] [stdout] 
[INFO] [stdout] 
[INFO] [stdout] error[E0412]: cannot find type `AppTestResult` in this scope
[INFO] [stdout]    --> src/endpoints/execute.rs:151:30
[INFO] [stdout]     |
[INFO] [stdout] 151 |         fn only_manager() -> AppTestResult {
[INFO] [stdout]     |                              ^^^^^^^^^^^^^ help: a type alias with a similar name exists: `AppResult`
[INFO] [stdout]     |
[INFO] [stdout]    ::: src/lib.rs:12:1
[INFO] [stdout]     |
[INFO] [stdout] 12  | pub type AppResult<C = Empty> = Result<Response<C>, AppError>;
[INFO] [stdout]     | -------------------------------------------------------------- similarly named type alias `AppResult` defined here
[INFO] [stdout] 
[INFO] [stdout] 
[INFO] [stdout] error[E0412]: cannot find type `AppTestResult` in this scope
[INFO] [stdout]    --> src/endpoints/execute.rs:160:54
[INFO] [stdout]     |
[INFO] [stdout] 160 |         fn update_config_should_update_ans_host() -> AppTestResult {
[INFO] [stdout]     |                                                      ^^^^^^^^^^^^^ help: a type alias with a similar name exists: `AppResult`
[INFO] [stdout]     |
[INFO] [stdout]    ::: src/lib.rs:12:1
[INFO] [stdout]     |
[INFO] [stdout] 12  | pub type AppResult<C = Empty> = Result<Response<C>, AppError>;
[INFO] [stdout]     | -------------------------------------------------------------- similarly named type alias `AppResult` defined here
[INFO] [stdout] 
[INFO] [stdout] 
[INFO] [stdout] error[E0425]: cannot find value `MOCK_APP` in this scope
[INFO] [stdout]    --> src/endpoints/execute.rs:175:25
[INFO] [stdout]     |
[INFO] [stdout] 175 |             let state = MOCK_APP.base_state.load(deps.as_ref().storage)?;
[INFO] [stdout]     |                         ^^^^^^^^ not found in this scope
[INFO] [stdout] 
[INFO] [stdout] 
[INFO] [stdout] error[E0412]: cannot find type `AppTestResult` in this scope
[INFO] [stdout]    --> src/endpoints/execute.rs:183:73
[INFO] [stdout]     |
[INFO] [stdout] 183 |         fn update_config_with_none_host_should_leave_existing_host() -> AppTestResult {
[INFO] [stdout]     |                                                                         ^^^^^^^^^^^^^ help: a type alias with a similar name exists: `AppResult`
[INFO] [stdout]     |
[INFO] [stdout]    ::: src/lib.rs:12:1
[INFO] [stdout]     |
[INFO] [stdout] 12  | pub type AppResult<C = Empty> = Result<Response<C>, AppError>;
[INFO] [stdout]     | -------------------------------------------------------------- similarly named type alias `AppResult` defined here
[INFO] [stdout] 
[INFO] [stdout] 
[INFO] [stdout] error[E0425]: cannot find value `MOCK_APP` in this scope
[INFO] [stdout]    --> src/endpoints/execute.rs:197:25
[INFO] [stdout]     |
[INFO] [stdout] 197 |             let state = MOCK_APP.base_state.load(deps.as_ref().storage)?;
[INFO] [stdout]     |                         ^^^^^^^^ not found in this scope
[INFO] [stdout] 
[INFO] [stdout] 
[INFO] [stdout] error[E0425]: cannot find function `mock_dependencies` in this scope
[INFO] [stdout]   --> src/endpoints/instantiate.rs:92:24
[INFO] [stdout]    |
[INFO] [stdout] 92 |         let mut deps = mock_dependencies();
[INFO] [stdout]    |                        ^^^^^^^^^^^^^^^^^ not found in this scope
[INFO] [stdout]    |
[INFO] [stdout] help: consider importing this function
[INFO] [stdout]    |
[INFO] [stdout] 83 |     use cosmwasm_std::testing::mock_dependencies;
[INFO] [stdout]    |
[INFO] [stdout] 
[INFO] [stdout] 
[INFO] [stdout] error[E0425]: cannot find function `mock_info` in this scope
[INFO] [stdout]   --> src/endpoints/instantiate.rs:93:20
[INFO] [stdout]    |
[INFO] [stdout] 93 |         let info = mock_info(TEST_MODULE_FACTORY, &[]);
[INFO] [stdout]    |                    ^^^^^^^^^ not found in this scope
[INFO] [stdout]    |
[INFO] [stdout] help: consider importing this function
[INFO] [stdout]    |
[INFO] [stdout] 83 |     use cosmwasm_std::testing::mock_info;
[INFO] [stdout]    |
[INFO] [stdout] 
[INFO] [stdout] 
[INFO] [stdout] error[E0422]: cannot find struct, variant or union type `MockInitMsg` in this scope
[INFO] [stdout]    --> src/endpoints/instantiate.rs:101:21
[INFO] [stdout]     |
[INFO] [stdout] 101 |             module: MockInitMsg {},
[INFO] [stdout]     |                     ^^^^^^^^^^^ not found in this scope
[INFO] [stdout] 
[INFO] [stdout] 
[INFO] [stdout] error[E0425]: cannot find value `MOCK_APP` in this scope
[INFO] [stdout]    --> src/endpoints/instantiate.rs:104:19
[INFO] [stdout]     |
[INFO] [stdout] 104 |         let res = MOCK_APP
[INFO] [stdout]     |                   ^^^^^^^^ not found in this scope
[INFO] [stdout] 
[INFO] [stdout] 
[INFO] [stdout] error[E0425]: cannot find function `mock_env` in this scope
[INFO] [stdout]    --> src/endpoints/instantiate.rs:105:41
[INFO] [stdout]     |
[INFO] [stdout] 105 |             .instantiate(deps.as_mut(), mock_env(), info, msg)
[INFO] [stdout]     |                                         ^^^^^^^^ not found in this scope
[INFO] [stdout]     |
[INFO] [stdout] help: consider importing this function
[INFO] [stdout]     |
[INFO] [stdout] 83  |     use cosmwasm_std::testing::mock_env;
[INFO] [stdout]     |
[INFO] [stdout] 
[INFO] [stdout] 
[INFO] [stdout] error[E0412]: cannot find type `MockQueryMsg` in this scope
[INFO] [stdout]   --> src/endpoints/query.rs:86:33
[INFO] [stdout]    |
[INFO] [stdout] 86 |     type AppQueryMsg = QueryMsg<MockQueryMsg>;
[INFO] [stdout]    |                                 ^^^^^^^^^^^^ not found in this scope
[INFO] [stdout]    |
[INFO] [stdout] help: you might be missing a type parameter
[INFO] [stdout]    |
[INFO] [stdout] 86 |     type AppQueryMsg<MockQueryMsg> = QueryMsg<MockQueryMsg>;
[INFO] [stdout]    |                     ++++++++++++++
[INFO] [stdout] 
[INFO] [stdout] 
[INFO] [stdout] error[E0412]: cannot find type `MockError` in this scope
[INFO] [stdout]   --> src/endpoints/query.rs:88:69
[INFO] [stdout]    |
[INFO] [stdout] 88 |     fn query_helper(deps: Deps, msg: AppQueryMsg) -> Result<Binary, MockError> {
[INFO] [stdout]    |                                                                     ^^^^^^^^^ not found in this scope
[INFO] [stdout]    |
[INFO] [stdout] help: you might be missing a type parameter
[INFO] [stdout]    |
[INFO] [stdout] 88 |     fn query_helper<MockError>(deps: Deps, msg: AppQueryMsg) -> Result<Binary, MockError> {
[INFO] [stdout]    |                    +++++++++++
[INFO] [stdout] 
[INFO] [stdout] 
[INFO] [stdout] error[E0425]: cannot find value `MOCK_APP` in this scope
[INFO] [stdout]   --> src/endpoints/query.rs:89:9
[INFO] [stdout]    |
[INFO] [stdout] 89 |         MOCK_APP.query(deps, mock_env(), msg)
[INFO] [stdout]    |         ^^^^^^^^ not found in this scope
[INFO] [stdout] 
[INFO] [stdout] 
[INFO] [stdout] error[E0425]: cannot find function `mock_env` in this scope
[INFO] [stdout]   --> src/endpoints/query.rs:89:30
[INFO] [stdout]    |
[INFO] [stdout] 89 |         MOCK_APP.query(deps, mock_env(), msg)
[INFO] [stdout]    |                              ^^^^^^^^ not found in this scope
[INFO] [stdout]    |
[INFO] [stdout] help: consider importing this function
[INFO] [stdout]    |
[INFO] [stdout] 82 |     use cosmwasm_std::testing::mock_env;
[INFO] [stdout]    |
[INFO] [stdout] 
[INFO] [stdout] 
[INFO] [stdout] error[E0425]: cannot find value `MockQueryMsg` in this scope
[INFO] [stdout]   --> src/endpoints/query.rs:99:43
[INFO] [stdout]    |
[INFO] [stdout] 99 |             let msg = AppQueryMsg::Module(MockQueryMsg);
[INFO] [stdout]    |                                           ^^^^^^^^^^^^ not found in this scope
[INFO] [stdout] 
[INFO] [stdout] 
[INFO] [stdout] error[E0412]: cannot find type `MockAppContract` in this scope
[INFO] [stdout]    --> src/endpoints/query.rs:117:25
[INFO] [stdout]     |
[INFO] [stdout] 117 |               _contract: &MockAppContract,
[INFO] [stdout]     |                           ^^^^^^^^^^^^^^^ help: a struct with a similar name exists: `AppContract`
[INFO] [stdout]     |
[INFO] [stdout]    ::: src/state.rs:36:1
[INFO] [stdout]     |
[INFO] [stdout] 36  | / pub struct AppContract<
[INFO] [stdout] 37  | |     Error: ContractError,
[INFO] [stdout] 38  | |     CustomInitMsg: 'static,
[INFO] [stdout] 39  | |     CustomExecMsg: 'static,
[INFO] [stdout] ...   |
[INFO] [stdout] 50  | |     pub(crate) contract: AbstractContract<Self, Error>,
[INFO] [stdout] 51  | | }
[INFO] [stdout]     | |_- similarly named struct `AppContract` defined here
[INFO] [stdout] 
[INFO] [stdout] 
[INFO] [stdout] error[E0412]: cannot find type `MockQueryMsg` in this scope
[INFO] [stdout]    --> src/endpoints/query.rs:118:18
[INFO] [stdout]     |
[INFO] [stdout] 86  |     type AppQueryMsg = QueryMsg<MockQueryMsg>;
[INFO] [stdout]     |     ------------------------------------------ similarly named type alias `AppQueryMsg` defined here
[INFO] [stdout] ...
[INFO] [stdout] 118 |             msg: MockQueryMsg,
[INFO] [stdout]     |                  ^^^^^^^^^^^^ help: a type alias with a similar name exists: `AppQueryMsg`
[INFO] [stdout] 
[INFO] [stdout] 
[INFO] [stdout] error[E0412]: cannot find type `MockError` in this scope
[INFO] [stdout]    --> src/endpoints/query.rs:119:29
[INFO] [stdout]     |
[INFO] [stdout] 119 |         ) -> Result<Binary, MockError> {
[INFO] [stdout]     |                             ^^^^^^^^^ not found in this scope
[INFO] [stdout]     |
[INFO] [stdout] help: you might be missing a type parameter
[INFO] [stdout]     |
[INFO] [stdout] 114 |         fn mock_query_handler<MockError>(
[INFO] [stdout]     |                              +++++++++++
[INFO] [stdout] 
[INFO] [stdout] 
[INFO] [stdout] error[E0425]: cannot find value `MockQueryMsg` in this scope
[INFO] [stdout]    --> src/endpoints/query.rs:127:43
[INFO] [stdout]     |
[INFO] [stdout] 127 |             let msg = AppQueryMsg::Module(MockQueryMsg);
[INFO] [stdout]     |                                           ^^^^^^^^^^^^ not found in this scope
[INFO] [stdout] 
[INFO] [stdout] 
[INFO] [stdout] error[E0425]: cannot find value `MOCK_APP` in this scope
[INFO] [stdout]    --> src/endpoints/query.rs:129:37
[INFO] [stdout]     |
[INFO] [stdout] 129 |             let with_mocked_query = MOCK_APP.with_query(mock_query_handler);
[INFO] [stdout]     |                                     ^^^^^^^^ not found in this scope
[INFO] [stdout] 
[INFO] [stdout] 
[INFO] [stdout] error[E0425]: cannot find function `mock_env` in this scope
[INFO] [stdout]    --> src/endpoints/query.rs:130:62
[INFO] [stdout]     |
[INFO] [stdout] 130 |             let res = with_mocked_query.query(deps.as_ref(), mock_env(), msg);
[INFO] [stdout]     |                                                              ^^^^^^^^ not found in this scope
[INFO] [stdout]     |
[INFO] [stdout] help: consider importing this function
[INFO] [stdout]     |
[INFO] [stdout] 93  |         use cosmwasm_std::testing::mock_env;
[INFO] [stdout]     |
[INFO] [stdout] 
[INFO] [stdout] 
[INFO] [stdout] error[E0425]: cannot find value `MockQueryMsg` in this scope
[INFO] [stdout]    --> src/endpoints/query.rs:132:39
[INFO] [stdout]     |
[INFO] [stdout] 132 |             let expected = to_binary(&MockQueryMsg).unwrap();
[INFO] [stdout]     |                                       ^^^^^^^^^^^^ not found in this scope
[INFO] [stdout] 
[INFO] [stdout] 
[INFO] [stdout] error[E0412]: cannot find type `AppTestResult` in this scope
[INFO] [stdout]    --> src/endpoints/query.rs:143:24
[INFO] [stdout]     |
[INFO] [stdout] 143 |         fn config() -> AppTestResult {
[INFO] [stdout]     |                        ^^^^^^^^^^^^^ not found in this scope
[INFO] [stdout] 
[INFO] [stdout] 
[INFO] [stdout] error[E0412]: cannot find type `AppTestResult` in this scope
[INFO] [stdout]    --> src/endpoints/query.rs:159:23
[INFO] [stdout]     |
[INFO] [stdout] 159 |         fn admin() -> AppTestResult {
[INFO] [stdout]     |                       ^^^^^^^^^^^^^ not found in this scope
[INFO] [stdout] 
[INFO] [stdout] 
[INFO] [stdout] error[E0412]: cannot find type `MockAppContract` in this scope
[INFO] [stdout]    --> src/endpoints.rs:102:37
[INFO] [stdout]     |
[INFO] [stdout] 102 |         export_endpoints!(MOCK_APP, MockAppContract);
[INFO] [stdout]     |                                     ^^^^^^^^^^^^^^^ not found in this scope
[INFO] [stdout] 
[INFO] [stdout] 
[INFO] [stdout] error[E0425]: cannot find value `MOCK_APP` in this scope
[INFO] [stdout]    --> src/endpoints.rs:102:27
[INFO] [stdout]     |
[INFO] [stdout] 102 |         export_endpoints!(MOCK_APP, MockAppContract);
[INFO] [stdout]     |                           ^^^^^^^^ not found in this scope
[INFO] [stdout] 
[INFO] [stdout] 
[INFO] [stdout] error[E0425]: cannot find value `MockInitMsg` in this scope
[INFO] [stdout]    --> src/endpoints.rs:111:21
[INFO] [stdout]     |
[INFO] [stdout] 111 |             module: MockInitMsg,
[INFO] [stdout]     |                     ^^^^^^^^^^^ not found in this scope
[INFO] [stdout] 
[INFO] [stdout] 
[INFO] [stdout] error[E0425]: cannot find value `MOCK_APP` in this scope
[INFO] [stdout]    --> src/endpoints.rs:119:29
[INFO] [stdout]     |
[INFO] [stdout] 119 |         let expected_init = MOCK_APP.instantiate(
[INFO] [stdout]     |                             ^^^^^^^^ not found in this scope
[INFO] [stdout] 
[INFO] [stdout] 
[INFO] [stdout] error[E0433]: failed to resolve: use of undeclared crate or module `app`
[INFO] [stdout]    --> src/endpoints.rs:128:24
[INFO] [stdout]     |
[INFO] [stdout] 128 |         let exec_msg = app::ExecuteMsg::Module(MockExecMsg);
[INFO] [stdout]     |                        ^^^ use of undeclared crate or module `app`
[INFO] [stdout]     |
[INFO] [stdout] help: consider importing one of these items
[INFO] [stdout]     |
[INFO] [stdout] 87  |     use abstract_core::abstract_token::ExecuteMsg;
[INFO] [stdout]     |
[INFO] [stdout] 87  |     use abstract_core::account_factory::ExecuteMsg;
[INFO] [stdout]     |
[INFO] [stdout] 87  |     use abstract_core::ans_host::ExecuteMsg;
[INFO] [stdout]     |
[INFO] [stdout] 87  |     use abstract_core::api::ExecuteMsg;
[INFO] [stdout]     |
[INFO] [stdout]       and 8 other candidates
[INFO] [stdout] help: if you import `ExecuteMsg`, refer to it directly
[INFO] [stdout]     |
[INFO] [stdout] 128 -         let exec_msg = app::ExecuteMsg::Module(MockExecMsg);
[INFO] [stdout] 128 +         let exec_msg = ExecuteMsg::Module(MockExecMsg);
[INFO] [stdout]     |
[INFO] [stdout] 
[INFO] [stdout] 
[INFO] [stdout] error[E0425]: cannot find value `MockExecMsg` in this scope
[INFO] [stdout]    --> src/endpoints.rs:128:48
[INFO] [stdout]     |
[INFO] [stdout] 128 |         let exec_msg = app::ExecuteMsg::Module(MockExecMsg);
[INFO] [stdout]     |                                                ^^^^^^^^^^^ not found in this scope
[INFO] [stdout] 
[INFO] [stdout] 
[INFO] [stdout] error[E0425]: cannot find value `MOCK_APP` in this scope
[INFO] [stdout]    --> src/endpoints.rs:135:29
[INFO] [stdout]     |
[INFO] [stdout] 135 |         let expected_exec = MOCK_APP.execute(
[INFO] [stdout]     |                             ^^^^^^^^ not found in this scope
[INFO] [stdout] 
[INFO] [stdout] 
[INFO] [stdout] error[E0433]: failed to resolve: use of undeclared crate or module `app`
[INFO] [stdout]    --> src/endpoints.rs:144:25
[INFO] [stdout]     |
[INFO] [stdout] 144 |         let query_msg = app::QueryMsg::Module(MockQueryMsg);
[INFO] [stdout]     |                         ^^^ use of undeclared crate or module `app`
[INFO] [stdout]     |
[INFO] [stdout] help: consider importing one of these items
[INFO] [stdout]     |
[INFO] [stdout] 87  |     use abstract_core::abstract_token::QueryMsg;
[INFO] [stdout]     |
[INFO] [stdout] 87  |     use abstract_core::account_factory::QueryMsg;
[INFO] [stdout]     |
[INFO] [stdout] 87  |     use abstract_core::ans_host::QueryMsg;
[INFO] [stdout]     |
[INFO] [stdout] 87  |     use abstract_core::api::QueryMsg;
[INFO] [stdout]     |
[INFO] [stdout]       and 8 other candidates
[INFO] [stdout] help: if you import `QueryMsg`, refer to it directly
[INFO] [stdout]     |
[INFO] [stdout] 144 -         let query_msg = app::QueryMsg::Module(MockQueryMsg);
[INFO] [stdout] 144 +         let query_msg = QueryMsg::Module(MockQueryMsg);
[INFO] [stdout]     |
[INFO] [stdout] 
[INFO] [stdout] 
[INFO] [stdout] error[E0425]: cannot find value `MockQueryMsg` in this scope
[INFO] [stdout]    --> src/endpoints.rs:144:47
[INFO] [stdout]     |
[INFO] [stdout] 144 |         let query_msg = app::QueryMsg::Module(MockQueryMsg);
[INFO] [stdout]     |                                               ^^^^^^^^^^^^ not found in this scope
[INFO] [stdout] 
[INFO] [stdout] 
[INFO] [stdout] error[E0425]: cannot find value `MOCK_APP` in this scope
[INFO] [stdout]    --> src/endpoints.rs:146:30
[INFO] [stdout]     |
[INFO] [stdout] 146 |         let expected_query = MOCK_APP.query(deps.as_ref(), mock_env(), query_msg);
[INFO] [stdout]     |                              ^^^^^^^^ not found in this scope
[INFO] [stdout] 
[INFO] [stdout] 
[INFO] [stdout] error[E0425]: cannot find value `MockMigrateMsg` in this scope
[INFO] [stdout]    --> src/endpoints.rs:152:21
[INFO] [stdout]     |
[INFO] [stdout] 152 |             module: MockMigrateMsg,
[INFO] [stdout]     |                     ^^^^^^^^^^^^^^ not found in this scope
[INFO] [stdout] 
[INFO] [stdout] 
[INFO] [stdout] error[E0425]: cannot find value `MOCK_APP` in this scope
[INFO] [stdout]    --> src/endpoints.rs:155:32
[INFO] [stdout]     |
[INFO] [stdout] 155 |         let expected_migrate = MOCK_APP.migrate(deps.as_mut(), mock_env(), migrate_msg);
[INFO] [stdout]     |                                ^^^^^^^^ not found in this scope
[INFO] [stdout] 
[INFO] [stdout] 
[INFO] [stdout] error[E0422]: cannot find struct, variant or union type `MockSudoMsg` in this scope
[INFO] [stdout]    --> src/endpoints.rs:159:24
[INFO] [stdout]     |
[INFO] [stdout] 159 |         let sudo_msg = MockSudoMsg {};
[INFO] [stdout]     |                        ^^^^^^^^^^^ not found in this scope
[INFO] [stdout] 
[INFO] [stdout] 
[INFO] [stdout] error[E0425]: cannot find value `MOCK_APP` in this scope
[INFO] [stdout]    --> src/endpoints.rs:161:29
[INFO] [stdout]     |
[INFO] [stdout] 161 |         let expected_sudo = MOCK_APP.sudo(deps.as_mut(), mock_env(), sudo_msg);
[INFO] [stdout]     |                             ^^^^^^^^ not found in this scope
[INFO] [stdout] 
[INFO] [stdout] 
[INFO] [stdout] error[E0425]: cannot find value `MOCK_APP` in this scope
[INFO] [stdout]    --> src/endpoints.rs:170:30
[INFO] [stdout]     |
[INFO] [stdout] 170 |         let expected_reply = MOCK_APP.reply(deps.as_mut(), mock_env(), reply_msg);
[INFO] [stdout]     |                              ^^^^^^^^ not found in this scope
[INFO] [stdout] 
[INFO] [stdout] 
[INFO] [stdout] error[E0412]: cannot find type `AppTestResult` in this scope
[INFO] [stdout]   --> src/features.rs:67:27
[INFO] [stdout]    |
[INFO] [stdout] 67 |     fn test_ans_host() -> AppTestResult {
[INFO] [stdout]    |                           ^^^^^^^^^^^^^ not found in this scope
[INFO] [stdout] 
[INFO] [stdout] 
[INFO] [stdout] error[E0425]: cannot find value `MOCK_APP` in this scope
[INFO] [stdout]   --> src/features.rs:70:24
[INFO] [stdout]    |
[INFO] [stdout] 70 |         let ans_host = MOCK_APP.ans_host(deps.as_ref())?;
[INFO] [stdout]    |                        ^^^^^^^^ not found in this scope
[INFO] [stdout] 
[INFO] [stdout] 
[INFO] [stdout] error[E0412]: cannot find type `AppTestResult` in this scope
[INFO] [stdout]   --> src/features.rs:78:32
[INFO] [stdout]    |
[INFO] [stdout] 78 |     fn test_proxy_address() -> AppTestResult {
[INFO] [stdout]    |                                ^^^^^^^^^^^^^ not found in this scope
[INFO] [stdout] 
[INFO] [stdout] 
[INFO] [stdout] error[E0425]: cannot find value `MOCK_APP` in this scope
[INFO] [stdout]   --> src/features.rs:81:29
[INFO] [stdout]    |
[INFO] [stdout] 81 |         let proxy_address = MOCK_APP.proxy_address(deps.as_ref())?;
[INFO] [stdout]    |                             ^^^^^^^^ not found in this scope
[INFO] [stdout] 
[INFO] [stdout] 
[INFO] [stdout] error[E0412]: cannot find type `AppTestResult` in this scope
[INFO] [stdout]   --> src/features.rs:89:28
[INFO] [stdout]    |
[INFO] [stdout] 89 |     fn test_module_id() -> AppTestResult {
[INFO] [stdout]    |                            ^^^^^^^^^^^^^ not found in this scope
[INFO] [stdout] 
[INFO] [stdout] 
[INFO] [stdout] error[E0425]: cannot find value `MOCK_APP` in this scope
[INFO] [stdout]   --> src/features.rs:90:25
[INFO] [stdout]    |
[INFO] [stdout] 90 |         let module_id = MOCK_APP.module_id();
[INFO] [stdout]    |                         ^^^^^^^^ not found in this scope
[INFO] [stdout] 
[INFO] [stdout] 
[INFO] [stdout] error[E0425]: cannot find function `mock_init` in this scope
[INFO] [stdout]    --> src/endpoints/execute.rs:131:24
[INFO] [stdout]     |
[INFO] [stdout] 131 |         let mut deps = mock_init();
[INFO] [stdout]     |                        ^^^^^^^^^ not found in this scope
[INFO] [stdout] 
[INFO] [stdout] 
[INFO] [stdout] error[E0425]: cannot find function `mock_init` in this scope
[INFO] [stdout]    --> src/endpoints/execute.rs:161:28
[INFO] [stdout]     |
[INFO] [stdout] 161 |             let mut deps = mock_init();
[INFO] [stdout]     |                            ^^^^^^^^^ not found in this scope
[INFO] [stdout] 
[INFO] [stdout] 
[INFO] [stdout] error[E0609]: no field `messages` on type `&_`
[INFO] [stdout]    --> src/endpoints/execute.rs:171:34
[INFO] [stdout]     |
[INFO] [stdout] 171 |                 assert_that!(res.messages).is_empty();
[INFO] [stdout]     |                                  ^^^^^^^^
[INFO] [stdout] 
[INFO] [stdout] 
[INFO] [stdout] error[E0034]: multiple applicable items in scope
[INFO] [stdout]    --> src/endpoints/execute.rs:171:44
[INFO] [stdout]     |
[INFO] [stdout] 171 |                 assert_that!(res.messages).is_empty();
[INFO] [stdout]     |                                            ^^^^^^^^ multiple `is_empty` found
[INFO] [stdout]     |
[INFO] [stdout]     = note: candidate #1 is defined in an impl of the trait `speculoos::hashmap::HashMapAssertions` for the type `Spec<'s, HashMap<K, V>>`
[INFO] [stdout]     = note: candidate #2 is defined in an impl of the trait `speculoos::hashset::HashSetAssertions` for the type `Spec<'s, HashSet<K>>`
[INFO] [stdout]     = note: candidate #3 is defined in an impl of the trait `speculoos::prelude::StrAssertions` for the type `Spec<'s, T>`
[INFO] [stdout] note: candidate #4 is defined in the trait `speculoos::prelude::VecAssertions`
[INFO] [stdout]    --> /opt/rustwide/cargo-home/registry/src/github.com-1ecc6299db9ec823/speculoos-0.11.0/src/vec.rs:5:5
[INFO] [stdout]     |
[INFO] [stdout] 5   |     fn is_empty(&mut self);
[INFO] [stdout]     |     ^^^^^^^^^^^^^^^^^^^^^^^
[INFO] [stdout] note: candidate #5 is defined in the trait `ExactSizeIterator`
[INFO] [stdout]    --> /rustc/84c898d65adf2f39a5a98507f1fe0ce10a2b8dbc/library/core/src/iter/traits/exact_size.rs:148:5
[INFO] [stdout] help: disambiguate the method for candidate #1
[INFO] [stdout]     |
[INFO] [stdout] 171 ~                 speculoos::hashmap::HashMapAssertions::is_empty(&mut {
[INFO] [stdout] 172 +         let line = line!();
[INFO] [stdout] 173 +         let file = file!();
[INFO] [stdout] 174 +         assert_that(&$subject).at_location(format!("{}:{}", file, line))
[INFO] [stdout] 175 ~     });
[INFO] [stdout]     |
[INFO] [stdout] help: disambiguate the method for candidate #2
[INFO] [stdout]     |
[INFO] [stdout] 171 ~                 speculoos::hashset::HashSetAssertions::is_empty(&mut {
[INFO] [stdout] 172 +         let line = line!();
[INFO] [stdout] 173 +         let file = file!();
[INFO] [stdout] 174 +         assert_that(&$subject).at_location(format!("{}:{}", file, line))
[INFO] [stdout] 175 ~     });
[INFO] [stdout]     |
[INFO] [stdout] help: disambiguate the method for candidate #3
[INFO] [stdout]     |
[INFO] [stdout] 171 ~                 speculoos::prelude::StrAssertions::is_empty(&mut {
[INFO] [stdout] 172 +         let line = line!();
[INFO] [stdout] 173 +         let file = file!();
[INFO] [stdout] 174 +         assert_that(&$subject).at_location(format!("{}:{}", file, line))
[INFO] [stdout] 175 ~     });
[INFO] [stdout]     |
[INFO] [stdout] help: disambiguate the method for candidate #4
[INFO] [stdout]     |
[INFO] [stdout] 171 ~                 speculoos::prelude::VecAssertions::is_empty({
[INFO] [stdout] 172 +         let line = line!();
[INFO] [stdout] 173 +         let file = file!();
[INFO] [stdout] 174 +         assert_that(&$subject).at_location(format!("{}:{}", file, line))
[INFO] [stdout] 175 ~     });
[INFO] [stdout]     |
[INFO] [stdout] help: disambiguate the method for candidate #5
[INFO] [stdout]     |
[INFO] [stdout] 171 ~                 ExactSizeIterator::is_empty({
[INFO] [stdout] 172 +         let line = line!();
[INFO] [stdout] 173 +         let file = file!();
[INFO] [stdout] 174 +         assert_that(&$subject).at_location(format!("{}:{}", file, line))
[INFO] [stdout] 175 ~     });
[INFO] [stdout]     |
[INFO] [stdout] 
[INFO] [stdout] 
[INFO] [stdout] error[E0425]: cannot find function `mock_init` in this scope
[INFO] [stdout]    --> src/endpoints/execute.rs:184:28
[INFO] [stdout]     |
[INFO] [stdout] 184 |             let mut deps = mock_init();
[INFO] [stdout]     |                            ^^^^^^^^^ not found in this scope
[INFO] [stdout] 
[INFO] [stdout] 
[INFO] [stdout] error[E0609]: no field `messages` on type `&_`
[INFO] [stdout]    --> src/endpoints/execute.rs:193:34
[INFO] [stdout]     |
[INFO] [stdout] 193 |                 assert_that!(res.messages).is_empty();
[INFO] [stdout]     |                                  ^^^^^^^^
[INFO] [stdout] 
[INFO] [stdout] 
[INFO] [stdout] error[E0034]: multiple applicable items in scope
[INFO] [stdout]    --> src/endpoints/execute.rs:193:44
[INFO] [stdout]     |
[INFO] [stdout] 193 |                 assert_that!(res.messages).is_empty();
[INFO] [stdout]     |                                            ^^^^^^^^ multiple `is_empty` found
[INFO] [stdout]     |
[INFO] [stdout]     = note: candidate #1 is defined in an impl of the trait `speculoos::hashmap::HashMapAssertions` for the type `Spec<'s, HashMap<K, V>>`
[INFO] [stdout]     = note: candidate #2 is defined in an impl of the trait `speculoos::hashset::HashSetAssertions` for the type `Spec<'s, HashSet<K>>`
[INFO] [stdout]     = note: candidate #3 is defined in an impl of the trait `speculoos::prelude::StrAssertions` for the type `Spec<'s, T>`
[INFO] [stdout] note: candidate #4 is defined in the trait `speculoos::prelude::VecAssertions`
[INFO] [stdout]    --> /opt/rustwide/cargo-home/registry/src/github.com-1ecc6299db9ec823/speculoos-0.11.0/src/vec.rs:5:5
[INFO] [stdout]     |
[INFO] [stdout] 5   |     fn is_empty(&mut self);
[INFO] [stdout]     |     ^^^^^^^^^^^^^^^^^^^^^^^
[INFO] [stdout] note: candidate #5 is defined in the trait `ExactSizeIterator`
[INFO] [stdout]    --> /rustc/84c898d65adf2f39a5a98507f1fe0ce10a2b8dbc/library/core/src/iter/traits/exact_size.rs:148:5
[INFO] [stdout] help: disambiguate the method for candidate #1
[INFO] [stdout]     |
[INFO] [stdout] 193 ~                 speculoos::hashmap::HashMapAssertions::is_empty(&mut {
[INFO] [stdout] 194 +         let line = line!();
[INFO] [stdout] 195 +         let file = file!();
[INFO] [stdout] 196 +         assert_that(&$subject).at_location(format!("{}:{}", file, line))
[INFO] [stdout] 197 ~     });
[INFO] [stdout]     |
[INFO] [stdout] help: disambiguate the method for candidate #2
[INFO] [stdout]     |
[INFO] [stdout] 193 ~                 speculoos::hashset::HashSetAssertions::is_empty(&mut {
[INFO] [stdout] 194 +         let line = line!();
[INFO] [stdout] 195 +         let file = file!();
[INFO] [stdout] 196 +         assert_that(&$subject).at_location(format!("{}:{}", file, line))
[INFO] [stdout] 197 ~     });
[INFO] [stdout]     |
[INFO] [stdout] help: disambiguate the method for candidate #3
[INFO] [stdout]     |
[INFO] [stdout] 193 ~                 speculoos::prelude::StrAssertions::is_empty(&mut {
[INFO] [stdout] 194 +         let line = line!();
[INFO] [stdout] 195 +         let file = file!();
[INFO] [stdout] 196 +         assert_that(&$subject).at_location(format!("{}:{}", file, line))
[INFO] [stdout] 197 ~     });
[INFO] [stdout]     |
[INFO] [stdout] help: disambiguate the method for candidate #4
[INFO] [stdout]     |
[INFO] [stdout] 193 ~                 speculoos::prelude::VecAssertions::is_empty({
[INFO] [stdout] 194 +         let line = line!();
[INFO] [stdout] 195 +         let file = file!();
[INFO] [stdout] 196 +         assert_that(&$subject).at_location(format!("{}:{}", file, line))
[INFO] [stdout] 197 ~     });
[INFO] [stdout]     |
[INFO] [stdout] help: disambiguate the method for candidate #5
[INFO] [stdout]     |
[INFO] [stdout] 193 ~                 ExactSizeIterator::is_empty({
[INFO] [stdout] 194 +         let line = line!();
[INFO] [stdout] 195 +         let file = file!();
[INFO] [stdout] 196 +         assert_that(&$subject).at_location(format!("{}:{}", file, line))
[INFO] [stdout] 197 ~     });
[INFO] [stdout]     |
[INFO] [stdout] 
[INFO] [stdout] 
[INFO] [stdout] error[E0425]: cannot find function `app_base_mock_querier` in this scope
[INFO] [stdout]   --> src/endpoints/instantiate.rs:95:24
[INFO] [stdout]    |
[INFO] [stdout] 95 |         deps.querier = app_base_mock_querier().build();
[INFO] [stdout]    |                        ^^^^^^^^^^^^^^^^^^^^^ not found in this scope
[INFO] [stdout] 
[INFO] [stdout] 
[INFO] [stdout] error[E0034]: multiple applicable items in scope
[INFO] [stdout]    --> src/endpoints/instantiate.rs:107:36
[INFO] [stdout]     |
[INFO] [stdout] 107 |         assert_that!(res.messages).is_empty();
[INFO] [stdout]     |                                    ^^^^^^^^ multiple `is_empty` found
[INFO] [stdout]     |
[INFO] [stdout]     = note: candidate #1 is defined in an impl of the trait `speculoos::hashmap::HashMapAssertions` for the type `Spec<'s, HashMap<K, V>>`
[INFO] [stdout]     = note: candidate #2 is defined in an impl of the trait `speculoos::hashset::HashSetAssertions` for the type `Spec<'s, HashSet<K>>`
[INFO] [stdout]     = note: candidate #3 is defined in an impl of the trait `speculoos::prelude::StrAssertions` for the type `Spec<'s, T>`
[INFO] [stdout] note: candidate #4 is defined in the trait `speculoos::prelude::VecAssertions`
[INFO] [stdout]    --> /opt/rustwide/cargo-home/registry/src/github.com-1ecc6299db9ec823/speculoos-0.11.0/src/vec.rs:5:5
[INFO] [stdout]     |
[INFO] [stdout] 5   |     fn is_empty(&mut self);
[INFO] [stdout]     |     ^^^^^^^^^^^^^^^^^^^^^^^
[INFO] [stdout] note: candidate #5 is defined in the trait `ExactSizeIterator`
[INFO] [stdout]    --> /rustc/84c898d65adf2f39a5a98507f1fe0ce10a2b8dbc/library/core/src/iter/traits/exact_size.rs:148:5
[INFO] [stdout] help: disambiguate the method for candidate #1
[INFO] [stdout]     |
[INFO] [stdout] 107 ~         speculoos::hashmap::HashMapAssertions::is_empty(&mut {
[INFO] [stdout] 108 +         let line = line!();
[INFO] [stdout] 109 +         let file = file!();
[INFO] [stdout] 110 +         assert_that(&$subject).at_location(format!("{}:{}", file, line))
[INFO] [stdout] 111 ~     });
[INFO] [stdout]     |
[INFO] [stdout] help: disambiguate the method for candidate #2
[INFO] [stdout]     |
[INFO] [stdout] 107 ~         speculoos::hashset::HashSetAssertions::is_empty(&mut {
[INFO] [stdout] 108 +         let line = line!();
[INFO] [stdout] 109 +         let file = file!();
[INFO] [stdout] 110 +         assert_that(&$subject).at_location(format!("{}:{}", file, line))
[INFO] [stdout] 111 ~     });
[INFO] [stdout]     |
[INFO] [stdout] help: disambiguate the method for candidate #3
[INFO] [stdout]     |
[INFO] [stdout] 107 ~         speculoos::prelude::StrAssertions::is_empty(&mut {
[INFO] [stdout] 108 +         let line = line!();
[INFO] [stdout] 109 +         let file = file!();
[INFO] [stdout] 110 +         assert_that(&$subject).at_location(format!("{}:{}", file, line))
[INFO] [stdout] 111 ~     });
[INFO] [stdout]     |
[INFO] [stdout] help: disambiguate the method for candidate #4
[INFO] [stdout]     |
[INFO] [stdout] 107 ~         speculoos::prelude::VecAssertions::is_empty({
[INFO] [stdout] 108 +         let line = line!();
[INFO] [stdout] 109 +         let file = file!();
[INFO] [stdout] 110 +         assert_that(&$subject).at_location(format!("{}:{}", file, line))
[INFO] [stdout] 111 ~     });
[INFO] [stdout]     |
[INFO] [stdout] help: disambiguate the method for candidate #5
[INFO] [stdout]     |
[INFO] [stdout] 107 ~         ExactSizeIterator::is_empty({
[INFO] [stdout] 108 +         let line = line!();
[INFO] [stdout] 109 +         let file = file!();
[INFO] [stdout] 110 +         assert_that(&$subject).at_location(format!("{}:{}", file, line))
[INFO] [stdout] 111 ~     });
[INFO] [stdout]     |
[INFO] [stdout] 
[INFO] [stdout] 
[INFO] [stdout] error[E0425]: cannot find function `mock_init` in this scope
[INFO] [stdout]   --> src/endpoints/query.rs:98:24
[INFO] [stdout]    |
[INFO] [stdout] 98 |             let deps = mock_init();
[INFO] [stdout]    |                        ^^^^^^^^^ not found in this scope
[INFO] [stdout] 
[INFO] [stdout] 
[INFO] [stdout] error[E0425]: cannot find function `mock_init` in this scope
[INFO] [stdout]    --> src/endpoints/query.rs:126:24
[INFO] [stdout]     |
[INFO] [stdout] 126 |             let deps = mock_init();
[INFO] [stdout]     |                        ^^^^^^^^^ not found in this scope
[INFO] [stdout] 
[INFO] [stdout] 
[INFO] [stdout] error[E0425]: cannot find function `mock_init` in this scope
[INFO] [stdout]    --> src/endpoints/query.rs:144:24
[INFO] [stdout]     |
[INFO] [stdout] 144 |             let deps = mock_init();
[INFO] [stdout]     |                        ^^^^^^^^^ not found in this scope
[INFO] [stdout] 
[INFO] [stdout] 
[INFO] [stdout] error[E0425]: cannot find function `mock_init` in this scope
[INFO] [stdout]    --> src/endpoints/query.rs:160:24
[INFO] [stdout]     |
[INFO] [stdout] 160 |             let deps = mock_init();
[INFO] [stdout]     |                        ^^^^^^^^^ not found in this scope
[INFO] [stdout] 
[INFO] [stdout] 
[INFO] [stdout] error[E0425]: cannot find function `mock_init` in this scope
[INFO] [stdout]   --> src/features.rs:68:20
[INFO] [stdout]    |
[INFO] [stdout] 68 |         let deps = mock_init();
[INFO] [stdout]    |                    ^^^^^^^^^ not found in this scope
[INFO] [stdout] 
[INFO] [stdout] 
[INFO] [stdout] error[E0425]: cannot find function `mock_init` in this scope
[INFO] [stdout]   --> src/features.rs:79:20
[INFO] [stdout]    |
[INFO] [stdout] 79 |         let deps = mock_init();
[INFO] [stdout]    |                    ^^^^^^^^^ not found in this scope
[INFO] [stdout] 
[INFO] [stdout] 
[INFO] [stdout] warning: unused import: `QueryEndpoint`
[INFO] [stdout]   --> src/endpoints.rs:88:64
[INFO] [stdout]    |
[INFO] [stdout] 88 |         ExecuteEndpoint, InstantiateEndpoint, MigrateEndpoint, QueryEndpoint, ReplyEndpoint,
[INFO] [stdout]    |                                                                ^^^^^^^^^^^^^
[INFO] [stdout]    |
[INFO] [stdout]    = note: `#[warn(unused_imports)]` on by default
[INFO] [stdout] 
[INFO] [stdout] 
[INFO] [stdout] warning: unused import: `abstract_sdk::features::ModuleIdentification`
[INFO] [stdout]   --> src/features.rs:60:9
[INFO] [stdout]    |
[INFO] [stdout] 60 |     use abstract_sdk::features::ModuleIdentification;
[INFO] [stdout]    |         ^^^^^^^^^^^^^^^^^^^^^^^^^^^^^^^^^^^^^^^^^^^^
[INFO] [stdout] 
[INFO] [stdout] 
[INFO] [stdout] warning: unused import: `::abstract_sdk::base::MigrateEndpoint`
[INFO] [stdout]    --> src/endpoints.rs:57:17
[INFO] [stdout]     |
[INFO] [stdout] 57  |             use ::abstract_sdk::base::MigrateEndpoint;
[INFO] [stdout]     |                 ^^^^^^^^^^^^^^^^^^^^^^^^^^^^^^^^^^^^^
[INFO] [stdout] ...
[INFO] [stdout] 102 |         export_endpoints!(MOCK_APP, MockAppContract);
[INFO] [stdout]     |         -------------------------------------------- in this macro invocation
[INFO] [stdout]     |
[INFO] [stdout]     = note: this warning originates in the macro `export_endpoints` (in Nightly builds, run with -Z macro-backtrace for more info)
[INFO] [stdout] 
[INFO] [stdout] 
[INFO] [stdout] warning: unused import: `MigrateEndpoint`
[INFO] [stdout]   --> src/endpoints.rs:88:47
[INFO] [stdout]    |
[INFO] [stdout] 88 |         ExecuteEndpoint, InstantiateEndpoint, MigrateEndpoint, QueryEndpoint, ReplyEndpoint,
[INFO] [stdout]    |                                               ^^^^^^^^^^^^^^^
[INFO] [stdout] 
[INFO] [stdout] 
[INFO] [stdout] warning: unused import: `::abstract_sdk::base::ReplyEndpoint`
[INFO] [stdout]    --> src/endpoints.rs:68:17
[INFO] [stdout]     |
[INFO] [stdout] 68  |             use ::abstract_sdk::base::ReplyEndpoint;
[INFO] [stdout]     |                 ^^^^^^^^^^^^^^^^^^^^^^^^^^^^^^^^^^^
[INFO] [stdout] ...
[INFO] [stdout] 102 |         export_endpoints!(MOCK_APP, MockAppContract);
[INFO] [stdout]     |         -------------------------------------------- in this macro invocation
[INFO] [stdout]     |
[INFO] [stdout]     = note: this warning originates in the macro `export_endpoints` (in Nightly builds, run with -Z macro-backtrace for more info)
[INFO] [stdout] 
[INFO] [stdout] 
[INFO] [stdout] warning: unused import: `ReplyEndpoint`
[INFO] [stdout]   --> src/endpoints.rs:88:79
[INFO] [stdout]    |
[INFO] [stdout] 88 |         ExecuteEndpoint, InstantiateEndpoint, MigrateEndpoint, QueryEndpoint, ReplyEndpoint,
[INFO] [stdout]    |                                                                               ^^^^^^^^^^^^^
[INFO] [stdout] 
[INFO] [stdout] 
[INFO] [stdout] warning: unused import: `speculoos::prelude`
[INFO] [stdout]   --> src/endpoints/instantiate.rs:85:9
[INFO] [stdout]    |
[INFO] [stdout] 85 |     use speculoos::prelude::*;
[INFO] [stdout]    |         ^^^^^^^^^^^^^^^^^^
[INFO] [stdout] 
[INFO] [stdout] 
[INFO] [stdout] warning: unused import: `::abstract_sdk::base::SudoEndpoint`
[INFO] [stdout]    --> src/endpoints.rs:79:17
[INFO] [stdout]     |
[INFO] [stdout] 79  |             use ::abstract_sdk::base::SudoEndpoint;
[INFO] [stdout]     |                 ^^^^^^^^^^^^^^^^^^^^^^^^^^^^^^^^^^
[INFO] [stdout] ...
[INFO] [stdout] 102 |         export_endpoints!(MOCK_APP, MockAppContract);
[INFO] [stdout]     |         -------------------------------------------- in this macro invocation
[INFO] [stdout]     |
[INFO] [stdout]     = note: this warning originates in the macro `export_endpoints` (in Nightly builds, run with -Z macro-backtrace for more info)
[INFO] [stdout] 
[INFO] [stdout] 
[INFO] [stdout] warning: unused import: `SudoEndpoint`
[INFO] [stdout]   --> src/endpoints.rs:89:9
[INFO] [stdout]    |
[INFO] [stdout] 89 |         SudoEndpoint,
[INFO] [stdout]    |         ^^^^^^^^^^^^
[INFO] [stdout] 
[INFO] [stdout] 
[INFO] [stdout] warning: unused import: `::abstract_sdk::base::InstantiateEndpoint`
[INFO] [stdout]    --> src/endpoints.rs:23:17
[INFO] [stdout]     |
[INFO] [stdout] 23  |             use ::abstract_sdk::base::InstantiateEndpoint;
[INFO] [stdout]     |                 ^^^^^^^^^^^^^^^^^^^^^^^^^^^^^^^^^^^^^^^^^
[INFO] [stdout] ...
[INFO] [stdout] 102 |         export_endpoints!(MOCK_APP, MockAppContract);
[INFO] [stdout]     |         -------------------------------------------- in this macro invocation
[INFO] [stdout]     |
[INFO] [stdout]     = note: this warning originates in the macro `export_endpoints` (in Nightly builds, run with -Z macro-backtrace for more info)
[INFO] [stdout] 
[INFO] [stdout] 
[INFO] [stdout] warning: unused import: `InstantiateEndpoint`
[INFO] [stdout]   --> src/endpoints.rs:88:26
[INFO] [stdout]    |
[INFO] [stdout] 88 |         ExecuteEndpoint, InstantiateEndpoint, MigrateEndpoint, QueryEndpoint, ReplyEndpoint,
[INFO] [stdout]    |                          ^^^^^^^^^^^^^^^^^^^
[INFO] [stdout] 
[INFO] [stdout] 
[INFO] [stdout] warning: unused import: `::abstract_sdk::base::ExecuteEndpoint`
[INFO] [stdout]    --> src/endpoints.rs:35:17
[INFO] [stdout]     |
[INFO] [stdout] 35  |             use ::abstract_sdk::base::ExecuteEndpoint;
[INFO] [stdout]     |                 ^^^^^^^^^^^^^^^^^^^^^^^^^^^^^^^^^^^^^
[INFO] [stdout] ...
[INFO] [stdout] 102 |         export_endpoints!(MOCK_APP, MockAppContract);
[INFO] [stdout]     |         -------------------------------------------- in this macro invocation
[INFO] [stdout]     |
[INFO] [stdout]     = note: this warning originates in the macro `export_endpoints` (in Nightly builds, run with -Z macro-backtrace for more info)
[INFO] [stdout] 
[INFO] [stdout] 
[INFO] [stdout] warning: unused import: `ExecuteEndpoint`
[INFO] [stdout]   --> src/endpoints.rs:88:9
[INFO] [stdout]    |
[INFO] [stdout] 88 |         ExecuteEndpoint, InstantiateEndpoint, MigrateEndpoint, QueryEndpoint, ReplyEndpoint,
[INFO] [stdout]    |         ^^^^^^^^^^^^^^^
[INFO] [stdout] 
[INFO] [stdout] 
[INFO] [stdout] warning: unused import: `::abstract_sdk::base::QueryEndpoint`
[INFO] [stdout]    --> src/endpoints.rs:46:17
[INFO] [stdout]     |
[INFO] [stdout] 46  |             use ::abstract_sdk::base::QueryEndpoint;
[INFO] [stdout]     |                 ^^^^^^^^^^^^^^^^^^^^^^^^^^^^^^^^^^^
[INFO] [stdout] ...
[INFO] [stdout] 102 |         export_endpoints!(MOCK_APP, MockAppContract);
[INFO] [stdout]     |         -------------------------------------------- in this macro invocation
[INFO] [stdout]     |
[INFO] [stdout]     = note: this warning originates in the macro `export_endpoints` (in Nightly builds, run with -Z macro-backtrace for more info)
[INFO] [stdout] 
[INFO] [stdout] 
[INFO] [stdout] error: aborting due to 85 previous errors; 14 warnings emitted
[INFO] [stdout] 
[INFO] [stdout] 
[INFO] [stdout] Some errors have detailed explanations: E0034, E0412, E0422, E0425, E0432, E0433, E0609.
[INFO] [stdout] 
[INFO] [stdout] For more information about an error, try `rustc --explain E0034`.
[INFO] [stdout] 
[INFO] [stderr] error: could not compile `abstract-app` due to 86 previous errors; 14 warnings emitted
[INFO] running `Command { std: "docker" "inspect" "6ab17ba4f71f69a1e760335f8ee5bdfc59beba67d6c82b724bd8a2a435b4f16e", kill_on_drop: false }`
[INFO] running `Command { std: "docker" "rm" "-f" "6ab17ba4f71f69a1e760335f8ee5bdfc59beba67d6c82b724bd8a2a435b4f16e", kill_on_drop: false }`
[INFO] [stdout] 6ab17ba4f71f69a1e760335f8ee5bdfc59beba67d6c82b724bd8a2a435b4f16e
