[INFO] fetching crate abstract-api 0.14.3...
[INFO] testing abstract-api-0.14.3 against 1.69.0 for beta-1.70-1
[INFO] extracting crate abstract-api 0.14.3 into /workspace/builds/worker-2-tc1/source
[INFO] validating manifest of crates.io crate abstract-api 0.14.3 on toolchain 1.69.0
[INFO] running `Command { std: CARGO_HOME="/workspace/cargo-home" RUSTUP_HOME="/workspace/rustup-home" "/workspace/cargo-home/bin/cargo" "+1.69.0" "metadata" "--manifest-path" "Cargo.toml" "--no-deps", kill_on_drop: false }`
[INFO] started tweaking crates.io crate abstract-api 0.14.3
[INFO] finished tweaking crates.io crate abstract-api 0.14.3
[INFO] tweaked toml for crates.io crate abstract-api 0.14.3 written to /workspace/builds/worker-2-tc1/source/Cargo.toml
[INFO] running `Command { std: CARGO_HOME="/workspace/cargo-home" RUSTUP_HOME="/workspace/rustup-home" __CARGO_TEST_CHANNEL_OVERRIDE_DO_NOT_USE_THIS="nightly" "/workspace/cargo-home/bin/cargo" "+1.69.0" "generate-lockfile" "--manifest-path" "Cargo.toml" "-Zno-index-update", kill_on_drop: false }`
[INFO] running `Command { std: CARGO_HOME="/workspace/cargo-home" RUSTUP_HOME="/workspace/rustup-home" "/workspace/cargo-home/bin/cargo" "+1.69.0" "fetch" "--manifest-path" "Cargo.toml", kill_on_drop: false }`
[INFO] [stderr]  Downloading crates ...
[INFO] [stderr]   Downloaded block-buffer v0.9.0
[INFO] [stderr]   Downloaded opaque-debug v0.3.0
[INFO] [stderr]   Downloaded thiserror v1.0.40
[INFO] [stderr]   Downloaded ahash v0.7.6
[INFO] [stderr]   Downloaded socket2 v0.4.9
[INFO] [stderr]   Downloaded tokio-macros v2.1.0
[INFO] [stderr]   Downloaded scopeguard v1.1.0
[INFO] [stderr]   Downloaded cosmwasm-schema-derive v1.2.4
[INFO] [stderr]   Downloaded wasm-bindgen-macro-support v0.2.84
[INFO] [stderr]   Downloaded zeroize_derive v1.4.2
[INFO] [stderr]   Downloaded rfc6979 v0.3.1
[INFO] [stderr]   Downloaded tracing-attributes v0.1.24
[INFO] [stderr]   Downloaded cosmwasm-derive v1.2.4
[INFO] [stderr]   Downloaded hermit-abi v0.2.6
[INFO] [stderr]   Downloaded windows-targets v0.42.2
[INFO] [stderr]   Downloaded cw-controllers v1.0.1
[INFO] [stderr]   Downloaded tonic v0.8.3
[INFO] [stderr]   Downloaded base64ct v1.6.0
[INFO] [stderr]   Downloaded windows_x86_64_gnullvm v0.42.2
[INFO] [stderr]   Downloaded paste v1.0.12
[INFO] [stderr]   Downloaded schannel v0.1.21
[INFO] [stderr]   Downloaded rustls-native-certs v0.6.2
[INFO] [stderr]   Downloaded ripemd v0.1.3
[INFO] [stderr]   Downloaded bitcoin-private v0.1.0
[INFO] [stderr]   Downloaded winreg v0.10.1
[INFO] [stderr]   Downloaded utf-8 v0.7.6
[INFO] [stderr]   Downloaded bs58 v0.4.0
[INFO] [stderr]   Downloaded prost-derive v0.9.0
[INFO] [stderr]   Downloaded cw-utils v1.0.1
[INFO] [stderr]   Downloaded digest v0.9.0
[INFO] [stderr]   Downloaded wasm-bindgen-macro v0.2.84
[INFO] [stderr]   Downloaded sec1 v0.3.0
[INFO] [stderr]   Downloaded uint v0.9.5
[INFO] [stderr]   Downloaded keccak v0.1.3
[INFO] [stderr]   Downloaded parking_lot_core v0.9.7
[INFO] [stderr]   Downloaded async-trait v0.1.68
[INFO] [stderr]   Downloaded hkd32 v0.7.0
[INFO] [stderr]   Downloaded hex_lit v0.1.1
[INFO] [stderr]   Downloaded safe-proc-macro2 v1.0.36
[INFO] [stderr]   Downloaded windows_i686_msvc v0.42.2
[INFO] [stderr]   Downloaded http-body v0.4.5
[INFO] [stderr]   Downloaded same-file v1.0.6
[INFO] [stderr]   Downloaded strsim v0.10.0
[INFO] [stderr]   Downloaded scratch v1.0.5
[INFO] [stderr]   Downloaded iana-time-zone v0.1.56
[INFO] [stderr]   Downloaded time v0.3.20
[INFO] [stderr]   Downloaded reqwest v0.11.17
[INFO] [stderr]   Downloaded num-derive v0.3.3
[INFO] [stderr]   Downloaded base64 v0.21.0
[INFO] [stderr]   Downloaded walkdir v2.3.3
[INFO] [stderr]   Downloaded itertools v0.10.5
[INFO] [stderr]   Downloaded uuid v0.8.2
[INFO] [stderr]   Downloaded futures-executor v0.3.28
[INFO] [stderr]   Downloaded cw-asset v3.0.0
[INFO] [stderr]   Downloaded curve25519-dalek-ng v4.1.1
[INFO] [stderr]   Downloaded windows_x86_64_gnullvm v0.48.0
[INFO] [stderr]   Downloaded cw20-base v1.0.1
[INFO] [stderr]   Downloaded web-sys v0.3.61
[INFO] [stderr]   Downloaded windows_x86_64_gnu v0.48.0
[INFO] [stderr]   Downloaded erased-serde v0.3.25
[INFO] [stderr]   Downloaded derive_builder_macro v0.12.0
[INFO] [stderr]   Downloaded darling_macro v0.14.4
[INFO] [stderr]   Downloaded darling_core v0.14.4
[INFO] [stderr]   Downloaded prost v0.9.0
[INFO] [stderr]   Downloaded tokio v1.28.0
[INFO] [stderr]   Downloaded hyper-proxy v0.9.1
[INFO] [stderr]   Downloaded rustls v0.19.1
[INFO] [stderr]   Downloaded abstract-macros v0.14.3
[INFO] [stderr]   Downloaded convert_case v0.6.0
[INFO] [stderr]   Downloaded ident_case v1.0.1
[INFO] [stderr]   Downloaded termcolor v1.2.0
[INFO] [stderr]   Downloaded bech32 v0.9.1
[INFO] [stderr]   Downloaded iana-time-zone-haiku v0.1.1
[INFO] [stderr]   Downloaded android_system_properties v0.1.5
[INFO] [stderr]   Downloaded base16 v0.2.1
[INFO] [stderr]   Downloaded tungstenite v0.18.0
[INFO] [stderr]   Downloaded protobuf v2.28.0
[INFO] [stderr]   Downloaded safe-regex-compiler v0.2.5
[INFO] [stderr]   Downloaded cxxbridge-flags v1.0.94
[INFO] [stderr]   Downloaded cxxbridge-macro v1.0.94
[INFO] [stderr]   Downloaded cxx v1.0.94
[INFO] [stderr]   Downloaded getrandom v0.1.16
[INFO] [stderr]   Downloaded abstract-sdk v0.14.3
[INFO] [stderr]   Downloaded abstract-ans-host v0.14.3
[INFO] [stderr]   Downloaded winapi v0.3.9
[INFO] [stderr]   Downloaded abstract-ica v0.14.3
[INFO] [stderr]   Downloaded cw-ownable-derive v0.5.1
[INFO] [stderr]   Downloaded cw-semver v1.0.14
[INFO] [stderr]   Downloaded rustls-native-certs v0.5.0
[INFO] [stderr]   Downloaded cw-ownable v0.5.1
[INFO] [stderr]   Downloaded time-core v0.1.0
[INFO] [stderr]   Downloaded unicode-xid v0.2.4
[INFO] [stderr]   Downloaded derive_more v0.99.17
[INFO] [stderr]   Downloaded webpki-roots v0.22.6
[INFO] [stderr]   Downloaded safe-quote v1.0.15
[INFO] [stderr]   Downloaded untrusted v0.7.1
[INFO] [stderr]   Downloaded cw-address-like v1.0.4
[INFO] [stderr]   Downloaded rustls v0.20.8
[INFO] [stderr]   Downloaded ring v0.16.20
[INFO] [stderr]   Downloaded windows_x86_64_msvc v0.42.2
[INFO] [stderr]   Downloaded time-macros v0.2.8
[INFO] [stderr]   Downloaded matchit v0.7.0
[INFO] [stderr]   Downloaded tendermint-proto v0.30.0
[INFO] [stderr]   Downloaded bitcoin v0.30.0
[INFO] [stderr]   Downloaded secp256k1-sys v0.8.1
[INFO] [stderr]   Downloaded abstract-version-control v0.14.3
[INFO] [stderr]   Downloaded headers v0.3.8
[INFO] [stderr]   Downloaded ibc-chain-registry v0.23.0
[INFO] [stderr]   Downloaded boot-fns-derive v0.10.0
[INFO] [stderr]   Downloaded tendermint-config v0.30.0
[INFO] [stderr]   Downloaded windows-sys v0.45.0
[INFO] [stderr]   Downloaded abstract-core v0.14.3
[INFO] [stderr]   Downloaded winapi-x86_64-pc-windows-gnu v0.4.0
[INFO] [stderr]   Downloaded abstract-boot v0.14.3
[INFO] [stderr]   Downloaded windows v0.48.0
[INFO] [stderr]   Downloaded cosmrs v0.12.0
[INFO] [stderr]   Downloaded axum v0.6.17
[INFO] [stderr]   Downloaded ibc-relayer-types v0.23.0
[INFO] [stderr]   Downloaded abstract-account-factory v0.14.3
[INFO] [stderr]   Downloaded ibc-proto v0.28.0
[INFO] [stderr]   Downloaded abstract-manager v0.14.3
[INFO] [stderr]   Downloaded tendermint v0.30.0
[INFO] [stderr]   Downloaded cw20 v1.0.1
[INFO] [stderr]   Downloaded link-cplusplus v1.0.8
[INFO] [stderr]   Downloaded cxx-build v1.0.94
[INFO] [stderr]   Downloaded windows-sys v0.48.0
[INFO] [stderr]   Downloaded indenter v0.3.3
[INFO] [stderr]   Downloaded futures v0.3.28
[INFO] [stderr]   Downloaded codespan-reporting v0.11.1
[INFO] [stderr]   Downloaded sha1 v0.10.5
[INFO] [stderr]   Downloaded safe-regex-macro v0.2.5
[INFO] [stderr]   Downloaded webpki-roots v0.21.1
[INFO] [stderr]   Downloaded abstract-testing v0.14.3
[INFO] [stderr]   Downloaded cosmos-sdk-proto v0.17.0
[INFO] [stderr]   Downloaded ct-logs v0.8.0
[INFO] [stderr]   Downloaded sct v0.6.1
[INFO] [stderr]   Downloaded peg-runtime v0.7.0
[INFO] [stderr]   Downloaded ed25519 v1.5.3
[INFO] [stderr]   Downloaded ed25519-consensus v2.1.0
[INFO] [stderr]   Downloaded ed25519-dalek v1.0.1
[INFO] [stderr]   Downloaded subtle-ng v2.5.0
[INFO] [stderr]   Downloaded flex-error v0.4.4
[INFO] [stderr]   Downloaded eyre v0.6.8
[INFO] [stderr]   Downloaded serde_bytes v0.11.9
[INFO] [stderr]   Downloaded bitcoin_hashes v0.12.0
[INFO] [stderr]   Downloaded sha3 v0.10.7
[INFO] [stderr]   Downloaded windows-sys v0.42.0
[INFO] [stderr]   Downloaded windows-targets v0.48.0
[INFO] [stderr]   Downloaded wasi v0.10.0+wasi-snapshot-preview1
[INFO] [stderr]   Downloaded windows_i686_gnu v0.48.0
[INFO] [stderr]   Downloaded windows_i686_msvc v0.48.0
[INFO] [stderr]   Downloaded boot-contract-derive v0.10.0
[INFO] [stderr]   Downloaded abstract-proxy v0.14.3
[INFO] [stderr]   Downloaded tendermint-light-client-verifier v0.30.0
[INFO] [stderr]   Downloaded async-tungstenite v0.20.0
[INFO] [stderr]   Downloaded abstract-module-factory v0.14.3
[INFO] [stderr]   Downloaded tendermint-rpc v0.30.0
[INFO] [stderr]   Downloaded boot-core v0.10.0
[INFO] [stderr]   Downloaded time v0.1.45
[INFO] [stderr]   Downloaded chrono v0.4.24
[INFO] [stderr]   Downloaded bip32 v0.4.0
[INFO] [stderr]   Downloaded rand v0.7.3
[INFO] [stderr]   Downloaded hyper-rustls v0.22.1
[INFO] [stderr]   Downloaded tokio-rustls v0.22.0
[INFO] [stderr]   Downloaded peg v0.7.0
[INFO] [stderr]   Downloaded cw-multi-test v0.16.4
[INFO] [stderr]   Downloaded headers-core v0.2.0
[INFO] [stderr]   Downloaded ics23 v0.9.0
[INFO] [stderr]   Downloaded winapi-i686-pc-windows-gnu v0.4.0
[INFO] [stderr]   Downloaded darling v0.14.4
[INFO] [stderr]   Downloaded derive_builder v0.12.0
[INFO] [stderr]   Downloaded windows_i686_gnu v0.42.2
[INFO] [stderr]   Downloaded rand_chacha v0.2.2
[INFO] [stderr]   Downloaded rand_hc v0.2.0
[INFO] [stderr]   Downloaded impl-serde v0.4.0
[INFO] [stderr]   Downloaded primitive-types v0.12.1
[INFO] [stderr]   Downloaded windows_aarch64_msvc v0.42.2
[INFO] [stderr]   Downloaded windows_aarch64_msvc v0.48.0
[INFO] [stderr]   Downloaded curve25519-dalek v3.2.0
[INFO] [stderr]   Downloaded windows_x86_64_msvc v0.48.0
[INFO] [stderr]   Downloaded cosmwasm-schema v1.2.4
[INFO] [stderr]   Downloaded tokio-util v0.7.8
[INFO] [stderr]   Downloaded rand v0.8.5
[INFO] [stderr]   Downloaded smallvec v1.10.0
[INFO] [stderr]   Downloaded tower v0.4.13
[INFO] [stderr]   Downloaded vcpkg v0.2.15
[INFO] [stderr]   Downloaded windows_aarch64_gnullvm v0.48.0
[INFO] [stderr]   Downloaded rustversion v1.0.12
[INFO] [stderr]   Downloaded wasm-bindgen v0.2.84
[INFO] [stderr]   Downloaded sct v0.7.0
[INFO] [stderr]   Downloaded windows_aarch64_gnullvm v0.42.2
[INFO] [stderr]   Downloaded ecdsa v0.14.8
[INFO] [stderr]   Downloaded serde_json v1.0.96
[INFO] [stderr]   Downloaded wasm-bindgen-futures v0.4.34
[INFO] [stderr]   Downloaded digest v0.10.6
[INFO] [stderr]   Downloaded derivative v2.2.0
[INFO] [stderr]   Downloaded httpdate v1.0.2
[INFO] [stderr]   Downloaded getrandom v0.2.9
[INFO] [stderr]   Downloaded subtle v2.4.1
[INFO] [stderr]   Downloaded num-bigint v0.4.3
[INFO] [stderr]   Downloaded byteorder v1.4.3
[INFO] [stderr]   Downloaded serde_repr v0.1.12
[INFO] [stderr]   Downloaded winapi-util v0.1.5
[INFO] [stderr]   Downloaded tokio-native-tls v0.3.1
[INFO] [stderr]   Downloaded ed25519-zebra v3.1.0
[INFO] [stderr]   Downloaded base16ct v0.1.1
[INFO] [stderr]   Downloaded spki v0.6.0
[INFO] [stderr]   Downloaded pkcs8 v0.9.0
[INFO] [stderr]   Downloaded cpufeatures v0.2.7
[INFO] [stderr]   Downloaded rustls-pemfile v1.0.2
[INFO] [stderr]   Downloaded futures-macro v0.3.28
[INFO] [stderr]   Downloaded hmac v0.12.1
[INFO] [stderr]   Downloaded typenum v1.16.0
[INFO] [stderr]   Downloaded either v1.8.1
[INFO] [stderr]   Downloaded signal-hook-registry v1.4.1
[INFO] [stderr]   Downloaded rand_core v0.6.4
[INFO] [stderr]   Downloaded serde_derive v1.0.160
[INFO] [stderr]   Downloaded js-sys v0.3.61
[INFO] [stderr]   Downloaded thiserror-impl v1.0.40
[INFO] [stderr]   Downloaded windows_x86_64_gnu v0.42.2
[INFO] [stderr]   Downloaded tower-layer v0.3.2
[INFO] [stderr]   Downloaded generic-array v0.14.7
[INFO] [stderr]   Downloaded semver v1.0.17
[INFO] [stderr]   Downloaded block-buffer v0.10.4
[INFO] [stderr]   Downloaded hex v0.4.3
[INFO] [stderr]   Downloaded async-stream v0.3.5
[INFO] [stderr]   Downloaded crypto-common v0.1.6
[INFO] [stderr]   Downloaded num-traits v0.2.15
[INFO] [stderr]   Downloaded tokio-io-timeout v1.2.0
[INFO] [stderr]   Downloaded num-integer v0.1.45
[INFO] [stderr]   Downloaded sha2 v0.10.6
[INFO] [stderr]   Downloaded parking_lot v0.12.1
[INFO] [stderr]   Downloaded static_assertions v1.1.0
[INFO] [stderr]   Downloaded serde_derive_internals v0.26.0
[INFO] [stderr]   Downloaded num-complex v0.4.3
[INFO] [stderr]   Downloaded safe-regex v0.2.5
[INFO] [stderr]   Downloaded derive_builder_core v0.12.0
[INFO] [stderr]   Downloaded pbkdf2 v0.11.0
[INFO] [stderr]   Downloaded fixed-hash v0.8.0
[INFO] [stderr]   Downloaded prost-types v0.11.9
[INFO] [stderr]   Downloaded webpki v0.21.4
[INFO] [stderr]   Downloaded peg-macros v0.7.0
[INFO] [stderr]   Downloaded subtle-encoding v0.5.1
[INFO] [stderr]   Downloaded toml v0.5.11
[INFO] [stderr]   Downloaded hyper-rustls v0.23.2
[INFO] [stderr]   Downloaded async-stream-impl v0.3.5
[INFO] [stderr]   Downloaded sha256 v1.1.3
[INFO] [stderr]   Downloaded secp256k1 v0.27.0
[INFO] [stderr]   Downloaded axum-core v0.3.4
[INFO] [stderr]   Downloaded sync_wrapper v0.1.2
[INFO] [stderr]   Downloaded hyper-timeout v0.4.1
[INFO] [stderr]   Downloaded prost v0.11.9
[INFO] [stderr]   Downloaded prost-derive v0.11.9
[INFO] [stderr]   Downloaded spin v0.5.2
[INFO] [stderr]   Downloaded webpki v0.22.0
[INFO] [stderr]   Downloaded tokio-rustls v0.23.4
[INFO] [stderr]   Downloaded tokio-stream v0.1.14
[INFO] [stderr]   Downloaded core-foundation-sys v0.8.4
[INFO] [stderr]   Downloaded ppv-lite86 v0.2.17
[INFO] [stderr]   Downloaded hyper-tls v0.5.0
[INFO] [stderr]   Downloaded instant v0.1.12
[INFO] [stderr]   Downloaded redox_syscall v0.3.5
[INFO] [stderr]   Downloaded errno-dragonfly v0.1.2
[INFO] [stderr]   Downloaded errno v0.3.1
[INFO] [stderr]   Downloaded hermit-abi v0.3.1
[INFO] [stderr]   Downloaded h2 v0.3.18
[INFO] [stderr]   Downloaded hyper v0.14.26
[INFO] [stderr]   Downloaded core-foundation v0.9.3
[INFO] [stderr]   Downloaded security-framework-sys v2.8.0
[INFO] [stderr]   Downloaded security-framework v2.8.2
[INFO] [stderr]   Downloaded rand_chacha v0.3.1
[INFO] [stderr]   Downloaded mio v0.8.6
[INFO] [stderr]   Downloaded lock_api v0.4.9
[INFO] [stderr]   Downloaded redox_syscall v0.2.16
[INFO] [stderr]   Downloaded wasm-bindgen-shared v0.2.84
[INFO] [stderr]   Downloaded dyn-clone v1.0.11
[INFO] [stderr]   Downloaded schemars v0.8.12
[INFO] [stderr]   Downloaded num-rational v0.4.1
[INFO] [stderr]   Downloaded num v0.4.0
[INFO] [stderr]   Downloaded speculoos v0.11.0
[INFO] [stderr]   Downloaded wasi v0.9.0+wasi-snapshot-preview1
[INFO] [stderr]   Downloaded rand_core v0.5.1
[INFO] [stderr]   Downloaded sha2 v0.9.9
[INFO] [stderr]   Downloaded cosmwasm-std v1.2.4
[INFO] [stderr]   Downloaded signature v1.6.4
[INFO] [stderr]   Downloaded crypto-bigint v0.4.9
[INFO] [stderr]   Downloaded ff v0.12.1
[INFO] [stderr]   Downloaded group v0.12.1
[INFO] [stderr]   Downloaded const-oid v0.9.2
[INFO] [stderr]   Downloaded der v0.6.1
[INFO] [stderr]   Downloaded serde-json-wasm v0.5.1
[INFO] [stderr]   Downloaded zeroize v1.6.0
[INFO] [stderr]   Downloaded elliptic-curve v0.12.3
[INFO] [stderr]   Downloaded k256 v0.11.6
[INFO] [stderr]   Downloaded wasi v0.11.0+wasi-snapshot-preview1
[INFO] [stderr]   Downloaded bumpalo v3.12.1
[INFO] [stderr]   Downloaded wasm-bindgen-backend v0.2.84
[INFO] [stderr]   Downloaded cosmwasm-crypto v1.2.4
[INFO] [stderr]   Downloaded forward_ref v1.0.0
[INFO] [stderr]   Downloaded crunchy v0.2.2
[INFO] [stderr]   Downloaded cw-storage-plus v1.0.1
[INFO] [stderr]   Downloaded cw2 v1.0.1
[INFO] [stderr]   Downloaded schemars_derive v0.8.12
[INFO] [stderr]   Downloaded num-iter v0.1.43
[INFO] running `Command { std: "docker" "create" "-v" "/var/lib/crater-agent-workspace/builds/worker-2-tc1/target:/opt/rustwide/target:rw,Z" "-v" "/var/lib/crater-agent-workspace/builds/worker-2-tc1/source:/opt/rustwide/workdir:ro,Z" "-v" "/var/lib/crater-agent-workspace/cargo-home:/opt/rustwide/cargo-home:ro,Z" "-v" "/var/lib/crater-agent-workspace/rustup-home:/opt/rustwide/rustup-home:ro,Z" "-e" "SOURCE_DIR=/opt/rustwide/workdir" "-e" "CARGO_TARGET_DIR=/opt/rustwide/target" "-e" "CARGO_HOME=/opt/rustwide/cargo-home" "-e" "RUSTUP_HOME=/opt/rustwide/rustup-home" "-w" "/opt/rustwide/workdir" "-m" "1610612736" "--user" "0:0" "--network" "none" "ghcr.io/rust-lang/crates-build-env/linux@sha256:5ff2268d62e97bff2cde7d5815dd6ed5b47097566f13b8d0ca110b04b60e07ed" "/opt/rustwide/cargo-home/bin/cargo" "+1.69.0" "metadata" "--no-deps" "--format-version=1", kill_on_drop: false }`
[INFO] [stdout] 0607f28131088db0f04904396443c65cff567906fa67baabf389f25d51401914
[INFO] running `Command { std: "docker" "start" "-a" "0607f28131088db0f04904396443c65cff567906fa67baabf389f25d51401914", kill_on_drop: false }`
[INFO] running `Command { std: "docker" "inspect" "0607f28131088db0f04904396443c65cff567906fa67baabf389f25d51401914", kill_on_drop: false }`
[INFO] running `Command { std: "docker" "rm" "-f" "0607f28131088db0f04904396443c65cff567906fa67baabf389f25d51401914", kill_on_drop: false }`
[INFO] [stdout] 0607f28131088db0f04904396443c65cff567906fa67baabf389f25d51401914
[INFO] running `Command { std: "docker" "create" "-v" "/var/lib/crater-agent-workspace/builds/worker-2-tc1/target:/opt/rustwide/target:rw,Z" "-v" "/var/lib/crater-agent-workspace/builds/worker-2-tc1/source:/opt/rustwide/workdir:ro,Z" "-v" "/var/lib/crater-agent-workspace/cargo-home:/opt/rustwide/cargo-home:ro,Z" "-v" "/var/lib/crater-agent-workspace/rustup-home:/opt/rustwide/rustup-home:ro,Z" "-e" "SOURCE_DIR=/opt/rustwide/workdir" "-e" "CARGO_TARGET_DIR=/opt/rustwide/target" "-e" "CARGO_INCREMENTAL=0" "-e" "RUST_BACKTRACE=full" "-e" "RUSTFLAGS=--cap-lints=warn" "-e" "RUSTDOCFLAGS=--cap-lints=warn" "-e" "CARGO_HOME=/opt/rustwide/cargo-home" "-e" "RUSTUP_HOME=/opt/rustwide/rustup-home" "-w" "/opt/rustwide/workdir" "-m" "1610612736" "--user" "0:0" "--network" "none" "ghcr.io/rust-lang/crates-build-env/linux@sha256:5ff2268d62e97bff2cde7d5815dd6ed5b47097566f13b8d0ca110b04b60e07ed" "/opt/rustwide/cargo-home/bin/cargo" "+1.69.0" "build" "--frozen" "--message-format=json", kill_on_drop: false }`
[INFO] [stdout] 0d418c33c34ad73f6050ceeb7384ca9c7fd5fe99253f20e70e3c4005513adf8c
[INFO] running `Command { std: "docker" "start" "-a" "0d418c33c34ad73f6050ceeb7384ca9c7fd5fe99253f20e70e3c4005513adf8c", kill_on_drop: false }`
[INFO] [stderr]    Compiling version_check v0.9.4
[INFO] [stderr]    Compiling proc-macro2 v1.0.56
[INFO] [stderr]    Compiling quote v1.0.26
[INFO] [stderr]    Compiling unicode-ident v1.0.8
[INFO] [stderr]    Compiling typenum v1.16.0
[INFO] [stderr]    Compiling cfg-if v1.0.0
[INFO] [stderr]    Compiling libc v0.2.142
[INFO] [stderr]    Compiling subtle v2.4.1
[INFO] [stderr]    Compiling zeroize v1.6.0
[INFO] [stderr]    Compiling serde_derive v1.0.160
[INFO] [stderr]    Compiling syn v1.0.109
[INFO] [stderr]    Compiling serde v1.0.160
[INFO] [stderr]    Compiling const-oid v0.9.2
[INFO] [stderr]    Compiling base64ct v1.6.0
[INFO] [stderr]    Compiling cpufeatures v0.2.7
[INFO] [stderr]    Compiling base16ct v0.1.1
[INFO] [stderr]    Compiling thiserror v1.0.40
[INFO] [stderr]    Compiling serde_json v1.0.96
[INFO] [stderr]    Compiling once_cell v1.17.1
[INFO] [stderr]    Compiling byteorder v1.4.3
[INFO] [stderr]    Compiling der v0.6.1
[INFO] [stderr]    Compiling crunchy v0.2.2
[INFO] [stderr]    Compiling opaque-debug v0.3.0
[INFO] [stderr]    Compiling schemars v0.8.12
[INFO] [stderr]    Compiling ryu v1.0.13
[INFO] [stderr]    Compiling hex v0.4.3
[INFO] [stderr]    Compiling itoa v1.0.6
[INFO] [stderr]    Compiling rand_core v0.5.1
[INFO] [stderr]    Compiling dyn-clone v1.0.11
[INFO] [stderr]    Compiling generic-array v0.14.7
[INFO] [stderr]    Compiling ahash v0.7.6
[INFO] [stderr]    Compiling static_assertions v1.1.0
[INFO] [stderr]    Compiling base64 v0.13.1
[INFO] [stderr]    Compiling forward_ref v1.0.0
[INFO] [stderr]    Compiling semver v1.0.17
[INFO] [stderr]    Compiling cw-semver v1.0.14
[INFO] [stderr]    Compiling uint v0.9.5
[INFO] [stderr]    Compiling spki v0.6.0
[INFO] [stderr]    Compiling syn v2.0.15
[INFO] [stderr]    Compiling getrandom v0.2.9
[INFO] [stderr]    Compiling pkcs8 v0.9.0
[INFO] [stderr]    Compiling rand_core v0.6.4
[INFO] [stderr]    Compiling ff v0.12.1
[INFO] [stderr]    Compiling hashbrown v0.12.3
[INFO] [stderr]    Compiling group v0.12.1
[INFO] [stderr]    Compiling crypto-common v0.1.6
[INFO] [stderr]    Compiling block-buffer v0.10.4
[INFO] [stderr]    Compiling crypto-bigint v0.4.9
[INFO] [stderr]    Compiling sec1 v0.3.0
[INFO] [stderr]    Compiling digest v0.9.0
[INFO] [stderr]    Compiling block-buffer v0.9.0
[INFO] [stderr]    Compiling curve25519-dalek v3.2.0
[INFO] [stderr]    Compiling sha2 v0.9.9
[INFO] [stderr]    Compiling digest v0.10.6
[INFO] [stderr]    Compiling hmac v0.12.1
[INFO] [stderr]    Compiling signature v1.6.4
[INFO] [stderr]    Compiling sha2 v0.10.6
[INFO] [stderr]    Compiling rfc6979 v0.3.1
[INFO] [stderr]    Compiling elliptic-curve v0.12.3
[INFO] [stderr]    Compiling ecdsa v0.14.8
[INFO] [stderr]    Compiling thiserror-impl v1.0.40
[INFO] [stderr]    Compiling k256 v0.11.6
[INFO] [stderr]    Compiling serde_derive_internals v0.26.0
[INFO] [stderr]    Compiling schemars_derive v0.8.12
[INFO] [stderr]    Compiling cosmwasm-derive v1.2.4
[INFO] [stderr]    Compiling derivative v2.2.0
[INFO] [stderr]    Compiling cosmwasm-schema-derive v1.2.4
[INFO] [stderr]    Compiling cw-ownable-derive v0.5.1
[INFO] [stderr]    Compiling abstract-macros v0.14.3
[INFO] [stderr]    Compiling ed25519-zebra v3.1.0
[INFO] [stderr]    Compiling serde-json-wasm v0.5.1
[INFO] [stderr]    Compiling cosmwasm-crypto v1.2.4
[INFO] [stderr]    Compiling cosmwasm-std v1.2.4
[INFO] [stderr]    Compiling cosmwasm-schema v1.2.4
[INFO] [stderr]    Compiling cw-storage-plus v1.0.1
[INFO] [stderr]    Compiling cw-address-like v1.0.4
[INFO] [stderr]    Compiling abstract-ica v0.14.3
[INFO] [stderr]    Compiling cw2 v1.0.1
[INFO] [stderr]    Compiling cw-utils v1.0.1
[INFO] [stderr]    Compiling cw20 v1.0.1
[INFO] [stderr]    Compiling cw-ownable v0.5.1
[INFO] [stderr]    Compiling cw-controllers v1.0.1
[INFO] [stderr]    Compiling cw-asset v3.0.0
[INFO] [stderr]    Compiling cw20-base v1.0.1
[INFO] [stderr]    Compiling abstract-core v0.14.3
[INFO] [stderr]    Compiling abstract-sdk v0.14.3
[INFO] [stderr]    Compiling abstract-api v0.14.3 (/opt/rustwide/workdir)
[INFO] [stderr]     Finished dev [unoptimized + debuginfo] target(s) in 29.68s
[INFO] running `Command { std: "docker" "inspect" "0d418c33c34ad73f6050ceeb7384ca9c7fd5fe99253f20e70e3c4005513adf8c", kill_on_drop: false }`
[INFO] running `Command { std: "docker" "rm" "-f" "0d418c33c34ad73f6050ceeb7384ca9c7fd5fe99253f20e70e3c4005513adf8c", kill_on_drop: false }`
[INFO] [stdout] 0d418c33c34ad73f6050ceeb7384ca9c7fd5fe99253f20e70e3c4005513adf8c
[INFO] running `Command { std: "docker" "create" "-v" "/var/lib/crater-agent-workspace/builds/worker-2-tc1/target:/opt/rustwide/target:rw,Z" "-v" "/var/lib/crater-agent-workspace/builds/worker-2-tc1/source:/opt/rustwide/workdir:ro,Z" "-v" "/var/lib/crater-agent-workspace/cargo-home:/opt/rustwide/cargo-home:ro,Z" "-v" "/var/lib/crater-agent-workspace/rustup-home:/opt/rustwide/rustup-home:ro,Z" "-e" "SOURCE_DIR=/opt/rustwide/workdir" "-e" "CARGO_TARGET_DIR=/opt/rustwide/target" "-e" "CARGO_INCREMENTAL=0" "-e" "RUST_BACKTRACE=full" "-e" "RUSTFLAGS=--cap-lints=warn" "-e" "RUSTDOCFLAGS=--cap-lints=warn" "-e" "CARGO_HOME=/opt/rustwide/cargo-home" "-e" "RUSTUP_HOME=/opt/rustwide/rustup-home" "-w" "/opt/rustwide/workdir" "-m" "1610612736" "--user" "0:0" "--network" "none" "ghcr.io/rust-lang/crates-build-env/linux@sha256:5ff2268d62e97bff2cde7d5815dd6ed5b47097566f13b8d0ca110b04b60e07ed" "/opt/rustwide/cargo-home/bin/cargo" "+1.69.0" "test" "--frozen" "--no-run" "--message-format=json", kill_on_drop: false }`
[INFO] [stdout] ea8c844548c56dbbd649245b413ecded2b33f57e148f0ce9c84ce997f918eb14
[INFO] running `Command { std: "docker" "start" "-a" "ea8c844548c56dbbd649245b413ecded2b33f57e148f0ce9c84ce997f918eb14", kill_on_drop: false }`
[INFO] [stderr]    Compiling autocfg v1.1.0
[INFO] [stderr]    Compiling num-traits v0.2.15
[INFO] [stderr]    Compiling num-integer v0.1.45
[INFO] [stderr]    Compiling num-bigint v0.4.3
[INFO] [stderr]    Compiling num-iter v0.1.43
[INFO] [stderr]    Compiling num-rational v0.4.1
[INFO] [stderr]    Compiling num-complex v0.4.3
[INFO] [stderr]    Compiling num v0.4.0
[INFO] [stderr]    Compiling speculoos v0.11.0
[INFO] [stderr]    Compiling abstract-api v0.14.3 (/opt/rustwide/workdir)
[INFO] [stdout] error[E0432]: unresolved import `crate::mock`
[INFO] [stdout]    --> src/endpoints/execute.rs:236:16
[INFO] [stdout]     |
[INFO] [stdout] 236 |     use crate::mock::*;
[INFO] [stdout]     |                ^^^^ could not find `mock` in the crate root
[INFO] [stdout] 
[INFO] [stdout] 
[INFO] [stdout] error[E0432]: unresolved import `crate::mock`
[INFO] [stdout]    --> src/endpoints/execute.rs:256:20
[INFO] [stdout]     |
[INFO] [stdout] 256 |         use crate::mock::TEST_AUTHORIZED_ADDRESS;
[INFO] [stdout]     |                    ^^^^ could not find `mock` in the crate root
[INFO] [stdout] 
[INFO] [stdout] 
[INFO] [stdout] error[E0432]: unresolved import `crate::mock`
[INFO] [stdout]    --> src/endpoints/execute.rs:386:20
[INFO] [stdout]     |
[INFO] [stdout] 386 |         use crate::mock::{MOCK_API, TEST_AUTHORIZED_ADDRESS};
[INFO] [stdout]     |                    ^^^^ could not find `mock` in the crate root
[INFO] [stdout] 
[INFO] [stdout] 
[INFO] [stdout] error[E0432]: unresolved import `crate::mock`
[INFO] [stdout]   --> src/endpoints/instantiate.rs:67:9
[INFO] [stdout]    |
[INFO] [stdout] 67 |         mock::{ApiMockResult, MockInitMsg, MOCK_API, MOCK_DEP, TEST_METADATA},
[INFO] [stdout]    |         ^^^^ could not find `mock` in the crate root
[INFO] [stdout] 
[INFO] [stdout] 
[INFO] [stdout] error[E0432]: unresolved import `crate::mock`
[INFO] [stdout]   --> src/endpoints/receive.rs:12:16
[INFO] [stdout]    |
[INFO] [stdout] 12 |     use crate::mock::{execute, ApiMockResult, MockReceiveMsg};
[INFO] [stdout]    |                ^^^^ could not find `mock` in the crate root
[INFO] [stdout] 
[INFO] [stdout] 
[INFO] [stdout] error[E0432]: unresolved import `crate::mock`
[INFO] [stdout]   --> src/endpoints/reply.rs:13:16
[INFO] [stdout]    |
[INFO] [stdout] 13 |     use crate::mock::{reply, ApiMockResult};
[INFO] [stdout]    |                ^^^^ could not find `mock` in the crate root
[INFO] [stdout] 
[INFO] [stdout] 
[INFO] [stdout] error[E0432]: unresolved import `crate::mock`
[INFO] [stdout]   --> src/endpoints/sudo.rs:13:16
[INFO] [stdout]    |
[INFO] [stdout] 13 |     use crate::mock::{sudo, ApiMockResult};
[INFO] [stdout]    |                ^^^^ could not find `mock` in the crate root
[INFO] [stdout] 
[INFO] [stdout] 
[INFO] [stdout] error[E0432]: unresolved import `crate::mock`
[INFO] [stdout]   --> src/endpoints.rs:73:16
[INFO] [stdout]    |
[INFO] [stdout] 73 |     use crate::mock::*;
[INFO] [stdout]    |                ^^^^ could not find `mock` in the crate root
[INFO] [stdout] 
[INFO] [stdout] 
[INFO] [stdout] error[E0432]: unresolved import `crate::mock`
[INFO] [stdout]   --> src/features.rs:74:16
[INFO] [stdout]    |
[INFO] [stdout] 74 |     use crate::mock::{
[INFO] [stdout]    |                ^^^^ could not find `mock` in the crate root
[INFO] [stdout] 
[INFO] [stdout] 
[INFO] [stdout] error[E0433]: failed to resolve: use of undeclared crate or module `abstract_testing`
[INFO] [stdout]   --> src/endpoints/instantiate.rs:70:9
[INFO] [stdout]    |
[INFO] [stdout] 70 |     use abstract_testing::prelude::*;
[INFO] [stdout]    |         ^^^^^^^^^^^^^^^^ use of undeclared crate or module `abstract_testing`
[INFO] [stdout] 
[INFO] [stdout] 
[INFO] [stdout] error[E0433]: failed to resolve: use of undeclared crate or module `abstract_testing`
[INFO] [stdout]   --> src/features.rs:67:9
[INFO] [stdout]    |
[INFO] [stdout] 67 |     use abstract_testing::prelude::*;
[INFO] [stdout]    |         ^^^^^^^^^^^^^^^^ use of undeclared crate or module `abstract_testing`
[INFO] [stdout] 
[INFO] [stdout] 
[INFO] [stdout] error[E0433]: failed to resolve: use of undeclared crate or module `abstract_testing`
[INFO] [stdout]    --> src/endpoints/execute.rs:230:9
[INFO] [stdout]     |
[INFO] [stdout] 230 |     use abstract_testing::prelude::*;
[INFO] [stdout]     |         ^^^^^^^^^^^^^^^^ use of undeclared crate or module `abstract_testing`
[INFO] [stdout] 
[INFO] [stdout] 
[INFO] [stdout] error[E0433]: failed to resolve: use of undeclared crate or module `abstract_testing`
[INFO] [stdout]    --> src/endpoints/execute.rs:390:13
[INFO] [stdout]     |
[INFO] [stdout] 390 |         use abstract_testing::prelude::mocked_account_querier_builder;
[INFO] [stdout]     |             ^^^^^^^^^^^^^^^^ use of undeclared crate or module `abstract_testing`
[INFO] [stdout] 
[INFO] [stdout] 
[INFO] [stdout] error[E0433]: failed to resolve: use of undeclared crate or module `abstract_testing`
[INFO] [stdout]   --> src/endpoints.rs:78:9
[INFO] [stdout]    |
[INFO] [stdout] 78 |     use abstract_testing::prelude::{TEST_ADMIN, TEST_ANS_HOST, TEST_VERSION_CONTROL};
[INFO] [stdout]    |         ^^^^^^^^^^^^^^^^ use of undeclared crate or module `abstract_testing`
[INFO] [stdout] 
[INFO] [stdout] 
[INFO] [stdout] error[E0432]: unresolved imports `crate::mock`, `abstract_testing::prelude::*`, `abstract_testing::prelude::mocked_account_querier_builder`, `abstract_testing::prelude::TEST_ADMIN`, `abstract_testing::prelude::TEST_ANS_HOST`, `abstract_testing::prelude::TEST_VERSION_CONTROL`
[INFO] [stdout]    --> src/endpoints.rs:78:37
[INFO] [stdout]     |
[INFO] [stdout] 78  |     use abstract_testing::prelude::{TEST_ADMIN, TEST_ANS_HOST, TEST_VERSION_CONTROL};
[INFO] [stdout]     |                                     ^^^^^^^^^^  ^^^^^^^^^^^^^  ^^^^^^^^^^^^^^^^^^^^
[INFO] [stdout]     |
[INFO] [stdout]    ::: src/state.rs:155:16
[INFO] [stdout]     |
[INFO] [stdout] 155 |     use crate::mock::{ApiMockResult, MOCK_API};
[INFO] [stdout]     |                ^^^^ could not find `mock` in the crate root
[INFO] [stdout]     |
[INFO] [stdout]    ::: src/endpoints/execute.rs:230:9
[INFO] [stdout]     |
[INFO] [stdout] 230 |     use abstract_testing::prelude::*;
[INFO] [stdout]     |         ^^^^^^^^^^^^^^^^^^^^^^^^^^^^
[INFO] [stdout] ...
[INFO] [stdout] 390 |         use abstract_testing::prelude::mocked_account_querier_builder;
[INFO] [stdout]     |             ^^^^^^^^^^^^^^^^^^^^^^^^^^^^^^^^^^^^^^^^^^^^^^^^^^^^^^^^^
[INFO] [stdout] 
[INFO] [stdout] 
[INFO] [stdout] error[E0433]: failed to resolve: use of undeclared type `MockError`
[INFO] [stdout]    --> src/endpoints/execute.rs:348:21
[INFO] [stdout]     |
[INFO] [stdout] 348 |                     MockError::Api(ApiError::AuthorizedAddressAlreadyPresent {
[INFO] [stdout]     |                     ^^^^^^^^^ use of undeclared type `MockError`
[INFO] [stdout] 
[INFO] [stdout] 
[INFO] [stdout] error[E0433]: failed to resolve: use of undeclared type `MockError`
[INFO] [stdout]    --> src/endpoints/execute.rs:375:21
[INFO] [stdout]     |
[INFO] [stdout] 375 |                     MockError::Api(ApiError::AuthorizedAddressNotPresent {
[INFO] [stdout]     |                     ^^^^^^^^^ use of undeclared type `MockError`
[INFO] [stdout] 
[INFO] [stdout] 
[INFO] [stdout] error[E0433]: failed to resolve: use of undeclared type `MockError`
[INFO] [stdout]    --> src/endpoints/execute.rs:432:21
[INFO] [stdout]     |
[INFO] [stdout] 432 |                     MockError::Api(ApiError::UnauthorizedAddressApiRequest {
[INFO] [stdout]     |                     ^^^^^^^^^ use of undeclared type `MockError`
[INFO] [stdout] 
[INFO] [stdout] 
[INFO] [stdout] error[E0433]: failed to resolve: could not find `mock` in the crate root
[INFO] [stdout]   --> src/endpoints/instantiate.rs:95:41
[INFO] [stdout]    |
[INFO] [stdout] 95 |             dependencies: vec![(&crate::mock::MOCK_DEP).into()],
[INFO] [stdout]    |                                         ^^^^ could not find `mock` in the crate root
[INFO] [stdout] 
[INFO] [stdout] 
[INFO] [stdout] error[E0433]: failed to resolve: could not find `mock` in the crate root
[INFO] [stdout]   --> src/endpoints/sudo.rs:22:31
[INFO] [stdout]    |
[INFO] [stdout] 22 |         let sudo_msg = crate::mock::MockSudoMsg;
[INFO] [stdout]    |                               ^^^^ could not find `mock` in the crate root
[INFO] [stdout] 
[INFO] [stdout] 
[INFO] [stdout] error[E0412]: cannot find type `MockExecMsg` in this scope
[INFO] [stdout]    --> src/endpoints/execute.rs:242:25
[INFO] [stdout]     |
[INFO] [stdout] 242 |         msg: ExecuteMsg<MockExecMsg, MockReceiveMsg>,
[INFO] [stdout]     |                         ^^^^^^^^^^^ not found in this scope
[INFO] [stdout]     |
[INFO] [stdout] help: you might be missing a type parameter
[INFO] [stdout]     |
[INFO] [stdout] 239 |     fn execute_as<MockExecMsg>(
[INFO] [stdout]     |                  +++++++++++++
[INFO] [stdout] 
[INFO] [stdout] 
[INFO] [stdout] error[E0412]: cannot find type `MockReceiveMsg` in this scope
[INFO] [stdout]    --> src/endpoints/execute.rs:242:38
[INFO] [stdout]     |
[INFO] [stdout] 242 |         msg: ExecuteMsg<MockExecMsg, MockReceiveMsg>,
[INFO] [stdout]     |                                      ^^^^^^^^^^^^^^ not found in this scope
[INFO] [stdout]     |
[INFO] [stdout] help: you might be missing a type parameter
[INFO] [stdout]     |
[INFO] [stdout] 239 |     fn execute_as<MockReceiveMsg>(
[INFO] [stdout]     |                  ++++++++++++++++
[INFO] [stdout] 
[INFO] [stdout] 
[INFO] [stdout] error[E0412]: cannot find type `MockError` in this scope
[INFO] [stdout]    --> src/endpoints/execute.rs:243:27
[INFO] [stdout]     |
[INFO] [stdout] 243 |     ) -> Result<Response, MockError> {
[INFO] [stdout]     |                           ^^^^^^^^^ not found in this scope
[INFO] [stdout]     |
[INFO] [stdout] help: you might be missing a type parameter
[INFO] [stdout]     |
[INFO] [stdout] 239 |     fn execute_as<MockError>(
[INFO] [stdout]     |                  +++++++++++
[INFO] [stdout] 
[INFO] [stdout] 
[INFO] [stdout] error[E0425]: cannot find value `MOCK_API` in this scope
[INFO] [stdout]    --> src/endpoints/execute.rs:244:9
[INFO] [stdout]     |
[INFO] [stdout] 244 |         MOCK_API.execute(deps, mock_env(), mock_info(sender, &[]), msg)
[INFO] [stdout]     |         ^^^^^^^^ not found in this scope
[INFO] [stdout] 
[INFO] [stdout] 
[INFO] [stdout] error[E0412]: cannot find type `MockError` in this scope
[INFO] [stdout]    --> src/endpoints/execute.rs:251:27
[INFO] [stdout]     |
[INFO] [stdout] 251 |     ) -> Result<Response, MockError> {
[INFO] [stdout]     |                           ^^^^^^^^^ not found in this scope
[INFO] [stdout]     |
[INFO] [stdout] help: you might be missing a type parameter
[INFO] [stdout]     |
[INFO] [stdout] 247 |     fn base_execute_as<MockError>(
[INFO] [stdout]     |                       +++++++++++
[INFO] [stdout] 
[INFO] [stdout] 
[INFO] [stdout] error[E0425]: cannot find value `MOCK_API` in this scope
[INFO] [stdout]    --> src/endpoints/execute.rs:261:13
[INFO] [stdout]     |
[INFO] [stdout] 261 |             MOCK_API
[INFO] [stdout]     |             ^^^^^^^^ not found in this scope
[INFO] [stdout] 
[INFO] [stdout] 
[INFO] [stdout] error[E0425]: cannot find value `TEST_PROXY` in this scope
[INFO] [stdout]    --> src/endpoints/execute.rs:263:48
[INFO] [stdout]     |
[INFO] [stdout] 263 |                 .load(storage, Addr::unchecked(TEST_PROXY))
[INFO] [stdout]     |                                                ^^^^^^^^^^ not found in this scope
[INFO] [stdout] 
[INFO] [stdout] 
[INFO] [stdout] error[E0412]: cannot find type `ApiMockResult` in this scope
[INFO] [stdout]    --> src/endpoints/execute.rs:268:35
[INFO] [stdout]     |
[INFO] [stdout] 268 |         fn authorize_address() -> ApiMockResult {
[INFO] [stdout]     |                                   ^^^^^^^^^^^^^ help: a type alias with a similar name exists: `ApiResult`
[INFO] [stdout]     |
[INFO] [stdout]    ::: src/lib.rs:6:1
[INFO] [stdout]     |
[INFO] [stdout] 6   | pub type ApiResult<C = Empty> = Result<Response<C>, ApiError>;
[INFO] [stdout]     | -------------------------------------------------------------- similarly named type alias `ApiResult` defined here
[INFO] [stdout] 
[INFO] [stdout] 
[INFO] [stdout] error[E0425]: cannot find value `MOCK_API` in this scope
[INFO] [stdout]    --> src/endpoints/execute.rs:274:24
[INFO] [stdout]     |
[INFO] [stdout] 274 |             let _api = MOCK_API;
[INFO] [stdout]     |                        ^^^^^^^^ not found in this scope
[INFO] [stdout] 
[INFO] [stdout] 
[INFO] [stdout] error[E0425]: cannot find value `TEST_MANAGER` in this scope
[INFO] [stdout]    --> src/endpoints/execute.rs:280:44
[INFO] [stdout]     |
[INFO] [stdout] 280 |             base_execute_as(deps.as_mut(), TEST_MANAGER, msg)?;
[INFO] [stdout]     |                                            ^^^^^^^^^^^^ not found in this scope
[INFO] [stdout] 
[INFO] [stdout] 
[INFO] [stdout] error[E0425]: cannot find value `MOCK_API` in this scope
[INFO] [stdout]    --> src/endpoints/execute.rs:282:23
[INFO] [stdout]     |
[INFO] [stdout] 282 |             let api = MOCK_API;
[INFO] [stdout]     |                       ^^^^^^^^ not found in this scope
[INFO] [stdout] 
[INFO] [stdout] 
[INFO] [stdout] error[E0412]: cannot find type `ApiMockResult` in this scope
[INFO] [stdout]    --> src/endpoints/execute.rs:294:46
[INFO] [stdout]     |
[INFO] [stdout] 294 |         fn revoke_address_authorization() -> ApiMockResult {
[INFO] [stdout]     |                                              ^^^^^^^^^^^^^ help: a type alias with a similar name exists: `ApiResult`
[INFO] [stdout]     |
[INFO] [stdout]    ::: src/lib.rs:6:1
[INFO] [stdout]     |
[INFO] [stdout] 6   | pub type ApiResult<C = Empty> = Result<Response<C>, ApiError>;
[INFO] [stdout]     | -------------------------------------------------------------- similarly named type alias `ApiResult` defined here
[INFO] [stdout] 
[INFO] [stdout] 
[INFO] [stdout] error[E0425]: cannot find value `MOCK_API` in this scope
[INFO] [stdout]    --> src/endpoints/execute.rs:300:24
[INFO] [stdout]     |
[INFO] [stdout] 300 |             let _api = MOCK_API;
[INFO] [stdout]     |                        ^^^^^^^^ not found in this scope
[INFO] [stdout] 
[INFO] [stdout] 
[INFO] [stdout] error[E0425]: cannot find value `TEST_MANAGER` in this scope
[INFO] [stdout]    --> src/endpoints/execute.rs:306:44
[INFO] [stdout]     |
[INFO] [stdout] 306 |             base_execute_as(deps.as_mut(), TEST_MANAGER, msg)?;
[INFO] [stdout]     |                                            ^^^^^^^^^^^^ not found in this scope
[INFO] [stdout] 
[INFO] [stdout] 
[INFO] [stdout] error[E0425]: cannot find value `TEST_MANAGER` in this scope
[INFO] [stdout]    --> src/endpoints/execute.rs:316:44
[INFO] [stdout]     |
[INFO] [stdout] 316 |             base_execute_as(deps.as_mut(), TEST_MANAGER, msg)?;
[INFO] [stdout]     |                                            ^^^^^^^^^^^^ not found in this scope
[INFO] [stdout] 
[INFO] [stdout] 
[INFO] [stdout] error[E0412]: cannot find type `ApiMockResult` in this scope
[INFO] [stdout]    --> src/endpoints/execute.rs:323:49
[INFO] [stdout]     |
[INFO] [stdout] 323 |         fn add_existing_authorized_address() -> ApiMockResult {
[INFO] [stdout]     |                                                 ^^^^^^^^^^^^^ help: a type alias with a similar name exists: `ApiResult`
[INFO] [stdout]     |
[INFO] [stdout]    ::: src/lib.rs:6:1
[INFO] [stdout]     |
[INFO] [stdout] 6   | pub type ApiResult<C = Empty> = Result<Response<C>, ApiError>;
[INFO] [stdout]     | -------------------------------------------------------------- similarly named type alias `ApiResult` defined here
[INFO] [stdout] 
[INFO] [stdout] 
[INFO] [stdout] error[E0425]: cannot find value `MOCK_API` in this scope
[INFO] [stdout]    --> src/endpoints/execute.rs:329:24
[INFO] [stdout]     |
[INFO] [stdout] 329 |             let _api = MOCK_API;
[INFO] [stdout]     |                        ^^^^^^^^ not found in this scope
[INFO] [stdout] 
[INFO] [stdout] 
[INFO] [stdout] error[E0425]: cannot find value `TEST_MANAGER` in this scope
[INFO] [stdout]    --> src/endpoints/execute.rs:335:44
[INFO] [stdout]     |
[INFO] [stdout] 335 |             base_execute_as(deps.as_mut(), TEST_MANAGER, msg)?;
[INFO] [stdout]     |                                            ^^^^^^^^^^^^ not found in this scope
[INFO] [stdout] 
[INFO] [stdout] 
[INFO] [stdout] error[E0425]: cannot find value `TEST_MANAGER` in this scope
[INFO] [stdout]    --> src/endpoints/execute.rs:342:54
[INFO] [stdout]     |
[INFO] [stdout] 342 |             let res = base_execute_as(deps.as_mut(), TEST_MANAGER, msg);
[INFO] [stdout]     |                                                      ^^^^^^^^^^^^ not found in this scope
[INFO] [stdout] 
[INFO] [stdout] 
[INFO] [stdout] error[E0412]: cannot find type `ApiMockResult` in this scope
[INFO] [stdout]    --> src/endpoints/execute.rs:358:47
[INFO] [stdout]     |
[INFO] [stdout] 358 |         fn remove_authorized_address_dne() -> ApiMockResult {
[INFO] [stdout]     |                                               ^^^^^^^^^^^^^ help: a type alias with a similar name exists: `ApiResult`
[INFO] [stdout]     |
[INFO] [stdout]    ::: src/lib.rs:6:1
[INFO] [stdout]     |
[INFO] [stdout] 6   | pub type ApiResult<C = Empty> = Result<Response<C>, ApiError>;
[INFO] [stdout]     | -------------------------------------------------------------- similarly named type alias `ApiResult` defined here
[INFO] [stdout] 
[INFO] [stdout] 
[INFO] [stdout] error[E0425]: cannot find value `MOCK_API` in this scope
[INFO] [stdout]    --> src/endpoints/execute.rs:364:24
[INFO] [stdout]     |
[INFO] [stdout] 364 |             let _api = MOCK_API;
[INFO] [stdout]     |                        ^^^^^^^^ not found in this scope
[INFO] [stdout] 
[INFO] [stdout] 
[INFO] [stdout] error[E0425]: cannot find value `TEST_MANAGER` in this scope
[INFO] [stdout]    --> src/endpoints/execute.rs:370:54
[INFO] [stdout]     |
[INFO] [stdout] 370 |             let res = base_execute_as(deps.as_mut(), TEST_MANAGER, msg);
[INFO] [stdout]     |                                                      ^^^^^^^^^^^^ not found in this scope
[INFO] [stdout] 
[INFO] [stdout] 
[INFO] [stdout] error[E0425]: cannot find value `TEST_MANAGER` in this scope
[INFO] [stdout]    --> src/endpoints/execute.rs:407:35
[INFO] [stdout]     |
[INFO] [stdout] 407 |             base_execute_as(deps, TEST_MANAGER, msg).unwrap();
[INFO] [stdout]     |                                   ^^^^^^^^^^^^ not found in this scope
[INFO] [stdout] 
[INFO] [stdout] 
[INFO] [stdout] error[E0425]: cannot find value `MockExecMsg` in this scope
[INFO] [stdout]    --> src/endpoints/execute.rs:419:26
[INFO] [stdout]     |
[INFO] [stdout] 419 |                 request: MockExecMsg,
[INFO] [stdout]     |                          ^^^^^^^^^^^ not found in this scope
[INFO] [stdout] 
[INFO] [stdout] 
[INFO] [stdout] error[E0412]: cannot find type `MockError` in this scope
[INFO] [stdout]    --> src/endpoints/execute.rs:428:54
[INFO] [stdout]     |
[INFO] [stdout] 428 |         fn assert_unauthorized(res: Result<Response, MockError>, _unauthorized: String) {
[INFO] [stdout]     |                                                      ^^^^^^^^^ not found in this scope
[INFO] [stdout]     |
[INFO] [stdout] help: you might be missing a type parameter
[INFO] [stdout]     |
[INFO] [stdout] 428 |         fn assert_unauthorized<MockError>(res: Result<Response, MockError>, _unauthorized: String) {
[INFO] [stdout]     |                               +++++++++++
[INFO] [stdout] 
[INFO] [stdout] 
[INFO] [stdout] error[E0425]: cannot find value `MockExecMsg` in this scope
[INFO] [stdout]    --> src/endpoints/execute.rs:449:26
[INFO] [stdout]     |
[INFO] [stdout] 449 |                 request: MockExecMsg,
[INFO] [stdout]     |                          ^^^^^^^^^^^ not found in this scope
[INFO] [stdout] 
[INFO] [stdout] 
[INFO] [stdout] error[E0425]: cannot find value `TEST_MANAGER` in this scope
[INFO] [stdout]    --> src/endpoints/execute.rs:452:49
[INFO] [stdout]     |
[INFO] [stdout] 452 |             let res = execute_as(deps.as_mut(), TEST_MANAGER, msg);
[INFO] [stdout]     |                                                 ^^^^^^^^^^^^ not found in this scope
[INFO] [stdout] 
[INFO] [stdout] 
[INFO] [stdout] error[E0425]: cannot find value `MockExecMsg` in this scope
[INFO] [stdout]    --> src/endpoints/execute.rs:466:26
[INFO] [stdout]     |
[INFO] [stdout] 466 |                 request: MockExecMsg,
[INFO] [stdout]     |                          ^^^^^^^^^^^ not found in this scope
[INFO] [stdout] 
[INFO] [stdout] 
[INFO] [stdout] error[E0425]: cannot find value `TEST_PROXY` in this scope
[INFO] [stdout]    --> src/endpoints/execute.rs:482:37
[INFO] [stdout]     |
[INFO] [stdout] 482 |                 proxy_address: Some(TEST_PROXY.into()),
[INFO] [stdout]     |                                     ^^^^^^^^^^ not found in this scope
[INFO] [stdout] 
[INFO] [stdout] 
[INFO] [stdout] error[E0425]: cannot find value `MockExecMsg` in this scope
[INFO] [stdout]    --> src/endpoints/execute.rs:483:26
[INFO] [stdout]     |
[INFO] [stdout] 483 |                 request: MockExecMsg,
[INFO] [stdout]     |                          ^^^^^^^^^^^ not found in this scope
[INFO] [stdout] 
[INFO] [stdout] 
[INFO] [stdout] error[E0425]: cannot find value `MockExecMsg` in this scope
[INFO] [stdout]    --> src/endpoints/execute.rs:503:26
[INFO] [stdout]     |
[INFO] [stdout] 503 |                 request: MockExecMsg,
[INFO] [stdout]     |                          ^^^^^^^^^^^ not found in this scope
[INFO] [stdout] 
[INFO] [stdout] 
[INFO] [stdout] error[E0425]: cannot find value `TEST_MANAGER` in this scope
[INFO] [stdout]   --> src/endpoints/instantiate.rs:76:30
[INFO] [stdout]    |
[INFO] [stdout] 76 |         let info = mock_info(TEST_MANAGER, &[]);
[INFO] [stdout]    |                              ^^^^^^^^^^^^ not found in this scope
[INFO] [stdout] 
[INFO] [stdout] 
[INFO] [stdout] error[E0425]: cannot find value `TEST_ANS_HOST` in this scope
[INFO] [stdout]   --> src/endpoints/instantiate.rs:81:35
[INFO] [stdout]    |
[INFO] [stdout] 81 |                 ans_host_address: TEST_ANS_HOST.into(),
[INFO] [stdout]    |                                   ^^^^^^^^^^^^^ not found in this scope
[INFO] [stdout] 
[INFO] [stdout] 
[INFO] [stdout] error[E0425]: cannot find value `TEST_VERSION_CONTROL` in this scope
[INFO] [stdout]   --> src/endpoints/instantiate.rs:82:42
[INFO] [stdout]    |
[INFO] [stdout] 82 |                 version_control_address: TEST_VERSION_CONTROL.into(),
[INFO] [stdout]    |                                          ^^^^^^^^^^^^^^^^^^^^ not found in this scope
[INFO] [stdout] 
[INFO] [stdout] 
[INFO] [stdout] error[E0425]: cannot find value `TEST_MODULE_ID` in this scope
[INFO] [stdout]   --> src/endpoints/instantiate.rs:93:21
[INFO] [stdout]    |
[INFO] [stdout] 93 |             module: TEST_MODULE_ID.into(),
[INFO] [stdout]    |                     ^^^^^^^^^^^^^^ not found in this scope
[INFO] [stdout] 
[INFO] [stdout] 
[INFO] [stdout] error[E0425]: cannot find value `TEST_VERSION` in this scope
[INFO] [stdout]   --> src/endpoints/instantiate.rs:94:22
[INFO] [stdout]    |
[INFO] [stdout] 94 |             version: TEST_VERSION.into(),
[INFO] [stdout]    |                      ^^^^^^^^^^^^ not found in this scope
[INFO] [stdout] 
[INFO] [stdout] 
[INFO] [stdout] error[E0425]: cannot find value `TEST_MODULE_ID` in this scope
[INFO] [stdout]    --> src/endpoints/instantiate.rs:101:23
[INFO] [stdout]     |
[INFO] [stdout] 101 |             contract: TEST_MODULE_ID.into(),
[INFO] [stdout]     |                       ^^^^^^^^^^^^^^ not found in this scope
[INFO] [stdout] 
[INFO] [stdout] 
[INFO] [stdout] error[E0425]: cannot find value `TEST_VERSION` in this scope
[INFO] [stdout]    --> src/endpoints/instantiate.rs:102:22
[INFO] [stdout]     |
[INFO] [stdout] 102 |             version: TEST_VERSION.into(),
[INFO] [stdout]     |                      ^^^^^^^^^^^^ not found in this scope
[INFO] [stdout] 
[INFO] [stdout] 
[INFO] [stdout] error[E0425]: cannot find value `TEST_VERSION_CONTROL` in this scope
[INFO] [stdout]    --> src/endpoints/instantiate.rs:111:46
[INFO] [stdout]     |
[INFO] [stdout] 111 |             version_control: Addr::unchecked(TEST_VERSION_CONTROL),
[INFO] [stdout]     |                                              ^^^^^^^^^^^^^^^^^^^^ not found in this scope
[INFO] [stdout] 
[INFO] [stdout] 
[INFO] [stdout] error[E0425]: cannot find value `TEST_ANS_HOST` in this scope
[INFO] [stdout]    --> src/endpoints/instantiate.rs:113:42
[INFO] [stdout]     |
[INFO] [stdout] 113 |                 address: Addr::unchecked(TEST_ANS_HOST),
[INFO] [stdout]     |                                          ^^^^^^^^^^^^^ not found in this scope
[INFO] [stdout] 
[INFO] [stdout] 
[INFO] [stdout] error[E0425]: cannot find value `TEST_MANAGER` in this scope
[INFO] [stdout]    --> src/endpoints/instantiate.rs:123:30
[INFO] [stdout]     |
[INFO] [stdout] 123 |         let info = mock_info(TEST_MANAGER, &[]);
[INFO] [stdout]     |                              ^^^^^^^^^^^^ not found in this scope
[INFO] [stdout] 
[INFO] [stdout] 
[INFO] [stdout] error[E0425]: cannot find value `TEST_ANS_HOST` in this scope
[INFO] [stdout]    --> src/endpoints/instantiate.rs:128:35
[INFO] [stdout]     |
[INFO] [stdout] 128 |                 ans_host_address: TEST_ANS_HOST.into(),
[INFO] [stdout]     |                                   ^^^^^^^^^^^^^ not found in this scope
[INFO] [stdout] 
[INFO] [stdout] 
[INFO] [stdout] error[E0425]: cannot find value `TEST_MANAGER` in this scope
[INFO] [stdout]    --> src/endpoints/instantiate.rs:144:30
[INFO] [stdout]     |
[INFO] [stdout] 144 |         let info = mock_info(TEST_MANAGER, &[]);
[INFO] [stdout]     |                              ^^^^^^^^^^^^ not found in this scope
[INFO] [stdout] 
[INFO] [stdout] 
[INFO] [stdout] error[E0425]: cannot find value `TEST_ANS_HOST` in this scope
[INFO] [stdout]    --> src/endpoints/instantiate.rs:149:35
[INFO] [stdout]     |
[INFO] [stdout] 149 |                 ans_host_address: TEST_ANS_HOST.into(),
[INFO] [stdout]     |                                   ^^^^^^^^^^^^^ not found in this scope
[INFO] [stdout] 
[INFO] [stdout] 
[INFO] [stdout] error[E0412]: cannot find type `MockApiContract` in this scope
[INFO] [stdout]   --> src/endpoints.rs:87:37
[INFO] [stdout]    |
[INFO] [stdout] 87 |         export_endpoints!(MOCK_API, MockApiContract);
[INFO] [stdout]    |                                     ^^^^^^^^^^^^^^^ not found in this scope
[INFO] [stdout] 
[INFO] [stdout] 
[INFO] [stdout] error[E0425]: cannot find value `MOCK_API` in this scope
[INFO] [stdout]   --> src/endpoints.rs:87:27
[INFO] [stdout]    |
[INFO] [stdout] 87 |         export_endpoints!(MOCK_API, MockApiContract);
[INFO] [stdout]    |                           ^^^^^^^^ not found in this scope
[INFO] [stdout] 
[INFO] [stdout] 
[INFO] [stdout] error[E0425]: cannot find value `MockInitMsg` in this scope
[INFO] [stdout]   --> src/endpoints.rs:97:21
[INFO] [stdout]    |
[INFO] [stdout] 97 |             module: MockInitMsg,
[INFO] [stdout]    |                     ^^^^^^^^^^^ not found in this scope
[INFO] [stdout] 
[INFO] [stdout] 
[INFO] [stdout] error[E0425]: cannot find value `MOCK_API` in this scope
[INFO] [stdout]    --> src/endpoints.rs:105:29
[INFO] [stdout]     |
[INFO] [stdout] 105 |         let expected_init = MOCK_API.instantiate(
[INFO] [stdout]     |                             ^^^^^^^^ not found in this scope
[INFO] [stdout] 
[INFO] [stdout] 
[INFO] [stdout] error[E0425]: cannot find value `MockExecMsg` in this scope
[INFO] [stdout]    --> src/endpoints.rs:114:73
[INFO] [stdout]     |
[INFO] [stdout] 114 |         let exec_msg = api::ExecuteMsg::Module(ApiRequestMsg::new(None, MockExecMsg));
[INFO] [stdout]     |                                                                         ^^^^^^^^^^^ not found in this scope
[INFO] [stdout] 
[INFO] [stdout] 
[INFO] [stdout] error[E0425]: cannot find value `MOCK_API` in this scope
[INFO] [stdout]    --> src/endpoints.rs:121:29
[INFO] [stdout]     |
[INFO] [stdout] 121 |         let expected_exec = MOCK_API.execute(
[INFO] [stdout]     |                             ^^^^^^^^ not found in this scope
[INFO] [stdout] 
[INFO] [stdout] 
[INFO] [stdout] error[E0425]: cannot find value `MockQueryMsg` in this scope
[INFO] [stdout]    --> src/endpoints.rs:130:47
[INFO] [stdout]     |
[INFO] [stdout] 130 |         let query_msg = api::QueryMsg::Module(MockQueryMsg);
[INFO] [stdout]     |                                               ^^^^^^^^^^^^ not found in this scope
[INFO] [stdout] 
[INFO] [stdout] 
[INFO] [stdout] error[E0425]: cannot find value `MOCK_API` in this scope
[INFO] [stdout]    --> src/endpoints.rs:132:30
[INFO] [stdout]     |
[INFO] [stdout] 132 |         let expected_query = MOCK_API.query(deps.as_ref(), mock_env(), query_msg);
[INFO] [stdout]     |                              ^^^^^^^^ not found in this scope
[INFO] [stdout] 
[INFO] [stdout] 
[INFO] [stdout] error[E0422]: cannot find struct, variant or union type `MockSudoMsg` in this scope
[INFO] [stdout]    --> src/endpoints.rs:136:24
[INFO] [stdout]     |
[INFO] [stdout] 136 |         let sudo_msg = MockSudoMsg {};
[INFO] [stdout]     |                        ^^^^^^^^^^^ not found in this scope
[INFO] [stdout] 
[INFO] [stdout] 
[INFO] [stdout] error[E0425]: cannot find value `MOCK_API` in this scope
[INFO] [stdout]    --> src/endpoints.rs:138:29
[INFO] [stdout]     |
[INFO] [stdout] 138 |         let expected_sudo = MOCK_API.sudo(deps.as_mut(), mock_env(), sudo_msg);
[INFO] [stdout]     |                             ^^^^^^^^ not found in this scope
[INFO] [stdout] 
[INFO] [stdout] 
[INFO] [stdout] error[E0425]: cannot find value `MOCK_API` in this scope
[INFO] [stdout]    --> src/endpoints.rs:147:30
[INFO] [stdout]     |
[INFO] [stdout] 147 |         let expected_reply = MOCK_API.reply(deps.as_mut(), mock_env(), reply_msg);
[INFO] [stdout]     |                              ^^^^^^^^ not found in this scope
[INFO] [stdout] 
[INFO] [stdout] 
[INFO] [stdout] error[E0425]: cannot find value `TEST_PROXY` in this scope
[INFO] [stdout]   --> src/features.rs:90:50
[INFO] [stdout]    |
[INFO] [stdout] 90 |         assert_that!(proxy.as_str()).is_equal_to(TEST_PROXY);
[INFO] [stdout]    |                                                  ^^^^^^^^^^ not found in this scope
[INFO] [stdout] 
[INFO] [stdout] 
[INFO] [stdout] error[E0425]: cannot find value `TEST_MANAGER` in this scope
[INFO] [stdout]   --> src/features.rs:92:52
[INFO] [stdout]    |
[INFO] [stdout] 92 |         assert_that!(manager.as_str()).is_equal_to(TEST_MANAGER);
[INFO] [stdout]    |                                                    ^^^^^^^^^^^^ not found in this scope
[INFO] [stdout] 
[INFO] [stdout] 
[INFO] [stdout] error[E0425]: cannot find value `TEST_MANAGER` in this scope
[INFO] [stdout]   --> src/features.rs:95:38
[INFO] [stdout]    |
[INFO] [stdout] 95 |             manager: Addr::unchecked(TEST_MANAGER),
[INFO] [stdout]    |                                      ^^^^^^^^^^^^ not found in this scope
[INFO] [stdout] 
[INFO] [stdout] 
[INFO] [stdout] error[E0425]: cannot find value `TEST_PROXY` in this scope
[INFO] [stdout]   --> src/features.rs:96:36
[INFO] [stdout]    |
[INFO] [stdout] 96 |             proxy: Addr::unchecked(TEST_PROXY),
[INFO] [stdout]    |                                    ^^^^^^^^^^ not found in this scope
[INFO] [stdout] 
[INFO] [stdout] 
[INFO] [stdout] error[E0425]: cannot find value `TEST_ANS_HOST` in this scope
[INFO] [stdout]   --> src/features.rs:99:68
[INFO] [stdout]    |
[INFO] [stdout] 99 |         assert_that!(ans).is_equal_to(AnsHost::new(Addr::unchecked(TEST_ANS_HOST)));
[INFO] [stdout]    |                                                                    ^^^^^^^^^^^^^ not found in this scope
[INFO] [stdout] 
[INFO] [stdout] 
[INFO] [stdout] error[E0425]: cannot find value `TEST_VERSION_CONTROL` in this scope
[INFO] [stdout]    --> src/features.rs:101:51
[INFO] [stdout]     |
[INFO] [stdout] 101 |         assert_that!(regist.as_str()).is_equal_to(TEST_VERSION_CONTROL);
[INFO] [stdout]     |                                                   ^^^^^^^^^^^^^^^^^^^^ not found in this scope
[INFO] [stdout] 
[INFO] [stdout] 
[INFO] [stdout] error[E0425]: cannot find value `TEST_MODULE_ID` in this scope
[INFO] [stdout]    --> src/features.rs:109:30
[INFO] [stdout]     |
[INFO] [stdout] 109 |         MockApiContract::new(TEST_MODULE_ID, TEST_VERSION, Some(TEST_METADATA))
[INFO] [stdout]     |                              ^^^^^^^^^^^^^^ not found in this scope
[INFO] [stdout] 
[INFO] [stdout] 
[INFO] [stdout] error[E0425]: cannot find value `TEST_VERSION` in this scope
[INFO] [stdout]    --> src/features.rs:109:46
[INFO] [stdout]     |
[INFO] [stdout] 109 |         MockApiContract::new(TEST_MODULE_ID, TEST_VERSION, Some(TEST_METADATA))
[INFO] [stdout]     |                                              ^^^^^^^^^^^^ not found in this scope
[INFO] [stdout] 
[INFO] [stdout] 
[INFO] [stdout] error[E0425]: cannot find value `TEST_MANAGER` in this scope
[INFO] [stdout]    --> src/features.rs:126:73
[INFO] [stdout]     |
[INFO] [stdout] 126 |             featured_api().execute(deps.as_mut(), mock_env(), mock_info(TEST_MANAGER, &[]), msg);
[INFO] [stdout]     |                                                                         ^^^^^^^^^^^^ not found in this scope
[INFO] [stdout] 
[INFO] [stdout] 
[INFO] [stdout] error[E0425]: cannot find function `mock_querier` in this scope
[INFO] [stdout]    --> src/endpoints/execute.rs:270:28
[INFO] [stdout]     |
[INFO] [stdout] 270 |             deps.querier = mock_querier();
[INFO] [stdout]     |                            ^^^^^^^^^^^^ not found in this scope
[INFO] [stdout] 
[INFO] [stdout] 
[INFO] [stdout] error[E0425]: cannot find function `mock_init` in this scope
[INFO] [stdout]    --> src/endpoints/execute.rs:272:13
[INFO] [stdout]     |
[INFO] [stdout] 272 |             mock_init(deps.as_mut())?;
[INFO] [stdout]     |             ^^^^^^^^^ help: a function with a similar name exists: `mock_info`
[INFO] [stdout]     |
[INFO] [stdout]    ::: /opt/rustwide/cargo-home/registry/src/github.com-1ecc6299db9ec823/cosmwasm-std-1.2.4/src/testing/mock.rs:254:1
[INFO] [stdout]     |
[INFO] [stdout] 254 | pub fn mock_info(sender: &str, funds: &[Coin]) -> MessageInfo {
[INFO] [stdout]     | ------------------------------------------------------------- similarly named function `mock_info` defined here
[INFO] [stdout] 
[INFO] [stdout] 
[INFO] [stdout] error[E0425]: cannot find function `mock_querier` in this scope
[INFO] [stdout]    --> src/endpoints/execute.rs:296:28
[INFO] [stdout]     |
[INFO] [stdout] 296 |             deps.querier = mock_querier();
[INFO] [stdout]     |                            ^^^^^^^^^^^^ not found in this scope
[INFO] [stdout] 
[INFO] [stdout] 
[INFO] [stdout] error[E0425]: cannot find function `mock_init` in this scope
[INFO] [stdout]    --> src/endpoints/execute.rs:298:13
[INFO] [stdout]     |
[INFO] [stdout] 298 |             mock_init(deps.as_mut())?;
[INFO] [stdout]     |             ^^^^^^^^^ help: a function with a similar name exists: `mock_info`
[INFO] [stdout]     |
[INFO] [stdout]    ::: /opt/rustwide/cargo-home/registry/src/github.com-1ecc6299db9ec823/cosmwasm-std-1.2.4/src/testing/mock.rs:254:1
[INFO] [stdout]     |
[INFO] [stdout] 254 | pub fn mock_info(sender: &str, funds: &[Coin]) -> MessageInfo {
[INFO] [stdout]     | ------------------------------------------------------------- similarly named function `mock_info` defined here
[INFO] [stdout] 
[INFO] [stdout] 
[INFO] [stdout] error[E0425]: cannot find function `mock_querier` in this scope
[INFO] [stdout]    --> src/endpoints/execute.rs:325:28
[INFO] [stdout]     |
[INFO] [stdout] 325 |             deps.querier = mock_querier();
[INFO] [stdout]     |                            ^^^^^^^^^^^^ not found in this scope
[INFO] [stdout] 
[INFO] [stdout] 
[INFO] [stdout] error[E0425]: cannot find function `mock_init` in this scope
[INFO] [stdout]    --> src/endpoints/execute.rs:327:13
[INFO] [stdout]     |
[INFO] [stdout] 327 |             mock_init(deps.as_mut())?;
[INFO] [stdout]     |             ^^^^^^^^^ help: a function with a similar name exists: `mock_info`
[INFO] [stdout]     |
[INFO] [stdout]    ::: /opt/rustwide/cargo-home/registry/src/github.com-1ecc6299db9ec823/cosmwasm-std-1.2.4/src/testing/mock.rs:254:1
[INFO] [stdout]     |
[INFO] [stdout] 254 | pub fn mock_info(sender: &str, funds: &[Coin]) -> MessageInfo {
[INFO] [stdout]     | ------------------------------------------------------------- similarly named function `mock_info` defined here
[INFO] [stdout] 
[INFO] [stdout] 
[INFO] [stdout] error[E0425]: cannot find function `mock_querier` in this scope
[INFO] [stdout]    --> src/endpoints/execute.rs:360:28
[INFO] [stdout]     |
[INFO] [stdout] 360 |             deps.querier = mock_querier();
[INFO] [stdout]     |                            ^^^^^^^^^^^^ not found in this scope
[INFO] [stdout] 
[INFO] [stdout] 
[INFO] [stdout] error[E0425]: cannot find function `mock_init` in this scope
[INFO] [stdout]    --> src/endpoints/execute.rs:362:13
[INFO] [stdout]     |
[INFO] [stdout] 362 |             mock_init(deps.as_mut())?;
[INFO] [stdout]     |             ^^^^^^^^^ help: a function with a similar name exists: `mock_info`
[INFO] [stdout]     |
[INFO] [stdout]    ::: /opt/rustwide/cargo-home/registry/src/github.com-1ecc6299db9ec823/cosmwasm-std-1.2.4/src/testing/mock.rs:254:1
[INFO] [stdout]     |
[INFO] [stdout] 254 | pub fn mock_info(sender: &str, funds: &[Coin]) -> MessageInfo {
[INFO] [stdout]     | ------------------------------------------------------------- similarly named function `mock_info` defined here
[INFO] [stdout] 
[INFO] [stdout] 
[INFO] [stdout] error[E0425]: cannot find function `mock_init` in this scope
[INFO] [stdout]    --> src/endpoints/execute.rs:399:13
[INFO] [stdout]     |
[INFO] [stdout] 399 |             mock_init(deps.branch()).unwrap();
[INFO] [stdout]     |             ^^^^^^^^^ help: a function with a similar name exists: `mock_info`
[INFO] [stdout]     |
[INFO] [stdout]    ::: /opt/rustwide/cargo-home/registry/src/github.com-1ecc6299db9ec823/cosmwasm-std-1.2.4/src/testing/mock.rs:254:1
[INFO] [stdout]     |
[INFO] [stdout] 254 | pub fn mock_info(sender: &str, funds: &[Coin]) -> MessageInfo {
[INFO] [stdout]     | ------------------------------------------------------------- similarly named function `mock_info` defined here
[INFO] [stdout] 
[INFO] [stdout] 
[INFO] [stdout] error[E0433]: failed to resolve: use of undeclared crate or module `abstract_testing`
[INFO] [stdout]   --> src/endpoints/instantiate.rs:78:24
[INFO] [stdout]    |
[INFO] [stdout] 78 |         deps.querier = abstract_testing::mock_querier();
[INFO] [stdout]    |                        ^^^^^^^^^^^^^^^^ use of undeclared crate or module `abstract_testing`
[INFO] [stdout] 
[INFO] [stdout] 
[INFO] [stdout] error[E0433]: failed to resolve: use of undeclared crate or module `abstract_testing`
[INFO] [stdout]    --> src/endpoints/instantiate.rs:125:24
[INFO] [stdout]     |
[INFO] [stdout] 125 |         deps.querier = abstract_testing::mock_querier();
[INFO] [stdout]     |                        ^^^^^^^^^^^^^^^^ use of undeclared crate or module `abstract_testing`
[INFO] [stdout] 
[INFO] [stdout] 
[INFO] [stdout] error[E0433]: failed to resolve: use of undeclared crate or module `abstract_testing`
[INFO] [stdout]    --> src/endpoints/instantiate.rs:146:24
[INFO] [stdout]     |
[INFO] [stdout] 146 |         deps.querier = abstract_testing::mock_querier();
[INFO] [stdout]     |                        ^^^^^^^^^^^^^^^^ use of undeclared crate or module `abstract_testing`
[INFO] [stdout] 
[INFO] [stdout] 
[INFO] [stdout] error[E0433]: failed to resolve: use of undeclared crate or module `abstract_testing`
[INFO] [stdout]   --> src/endpoints/receive.rs:22:24
[INFO] [stdout]    |
[INFO] [stdout] 22 |         deps.querier = abstract_testing::mock_querier();
[INFO] [stdout]    |                        ^^^^^^^^^^^^^^^^ use of undeclared crate or module `abstract_testing`
[INFO] [stdout] 
[INFO] [stdout] 
[INFO] [stdout] error[E0433]: failed to resolve: use of undeclared crate or module `abstract_testing`
[INFO] [stdout]   --> src/endpoints/reply.rs:25:24
[INFO] [stdout]    |
[INFO] [stdout] 25 |         deps.querier = abstract_testing::mock_querier();
[INFO] [stdout]    |                        ^^^^^^^^^^^^^^^^ use of undeclared crate or module `abstract_testing`
[INFO] [stdout] 
[INFO] [stdout] 
[INFO] [stdout] error[E0433]: failed to resolve: use of undeclared crate or module `abstract_testing`
[INFO] [stdout]   --> src/endpoints/reply.rs:44:24
[INFO] [stdout]    |
[INFO] [stdout] 44 |         deps.querier = abstract_testing::mock_querier();
[INFO] [stdout]    |                        ^^^^^^^^^^^^^^^^ use of undeclared crate or module `abstract_testing`
[INFO] [stdout] 
[INFO] [stdout] 
[INFO] [stdout] error[E0433]: failed to resolve: use of undeclared crate or module `abstract_testing`
[INFO] [stdout]   --> src/endpoints/sudo.rs:21:24
[INFO] [stdout]    |
[INFO] [stdout] 21 |         deps.querier = abstract_testing::mock_querier();
[INFO] [stdout]    |                        ^^^^^^^^^^^^^^^^ use of undeclared crate or module `abstract_testing`
[INFO] [stdout] 
[INFO] [stdout] 
[INFO] [stdout] error[E0425]: cannot find function `mocked_account_querier_builder` in this scope
[INFO] [stdout]    --> src/features.rs:116:24
[INFO] [stdout]     |
[INFO] [stdout] 116 |         deps.querier = mocked_account_querier_builder().build();
[INFO] [stdout]     |                        ^^^^^^^^^^^^^^^^^^^^^^^^^^^^^^ not found in this scope
[INFO] [stdout] 
[INFO] [stdout] 
[INFO] [stdout] error[E0425]: cannot find function `mocked_account_querier_builder` in this scope
[INFO] [stdout]    --> src/features.rs:134:24
[INFO] [stdout]     |
[INFO] [stdout] 134 |         deps.querier = mocked_account_querier_builder().build();
[INFO] [stdout]     |                        ^^^^^^^^^^^^^^^^^^^^^^^^^^^^^^ not found in this scope
[INFO] [stdout] 
[INFO] [stdout] 
[INFO] [stdout] warning: unused import: `::abstract_sdk::base::SudoEndpoint`
[INFO] [stdout]   --> src/endpoints.rs:65:17
[INFO] [stdout]    |
[INFO] [stdout] 65 |             use ::abstract_sdk::base::SudoEndpoint;
[INFO] [stdout]    |                 ^^^^^^^^^^^^^^^^^^^^^^^^^^^^^^^^^^
[INFO] [stdout] ...
[INFO] [stdout] 87 |         export_endpoints!(MOCK_API, MockApiContract);
[INFO] [stdout]    |         -------------------------------------------- in this macro invocation
[INFO] [stdout]    |
[INFO] [stdout]    = note: `#[warn(unused_imports)]` on by default
[INFO] [stdout]    = note: this warning originates in the macro `export_endpoints` (in Nightly builds, run with -Z macro-backtrace for more info)
[INFO] [stdout] 
[INFO] [stdout] 
[INFO] [stdout] warning: unused import: `ReplyEndpoint`
[INFO] [stdout]   --> src/endpoints.rs:76:62
[INFO] [stdout]    |
[INFO] [stdout] 76 |         ExecuteEndpoint, InstantiateEndpoint, QueryEndpoint, ReplyEndpoint, SudoEndpoint,
[INFO] [stdout]    |                                                              ^^^^^^^^^^^^^
[INFO] [stdout] 
[INFO] [stdout] 
[INFO] [stdout] warning: unused import: `abstract_sdk::base::ExecuteEndpoint`
[INFO] [stdout]   --> src/features.rs:66:9
[INFO] [stdout]    |
[INFO] [stdout] 66 |     use abstract_sdk::base::ExecuteEndpoint;
[INFO] [stdout]    |         ^^^^^^^^^^^^^^^^^^^^^^^^^^^^^^^^^^^
[INFO] [stdout] 
[INFO] [stdout] 
[INFO] [stdout] warning: unused import: `base::InstantiateEndpoint`
[INFO] [stdout]   --> src/endpoints/instantiate.rs:58:24
[INFO] [stdout]    |
[INFO] [stdout] 58 |     use abstract_sdk::{base::InstantiateEndpoint, feature_objects::AnsHost};
[INFO] [stdout]    |                        ^^^^^^^^^^^^^^^^^^^^^^^^^
[INFO] [stdout] 
[INFO] [stdout] 
[INFO] [stdout] warning: unused import: `SudoEndpoint`
[INFO] [stdout]   --> src/endpoints.rs:76:77
[INFO] [stdout]    |
[INFO] [stdout] 76 |         ExecuteEndpoint, InstantiateEndpoint, QueryEndpoint, ReplyEndpoint, SudoEndpoint,
[INFO] [stdout]    |                                                                             ^^^^^^^^^^^^
[INFO] [stdout] 
[INFO] [stdout] 
[INFO] [stdout] warning: unused import: `::abstract_sdk::base::InstantiateEndpoint`
[INFO] [stdout]   --> src/endpoints.rs:20:17
[INFO] [stdout]    |
[INFO] [stdout] 20 |             use ::abstract_sdk::base::InstantiateEndpoint;
[INFO] [stdout]    |                 ^^^^^^^^^^^^^^^^^^^^^^^^^^^^^^^^^^^^^^^^^
[INFO] [stdout] ...
[INFO] [stdout] 87 |         export_endpoints!(MOCK_API, MockApiContract);
[INFO] [stdout]    |         -------------------------------------------- in this macro invocation
[INFO] [stdout]    |
[INFO] [stdout]    = note: this warning originates in the macro `export_endpoints` (in Nightly builds, run with -Z macro-backtrace for more info)
[INFO] [stdout] 
[INFO] [stdout] 
[INFO] [stdout] warning: unused import: `InstantiateEndpoint`
[INFO] [stdout]   --> src/endpoints.rs:76:26
[INFO] [stdout]    |
[INFO] [stdout] 76 |         ExecuteEndpoint, InstantiateEndpoint, QueryEndpoint, ReplyEndpoint, SudoEndpoint,
[INFO] [stdout]    |                          ^^^^^^^^^^^^^^^^^^^
[INFO] [stdout] 
[INFO] [stdout] 
[INFO] [stdout] warning: unused import: `::abstract_sdk::base::ExecuteEndpoint`
[INFO] [stdout]   --> src/endpoints.rs:32:17
[INFO] [stdout]    |
[INFO] [stdout] 32 |             use ::abstract_sdk::base::ExecuteEndpoint;
[INFO] [stdout]    |                 ^^^^^^^^^^^^^^^^^^^^^^^^^^^^^^^^^^^^^
[INFO] [stdout] ...
[INFO] [stdout] 87 |         export_endpoints!(MOCK_API, MockApiContract);
[INFO] [stdout]    |         -------------------------------------------- in this macro invocation
[INFO] [stdout]    |
[INFO] [stdout]    = note: this warning originates in the macro `export_endpoints` (in Nightly builds, run with -Z macro-backtrace for more info)
[INFO] [stdout] 
[INFO] [stdout] 
[INFO] [stdout] warning: unused import: `ExecuteEndpoint`
[INFO] [stdout]   --> src/endpoints.rs:76:9
[INFO] [stdout]    |
[INFO] [stdout] 76 |         ExecuteEndpoint, InstantiateEndpoint, QueryEndpoint, ReplyEndpoint, SudoEndpoint,
[INFO] [stdout]    |         ^^^^^^^^^^^^^^^
[INFO] [stdout] 
[INFO] [stdout] 
[INFO] [stdout] warning: unused import: `::abstract_sdk::base::QueryEndpoint`
[INFO] [stdout]   --> src/endpoints.rs:43:17
[INFO] [stdout]    |
[INFO] [stdout] 43 |             use ::abstract_sdk::base::QueryEndpoint;
[INFO] [stdout]    |                 ^^^^^^^^^^^^^^^^^^^^^^^^^^^^^^^^^^^
[INFO] [stdout] ...
[INFO] [stdout] 87 |         export_endpoints!(MOCK_API, MockApiContract);
[INFO] [stdout]    |         -------------------------------------------- in this macro invocation
[INFO] [stdout]    |
[INFO] [stdout]    = note: this warning originates in the macro `export_endpoints` (in Nightly builds, run with -Z macro-backtrace for more info)
[INFO] [stdout] 
[INFO] [stdout] 
[INFO] [stdout] warning: unused import: `QueryEndpoint`
[INFO] [stdout]   --> src/endpoints.rs:76:47
[INFO] [stdout]    |
[INFO] [stdout] 76 |         ExecuteEndpoint, InstantiateEndpoint, QueryEndpoint, ReplyEndpoint, SudoEndpoint,
[INFO] [stdout]    |                                               ^^^^^^^^^^^^^
[INFO] [stdout] 
[INFO] [stdout] 
[INFO] [stdout] warning: unused import: `::abstract_sdk::base::ReplyEndpoint`
[INFO] [stdout]   --> src/endpoints.rs:54:17
[INFO] [stdout]    |
[INFO] [stdout] 54 |             use ::abstract_sdk::base::ReplyEndpoint;
[INFO] [stdout]    |                 ^^^^^^^^^^^^^^^^^^^^^^^^^^^^^^^^^^^
[INFO] [stdout] ...
[INFO] [stdout] 87 |         export_endpoints!(MOCK_API, MockApiContract);
[INFO] [stdout]    |         -------------------------------------------- in this macro invocation
[INFO] [stdout]    |
[INFO] [stdout]    = note: this warning originates in the macro `export_endpoints` (in Nightly builds, run with -Z macro-backtrace for more info)
[INFO] [stdout] 
[INFO] [stdout] 
[INFO] [stdout] error: aborting due to 102 previous errors; 12 warnings emitted
[INFO] [stdout] 
[INFO] [stdout] 
[INFO] [stdout] Some errors have detailed explanations: E0412, E0422, E0425, E0432, E0433.
[INFO] [stdout] 
[INFO] [stdout] For more information about an error, try `rustc --explain E0412`.
[INFO] [stdout] 
[INFO] [stderr] error: could not compile `abstract-api` due to 103 previous errors; 12 warnings emitted
[INFO] running `Command { std: "docker" "inspect" "ea8c844548c56dbbd649245b413ecded2b33f57e148f0ce9c84ce997f918eb14", kill_on_drop: false }`
[INFO] running `Command { std: "docker" "rm" "-f" "ea8c844548c56dbbd649245b413ecded2b33f57e148f0ce9c84ce997f918eb14", kill_on_drop: false }`
[INFO] [stdout] ea8c844548c56dbbd649245b413ecded2b33f57e148f0ce9c84ce997f918eb14
