[INFO] fetching crate ab_glyph 0.2.21...
[INFO] testing ab_glyph-0.2.21 against 1.69.0 for beta-1.70-1
[INFO] extracting crate ab_glyph 0.2.21 into /workspace/builds/worker-0-tc1/source
[INFO] validating manifest of crates.io crate ab_glyph 0.2.21 on toolchain 1.69.0
[INFO] running `Command { std: CARGO_HOME="/workspace/cargo-home" RUSTUP_HOME="/workspace/rustup-home" "/workspace/cargo-home/bin/cargo" "+1.69.0" "metadata" "--manifest-path" "Cargo.toml" "--no-deps", kill_on_drop: false }`
[INFO] started tweaking crates.io crate ab_glyph 0.2.21
[INFO] finished tweaking crates.io crate ab_glyph 0.2.21
[INFO] tweaked toml for crates.io crate ab_glyph 0.2.21 written to /workspace/builds/worker-0-tc1/source/Cargo.toml
[INFO] running `Command { std: CARGO_HOME="/workspace/cargo-home" RUSTUP_HOME="/workspace/rustup-home" __CARGO_TEST_CHANNEL_OVERRIDE_DO_NOT_USE_THIS="nightly" "/workspace/cargo-home/bin/cargo" "+1.69.0" "generate-lockfile" "--manifest-path" "Cargo.toml" "-Zno-index-update", kill_on_drop: false }`
[INFO] [stderr]     Blocking waiting for file lock on package cache
[INFO] running `Command { std: CARGO_HOME="/workspace/cargo-home" RUSTUP_HOME="/workspace/rustup-home" "/workspace/cargo-home/bin/cargo" "+1.69.0" "fetch" "--manifest-path" "Cargo.toml", kill_on_drop: false }`
[INFO] [stderr]  Downloading crates ...
[INFO] [stderr]   Downloaded ab_glyph_rasterizer v0.1.8
[INFO] [stderr]   Downloaded owned_ttf_parser v0.19.0
[INFO] [stderr]   Downloaded ttf-parser v0.19.0
[INFO] [stderr]   Downloaded libm v0.2.6
[INFO] running `Command { std: "docker" "create" "-v" "/var/lib/crater-agent-workspace/builds/worker-0-tc1/target:/opt/rustwide/target:rw,Z" "-v" "/var/lib/crater-agent-workspace/builds/worker-0-tc1/source:/opt/rustwide/workdir:ro,Z" "-v" "/var/lib/crater-agent-workspace/cargo-home:/opt/rustwide/cargo-home:ro,Z" "-v" "/var/lib/crater-agent-workspace/rustup-home:/opt/rustwide/rustup-home:ro,Z" "-e" "SOURCE_DIR=/opt/rustwide/workdir" "-e" "CARGO_TARGET_DIR=/opt/rustwide/target" "-e" "CARGO_HOME=/opt/rustwide/cargo-home" "-e" "RUSTUP_HOME=/opt/rustwide/rustup-home" "-w" "/opt/rustwide/workdir" "-m" "1610612736" "--user" "0:0" "--network" "none" "ghcr.io/rust-lang/crates-build-env/linux@sha256:5ff2268d62e97bff2cde7d5815dd6ed5b47097566f13b8d0ca110b04b60e07ed" "/opt/rustwide/cargo-home/bin/cargo" "+1.69.0" "metadata" "--no-deps" "--format-version=1", kill_on_drop: false }`
[INFO] [stdout] e070a667bda32b874f6f19ec3dcfa773a239d30238926c9b7d6f0d6e73974fb5
[INFO] running `Command { std: "docker" "start" "-a" "e070a667bda32b874f6f19ec3dcfa773a239d30238926c9b7d6f0d6e73974fb5", kill_on_drop: false }`
[INFO] running `Command { std: "docker" "inspect" "e070a667bda32b874f6f19ec3dcfa773a239d30238926c9b7d6f0d6e73974fb5", kill_on_drop: false }`
[INFO] running `Command { std: "docker" "rm" "-f" "e070a667bda32b874f6f19ec3dcfa773a239d30238926c9b7d6f0d6e73974fb5", kill_on_drop: false }`
[INFO] [stdout] e070a667bda32b874f6f19ec3dcfa773a239d30238926c9b7d6f0d6e73974fb5
[INFO] running `Command { std: "docker" "create" "-v" "/var/lib/crater-agent-workspace/builds/worker-0-tc1/target:/opt/rustwide/target:rw,Z" "-v" "/var/lib/crater-agent-workspace/builds/worker-0-tc1/source:/opt/rustwide/workdir:ro,Z" "-v" "/var/lib/crater-agent-workspace/cargo-home:/opt/rustwide/cargo-home:ro,Z" "-v" "/var/lib/crater-agent-workspace/rustup-home:/opt/rustwide/rustup-home:ro,Z" "-e" "SOURCE_DIR=/opt/rustwide/workdir" "-e" "CARGO_TARGET_DIR=/opt/rustwide/target" "-e" "CARGO_INCREMENTAL=0" "-e" "RUST_BACKTRACE=full" "-e" "RUSTFLAGS=--cap-lints=warn" "-e" "RUSTDOCFLAGS=--cap-lints=warn" "-e" "CARGO_HOME=/opt/rustwide/cargo-home" "-e" "RUSTUP_HOME=/opt/rustwide/rustup-home" "-w" "/opt/rustwide/workdir" "-m" "1610612736" "--user" "0:0" "--network" "none" "ghcr.io/rust-lang/crates-build-env/linux@sha256:5ff2268d62e97bff2cde7d5815dd6ed5b47097566f13b8d0ca110b04b60e07ed" "/opt/rustwide/cargo-home/bin/cargo" "+1.69.0" "build" "--frozen" "--message-format=json", kill_on_drop: false }`
[INFO] [stdout] 910a4f96bd8ca320be94cd333ea1c62e550895fc50ceb1a1f34ad4149dc9afe2
[INFO] running `Command { std: "docker" "start" "-a" "910a4f96bd8ca320be94cd333ea1c62e550895fc50ceb1a1f34ad4149dc9afe2", kill_on_drop: false }`
[INFO] [stderr]    Compiling ttf-parser v0.19.0
[INFO] [stderr]    Compiling ab_glyph_rasterizer v0.1.8
[INFO] [stderr]    Compiling owned_ttf_parser v0.19.0
[INFO] [stderr]    Compiling ab_glyph v0.2.21 (/opt/rustwide/workdir)
[INFO] [stderr]     Finished dev [unoptimized + debuginfo] target(s) in 4.05s
[INFO] running `Command { std: "docker" "inspect" "910a4f96bd8ca320be94cd333ea1c62e550895fc50ceb1a1f34ad4149dc9afe2", kill_on_drop: false }`
[INFO] running `Command { std: "docker" "rm" "-f" "910a4f96bd8ca320be94cd333ea1c62e550895fc50ceb1a1f34ad4149dc9afe2", kill_on_drop: false }`
[INFO] [stdout] 910a4f96bd8ca320be94cd333ea1c62e550895fc50ceb1a1f34ad4149dc9afe2
[INFO] running `Command { std: "docker" "create" "-v" "/var/lib/crater-agent-workspace/builds/worker-0-tc1/target:/opt/rustwide/target:rw,Z" "-v" "/var/lib/crater-agent-workspace/builds/worker-0-tc1/source:/opt/rustwide/workdir:ro,Z" "-v" "/var/lib/crater-agent-workspace/cargo-home:/opt/rustwide/cargo-home:ro,Z" "-v" "/var/lib/crater-agent-workspace/rustup-home:/opt/rustwide/rustup-home:ro,Z" "-e" "SOURCE_DIR=/opt/rustwide/workdir" "-e" "CARGO_TARGET_DIR=/opt/rustwide/target" "-e" "CARGO_INCREMENTAL=0" "-e" "RUST_BACKTRACE=full" "-e" "RUSTFLAGS=--cap-lints=warn" "-e" "RUSTDOCFLAGS=--cap-lints=warn" "-e" "CARGO_HOME=/opt/rustwide/cargo-home" "-e" "RUSTUP_HOME=/opt/rustwide/rustup-home" "-w" "/opt/rustwide/workdir" "-m" "1610612736" "--user" "0:0" "--network" "none" "ghcr.io/rust-lang/crates-build-env/linux@sha256:5ff2268d62e97bff2cde7d5815dd6ed5b47097566f13b8d0ca110b04b60e07ed" "/opt/rustwide/cargo-home/bin/cargo" "+1.69.0" "test" "--frozen" "--no-run" "--message-format=json", kill_on_drop: false }`
[INFO] [stdout] b42e42dcd64bbae6abeafc1bc908377565721e3b3cb19926fb2aeb8ac5880823
[INFO] running `Command { std: "docker" "start" "-a" "b42e42dcd64bbae6abeafc1bc908377565721e3b3cb19926fb2aeb8ac5880823", kill_on_drop: false }`
[INFO] [stderr]    Compiling ab_glyph v0.2.21 (/opt/rustwide/workdir)
[INFO] [stderr]     Finished test [unoptimized + debuginfo] target(s) in 0.57s
[INFO] running `Command { std: "docker" "inspect" "b42e42dcd64bbae6abeafc1bc908377565721e3b3cb19926fb2aeb8ac5880823", kill_on_drop: false }`
[INFO] running `Command { std: "docker" "rm" "-f" "b42e42dcd64bbae6abeafc1bc908377565721e3b3cb19926fb2aeb8ac5880823", kill_on_drop: false }`
[INFO] [stdout] b42e42dcd64bbae6abeafc1bc908377565721e3b3cb19926fb2aeb8ac5880823
[INFO] running `Command { std: "docker" "create" "-v" "/var/lib/crater-agent-workspace/builds/worker-0-tc1/target:/opt/rustwide/target:rw,Z" "-v" "/var/lib/crater-agent-workspace/builds/worker-0-tc1/source:/opt/rustwide/workdir:ro,Z" "-v" "/var/lib/crater-agent-workspace/cargo-home:/opt/rustwide/cargo-home:ro,Z" "-v" "/var/lib/crater-agent-workspace/rustup-home:/opt/rustwide/rustup-home:ro,Z" "-e" "SOURCE_DIR=/opt/rustwide/workdir" "-e" "CARGO_TARGET_DIR=/opt/rustwide/target" "-e" "CARGO_INCREMENTAL=0" "-e" "RUST_BACKTRACE=full" "-e" "RUSTFLAGS=--cap-lints=warn" "-e" "RUSTDOCFLAGS=--cap-lints=warn" "-e" "CARGO_HOME=/opt/rustwide/cargo-home" "-e" "RUSTUP_HOME=/opt/rustwide/rustup-home" "-w" "/opt/rustwide/workdir" "-m" "1610612736" "--user" "0:0" "--network" "none" "ghcr.io/rust-lang/crates-build-env/linux@sha256:5ff2268d62e97bff2cde7d5815dd6ed5b47097566f13b8d0ca110b04b60e07ed" "/opt/rustwide/cargo-home/bin/cargo" "+1.69.0" "test" "--frozen", kill_on_drop: false }`
[INFO] [stdout] e9867f06233051497ca8c08de87b3bbdb91e6858828ffa578f43d558cb4df462
[INFO] running `Command { std: "docker" "start" "-a" "e9867f06233051497ca8c08de87b3bbdb91e6858828ffa578f43d558cb4df462", kill_on_drop: false }`
[INFO] [stderr]     Finished test [unoptimized + debuginfo] target(s) in 0.01s
[INFO] [stderr]      Running unittests src/lib.rs (/opt/rustwide/target/debug/deps/ab_glyph-8c17faba977993dd)
[INFO] [stderr]    Doc-tests ab_glyph
[INFO] [stdout] 
[INFO] [stdout] running 0 tests
[INFO] [stdout] 
[INFO] [stdout] test result: ok. 0 passed; 0 failed; 0 ignored; 0 measured; 0 filtered out; finished in 0.00s
[INFO] [stdout] 
[INFO] [stdout] 
[INFO] [stdout] running 23 tests
[INFO] [stdout] test src/font_arc.rs - font_arc::FontArc::try_from_vec (line 40) ... FAILED
[INFO] [stdout] test src/glyph.rs - glyph::GlyphId::with_scale (line 46) ... FAILED
[INFO] [stdout] test src/font_arc.rs - font_arc::FontArc::try_from_slice (line 55) ... FAILED
[INFO] [stdout] test src/font_arc.rs - font_arc::FontArc (line 10) ... FAILED
[INFO] [stdout] test src/font.rs - font::Font::codepoint_ids (line 130) ... FAILED
[INFO] [stdout] test src/glyph.rs - glyph::GlyphId (line 10) ... FAILED
[INFO] [stdout] test src/font.rs - font::Font::as_scaled (line 191) ... FAILED
[INFO] [stdout] test src/font_arc.rs - font_arc::FontArc::new (line 24) ... FAILED
[INFO] [stdout] test src/glyph.rs - glyph::GlyphId::with_scale_and_position (line 25) ... FAILED
[INFO] [stdout] test src/scale.rs - scale::ScaleFont::scaled_glyph (line 142) ... FAILED
[INFO] [stdout] test src/lib.rs - (line 4) ... FAILED
[INFO] [stdout] test src/ttfp.rs - ttfp::FontRef (line 126) ... FAILED
[INFO] [stdout] test src/scale.rs - scale::ScaleFont (line 60) ... FAILED
[INFO] [stdout] test src/ttfp.rs - ttfp::FontRef<'font>::try_from_slice_and_index (line 168) ... FAILED
[INFO] [stdout] test src/ttfp.rs - ttfp::FontRef<'font>::try_from_slice (line 151) ... FAILED
[INFO] [stdout] test src/ttfp.rs - ttfp::FontVec (line 189) ... FAILED
[INFO] [stdout] test src/ttfp.rs - ttfp::FontVec::as_slice (line 249) ... FAILED
[INFO] [stdout] test src/ttfp.rs - ttfp::FontVec::into_vec (line 266) ... FAILED
[INFO] [stdout] test src/ttfp.rs - ttfp::FontVec::try_from_vec (line 214) ... FAILED
[INFO] [stdout] test src/ttfp.rs - ttfp::FontVec::try_from_vec_and_index (line 232) ... FAILED
[INFO] [stdout] test src/variable.rs - variable::VariableFont::variations (line 33) ... FAILED
[INFO] [stdout] test src/variable.rs - variable::VariableFont::set_variation (line 15) ... FAILED
[INFO] [stderr] error: doctest failed, to rerun pass `--doc`
[INFO] [stdout] test src/scale.rs - scale::PxScale (line 15) ... ok
[INFO] [stdout] 
[INFO] [stdout] failures:
[INFO] [stdout] 
[INFO] [stdout] ---- src/font_arc.rs - font_arc::FontArc::try_from_vec (line 40) stdout ----
[INFO] [stdout] error: couldn't read src/../../dev/fonts/Exo2-Light.otf: No such file or directory (os error 2)
[INFO] [stdout]  --> src/font_arc.rs:43:23
[INFO] [stdout]   |
[INFO] [stdout] 5 | let owned_font_data = include_bytes!("../../dev/fonts/Exo2-Light.otf").to_vec();
[INFO] [stdout]   |                       ^^^^^^^^^^^^^^^^^^^^^^^^^^^^^^^^^^^^^^^^^^^^^^^^
[INFO] [stdout]   |
[INFO] [stdout]   = note: this error originates in the macro `include_bytes` (in Nightly builds, run with -Z macro-backtrace for more info)
[INFO] [stdout] 
[INFO] [stdout] error: aborting due to previous error
[INFO] [stdout] 
[INFO] [stdout] Couldn't compile the test.
[INFO] [stdout] ---- src/glyph.rs - glyph::GlyphId::with_scale (line 46) stdout ----
[INFO] [stdout] error: couldn't read src/../../dev/fonts/Exo2-Light.otf: No such file or directory (os error 2)
[INFO] [stdout]  --> src/glyph.rs:48:36
[INFO] [stdout]   |
[INFO] [stdout] 5 | let font = FontRef::try_from_slice(include_bytes!("../../dev/fonts/Exo2-Light.otf")).unwrap();
[INFO] [stdout]   |                                    ^^^^^^^^^^^^^^^^^^^^^^^^^^^^^^^^^^^^^^^^^^^^^^^^
[INFO] [stdout]   |
[INFO] [stdout]   = note: this error originates in the macro `include_bytes` (in Nightly builds, run with -Z macro-backtrace for more info)
[INFO] [stdout] 
[INFO] [stdout] error: aborting due to previous error
[INFO] [stdout] 
[INFO] [stdout] Couldn't compile the test.
[INFO] [stdout] ---- src/font_arc.rs - font_arc::FontArc::try_from_slice (line 55) stdout ----
[INFO] [stdout] error: couldn't read src/../../dev/fonts/Exo2-Light.otf: No such file or directory (os error 2)
[INFO] [stdout]  --> src/font_arc.rs:58:36
[INFO] [stdout]   |
[INFO] [stdout] 5 | let font = FontArc::try_from_slice(include_bytes!("../../dev/fonts/Exo2-Light.otf"))?;
[INFO] [stdout]   |                                    ^^^^^^^^^^^^^^^^^^^^^^^^^^^^^^^^^^^^^^^^^^^^^^^^
[INFO] [stdout]   |
[INFO] [stdout]   = note: this error originates in the macro `include_bytes` (in Nightly builds, run with -Z macro-backtrace for more info)
[INFO] [stdout] 
[INFO] [stdout] error: aborting due to previous error
[INFO] [stdout] 
[INFO] [stdout] Couldn't compile the test.
[INFO] [stdout] ---- src/font_arc.rs - font_arc::FontArc (line 10) stdout ----
[INFO] [stdout] error: couldn't read src/../../dev/fonts/Exo2-Light.otf: No such file or directory (os error 2)
[INFO] [stdout]  --> src/font_arc.rs:14:36
[INFO] [stdout]   |
[INFO] [stdout] 6 | let font = FontArc::try_from_slice(include_bytes!("../../dev/fonts/Exo2-Light.otf"))?;
[INFO] [stdout]   |                                    ^^^^^^^^^^^^^^^^^^^^^^^^^^^^^^^^^^^^^^^^^^^^^^^^
[INFO] [stdout]   |
[INFO] [stdout]   = note: this error originates in the macro `include_bytes` (in Nightly builds, run with -Z macro-backtrace for more info)
[INFO] [stdout] 
[INFO] [stdout] error: aborting due to previous error
[INFO] [stdout] 
[INFO] [stdout] Couldn't compile the test.
[INFO] [stdout] ---- src/font.rs - font::Font::codepoint_ids (line 130) stdout ----
[INFO] [stdout] error: couldn't read src/../../dev/fonts/Exo2-Light.otf: No such file or directory (os error 2)
[INFO] [stdout]  --> src/font.rs:134:36
[INFO] [stdout]   |
[INFO] [stdout] 6 | let font = FontRef::try_from_slice(include_bytes!("../../dev/fonts/Exo2-Light.otf"))?;
[INFO] [stdout]   |                                    ^^^^^^^^^^^^^^^^^^^^^^^^^^^^^^^^^^^^^^^^^^^^^^^^
[INFO] [stdout]   |
[INFO] [stdout]   = note: this error originates in the macro `include_bytes` (in Nightly builds, run with -Z macro-backtrace for more info)
[INFO] [stdout] 
[INFO] [stdout] error: aborting due to previous error
[INFO] [stdout] 
[INFO] [stdout] Couldn't compile the test.
[INFO] [stdout] ---- src/glyph.rs - glyph::GlyphId (line 10) stdout ----
[INFO] [stdout] error: couldn't read src/../../dev/fonts/Exo2-Light.otf: No such file or directory (os error 2)
[INFO] [stdout]  --> src/glyph.rs:13:36
[INFO] [stdout]   |
[INFO] [stdout] 5 | let font = FontRef::try_from_slice(include_bytes!("../../dev/fonts/Exo2-Light.otf"))?;
[INFO] [stdout]   |                                    ^^^^^^^^^^^^^^^^^^^^^^^^^^^^^^^^^^^^^^^^^^^^^^^^
[INFO] [stdout]   |
[INFO] [stdout]   = note: this error originates in the macro `include_bytes` (in Nightly builds, run with -Z macro-backtrace for more info)
[INFO] [stdout] 
[INFO] [stdout] error: aborting due to previous error
[INFO] [stdout] 
[INFO] [stdout] Couldn't compile the test.
[INFO] [stdout] ---- src/font.rs - font::Font::as_scaled (line 191) stdout ----
[INFO] [stdout] error: couldn't read src/../../dev/fonts/Exo2-Light.otf: No such file or directory (os error 2)
[INFO] [stdout]  --> src/font.rs:194:36
[INFO] [stdout]   |
[INFO] [stdout] 5 | let font = FontRef::try_from_slice(include_bytes!("../../dev/fonts/Exo2-Light.otf"))?;
[INFO] [stdout]   |                                    ^^^^^^^^^^^^^^^^^^^^^^^^^^^^^^^^^^^^^^^^^^^^^^^^
[INFO] [stdout]   |
[INFO] [stdout]   = note: this error originates in the macro `include_bytes` (in Nightly builds, run with -Z macro-backtrace for more info)
[INFO] [stdout] 
[INFO] [stdout] error: aborting due to previous error
[INFO] [stdout] 
[INFO] [stdout] Couldn't compile the test.
[INFO] [stdout] ---- src/font_arc.rs - font_arc::FontArc::new (line 24) stdout ----
[INFO] [stdout] error: couldn't read src/../../dev/fonts/Exo2-Light.otf: No such file or directory (os error 2)
[INFO] [stdout]  --> src/font_arc.rs:27:17
[INFO] [stdout]   |
[INFO] [stdout] 5 | let font_data = include_bytes!("../../dev/fonts/Exo2-Light.otf").to_vec();
[INFO] [stdout]   |                 ^^^^^^^^^^^^^^^^^^^^^^^^^^^^^^^^^^^^^^^^^^^^^^^^
[INFO] [stdout]   |
[INFO] [stdout]   = note: this error originates in the macro `include_bytes` (in Nightly builds, run with -Z macro-backtrace for more info)
[INFO] [stdout] 
[INFO] [stdout] error: aborting due to previous error
[INFO] [stdout] 
[INFO] [stdout] Couldn't compile the test.
[INFO] [stdout] ---- src/glyph.rs - glyph::GlyphId::with_scale_and_position (line 25) stdout ----
[INFO] [stdout] error: couldn't read src/../../dev/fonts/Exo2-Light.otf: No such file or directory (os error 2)
[INFO] [stdout]  --> src/glyph.rs:27:36
[INFO] [stdout]   |
[INFO] [stdout] 5 | let font = FontRef::try_from_slice(include_bytes!("../../dev/fonts/Exo2-Light.otf")).unwrap();
[INFO] [stdout]   |                                    ^^^^^^^^^^^^^^^^^^^^^^^^^^^^^^^^^^^^^^^^^^^^^^^^
[INFO] [stdout]   |
[INFO] [stdout]   = note: this error originates in the macro `include_bytes` (in Nightly builds, run with -Z macro-backtrace for more info)
[INFO] [stdout] 
[INFO] [stdout] error: aborting due to previous error
[INFO] [stdout] 
[INFO] [stdout] Couldn't compile the test.
[INFO] [stdout] ---- src/scale.rs - scale::ScaleFont::scaled_glyph (line 142) stdout ----
[INFO] [stdout] error: couldn't read src/../../dev/fonts/Exo2-Light.otf: No such file or directory (os error 2)
[INFO] [stdout]  --> src/scale.rs:144:36
[INFO] [stdout]   |
[INFO] [stdout] 5 | let font = FontRef::try_from_slice(include_bytes!("../../dev/fonts/Exo2-Light.otf")).unwrap();
[INFO] [stdout]   |                                    ^^^^^^^^^^^^^^^^^^^^^^^^^^^^^^^^^^^^^^^^^^^^^^^^
[INFO] [stdout]   |
[INFO] [stdout]   = note: this error originates in the macro `include_bytes` (in Nightly builds, run with -Z macro-backtrace for more info)
[INFO] [stdout] 
[INFO] [stdout] error: aborting due to previous error
[INFO] [stdout] 
[INFO] [stdout] Couldn't compile the test.
[INFO] [stdout] ---- src/lib.rs - (line 4) stdout ----
[INFO] [stdout] error: couldn't read src/../../dev/fonts/Exo2-Light.otf: No such file or directory (os error 2)
[INFO] [stdout]  --> src/lib.rs:8:36
[INFO] [stdout]   |
[INFO] [stdout] 6 | let font = FontRef::try_from_slice(include_bytes!("../../dev/fonts/Exo2-Light.otf"))?;
[INFO] [stdout]   |                                    ^^^^^^^^^^^^^^^^^^^^^^^^^^^^^^^^^^^^^^^^^^^^^^^^
[INFO] [stdout]   |
[INFO] [stdout]   = note: this error originates in the macro `include_bytes` (in Nightly builds, run with -Z macro-backtrace for more info)
[INFO] [stdout] 
[INFO] [stdout] error: aborting due to previous error
[INFO] [stdout] 
[INFO] [stdout] Couldn't compile the test.
[INFO] [stdout] ---- src/ttfp.rs - ttfp::FontRef (line 126) stdout ----
[INFO] [stdout] error: couldn't read src/../../dev/fonts/Exo2-Light.otf: No such file or directory (os error 2)
[INFO] [stdout]  --> src/ttfp.rs:130:36
[INFO] [stdout]   |
[INFO] [stdout] 6 | let font = FontRef::try_from_slice(include_bytes!("../../dev/fonts/Exo2-Light.otf"))?;
[INFO] [stdout]   |                                    ^^^^^^^^^^^^^^^^^^^^^^^^^^^^^^^^^^^^^^^^^^^^^^^^
[INFO] [stdout]   |
[INFO] [stdout]   = note: this error originates in the macro `include_bytes` (in Nightly builds, run with -Z macro-backtrace for more info)
[INFO] [stdout] 
[INFO] [stdout] error: aborting due to previous error
[INFO] [stdout] 
[INFO] [stdout] Couldn't compile the test.
[INFO] [stdout] ---- src/scale.rs - scale::ScaleFont (line 60) stdout ----
[INFO] [stdout] error: couldn't read src/../../dev/fonts/Exo2-Light.otf: No such file or directory (os error 2)
[INFO] [stdout]  --> src/scale.rs:64:36
[INFO] [stdout]   |
[INFO] [stdout] 6 | let font = FontRef::try_from_slice(include_bytes!("../../dev/fonts/Exo2-Light.otf"))?;
[INFO] [stdout]   |                                    ^^^^^^^^^^^^^^^^^^^^^^^^^^^^^^^^^^^^^^^^^^^^^^^^
[INFO] [stdout]   |
[INFO] [stdout]   = note: this error originates in the macro `include_bytes` (in Nightly builds, run with -Z macro-backtrace for more info)
[INFO] [stdout] 
[INFO] [stdout] error: aborting due to previous error
[INFO] [stdout] 
[INFO] [stdout] Couldn't compile the test.
[INFO] [stdout] ---- src/ttfp.rs - ttfp::FontRef<'font>::try_from_slice_and_index (line 168) stdout ----
[INFO] [stdout] error: couldn't read src/../../dev/fonts/Exo2-Light.otf: No such file or directory (os error 2)
[INFO] [stdout]  --> src/ttfp.rs:172:39
[INFO] [stdout]   |
[INFO] [stdout] 6 |     FontRef::try_from_slice_and_index(include_bytes!("../../dev/fonts/Exo2-Light.otf"), 0)?;
[INFO] [stdout]   |                                       ^^^^^^^^^^^^^^^^^^^^^^^^^^^^^^^^^^^^^^^^^^^^^^^^
[INFO] [stdout]   |
[INFO] [stdout]   = note: this error originates in the macro `include_bytes` (in Nightly builds, run with -Z macro-backtrace for more info)
[INFO] [stdout] 
[INFO] [stdout] error: aborting due to previous error
[INFO] [stdout] 
[INFO] [stdout] Couldn't compile the test.
[INFO] [stdout] ---- src/ttfp.rs - ttfp::FontRef<'font>::try_from_slice (line 151) stdout ----
[INFO] [stdout] error: couldn't read src/../../dev/fonts/Exo2-Light.otf: No such file or directory (os error 2)
[INFO] [stdout]  --> src/ttfp.rs:154:36
[INFO] [stdout]   |
[INFO] [stdout] 5 | let font = FontRef::try_from_slice(include_bytes!("../../dev/fonts/Exo2-Light.otf"))?;
[INFO] [stdout]   |                                    ^^^^^^^^^^^^^^^^^^^^^^^^^^^^^^^^^^^^^^^^^^^^^^^^
[INFO] [stdout]   |
[INFO] [stdout]   = note: this error originates in the macro `include_bytes` (in Nightly builds, run with -Z macro-backtrace for more info)
[INFO] [stdout] 
[INFO] [stdout] error: aborting due to previous error
[INFO] [stdout] 
[INFO] [stdout] Couldn't compile the test.
[INFO] [stdout] ---- src/ttfp.rs - ttfp::FontVec (line 189) stdout ----
[INFO] [stdout] error: couldn't read src/../../dev/fonts/Exo2-Light.otf: No such file or directory (os error 2)
[INFO] [stdout]  --> src/ttfp.rs:193:23
[INFO] [stdout]   |
[INFO] [stdout] 6 | let owned_font_data = include_bytes!("../../dev/fonts/Exo2-Light.otf").to_vec();
[INFO] [stdout]   |                       ^^^^^^^^^^^^^^^^^^^^^^^^^^^^^^^^^^^^^^^^^^^^^^^^
[INFO] [stdout]   |
[INFO] [stdout]   = note: this error originates in the macro `include_bytes` (in Nightly builds, run with -Z macro-backtrace for more info)
[INFO] [stdout] 
[INFO] [stdout] error: aborting due to previous error
[INFO] [stdout] 
[INFO] [stdout] Couldn't compile the test.
[INFO] [stdout] ---- src/ttfp.rs - ttfp::FontVec::as_slice (line 249) stdout ----
[INFO] [stdout] error: couldn't read src/../../dev/fonts/Exo2-Light.otf: No such file or directory (os error 2)
[INFO] [stdout]  --> src/ttfp.rs:252:23
[INFO] [stdout]   |
[INFO] [stdout] 5 | let owned_font_data = include_bytes!("../../dev/fonts/Exo2-Light.otf").to_vec();
[INFO] [stdout]   |                       ^^^^^^^^^^^^^^^^^^^^^^^^^^^^^^^^^^^^^^^^^^^^^^^^
[INFO] [stdout]   |
[INFO] [stdout]   = note: this error originates in the macro `include_bytes` (in Nightly builds, run with -Z macro-backtrace for more info)
[INFO] [stdout] 
[INFO] [stdout] error: aborting due to previous error
[INFO] [stdout] 
[INFO] [stdout] Couldn't compile the test.
[INFO] [stdout] ---- src/ttfp.rs - ttfp::FontVec::into_vec (line 266) stdout ----
[INFO] [stdout] error: couldn't read src/../../dev/fonts/Exo2-Light.otf: No such file or directory (os error 2)
[INFO] [stdout]  --> src/ttfp.rs:269:23
[INFO] [stdout]   |
[INFO] [stdout] 5 | let owned_font_data = include_bytes!("../../dev/fonts/Exo2-Light.otf").to_vec();
[INFO] [stdout]   |                       ^^^^^^^^^^^^^^^^^^^^^^^^^^^^^^^^^^^^^^^^^^^^^^^^
[INFO] [stdout]   |
[INFO] [stdout]   = note: this error originates in the macro `include_bytes` (in Nightly builds, run with -Z macro-backtrace for more info)
[INFO] [stdout] 
[INFO] [stdout] error: aborting due to previous error
[INFO] [stdout] 
[INFO] [stdout] Couldn't compile the test.
[INFO] [stdout] ---- src/ttfp.rs - ttfp::FontVec::try_from_vec (line 214) stdout ----
[INFO] [stdout] error: couldn't read src/../../dev/fonts/Exo2-Light.otf: No such file or directory (os error 2)
[INFO] [stdout]  --> src/ttfp.rs:217:23
[INFO] [stdout]   |
[INFO] [stdout] 5 | let owned_font_data = include_bytes!("../../dev/fonts/Exo2-Light.otf").to_vec();
[INFO] [stdout]   |                       ^^^^^^^^^^^^^^^^^^^^^^^^^^^^^^^^^^^^^^^^^^^^^^^^
[INFO] [stdout]   |
[INFO] [stdout]   = note: this error originates in the macro `include_bytes` (in Nightly builds, run with -Z macro-backtrace for more info)
[INFO] [stdout] 
[INFO] [stdout] error: aborting due to previous error
[INFO] [stdout] 
[INFO] [stdout] Couldn't compile the test.
[INFO] [stdout] ---- src/ttfp.rs - ttfp::FontVec::try_from_vec_and_index (line 232) stdout ----
[INFO] [stdout] error: couldn't read src/../../dev/fonts/Exo2-Light.otf: No such file or directory (os error 2)
[INFO] [stdout]  --> src/ttfp.rs:235:23
[INFO] [stdout]   |
[INFO] [stdout] 5 | let owned_font_data = include_bytes!("../../dev/fonts/Exo2-Light.otf").to_vec();
[INFO] [stdout]   |                       ^^^^^^^^^^^^^^^^^^^^^^^^^^^^^^^^^^^^^^^^^^^^^^^^
[INFO] [stdout]   |
[INFO] [stdout]   = note: this error originates in the macro `include_bytes` (in Nightly builds, run with -Z macro-backtrace for more info)
[INFO] [stdout] 
[INFO] [stdout] error: aborting due to previous error
[INFO] [stdout] 
[INFO] [stdout] Couldn't compile the test.
[INFO] [stdout] ---- src/variable.rs - variable::VariableFont::variations (line 33) stdout ----
[INFO] [stdout] error: couldn't read src/../../dev/fonts/Cantarell-VF.otf: No such file or directory (os error 2)
[INFO] [stdout]  --> src/variable.rs:37:36
[INFO] [stdout]   |
[INFO] [stdout] 6 | let font = FontRef::try_from_slice(include_bytes!("../../dev/fonts/Cantarell-VF.otf"))?;
[INFO] [stdout]   |                                    ^^^^^^^^^^^^^^^^^^^^^^^^^^^^^^^^^^^^^^^^^^^^^^^^^^
[INFO] [stdout]   |
[INFO] [stdout]   = note: this error originates in the macro `include_bytes` (in Nightly builds, run with -Z macro-backtrace for more info)
[INFO] [stdout] 
[INFO] [stdout] error: aborting due to previous error
[INFO] [stdout] 
[INFO] [stdout] Couldn't compile the test.
[INFO] [stdout] ---- src/variable.rs - variable::VariableFont::set_variation (line 15) stdout ----
[INFO] [stdout] error: couldn't read src/../../dev/fonts/Cantarell-VF.otf: No such file or directory (os error 2)
[INFO] [stdout]  --> src/variable.rs:19:40
[INFO] [stdout]   |
[INFO] [stdout] 6 | let mut font = FontRef::try_from_slice(include_bytes!("../../dev/fonts/Cantarell-VF.otf"))?;
[INFO] [stdout]   |                                        ^^^^^^^^^^^^^^^^^^^^^^^^^^^^^^^^^^^^^^^^^^^^^^^^^^
[INFO] [stdout]   |
[INFO] [stdout]   = note: this error originates in the macro `include_bytes` (in Nightly builds, run with -Z macro-backtrace for more info)
[INFO] [stdout] 
[INFO] [stdout] error: aborting due to previous error
[INFO] [stdout] 
[INFO] [stdout] Couldn't compile the test.
[INFO] [stdout] 
[INFO] [stdout] failures:
[INFO] [stdout]     src/font.rs - font::Font::as_scaled (line 191)
[INFO] [stdout]     src/font.rs - font::Font::codepoint_ids (line 130)
[INFO] [stdout]     src/font_arc.rs - font_arc::FontArc (line 10)
[INFO] [stdout]     src/font_arc.rs - font_arc::FontArc::new (line 24)
[INFO] [stdout]     src/font_arc.rs - font_arc::FontArc::try_from_slice (line 55)
[INFO] [stdout]     src/font_arc.rs - font_arc::FontArc::try_from_vec (line 40)
[INFO] [stdout]     src/glyph.rs - glyph::GlyphId (line 10)
[INFO] [stdout]     src/glyph.rs - glyph::GlyphId::with_scale (line 46)
[INFO] [stdout]     src/glyph.rs - glyph::GlyphId::with_scale_and_position (line 25)
[INFO] [stdout]     src/lib.rs - (line 4)
[INFO] [stdout]     src/scale.rs - scale::ScaleFont (line 60)
[INFO] [stdout]     src/scale.rs - scale::ScaleFont::scaled_glyph (line 142)
[INFO] [stdout]     src/ttfp.rs - ttfp::FontRef (line 126)
[INFO] [stdout]     src/ttfp.rs - ttfp::FontRef<'font>::try_from_slice (line 151)
[INFO] [stdout]     src/ttfp.rs - ttfp::FontRef<'font>::try_from_slice_and_index (line 168)
[INFO] [stdout]     src/ttfp.rs - ttfp::FontVec (line 189)
[INFO] [stdout]     src/ttfp.rs - ttfp::FontVec::as_slice (line 249)
[INFO] [stdout]     src/ttfp.rs - ttfp::FontVec::into_vec (line 266)
[INFO] [stdout]     src/ttfp.rs - ttfp::FontVec::try_from_vec (line 214)
[INFO] [stdout]     src/ttfp.rs - ttfp::FontVec::try_from_vec_and_index (line 232)
[INFO] [stdout]     src/variable.rs - variable::VariableFont::set_variation (line 15)
[INFO] [stdout]     src/variable.rs - variable::VariableFont::variations (line 33)
[INFO] [stdout] 
[INFO] [stdout] test result: FAILED. 1 passed; 22 failed; 0 ignored; 0 measured; 0 filtered out; finished in 0.50s
[INFO] [stdout] 
[INFO] running `Command { std: "docker" "inspect" "e9867f06233051497ca8c08de87b3bbdb91e6858828ffa578f43d558cb4df462", kill_on_drop: false }`
[INFO] running `Command { std: "docker" "rm" "-f" "e9867f06233051497ca8c08de87b3bbdb91e6858828ffa578f43d558cb4df462", kill_on_drop: false }`
[INFO] [stdout] e9867f06233051497ca8c08de87b3bbdb91e6858828ffa578f43d558cb4df462
