[INFO] fetching crate SadieFish 0.1.1...
[INFO] testing SadieFish-0.1.1 against 1.69.0 for beta-1.70-1
[INFO] extracting crate SadieFish 0.1.1 into /workspace/builds/worker-4-tc1/source
[INFO] validating manifest of crates.io crate SadieFish 0.1.1 on toolchain 1.69.0
[INFO] running `Command { std: CARGO_HOME="/workspace/cargo-home" RUSTUP_HOME="/workspace/rustup-home" "/workspace/cargo-home/bin/cargo" "+1.69.0" "metadata" "--manifest-path" "Cargo.toml" "--no-deps", kill_on_drop: false }`
[INFO] started tweaking crates.io crate SadieFish 0.1.1
[INFO] finished tweaking crates.io crate SadieFish 0.1.1
[INFO] tweaked toml for crates.io crate SadieFish 0.1.1 written to /workspace/builds/worker-4-tc1/source/Cargo.toml
[INFO] running `Command { std: CARGO_HOME="/workspace/cargo-home" RUSTUP_HOME="/workspace/rustup-home" __CARGO_TEST_CHANNEL_OVERRIDE_DO_NOT_USE_THIS="nightly" "/workspace/cargo-home/bin/cargo" "+1.69.0" "generate-lockfile" "--manifest-path" "Cargo.toml" "-Zno-index-update", kill_on_drop: false }`
[INFO] running `Command { std: CARGO_HOME="/workspace/cargo-home" RUSTUP_HOME="/workspace/rustup-home" "/workspace/cargo-home/bin/cargo" "+1.69.0" "fetch" "--manifest-path" "Cargo.toml", kill_on_drop: false }`
[INFO] [stderr]  Downloading crates ...
[INFO] [stderr]   Downloaded malloc_buf v0.0.6
[INFO] [stderr]   Downloaded lock_api v0.3.4
[INFO] [stderr]   Downloaded core-graphics v0.19.2
[INFO] [stderr]   Downloaded parking_lot v0.10.2
[INFO] [stderr]   Downloaded dlib v0.4.2
[INFO] [stderr]   Downloaded windows-targets v0.48.0
[INFO] [stderr]   Downloaded xdg v2.5.0
[INFO] [stderr]   Downloaded raw-window-handle v0.4.3
[INFO] [stderr]   Downloaded redox_syscall v0.1.57
[INFO] [stderr]   Downloaded cloudabi v0.0.3
[INFO] [stderr]   Downloaded block v0.1.6
[INFO] [stderr]   Downloaded cpufeatures v0.2.7
[INFO] [stderr]   Downloaded inout v0.1.3
[INFO] [stderr]   Downloaded cmake v0.1.50
[INFO] [stderr]   Downloaded void v1.0.2
[INFO] [stderr]   Downloaded nix v0.14.1
[INFO] [stderr]   Downloaded memmap v0.7.0
[INFO] [stderr]   Downloaded aes v0.8.2
[INFO] [stderr]   Downloaded core-foundation v0.7.0
[INFO] [stderr]   Downloaded core-foundation-sys v0.7.0
[INFO] [stderr]   Downloaded winapi-build v0.1.1
[INFO] [stderr]   Downloaded fuchsia-zircon-sys v0.3.3
[INFO] [stderr]   Downloaded crypto-common v0.1.6
[INFO] [stderr]   Downloaded cipher v0.4.4
[INFO] [stderr]   Downloaded derivative v2.2.0
[INFO] [stderr]   Downloaded generic-array v0.14.7
[INFO] [stderr]   Downloaded typenum v1.16.0
[INFO] [stderr]   Downloaded getrandom v0.2.9
[INFO] [stderr]   Downloaded toml v0.5.11
[INFO] [stderr]   Downloaded cocoa v0.20.2
[INFO] [stderr]   Downloaded jni-sys v0.3.0
[INFO] [stderr]   Downloaded objc v0.2.7
[INFO] [stderr]   Downloaded same-file v1.0.6
[INFO] [stderr]   Downloaded lazycell v1.3.0
[INFO] [stderr]   Downloaded wayland-client v0.23.6
[INFO] [stderr]   Downloaded windows_aarch64_gnullvm v0.48.0
[INFO] [stderr]   Downloaded wayland-protocols v0.23.6
[INFO] [stderr]   Downloaded calloop v0.4.4
[INFO] [stderr]   Downloaded windows_x86_64_gnu v0.48.0
[INFO] [stderr]   Downloaded wayland-scanner v0.23.6
[INFO] [stderr]   Downloaded wayland-commons v0.23.6
[INFO] [stderr]   Downloaded mio-extras v2.0.6
[INFO] [stderr]   Downloaded kernel32-sys v0.2.2
[INFO] [stderr]   Downloaded windows_x86_64_msvc v0.48.0
[INFO] [stderr]   Downloaded windows_aarch64_msvc v0.48.0
[INFO] [stderr]   Downloaded winapi v0.2.8
[INFO] [stderr]   Downloaded ws2_32-sys v0.2.1
[INFO] [stderr]   Downloaded raw-window-handle v0.3.4
[INFO] [stderr]   Downloaded num-traits v0.2.15
[INFO] [stderr]   Downloaded rand_core v0.6.4
[INFO] [stderr]   Downloaded ppv-lite86 v0.2.17
[INFO] [stderr]   Downloaded smallvec v1.10.0
[INFO] [stderr]   Downloaded byteorder v1.4.3
[INFO] [stderr]   Downloaded proc-macro-crate v0.1.5
[INFO] [stderr]   Downloaded cty v0.2.2
[INFO] [stderr]   Downloaded windows_x86_64_gnullvm v0.48.0
[INFO] [stderr]   Downloaded windows_i686_gnu v0.48.0
[INFO] [stderr]   Downloaded android_log-sys v0.1.2
[INFO] [stderr]   Downloaded ndk v0.1.0
[INFO] [stderr]   Downloaded wayland-sys v0.23.6
[INFO] [stderr]   Downloaded shaderc v0.6.3
[INFO] [stderr]   Downloaded ndk-glue v0.1.0
[INFO] [stderr]   Downloaded line_drawing v0.7.0
[INFO] [stderr]   Downloaded rusttype v0.7.9
[INFO] [stderr]   Downloaded andrew v0.2.1
[INFO] [stderr]   Downloaded windows-sys v0.48.0
[INFO] [stderr]   Downloaded downcast-rs v1.2.0
[INFO] [stderr]   Downloaded winit v0.22.2
[INFO] [stderr]   Downloaded ndk-sys v0.1.0
[INFO] [stderr]   Downloaded fuchsia-zircon v0.3.3
[INFO] [stderr]   Downloaded libloading v0.6.7
[INFO] [stderr]   Downloaded miow v0.2.2
[INFO] [stderr]   Downloaded x11-dl v2.21.0
[INFO] [stderr]   Downloaded approx v0.3.2
[INFO] [stderr]   Downloaded rusttype v0.8.3
[INFO] [stderr]   Downloaded windows_i686_msvc v0.48.0
[INFO] [stderr]   Downloaded smithay-client-toolkit v0.6.6
[INFO] [stderr]   Downloaded xml-rs v0.8.4
[INFO] [stderr]   Downloaded core-video-sys v0.1.4
[INFO] [stderr]   Downloaded dispatch v0.2.0
[INFO] [stderr]   Downloaded shaderc-sys v0.6.3
[INFO] [stderr]   Downloaded num_enum_derive v0.4.3
[INFO] [stderr]   Downloaded num_enum v0.4.3
[INFO] [stderr]   Downloaded parking_lot_core v0.7.3
[INFO] [stderr]   Downloaded ordered-float v1.1.1
[INFO] [stderr]   Downloaded stb_truetype v0.3.1
[INFO] [stderr]   Downloaded walkdir v2.3.3
[INFO] running `Command { std: "docker" "create" "-v" "/var/lib/crater-agent-workspace/builds/worker-4-tc1/target:/opt/rustwide/target:rw,Z" "-v" "/var/lib/crater-agent-workspace/builds/worker-4-tc1/source:/opt/rustwide/workdir:ro,Z" "-v" "/var/lib/crater-agent-workspace/cargo-home:/opt/rustwide/cargo-home:ro,Z" "-v" "/var/lib/crater-agent-workspace/rustup-home:/opt/rustwide/rustup-home:ro,Z" "-e" "SOURCE_DIR=/opt/rustwide/workdir" "-e" "CARGO_TARGET_DIR=/opt/rustwide/target" "-e" "CARGO_HOME=/opt/rustwide/cargo-home" "-e" "RUSTUP_HOME=/opt/rustwide/rustup-home" "-w" "/opt/rustwide/workdir" "-m" "1610612736" "--user" "0:0" "--network" "none" "ghcr.io/rust-lang/crates-build-env/linux@sha256:5ff2268d62e97bff2cde7d5815dd6ed5b47097566f13b8d0ca110b04b60e07ed" "/opt/rustwide/cargo-home/bin/cargo" "+1.69.0" "metadata" "--no-deps" "--format-version=1", kill_on_drop: false }`
[INFO] [stdout] 3f331025e78b8098ebc545c87647f31b6fc15da2e6f2c251028e926bb047c7a0
[INFO] running `Command { std: "docker" "start" "-a" "3f331025e78b8098ebc545c87647f31b6fc15da2e6f2c251028e926bb047c7a0", kill_on_drop: false }`
[INFO] running `Command { std: "docker" "inspect" "3f331025e78b8098ebc545c87647f31b6fc15da2e6f2c251028e926bb047c7a0", kill_on_drop: false }`
[INFO] running `Command { std: "docker" "rm" "-f" "3f331025e78b8098ebc545c87647f31b6fc15da2e6f2c251028e926bb047c7a0", kill_on_drop: false }`
[INFO] [stdout] 3f331025e78b8098ebc545c87647f31b6fc15da2e6f2c251028e926bb047c7a0
[INFO] running `Command { std: "docker" "create" "-v" "/var/lib/crater-agent-workspace/builds/worker-4-tc1/target:/opt/rustwide/target:rw,Z" "-v" "/var/lib/crater-agent-workspace/builds/worker-4-tc1/source:/opt/rustwide/workdir:ro,Z" "-v" "/var/lib/crater-agent-workspace/cargo-home:/opt/rustwide/cargo-home:ro,Z" "-v" "/var/lib/crater-agent-workspace/rustup-home:/opt/rustwide/rustup-home:ro,Z" "-e" "SOURCE_DIR=/opt/rustwide/workdir" "-e" "CARGO_TARGET_DIR=/opt/rustwide/target" "-e" "CARGO_INCREMENTAL=0" "-e" "RUST_BACKTRACE=full" "-e" "RUSTFLAGS=--cap-lints=warn" "-e" "RUSTDOCFLAGS=--cap-lints=warn" "-e" "CARGO_HOME=/opt/rustwide/cargo-home" "-e" "RUSTUP_HOME=/opt/rustwide/rustup-home" "-w" "/opt/rustwide/workdir" "-m" "1610612736" "--user" "0:0" "--network" "none" "ghcr.io/rust-lang/crates-build-env/linux@sha256:5ff2268d62e97bff2cde7d5815dd6ed5b47097566f13b8d0ca110b04b60e07ed" "/opt/rustwide/cargo-home/bin/cargo" "+1.69.0" "build" "--frozen" "--message-format=json", kill_on_drop: false }`
[INFO] [stdout] 7669061dc30389b949df0eff00fd455a0c26f36840e4c94ee5e6dfdfdb9bf041
[INFO] running `Command { std: "docker" "start" "-a" "7669061dc30389b949df0eff00fd455a0c26f36840e4c94ee5e6dfdfdb9bf041", kill_on_drop: false }`
[INFO] [stderr]     Blocking waiting for file lock on package cache
[INFO] [stderr]     Blocking waiting for file lock on package cache
[INFO] [stderr]    Compiling typenum v1.16.0
[INFO] [stderr]    Compiling version_check v0.9.4
[INFO] [stderr]    Compiling libc v0.2.142
[INFO] [stderr]    Compiling cfg-if v1.0.0
[INFO] [stderr]    Compiling ppv-lite86 v0.2.17
[INFO] [stderr]    Compiling cpufeatures v0.2.7
[INFO] [stderr]    Compiling generic-array v0.14.7
[INFO] [stderr]    Compiling getrandom v0.2.9
[INFO] [stderr]    Compiling rand_core v0.6.4
[INFO] [stderr]    Compiling rand_chacha v0.3.1
[INFO] [stderr]    Compiling rand v0.8.5
[INFO] [stderr]    Compiling crypto-common v0.1.6
[INFO] [stderr]    Compiling inout v0.1.3
[INFO] [stderr]    Compiling cipher v0.4.4
[INFO] [stderr]    Compiling aes v0.8.2
[INFO] [stderr]    Compiling SadieFish v0.1.1 (/opt/rustwide/workdir)
[INFO] [stdout] warning: function `caesar_encrypt` is never used
[INFO] [stdout]  --> src/encryption/caesar.rs:4:4
[INFO] [stdout]   |
[INFO] [stdout] 4 | fn caesar_encrypt(plaintext: &str, shift: u8) -> String {
[INFO] [stdout]   |    ^^^^^^^^^^^^^^
[INFO] [stdout]   |
[INFO] [stdout]   = note: `#[warn(dead_code)]` on by default
[INFO] [stdout] 
[INFO] [stdout] 
[INFO] [stdout] warning: function `caesar_decrypt` is never used
[INFO] [stdout]   --> src/encryption/caesar.rs:19:4
[INFO] [stdout]    |
[INFO] [stdout] 19 | fn caesar_decrypt(ciphertext: &str, shift: u8) -> String {
[INFO] [stdout]    |    ^^^^^^^^^^^^^^
[INFO] [stdout] 
[INFO] [stdout] 
[INFO] [stdout] warning: function `main` is never used
[INFO] [stdout]   --> src/encryption/caesar.rs:23:4
[INFO] [stdout]    |
[INFO] [stdout] 23 | fn main() {
[INFO] [stdout]    |    ^^^^
[INFO] [stdout] 
[INFO] [stdout] 
[INFO] [stdout] warning: constant `HEX_ALPHABET` is never used
[INFO] [stdout]  --> src/utils/hex.rs:1:7
[INFO] [stdout]   |
[INFO] [stdout] 1 | const HEX_ALPHABET: &[u8; 16] = b"0123456789abcdef";
[INFO] [stdout]   |       ^^^^^^^^^^^^
[INFO] [stdout] 
[INFO] [stdout] 
[INFO] [stdout] warning: function `encode_hex` is never used
[INFO] [stdout]  --> src/utils/hex.rs:3:4
[INFO] [stdout]   |
[INFO] [stdout] 3 | fn encode_hex(input: &[u8]) -> String {
[INFO] [stdout]   |    ^^^^^^^^^^
[INFO] [stdout] 
[INFO] [stdout] 
[INFO] [stdout] warning: function `decode_hex` is never used
[INFO] [stdout]   --> src/utils/hex.rs:12:4
[INFO] [stdout]    |
[INFO] [stdout] 12 | fn decode_hex(input: &str) -> Result<Vec<u8>, String> {
[INFO] [stdout]    |    ^^^^^^^^^^
[INFO] [stdout] 
[INFO] [stdout] 
[INFO] [stdout] warning: crate `SadieFish` should have a snake case name
[INFO] [stdout]   |
[INFO] [stdout]   = help: convert the identifier to snake case: `sadie_fish`
[INFO] [stdout]   = note: `#[warn(non_snake_case)]` on by default
[INFO] [stdout] 
[INFO] [stdout] 
[INFO] [stdout] warning: 7 warnings emitted
[INFO] [stdout] 
[INFO] [stdout] 
[INFO] [stderr]     Finished dev [unoptimized + debuginfo] target(s) in 4.40s
[INFO] running `Command { std: "docker" "inspect" "7669061dc30389b949df0eff00fd455a0c26f36840e4c94ee5e6dfdfdb9bf041", kill_on_drop: false }`
[INFO] running `Command { std: "docker" "rm" "-f" "7669061dc30389b949df0eff00fd455a0c26f36840e4c94ee5e6dfdfdb9bf041", kill_on_drop: false }`
[INFO] [stdout] 7669061dc30389b949df0eff00fd455a0c26f36840e4c94ee5e6dfdfdb9bf041
[INFO] running `Command { std: "docker" "create" "-v" "/var/lib/crater-agent-workspace/builds/worker-4-tc1/target:/opt/rustwide/target:rw,Z" "-v" "/var/lib/crater-agent-workspace/builds/worker-4-tc1/source:/opt/rustwide/workdir:ro,Z" "-v" "/var/lib/crater-agent-workspace/cargo-home:/opt/rustwide/cargo-home:ro,Z" "-v" "/var/lib/crater-agent-workspace/rustup-home:/opt/rustwide/rustup-home:ro,Z" "-e" "SOURCE_DIR=/opt/rustwide/workdir" "-e" "CARGO_TARGET_DIR=/opt/rustwide/target" "-e" "CARGO_INCREMENTAL=0" "-e" "RUST_BACKTRACE=full" "-e" "RUSTFLAGS=--cap-lints=warn" "-e" "RUSTDOCFLAGS=--cap-lints=warn" "-e" "CARGO_HOME=/opt/rustwide/cargo-home" "-e" "RUSTUP_HOME=/opt/rustwide/rustup-home" "-w" "/opt/rustwide/workdir" "-m" "1610612736" "--user" "0:0" "--network" "none" "ghcr.io/rust-lang/crates-build-env/linux@sha256:5ff2268d62e97bff2cde7d5815dd6ed5b47097566f13b8d0ca110b04b60e07ed" "/opt/rustwide/cargo-home/bin/cargo" "+1.69.0" "test" "--frozen" "--no-run" "--message-format=json", kill_on_drop: false }`
[INFO] [stdout] 252b1d0f3cc06b0a08d897199b27c6deb3e565319117259072af3d3fd74f9537
[INFO] running `Command { std: "docker" "start" "-a" "252b1d0f3cc06b0a08d897199b27c6deb3e565319117259072af3d3fd74f9537", kill_on_drop: false }`
[INFO] [stderr]    Compiling autocfg v1.1.0
[INFO] [stderr]    Compiling cfg-if v0.1.10
[INFO] [stderr]    Compiling proc-macro2 v0.4.30
[INFO] [stderr]    Compiling unicode-xid v0.1.0
[INFO] [stderr]    Compiling xml-rs v0.8.4
[INFO] [stderr]    Compiling log v0.4.17
[INFO] [stderr]    Compiling bitflags v1.3.2
[INFO] [stderr]    Compiling nix v0.14.1
[INFO] [stderr]    Compiling iovec v0.1.4
[INFO] [stderr]    Compiling net2 v0.2.38
[INFO] [stderr]    Compiling libloading v0.6.7
[INFO] [stderr]    Compiling void v1.0.2
[INFO] [stderr]    Compiling dlib v0.4.2
[INFO] [stderr]    Compiling num-traits v0.2.15
[INFO] [stderr]    Compiling slab v0.4.8
[INFO] [stderr]    Compiling lazycell v1.3.0
[INFO] [stderr]    Compiling byteorder v1.4.3
[INFO] [stderr]    Compiling lazy_static v1.4.0
[INFO] [stderr]    Compiling downcast-rs v1.2.0
[INFO] [stderr]    Compiling wayland-sys v0.23.6
[INFO] [stderr]    Compiling same-file v1.0.6
[INFO] [stderr]    Compiling quote v0.6.13
[INFO] [stderr]    Compiling stb_truetype v0.3.1
[INFO] [stderr]    Compiling wayland-scanner v0.23.6
[INFO] [stderr]    Compiling mio v0.6.23
[INFO] [stderr]    Compiling pkg-config v0.3.26
[INFO] [stderr]    Compiling home v0.5.5
[INFO] [stderr]    Compiling walkdir v2.3.3
[INFO] [stderr]    Compiling xdg v2.5.0
[INFO] [stderr]    Compiling cty v0.2.2
[INFO] [stderr]    Compiling mio-extras v2.0.6
[INFO] [stderr]    Compiling x11-dl v2.21.0
[INFO] [stderr]    Compiling scopeguard v1.1.0
[INFO] [stderr]    Compiling smallvec v1.10.0
[INFO] [stderr]    Compiling lock_api v0.3.4
[INFO] [stderr]    Compiling raw-window-handle v0.4.3
[INFO] [stderr]    Compiling memmap v0.7.0
[INFO] [stderr]    Compiling parking_lot_core v0.7.3
[INFO] [stderr]    Compiling ordered-float v1.1.1
[INFO] [stderr]    Compiling approx v0.3.2
[INFO] [stderr]    Compiling line_drawing v0.7.0
[INFO] [stderr]    Compiling once_cell v1.17.1
[INFO] [stderr]    Compiling parking_lot v0.10.2
[INFO] [stderr]    Compiling raw-window-handle v0.3.4
[INFO] [stderr]    Compiling instant v0.1.12
[INFO] [stderr]    Compiling rusttype v0.8.3
[INFO] [stderr]    Compiling wayland-commons v0.23.6
[INFO] [stderr]    Compiling calloop v0.4.4
[INFO] [stderr]    Compiling percent-encoding v2.2.0
[INFO] [stderr]    Compiling wayland-client v0.23.6
[INFO] [stderr]    Compiling wayland-protocols v0.23.6
[INFO] [stderr]    Compiling rusttype v0.7.9
[INFO] [stderr]    Compiling andrew v0.2.1
[INFO] [stdout] warning: function `caesar_encrypt` is never used
[INFO] [stdout]  --> src/encryption/caesar.rs:4:4
[INFO] [stdout]   |
[INFO] [stdout] 4 | fn caesar_encrypt(plaintext: &str, shift: u8) -> String {
[INFO] [stdout]   |    ^^^^^^^^^^^^^^
[INFO] [stdout]   |
[INFO] [stdout]   = note: `#[warn(dead_code)]` on by default
[INFO] [stdout] 
[INFO] [stdout] 
[INFO] [stdout] warning: function `caesar_decrypt` is never used
[INFO] [stdout]   --> src/encryption/caesar.rs:19:4
[INFO] [stdout]    |
[INFO] [stdout] 19 | fn caesar_decrypt(ciphertext: &str, shift: u8) -> String {
[INFO] [stdout]    |    ^^^^^^^^^^^^^^
[INFO] [stdout] 
[INFO] [stdout] 
[INFO] [stdout] warning: function `main` is never used
[INFO] [stdout]   --> src/encryption/caesar.rs:23:4
[INFO] [stdout]    |
[INFO] [stdout] 23 | fn main() {
[INFO] [stdout]    |    ^^^^
[INFO] [stdout] 
[INFO] [stdout] 
[INFO] [stdout] warning: constant `HEX_ALPHABET` is never used
[INFO] [stdout]  --> src/utils/hex.rs:1:7
[INFO] [stdout]   |
[INFO] [stdout] 1 | const HEX_ALPHABET: &[u8; 16] = b"0123456789abcdef";
[INFO] [stdout]   |       ^^^^^^^^^^^^
[INFO] [stdout] 
[INFO] [stdout] 
[INFO] [stdout] warning: function `encode_hex` is never used
[INFO] [stdout]  --> src/utils/hex.rs:3:4
[INFO] [stdout]   |
[INFO] [stdout] 3 | fn encode_hex(input: &[u8]) -> String {
[INFO] [stdout]   |    ^^^^^^^^^^
[INFO] [stdout] 
[INFO] [stdout] 
[INFO] [stdout] warning: function `decode_hex` is never used
[INFO] [stdout]   --> src/utils/hex.rs:12:4
[INFO] [stdout]    |
[INFO] [stdout] 12 | fn decode_hex(input: &str) -> Result<Vec<u8>, String> {
[INFO] [stdout]    |    ^^^^^^^^^^
[INFO] [stdout] 
[INFO] [stdout] 
[INFO] [stdout] warning: crate `SadieFish` should have a snake case name
[INFO] [stdout]   |
[INFO] [stdout]   = help: convert the identifier to snake case: `sadie_fish`
[INFO] [stdout]   = note: `#[warn(non_snake_case)]` on by default
[INFO] [stdout] 
[INFO] [stdout] 
[INFO] [stdout] warning: 7 warnings emitted
[INFO] [stdout] 
[INFO] [stdout] 
[INFO] [stderr]    Compiling smithay-client-toolkit v0.6.6
[INFO] [stderr]    Compiling winit v0.22.2
[INFO] [stderr]    Compiling SadieFish v0.1.1 (/opt/rustwide/workdir)
[INFO] [stdout] warning: function `caesar_encrypt` is never used
[INFO] [stdout]  --> src/encryption/caesar.rs:4:4
[INFO] [stdout]   |
[INFO] [stdout] 4 | fn caesar_encrypt(plaintext: &str, shift: u8) -> String {
[INFO] [stdout]   |    ^^^^^^^^^^^^^^
[INFO] [stdout]   |
[INFO] [stdout]   = note: `#[warn(dead_code)]` on by default
[INFO] [stdout] 
[INFO] [stdout] 
[INFO] [stdout] warning: function `caesar_decrypt` is never used
[INFO] [stdout]   --> src/encryption/caesar.rs:19:4
[INFO] [stdout]    |
[INFO] [stdout] 19 | fn caesar_decrypt(ciphertext: &str, shift: u8) -> String {
[INFO] [stdout]    |    ^^^^^^^^^^^^^^
[INFO] [stdout] 
[INFO] [stdout] 
[INFO] [stdout] warning: function `main` is never used
[INFO] [stdout]   --> src/encryption/caesar.rs:23:4
[INFO] [stdout]    |
[INFO] [stdout] 23 | fn main() {
[INFO] [stdout]    |    ^^^^
[INFO] [stdout] 
[INFO] [stdout] 
[INFO] [stdout] warning: constant `HEX_ALPHABET` is never used
[INFO] [stdout]  --> src/utils/hex.rs:1:7
[INFO] [stdout]   |
[INFO] [stdout] 1 | const HEX_ALPHABET: &[u8; 16] = b"0123456789abcdef";
[INFO] [stdout]   |       ^^^^^^^^^^^^
[INFO] [stdout] 
[INFO] [stdout] 
[INFO] [stdout] warning: function `encode_hex` is never used
[INFO] [stdout]  --> src/utils/hex.rs:3:4
[INFO] [stdout]   |
[INFO] [stdout] 3 | fn encode_hex(input: &[u8]) -> String {
[INFO] [stdout]   |    ^^^^^^^^^^
[INFO] [stdout] 
[INFO] [stdout] 
[INFO] [stdout] warning: function `decode_hex` is never used
[INFO] [stdout]   --> src/utils/hex.rs:12:4
[INFO] [stdout]    |
[INFO] [stdout] 12 | fn decode_hex(input: &str) -> Result<Vec<u8>, String> {
[INFO] [stdout]    |    ^^^^^^^^^^
[INFO] [stdout] 
[INFO] [stdout] 
[INFO] [stdout] warning: crate `SadieFish` should have a snake case name
[INFO] [stdout]   |
[INFO] [stdout]   = help: convert the identifier to snake case: `sadie_fish`
[INFO] [stdout]   = note: `#[warn(non_snake_case)]` on by default
[INFO] [stdout] 
[INFO] [stdout] 
[INFO] [stdout] error[E0432]: unresolved import `sadiefish`
[INFO] [stdout]  --> tests/encryption_tests.rs:1:5
[INFO] [stdout]   |
[INFO] [stdout] 1 | use sadiefish::{encrypt, decrypt};
[INFO] [stdout]   |     ^^^^^^^^^ use of undeclared crate or module `sadiefish`
[INFO] [stdout]   |
[INFO] [stdout] help: there is a crate or module with a similar name
[INFO] [stdout]   |
[INFO] [stdout] 1 | use SadieFish::{encrypt, decrypt};
[INFO] [stdout]   |     ~~~~~~~~~
[INFO] [stdout] 
[INFO] [stdout] 
[INFO] [stdout] error: aborting due to previous error
[INFO] [stdout] 
[INFO] [stdout] 
[INFO] [stdout] For more information about this error, try `rustc --explain E0432`.
[INFO] [stdout] 
[INFO] [stderr] error: could not compile `SadieFish` due to 2 previous errors
[INFO] [stderr] warning: build failed, waiting for other jobs to finish...
[INFO] [stdout] error[E0425]: cannot find function `encrypt` in this scope
[INFO] [stdout]   --> tests/unit_tests.rs:19:26
[INFO] [stdout]    |
[INFO] [stdout] 19 |         let ciphertext = encrypt(plaintext, &key).unwrap();
[INFO] [stdout]    |                          ^^^^^^^ not found in this scope
[INFO] [stdout]    |
[INFO] [stdout] help: consider importing this function
[INFO] [stdout]    |
[INFO] [stdout] 5  |     use SadieFish::encryption::vigenere::encrypt;
[INFO] [stdout]    |
[INFO] [stdout] 
[INFO] [stdout] 
[INFO] [stdout] error[E0425]: cannot find function `decrypt` in this scope
[INFO] [stdout]   --> tests/unit_tests.rs:22:25
[INFO] [stdout]    |
[INFO] [stdout] 22 |         let decrypted = decrypt(&ciphertext, &key).unwrap();
[INFO] [stdout]    |                         ^^^^^^^ not found in this scope
[INFO] [stdout]    |
[INFO] [stdout] help: consider importing this function
[INFO] [stdout]    |
[INFO] [stdout] 5  |     use SadieFish::encryption::vigenere::decrypt;
[INFO] [stdout]    |
[INFO] [stdout] 
[INFO] [stdout] 
[INFO] [stdout] error[E0425]: cannot find function `encrypt` in this scope
[INFO] [stdout]   --> tests/unit_tests.rs:31:26
[INFO] [stdout]    |
[INFO] [stdout] 31 |         let ciphertext = encrypt(plaintext, &key).unwrap();
[INFO] [stdout]    |                          ^^^^^^^ not found in this scope
[INFO] [stdout]    |
[INFO] [stdout] help: consider importing this function
[INFO] [stdout]    |
[INFO] [stdout] 5  |     use SadieFish::encryption::vigenere::encrypt;
[INFO] [stdout]    |
[INFO] [stdout] 
[INFO] [stdout] 
[INFO] [stdout] error[E0425]: cannot find function `decrypt` in this scope
[INFO] [stdout]   --> tests/unit_tests.rs:36:25
[INFO] [stdout]    |
[INFO] [stdout] 36 |         let decrypted = decrypt(&ciphertext, &wrong_key);
[INFO] [stdout]    |                         ^^^^^^^ not found in this scope
[INFO] [stdout]    |
[INFO] [stdout] help: consider importing this function
[INFO] [stdout]    |
[INFO] [stdout] 5  |     use SadieFish::encryption::vigenere::decrypt;
[INFO] [stdout]    |
[INFO] [stdout] 
[INFO] [stdout] 
[INFO] [stdout] error[E0425]: cannot find function `encrypt` in this scope
[INFO] [stdout]   --> tests/unit_tests.rs:57:25
[INFO] [stdout]    |
[INFO] [stdout] 57 |         let encrypted = encrypt(plaintext, key);
[INFO] [stdout]    |                         ^^^^^^^ not found in this scope
[INFO] [stdout]    |
[INFO] [stdout] help: consider importing this function
[INFO] [stdout]    |
[INFO] [stdout] 5  |     use SadieFish::encryption::vigenere::encrypt;
[INFO] [stdout]    |
[INFO] [stdout] 
[INFO] [stdout] 
[INFO] [stdout] error[E0425]: cannot find function `decrypt` in this scope
[INFO] [stdout]   --> tests/unit_tests.rs:66:25
[INFO] [stdout]    |
[INFO] [stdout] 66 |         let decrypted = decrypt(ciphertext, key);
[INFO] [stdout]    |                         ^^^^^^^ not found in this scope
[INFO] [stdout]    |
[INFO] [stdout] help: consider importing this function
[INFO] [stdout]    |
[INFO] [stdout] 5  |     use SadieFish::encryption::vigenere::decrypt;
[INFO] [stdout]    |
[INFO] [stdout] 
[INFO] [stdout] 
[INFO] [stdout] error[E0425]: cannot find function `encrypt` in this scope
[INFO] [stdout]   --> tests/unit_tests.rs:75:26
[INFO] [stdout]    |
[INFO] [stdout] 75 |         let ciphertext = encrypt(plaintext, &key).unwrap();
[INFO] [stdout]    |                          ^^^^^^^ not found in this scope
[INFO] [stdout]    |
[INFO] [stdout] help: consider importing this function
[INFO] [stdout]    |
[INFO] [stdout] 5  |     use SadieFish::encryption::vigenere::encrypt;
[INFO] [stdout]    |
[INFO] [stdout] 
[INFO] [stdout] 
[INFO] [stdout] error[E0425]: cannot find function `decrypt` in this scope
[INFO] [stdout]   --> tests/unit_tests.rs:78:25
[INFO] [stdout]    |
[INFO] [stdout] 78 |         let decrypted = decrypt(&ciphertext, &key).unwrap();
[INFO] [stdout]    |                         ^^^^^^^ not found in this scope
[INFO] [stdout]    |
[INFO] [stdout] help: consider importing this function
[INFO] [stdout]    |
[INFO] [stdout] 5  |     use SadieFish::encryption::vigenere::decrypt;
[INFO] [stdout]    |
[INFO] [stdout] 
[INFO] [stdout] 
[INFO] [stdout] error[E0425]: cannot find function `encrypt` in this scope
[INFO] [stdout]   --> tests/unit_tests.rs:93:30
[INFO] [stdout]    |
[INFO] [stdout] 93 |             let ciphertext = encrypt(&plaintext, &key).unwrap();
[INFO] [stdout]    |                              ^^^^^^^ not found in this scope
[INFO] [stdout]    |
[INFO] [stdout] help: consider importing this function
[INFO] [stdout]    |
[INFO] [stdout] 5  |     use SadieFish::encryption::vigenere::encrypt;
[INFO] [stdout]    |
[INFO] [stdout] 
[INFO] [stdout] 
[INFO] [stdout] error[E0425]: cannot find function `decrypt` in this scope
[INFO] [stdout]   --> tests/unit_tests.rs:95:29
[INFO] [stdout]    |
[INFO] [stdout] 95 |             let decrypted = decrypt(&ciphertext, &key).unwrap();
[INFO] [stdout]    |                             ^^^^^^^ not found in this scope
[INFO] [stdout]    |
[INFO] [stdout] help: consider importing this function
[INFO] [stdout]    |
[INFO] [stdout] 5  |     use SadieFish::encryption::vigenere::decrypt;
[INFO] [stdout]    |
[INFO] [stdout] 
[INFO] [stdout] 
[INFO] [stdout] warning: unused import: `super::*`
[INFO] [stdout]  --> tests/unit_tests.rs:5:9
[INFO] [stdout]   |
[INFO] [stdout] 5 |     use super::*;
[INFO] [stdout]   |         ^^^^^^^^
[INFO] [stdout]   |
[INFO] [stdout]   = note: `#[warn(unused_imports)]` on by default
[INFO] [stdout] 
[INFO] [stdout] 
[INFO] [stdout] error[E0599]: no method named `read_to_string` found for struct `ChildStdout` in the current scope
[INFO] [stdout]   --> tests/integration_tests.rs:22:34
[INFO] [stdout]    |
[INFO] [stdout] 22 |     child.stdout.take().unwrap().read_to_string(&mut output).unwrap();
[INFO] [stdout]    |                                  ^^^^^^^^^^^^^^ method not found in `ChildStdout`
[INFO] [stdout]   --> /rustc/84c898d65adf2f39a5a98507f1fe0ce10a2b8dbc/library/std/src/io/mod.rs:754:8
[INFO] [stdout]    |
[INFO] [stdout]    = note: the method is available for `ChildStdout` here
[INFO] [stdout]    |
[INFO] [stdout]    = help: items from traits can only be used if the trait is in scope
[INFO] [stdout] help: the following trait is implemented but not in scope; perhaps add a `use` for it:
[INFO] [stdout]    |
[INFO] [stdout] 1  | use std::io::Read;
[INFO] [stdout]    |
[INFO] [stdout] 
[INFO] [stdout] 
[INFO] [stdout] error: aborting due to previous error
[INFO] [stdout] 
[INFO] [stdout] 
[INFO] [stdout] For more information about this error, try `rustc --explain E0599`.
[INFO] [stdout] 
[INFO] [stdout] error[E0425]: cannot find function `generate_key` in this scope
[INFO] [stdout]   --> tests/unit_tests.rs:10:19
[INFO] [stdout]    |
[INFO] [stdout] 10 |         let key = generate_key();
[INFO] [stdout]    |                   ^^^^^^^^^^^^ not found in this scope
[INFO] [stdout] 
[INFO] [stdout] 
[INFO] [stdout] error[E0425]: cannot find function `generate_key` in this scope
[INFO] [stdout]   --> tests/unit_tests.rs:17:19
[INFO] [stdout]    |
[INFO] [stdout] 17 |         let key = generate_key();
[INFO] [stdout]    |                   ^^^^^^^^^^^^ not found in this scope
[INFO] [stdout] 
[INFO] [stdout] 
[INFO] [stderr] error: could not compile `SadieFish` due to 2 previous errors
[INFO] [stdout] error[E0425]: cannot find function `generate_key` in this scope
[INFO] [stdout]   --> tests/unit_tests.rs:29:19
[INFO] [stdout]    |
[INFO] [stdout] 29 |         let key = generate_key();
[INFO] [stdout]    |                   ^^^^^^^^^^^^ not found in this scope
[INFO] [stdout] 
[INFO] [stdout] 
[INFO] [stdout] error[E0425]: cannot find function `generate_key` in this scope
[INFO] [stdout]   --> tests/unit_tests.rs:35:25
[INFO] [stdout]    |
[INFO] [stdout] 35 |         let wrong_key = generate_key();
[INFO] [stdout]    |                         ^^^^^^^^^^^^ not found in this scope
[INFO] [stdout] 
[INFO] [stdout] 
[INFO] [stdout] error[E0425]: cannot find function `generate_key` in this scope
[INFO] [stdout]   --> tests/unit_tests.rs:45:23
[INFO] [stdout]    |
[INFO] [stdout] 45 |             let key = generate_key();
[INFO] [stdout]    |                       ^^^^^^^^^^^^ not found in this scope
[INFO] [stdout] 
[INFO] [stdout] 
[INFO] [stdout] error[E0425]: cannot find function `generate_key` in this scope
[INFO] [stdout]   --> tests/unit_tests.rs:73:19
[INFO] [stdout]    |
[INFO] [stdout] 73 |         let key = generate_key();
[INFO] [stdout]    |                   ^^^^^^^^^^^^ not found in this scope
[INFO] [stdout] 
[INFO] [stdout] 
[INFO] [stdout] error[E0599]: no method named `gen_range` found for struct `ThreadRng` in the current scope
[INFO] [stdout]    --> tests/unit_tests.rs:87:27
[INFO] [stdout]     |
[INFO] [stdout] 87  |             let len = rng.gen_range(0, 1000);
[INFO] [stdout]     |                           ^^^^^^^^^ method not found in `ThreadRng`
[INFO] [stdout]     |
[INFO] [stdout]    ::: /opt/rustwide/cargo-home/registry/src/github.com-1ecc6299db9ec823/rand-0.8.5/src/rng.rs:129:8
[INFO] [stdout]     |
[INFO] [stdout] 129 |     fn gen_range<T, R>(&mut self, range: R) -> T
[INFO] [stdout]     |        --------- the method is available for `ThreadRng` here
[INFO] [stdout]     |
[INFO] [stdout]     = help: items from traits can only be used if the trait is in scope
[INFO] [stdout] help: the following trait is implemented but not in scope; perhaps add a `use` for it:
[INFO] [stdout]     |
[INFO] [stdout] 5   |     use rand::Rng;
[INFO] [stdout]     |
[INFO] [stdout] 
[INFO] [stdout] 
[INFO] [stdout] error[E0425]: cannot find function `generate_key` in this scope
[INFO] [stdout]   --> tests/unit_tests.rs:91:23
[INFO] [stdout]    |
[INFO] [stdout] 91 |             let key = generate_key();
[INFO] [stdout]    |                       ^^^^^^^^^^^^ not found in this scope
[INFO] [stdout] 
[INFO] [stdout] 
[INFO] [stdout] error: aborting due to 18 previous errors; 1 warning emitted
[INFO] [stdout] 
[INFO] [stdout] 
[INFO] [stdout] Some errors have detailed explanations: E0425, E0599.
[INFO] [stdout] 
[INFO] [stdout] For more information about an error, try `rustc --explain E0425`.
[INFO] [stdout] 
[INFO] [stderr] error: could not compile `SadieFish` due to 19 previous errors; 1 warning emitted
[INFO] [stdout] warning: 7 warnings emitted
[INFO] [stdout] 
[INFO] [stdout] 
[INFO] running `Command { std: "docker" "inspect" "252b1d0f3cc06b0a08d897199b27c6deb3e565319117259072af3d3fd74f9537", kill_on_drop: false }`
[INFO] running `Command { std: "docker" "rm" "-f" "252b1d0f3cc06b0a08d897199b27c6deb3e565319117259072af3d3fd74f9537", kill_on_drop: false }`
[INFO] [stdout] 252b1d0f3cc06b0a08d897199b27c6deb3e565319117259072af3d3fd74f9537
