[INFO] fetching crate num-bigint 0.4.3...
[INFO] testing num-bigint-0.4.3 against beta-2021-11-30 for beta-1.58-1
[INFO] extracting crate num-bigint 0.4.3 into /workspace/builds/worker-101/source
[INFO] validating manifest of crates.io crate num-bigint 0.4.3 on toolchain beta-2021-11-30
[INFO] running `Command { std: "/workspace/cargo-home/bin/cargo" "+beta-2021-11-30" "metadata" "--manifest-path" "Cargo.toml" "--no-deps", kill_on_drop: false }`
[INFO] started tweaking crates.io crate num-bigint 0.4.3
[INFO] finished tweaking crates.io crate num-bigint 0.4.3
[INFO] tweaked toml for crates.io crate num-bigint 0.4.3 written to /workspace/builds/worker-101/source/Cargo.toml
[INFO] running `Command { std: "/workspace/cargo-home/bin/cargo" "+beta-2021-11-30" "generate-lockfile" "--manifest-path" "Cargo.toml" "-Zno-index-update", kill_on_drop: false }`
[INFO] running `Command { std: "/workspace/cargo-home/bin/cargo" "+beta-2021-11-30" "fetch" "--manifest-path" "Cargo.toml", kill_on_drop: false }`
[INFO] [stderr]  Downloading crates ...
[INFO] [stderr]   Downloaded arbitrary v1.0.3
[INFO] running `Command { std: "docker" "create" "-v" "/var/lib/crater-agent-workspace/builds/worker-101/target:/opt/rustwide/target:rw,Z" "-v" "/var/lib/crater-agent-workspace/builds/worker-101/source:/opt/rustwide/workdir:ro,Z" "-v" "/var/lib/crater-agent-workspace/cargo-home:/opt/rustwide/cargo-home:ro,Z" "-v" "/var/lib/crater-agent-workspace/rustup-home:/opt/rustwide/rustup-home:ro,Z" "-e" "SOURCE_DIR=/opt/rustwide/workdir" "-e" "CARGO_TARGET_DIR=/opt/rustwide/target" "-e" "CARGO_HOME=/opt/rustwide/cargo-home" "-e" "RUSTUP_HOME=/opt/rustwide/rustup-home" "-w" "/opt/rustwide/workdir" "-m" "1610612736" "--user" "0:0" "--network" "none" "ghcr.io/rust-lang/crates-build-env/linux@sha256:e8397a04204aaf8b9f284182a6f9e27a3c2e67044d0943b4415b160bfc957681" "/opt/rustwide/cargo-home/bin/cargo" "+beta-2021-11-30" "metadata" "--no-deps" "--format-version=1", kill_on_drop: false }`
[INFO] [stdout] f8d2cfa761bdddd7774ba836bbaf00f2b7f8819d0452ce22a8ba1e8f9073359c
[INFO] running `Command { std: "docker" "start" "-a" "f8d2cfa761bdddd7774ba836bbaf00f2b7f8819d0452ce22a8ba1e8f9073359c", kill_on_drop: false }`
[INFO] running `Command { std: "docker" "inspect" "f8d2cfa761bdddd7774ba836bbaf00f2b7f8819d0452ce22a8ba1e8f9073359c", kill_on_drop: false }`
[INFO] running `Command { std: "docker" "rm" "-f" "f8d2cfa761bdddd7774ba836bbaf00f2b7f8819d0452ce22a8ba1e8f9073359c", kill_on_drop: false }`
[INFO] [stdout] f8d2cfa761bdddd7774ba836bbaf00f2b7f8819d0452ce22a8ba1e8f9073359c
[INFO] running `Command { std: "docker" "create" "-v" "/var/lib/crater-agent-workspace/builds/worker-101/target:/opt/rustwide/target:rw,Z" "-v" "/var/lib/crater-agent-workspace/builds/worker-101/source:/opt/rustwide/workdir:ro,Z" "-v" "/var/lib/crater-agent-workspace/cargo-home:/opt/rustwide/cargo-home:ro,Z" "-v" "/var/lib/crater-agent-workspace/rustup-home:/opt/rustwide/rustup-home:ro,Z" "-e" "SOURCE_DIR=/opt/rustwide/workdir" "-e" "CARGO_TARGET_DIR=/opt/rustwide/target" "-e" "CARGO_INCREMENTAL=0" "-e" "RUST_BACKTRACE=full" "-e" "RUSTFLAGS=--cap-lints=warn" "-e" "CARGO_HOME=/opt/rustwide/cargo-home" "-e" "RUSTUP_HOME=/opt/rustwide/rustup-home" "-w" "/opt/rustwide/workdir" "-m" "1610612736" "--user" "0:0" "--network" "none" "ghcr.io/rust-lang/crates-build-env/linux@sha256:e8397a04204aaf8b9f284182a6f9e27a3c2e67044d0943b4415b160bfc957681" "/opt/rustwide/cargo-home/bin/cargo" "+beta-2021-11-30" "build" "--frozen" "--message-format=json", kill_on_drop: false }`
[INFO] [stdout] 3568df121fa7d084c393332301975411f34e8d5389e1237ce16798a3a551cdca
[INFO] running `Command { std: "docker" "start" "-a" "3568df121fa7d084c393332301975411f34e8d5389e1237ce16798a3a551cdca", kill_on_drop: false }`
[INFO] [stderr]    Compiling num-traits v0.2.14
[INFO] [stderr]    Compiling num-integer v0.1.44
[INFO] [stderr]    Compiling num-bigint v0.4.3 (/opt/rustwide/workdir)
[INFO] [stderr]     Finished dev [unoptimized + debuginfo] target(s) in 5.34s
[INFO] running `Command { std: "docker" "inspect" "3568df121fa7d084c393332301975411f34e8d5389e1237ce16798a3a551cdca", kill_on_drop: false }`
[INFO] running `Command { std: "docker" "rm" "-f" "3568df121fa7d084c393332301975411f34e8d5389e1237ce16798a3a551cdca", kill_on_drop: false }`
[INFO] [stdout] 3568df121fa7d084c393332301975411f34e8d5389e1237ce16798a3a551cdca
[INFO] running `Command { std: "docker" "create" "-v" "/var/lib/crater-agent-workspace/builds/worker-101/target:/opt/rustwide/target:rw,Z" "-v" "/var/lib/crater-agent-workspace/builds/worker-101/source:/opt/rustwide/workdir:ro,Z" "-v" "/var/lib/crater-agent-workspace/cargo-home:/opt/rustwide/cargo-home:ro,Z" "-v" "/var/lib/crater-agent-workspace/rustup-home:/opt/rustwide/rustup-home:ro,Z" "-e" "SOURCE_DIR=/opt/rustwide/workdir" "-e" "CARGO_TARGET_DIR=/opt/rustwide/target" "-e" "CARGO_INCREMENTAL=0" "-e" "RUST_BACKTRACE=full" "-e" "RUSTFLAGS=--cap-lints=warn" "-e" "CARGO_HOME=/opt/rustwide/cargo-home" "-e" "RUSTUP_HOME=/opt/rustwide/rustup-home" "-w" "/opt/rustwide/workdir" "-m" "1610612736" "--user" "0:0" "--network" "none" "ghcr.io/rust-lang/crates-build-env/linux@sha256:e8397a04204aaf8b9f284182a6f9e27a3c2e67044d0943b4415b160bfc957681" "/opt/rustwide/cargo-home/bin/cargo" "+beta-2021-11-30" "test" "--frozen" "--no-run" "--message-format=json", kill_on_drop: false }`
[INFO] [stdout] 3bff7b90436d4b83623b524a8bc3e99771843d97b0749fd6430962c053bfbf93
[INFO] running `Command { std: "docker" "start" "-a" "3bff7b90436d4b83623b524a8bc3e99771843d97b0749fd6430962c053bfbf93", kill_on_drop: false }`
[INFO] [stderr]     Blocking waiting for file lock on package cache
[INFO] [stderr]    Compiling num-bigint v0.4.3 (/opt/rustwide/workdir)
[INFO] [stderr]     Finished test [unoptimized + debuginfo] target(s) in 5.36s
[INFO] running `Command { std: "docker" "inspect" "3bff7b90436d4b83623b524a8bc3e99771843d97b0749fd6430962c053bfbf93", kill_on_drop: false }`
[INFO] running `Command { std: "docker" "rm" "-f" "3bff7b90436d4b83623b524a8bc3e99771843d97b0749fd6430962c053bfbf93", kill_on_drop: false }`
[INFO] [stdout] 3bff7b90436d4b83623b524a8bc3e99771843d97b0749fd6430962c053bfbf93
[INFO] running `Command { std: "docker" "create" "-v" "/var/lib/crater-agent-workspace/builds/worker-101/target:/opt/rustwide/target:rw,Z" "-v" "/var/lib/crater-agent-workspace/builds/worker-101/source:/opt/rustwide/workdir:ro,Z" "-v" "/var/lib/crater-agent-workspace/cargo-home:/opt/rustwide/cargo-home:ro,Z" "-v" "/var/lib/crater-agent-workspace/rustup-home:/opt/rustwide/rustup-home:ro,Z" "-e" "SOURCE_DIR=/opt/rustwide/workdir" "-e" "CARGO_TARGET_DIR=/opt/rustwide/target" "-e" "CARGO_INCREMENTAL=0" "-e" "RUST_BACKTRACE=full" "-e" "RUSTFLAGS=--cap-lints=warn" "-e" "CARGO_HOME=/opt/rustwide/cargo-home" "-e" "RUSTUP_HOME=/opt/rustwide/rustup-home" "-w" "/opt/rustwide/workdir" "-m" "1610612736" "--user" "0:0" "--network" "none" "ghcr.io/rust-lang/crates-build-env/linux@sha256:e8397a04204aaf8b9f284182a6f9e27a3c2e67044d0943b4415b160bfc957681" "/opt/rustwide/cargo-home/bin/cargo" "+beta-2021-11-30" "test" "--frozen", kill_on_drop: false }`
[INFO] [stdout] 359255c2a98fe0484dfc7c3caeb541e279ba99774c72aa7e12c759f1b20ffa5e
[INFO] running `Command { std: "docker" "start" "-a" "359255c2a98fe0484dfc7c3caeb541e279ba99774c72aa7e12c759f1b20ffa5e", kill_on_drop: false }`
[INFO] [stderr]     Finished test [unoptimized + debuginfo] target(s) in 0.07s
[INFO] [stdout] 
[INFO] [stderr]      Running unittests (/opt/rustwide/target/debug/deps/num_bigint-979dd9c850a4464c)
[INFO] [stdout] running 13 tests
[INFO] [stderr]      Running tests/bigint.rs (/opt/rustwide/target/debug/deps/bigint-328024810cda3609)
[INFO] [stdout] test bigint::test_from_biguint ... ok
[INFO] [stdout] test bigint::test_from_slice ... ok
[INFO] [stdout] test biguint::iter::test_iter_u32_digits ... ok
[INFO] [stdout] test biguint::iter::test_iter_u32_digits_be ... ok
[INFO] [stdout] test bigint::test_assign_from_slice ... ok
[INFO] [stdout] test biguint::iter::test_iter_u64_digits ... ok
[INFO] [stdout] test biguint::iter::test_iter_u64_digits_be ... ok
[INFO] [stdout] test biguint::multiplication::test_sub_sign ... ok
[INFO] [stdout] test biguint::power::test_pow_biguint ... ok
[INFO] [stdout] test biguint::test_u128_u32_roundtrip ... ok
[INFO] [stdout] test biguint::test_u32_u128 ... ok
[INFO] [stdout] test biguint::test_from_slice ... ok
[INFO] [stdout] test biguint::power::test_plain_modpow ... ok
[INFO] [stdout] 
[INFO] [stdout] test result: ok. 13 passed; 0 failed; 0 ignored; 0 measured; 0 filtered out; finished in 0.01s
[INFO] [stdout] 
[INFO] [stdout] 
[INFO] [stdout] running 52 tests
[INFO] [stdout] test test_abs_sub ... ok
[INFO] [stdout] test test_bit ... ok
[INFO] [stdout] test test_binary ... ok
[INFO] [stdout] test test_checked_add ... ok
[INFO] [stdout] test test_checked_mul ... ok
[INFO] [stdout] test test_add ... ok
[INFO] [stdout] test test_cmp ... ok
[INFO] [stdout] test test_checked_div ... ok
[INFO] [stdout] test test_checked_sub ... ok
[INFO] [stdout] test test_convert_from_biguint ... ok
[INFO] [stdout] test test_convert_from_int ... ok
[INFO] [stdout] test test_convert_f32 ... ok
[INFO] [stdout] test test_convert_from_uint ... ok
[INFO] [stdout] test test_convert_i128 ... ok
[INFO] [stdout] test test_convert_f64 ... ok
[INFO] [stdout] test test_convert_i64 ... ok
[INFO] [stdout] test test_convert_to_biguint ... ok
[INFO] [stdout] test test_convert_u128 ... ok
[INFO] [stdout] test test_convert_u64 ... ok
[INFO] [stdout] test test_display ... ok
[INFO] [stdout] test test_from_bytes_be ... ok
[INFO] [stdout] test test_from_bytes_le ... ok
[INFO] [stdout] test test_from_signed_bytes_be ... ok
[INFO] [stdout] test test_from_signed_bytes_le ... ok
[INFO] [stdout] test test_from_str_radix ... ok
[INFO] [stdout] test test_div_ceil ... ok
[INFO] [stdout] test test_hash ... ok
[INFO] [stdout] test test_iter_product ... ok
[INFO] [stdout] test test_gcd ... ok
[INFO] [stdout] test test_iter_product_generic ... ok
[INFO] [stdout] test test_iter_sum ... ok
[INFO] [stdout] test test_iter_sum_generic ... ok
[INFO] [stdout] test test_lcm ... ok
[INFO] [stdout] test test_lower_hex ... ok
[INFO] [stdout] test test_neg ... ok
[INFO] [stdout] test test_div_mod_floor ... ok
[INFO] [stdout] test test_negative_shr ... ok
[INFO] [stdout] test test_next_multiple_of ... ok
[INFO] [stdout] test test_octal ... ok
[INFO] [stdout] test test_prev_multiple_of ... ok
[INFO] [stdout] test test_set_bit ... ok
[INFO] [stdout] test test_mul ... ok
[INFO] [stdout] test test_to_bytes_le ... ok
[INFO] [stdout] test test_to_bytes_be ... ok
[INFO] [stdout] test test_to_signed_bytes_be ... ok
[INFO] [stdout] test test_to_signed_bytes_le ... ok
[INFO] [stdout] test test_upper_hex ... ok
[INFO] [stdout] test test_sub ... ok
[INFO] [stdout] test test_div_rem ... ok
[INFO] [stdout] test test_pow ... ok
[INFO] [stdout] test test_signed_bytes_le_round_trip ... ok
[INFO] [stdout] test test_signed_bytes_be_round_trip ... ok
[INFO] [stdout] 
[INFO] [stdout] test result: ok. 52 passed; 0 failed; 0 ignored; 0 measured; 0 filtered out; finished in 1.33s
[INFO] [stdout] 
[INFO] [stderr]      Running tests/bigint_bitwise.rs (/opt/rustwide/target/debug/deps/bigint_bitwise-32df0ecd1a73bacd)
[INFO] [stdout] 
[INFO] [stdout] running 4 tests
[INFO] [stdout] test test_bitwise ... ok
[INFO] [stdout] test test_not ... ok
[INFO] [stdout] test test_not_i64 ... ok
[INFO] [stdout] test test_bitwise_i64 ... ok
[INFO] [stderr]      Running tests/bigint_scalar.rs (/opt/rustwide/target/debug/deps/bigint_scalar-1a99744b151ffc9b)
[INFO] [stdout] 
[INFO] [stdout] test result: ok. 4 passed; 0 failed; 0 ignored; 0 measured; 0 filtered out; finished in 0.01s
[INFO] [stdout] 
[INFO] [stdout] 
[INFO] [stdout] running 5 tests
[INFO] [stdout] test test_scalar_add ... ok
[INFO] [stdout] test test_scalar_mul ... ok
[INFO] [stdout] test test_scalar_sub ... ok
[INFO] [stdout] test test_scalar_div_rem_zero ... ok
[INFO] [stdout] test test_scalar_div_rem ... ok
[INFO] [stdout] 
[INFO] [stdout] test result: ok. 5 passed; 0 failed; 0 ignored; 0 measured; 0 filtered out; finished in 0.02s
[INFO] [stdout] 
[INFO] [stderr]      Running tests/biguint.rs (/opt/rustwide/target/debug/deps/biguint-035b54766703cb62)
[INFO] [stdout] 
[INFO] [stdout] running 59 tests
[INFO] [stdout] test test_add ... ok
[INFO] [stdout] test test_binary ... ok
[INFO] [stdout] test test_bit ... ok
[INFO] [stdout] test test_bitand ... ok
[INFO] [stdout] test test_bits ... ok
[INFO] [stdout] test test_bitor ... ok
[INFO] [stdout] test test_checked_add ... ok
[INFO] [stdout] test test_bitxor ... ok
[INFO] [stdout] test test_checked_div ... ok
[INFO] [stdout] test test_all_str_radix ... ok
[INFO] [stdout] test test_checked_mul ... ok
[INFO] [stdout] test test_checked_sub ... ok
[INFO] [stdout] test test_cmp ... ok
[INFO] [stdout] test test_convert_f32 ... ok
[INFO] [stdout] test test_convert_from_uint ... ok
[INFO] [stdout] test test_convert_i128 ... ok
[INFO] [stdout] test test_convert_f64 ... ok
[INFO] [stdout] test test_convert_i64 ... ok
[INFO] [stdout] test test_convert_to_bigint ... ok
[INFO] [stdout] test test_convert_u128 ... ok
[INFO] [stdout] test test_convert_u64 ... ok
[INFO] [stdout] test test_count_ones ... ok
[INFO] [stdout] test test_display ... ok
[INFO] [stdout] test test_div_ceil ... ok
[INFO] [stdout] test test_div_rem_big_multiple ... ok
[INFO] [stdout] test test_factor ... ok
[INFO] [stdout] test test_from_bytes_be ... ok
[INFO] [stdout] test test_from_bytes_le ... ok
[INFO] [stdout] test test_from_str_radix ... ok
[INFO] [stdout] test test_hash ... ok
[INFO] [stdout] test test_gcd ... ok
[INFO] [stdout] test test_is_even ... ok
[INFO] [stdout] test test_iter_product ... ok
[INFO] [stdout] test test_iter_product_generic ... ok
[INFO] [stdout] test test_iter_sum ... ok
[INFO] [stdout] test test_iter_sum_generic ... ok
[INFO] [stdout] test test_div_rem ... ok
[INFO] [stdout] test test_lcm ... ok
[INFO] [stdout] test test_lower_hex ... ok
[INFO] [stdout] test test_mul_overflow ... ok
[INFO] [stdout] test test_mul ... ok
[INFO] [stdout] test test_next_multiple_of ... ok
[INFO] [stdout] test test_octal ... ok
[INFO] [stdout] test test_prev_multiple_of ... ok
[INFO] [stdout] test test_set_bit ... ok
[INFO] [stdout] test test_shl ... ok
[INFO] [stdout] test test_shr ... ok
[INFO] [stdout] test test_from_and_to_radix ... ok
[INFO] [stdout] test test_to_bytes_be ... ok
[INFO] [stdout] test test_to_bytes_le ... ok
[INFO] [stdout] test test_sub ... ok
[INFO] [stdout] test test_trailing_zeros ... ok
[INFO] [stdout] test test_trailing_ones ... ok
[INFO] [stdout] test test_to_str_radix ... ok
[INFO] [stdout] test test_upper_hex ... ok
[INFO] [stdout] test test_sub_fail_on_underflow - should panic ... ok
[INFO] [stdout] test test_pow ... ok
[INFO] [stdout] test test_mul_overflow_2 ... ok
[INFO] [stdout] test test_big_str ... ok
[INFO] [stdout] 
[INFO] [stdout] test result: ok. 59 passed; 0 failed; 0 ignored; 0 measured; 0 filtered out; finished in 0.46s
[INFO] [stdout] 
[INFO] [stderr]      Running tests/biguint_scalar.rs (/opt/rustwide/target/debug/deps/biguint_scalar-b7de192ed069f826)
[INFO] [stdout] 
[INFO] [stdout] running 6 tests
[INFO] [stdout] test test_scalar_rem_noncommutative ... ok
[INFO] [stdout] test test_scalar_sub ... ok
[INFO] [stdout] test test_scalar_add ... ok
[INFO] [stdout] test test_scalar_mul ... ok
[INFO] [stdout] test test_scalar_div_rem ... ok
[INFO] [stdout] test test_scalar_div_rem_zero ... ok
[INFO] [stdout] 
[INFO] [stdout] test result: ok. 6 passed; 0 failed; 0 ignored; 0 measured; 0 filtered out; finished in 0.02s
[INFO] [stdout] 
[INFO] [stderr]      Running tests/fuzzed.rs (/opt/rustwide/target/debug/deps/fuzzed-f9983a343c73637e)
[INFO] [stdout] 
[INFO] [stdout] running 2 tests
[INFO] [stdout] test fuzzed_mul_1 ... ok
[INFO] [stdout] test fuzzed_mul_2 ... ok
[INFO] [stdout] 
[INFO] [stdout] test result: ok. 2 passed; 0 failed; 0 ignored; 0 measured; 0 filtered out; finished in 0.01s
[INFO] [stdout] 
[INFO] [stderr]      Running tests/modpow.rs (/opt/rustwide/target/debug/deps/modpow-32484de87ffe8315)
[INFO] [stdout] 
[INFO] [stdout] running 6 tests
[INFO] [stdout] test biguint::test_modpow_single ... ok
[INFO] [stdout] test bigint::test_modpow ... ok
[INFO] [stdout] test biguint::test_modpow_small ... ok
[INFO] [stdout] test biguint::test_modpow_big ... ok
[INFO] [stdout] test bigint::test_modpow_big ... ok
[INFO] [stdout] test bigint::test_modpow_small ... ok
[INFO] [stdout] 
[INFO] [stdout] test result: ok. 6 passed; 0 failed; 0 ignored; 0 measured; 0 filtered out; finished in 6.62s
[INFO] [stdout] 
[INFO] [stderr]      Running tests/roots.rs (/opt/rustwide/target/debug/deps/roots-71496e29efb76da0)
[INFO] [stdout] 
[INFO] [stdout] running 12 tests
[INFO] [stdout] test bigint::test_cbrt ... ok
[INFO] [stdout] test bigint::test_nth_root ... ok
[INFO] [stdout] test biguint::test_cbrt ... ok
[INFO] [stdout] test biguint::test_nth_root ... ok
[INFO] [stdout] test biguint::test_nth_root_big ... ok
[INFO] [stdout] test biguint::test_sqrt ... ok
[INFO] [stdout] test biguint::test_nth_root_googol ... ok
[INFO] [stdout] test biguint::test_roots_rand1 ... ok
[INFO] [stdout] test bigint::test_nth_root_x_neg_n_even - should panic ... ok
[INFO] [stdout] test bigint::test_sqrt_x_neg - should panic ... ok
[INFO] [stdout] test biguint::test_nth_root_n_is_zero - should panic ... ok
[INFO] [stdout] test biguint::test_nth_root_twos ... ok
[INFO] [stdout] 
[INFO] [stdout] test result: ok. 12 passed; 0 failed; 0 ignored; 0 measured; 0 filtered out; finished in 0.16s
[INFO] [stdout] 
[INFO] [stderr]    Doc-tests num-bigint
[INFO] [stdout] 
[INFO] [stdout] running 33 tests
[INFO] [stdout] test src/lib.rs - (line 46) ... ignored
[INFO] [stdout] test src/bigint.rs - bigint::BigInt::to_u32_digits (line 755) ... FAILED
[INFO] [stdout] test src/bigint.rs - bigint::BigInt::to_signed_bytes_be (line 832) ... FAILED
[INFO] [stdout] test src/biguint.rs - biguint::BigUint::to_u32_digits (line 708) ... FAILED
[INFO] [stdout] test src/bigint.rs - bigint::BigInt::iter_u32_digits (line 794) ... FAILED
[INFO] [stdout] test src/biguint.rs - biguint::BigUint::iter_u32_digits (line 745) ... FAILED
[INFO] [stdout] test src/biguint.rs - biguint::BigUint::from_radix_le (line 656) ... ok
[INFO] [stdout] test src/bigint.rs - bigint::BigInt::sign (line 923) ... ok
[INFO] [stdout] test src/biguint.rs - biguint::BigUint::to_bytes_le (line 688) ... ok
[INFO] [stdout] test src/bigint.rs - bigint::BigInt::magnitude (line 940) ... ok
[INFO] [stdout] test src/bigint.rs - bigint::BigInt::parse_bytes (line 665) ... ok
[INFO] [stdout] test src/bigint.rs - bigint::BigInt::to_u64_digits (line 774) ... ok
[INFO] [stdout] test src/bigint.rs - bigint::BigInt::to_bytes_le (line 739) ... ok
[INFO] [stdout] test src/biguint.rs - biguint::BigUint::to_u64_digits (line 726) ... ok
[INFO] [stdout] test src/bigint.rs - bigint::BigInt::from_radix_le (line 708) ... ok
[INFO] [stdout] test src/bigint.rs - bigint::BigInt::to_signed_bytes_le (line 847) ... ok
[INFO] [stdout] test src/bigint.rs - bigint::BigInt::to_radix_le (line 907) ... ok
[INFO] [stdout] test src/bigint.rs - bigint::BigInt::iter_u64_digits (line 813) ... ok
[INFO] [stdout] test src/biguint.rs - biguint::BigUint::from_bytes_be (line 570) ... ok
[INFO] [stdout] test src/biguint.rs - biguint::BigUint::from_radix_be (line 636) ... ok
[INFO] [stdout] test src/bigint.rs - bigint::BigInt::to_str_radix (line 863) ... ok
[INFO] [stdout] test src/biguint.rs - biguint::BigUint::iter_u64_digits (line 763) ... ok
[INFO] [stdout] test src/bigint.rs - bigint::BigInt::from_radix_be (line 687) ... ok
[INFO] [stdout] test src/biguint.rs - biguint::BigUint::parse_bytes (line 614) ... ok
[INFO] [stdout] test src/biguint.rs - biguint::BigUint::to_bytes_be (line 671) ... ok
[INFO] [stdout] test src/lib.rs - (line 21) ... ok
[INFO] [stdout] test src/bigint.rs - bigint::BigInt::to_radix_be (line 888) ... ok
[INFO] [stdout] test src/bigint.rs - bigint::BigInt::from_bytes_be (line 619) ... ok
[INFO] [stdout] test src/biguint.rs - biguint::BigUint::to_radix_le (line 823) ... ok
[INFO] [stdout] test src/bigint.rs - bigint::BigInt::to_bytes_be (line 724) ... ok
[INFO] [stdout] test src/biguint.rs - biguint::BigUint::to_radix_be (line 802) ... ok
[INFO] [stdout] test src/bigint.rs - bigint::BigInt::into_parts (line 958) ... ok
[INFO] [stdout] test src/biguint.rs - biguint::BigUint::to_str_radix (line 782) ... ok
[INFO] [stdout] 
[INFO] [stdout] failures:
[INFO] [stdout] 
[INFO] [stdout] ---- src/bigint.rs - bigint::BigInt::to_u32_digits (line 755) stdout ----
[INFO] [stdout] Couldn't compile the test.
[INFO] [stdout] ---- src/bigint.rs - bigint::BigInt::to_signed_bytes_be (line 832) stdout ----
[INFO] [stdout] Couldn't compile the test.
[INFO] [stdout] ---- src/biguint.rs - biguint::BigUint::to_u32_digits (line 708) stdout ----
[INFO] [stdout] Couldn't compile the test.
[INFO] [stdout] ---- src/bigint.rs - bigint::BigInt::iter_u32_digits (line 794) stdout ----
[INFO] [stdout] Couldn't compile the test.
[INFO] [stdout] ---- src/biguint.rs - biguint::BigUint::iter_u32_digits (line 745) stdout ----
[INFO] [stdout] Couldn't compile the test.
[INFO] [stdout] 
[INFO] [stdout] failures:
[INFO] [stdout]     src/bigint.rs - bigint::BigInt::iter_u32_digits (line 794)
[INFO] [stdout]     src/bigint.rs - bigint::BigInt::to_signed_bytes_be (line 832)
[INFO] [stdout]     src/bigint.rs - bigint::BigInt::to_u32_digits (line 755)
[INFO] [stdout]     src/biguint.rs - biguint::BigUint::iter_u32_digits (line 745)
[INFO] [stdout]     src/biguint.rs - biguint::BigUint::to_u32_digits (line 708)
[INFO] [stdout] 
[INFO] [stdout] test result: FAILED. 27 passed; 5 failed; 1 ignored; 0 measured; 0 filtered out; finished in 8.79s
[INFO] [stdout] 
[INFO] [stderr] error: test failed, to rerun pass '--doc'
[INFO] running `Command { std: "docker" "inspect" "359255c2a98fe0484dfc7c3caeb541e279ba99774c72aa7e12c759f1b20ffa5e", kill_on_drop: false }`
[INFO] running `Command { std: "docker" "rm" "-f" "359255c2a98fe0484dfc7c3caeb541e279ba99774c72aa7e12c759f1b20ffa5e", kill_on_drop: false }`
[INFO] [stdout] 359255c2a98fe0484dfc7c3caeb541e279ba99774c72aa7e12c759f1b20ffa5e