[INFO] cloning repository https://github.com/yuulive/mi
[INFO] running `Command { std: "git" "-c" "credential.helper=" "-c" "credential.helper=/workspace/cargo-home/bin/git-credential-null" "clone" "--bare" "https://github.com/yuulive/mi" "/workspace/cache/git-repos/https%3A%2F%2Fgithub.com%2Fyuulive%2Fmi", kill_on_drop: false }`
[INFO] [stderr] Cloning into bare repository '/workspace/cache/git-repos/https%3A%2F%2Fgithub.com%2Fyuulive%2Fmi'...
[INFO] running `Command { std: "git" "rev-parse" "HEAD", kill_on_drop: false }`
[INFO] [stdout] 7cc0e6781afeeb8fc1cf162d6e3247e27ed66635
[INFO] testing yuulive/mi against beta-2021-11-30 for beta-1.58-1
[INFO] running `Command { std: "git" "clone" "/workspace/cache/git-repos/https%3A%2F%2Fgithub.com%2Fyuulive%2Fmi" "/workspace/builds/worker-38/source", kill_on_drop: false }`
[INFO] [stderr] Cloning into '/workspace/builds/worker-38/source'...
[INFO] [stderr] done.
[INFO] validating manifest of git repo https://github.com/yuulive/mi on toolchain beta-2021-11-30
[INFO] running `Command { std: "/workspace/cargo-home/bin/cargo" "+beta-2021-11-30" "metadata" "--manifest-path" "Cargo.toml" "--no-deps", kill_on_drop: false }`
[INFO] started tweaking git repo https://github.com/yuulive/mi
[INFO] finished tweaking git repo https://github.com/yuulive/mi
[INFO] tweaked toml for git repo https://github.com/yuulive/mi written to /workspace/builds/worker-38/source/Cargo.toml
[INFO] crate git repo https://github.com/yuulive/mi already has a lockfile, it will not be regenerated
[INFO] running `Command { std: "/workspace/cargo-home/bin/cargo" "+beta-2021-11-30" "fetch" "--manifest-path" "Cargo.toml", kill_on_drop: false }`
[INFO] [stderr]     Blocking waiting for file lock on package cache
[INFO] [stderr]     Updating git repository `https://github.com/phiresky/zstd-rs`
[INFO] [stderr]     Updating git submodule `https://github.com/facebook/zstd`
[INFO] [stderr]     Blocking waiting for file lock on package cache
[INFO] [stderr]  Downloading crates ...
[INFO] [stderr]   Downloaded cc v1.0.67
[INFO] [stderr]   Downloaded wasi v0.10.0+wasi-snapshot-preview1
[INFO] [stderr]   Downloaded hex v0.4.3
[INFO] [stderr]   Downloaded fallible-streaming-iterator v0.1.9
[INFO] [stderr]   Downloaded rusqlite-le v0.24.2
[INFO] [stderr]   Downloaded ctor v0.1.19
[INFO] [stderr]   Downloaded env_logger v0.8.3
[INFO] [stderr]   Downloaded pretty_assertions v0.6.1
[INFO] [stderr]   Downloaded vcpkg v0.2.11
[INFO] [stderr]   Downloaded heck v0.3.2
[INFO] [stderr]   Downloaded difference v2.0.0
[INFO] [stderr]   Downloaded num-integer v0.1.44
[INFO] [stderr]   Downloaded time v0.1.44
[INFO] [stderr]   Downloaded regex v1.4.5
[INFO] [stderr]   Downloaded anyhow v1.0.38
[INFO] [stderr]   Downloaded lru_time_cache v0.11.10
[INFO] [stderr]   Downloaded ahash v0.4.7
[INFO] [stderr]   Downloaded chrono v0.4.19
[INFO] [stderr]   Downloaded hashlink v0.6.0
[INFO] [stderr]   Downloaded output_vt100 v0.1.2
[INFO] [stderr]   Downloaded regex-syntax v0.6.23
[INFO] [stderr]   Downloaded procfs v0.9.1
[INFO] [stderr]   Downloaded libsqlite3-sys-le v0.21.0
[INFO] running `Command { std: "docker" "create" "-v" "/var/lib/crater-agent-workspace/builds/worker-38/target:/opt/rustwide/target:rw,Z" "-v" "/var/lib/crater-agent-workspace/builds/worker-38/source:/opt/rustwide/workdir:ro,Z" "-v" "/var/lib/crater-agent-workspace/cargo-home:/opt/rustwide/cargo-home:ro,Z" "-v" "/var/lib/crater-agent-workspace/rustup-home:/opt/rustwide/rustup-home:ro,Z" "-e" "SOURCE_DIR=/opt/rustwide/workdir" "-e" "CARGO_TARGET_DIR=/opt/rustwide/target" "-e" "CARGO_HOME=/opt/rustwide/cargo-home" "-e" "RUSTUP_HOME=/opt/rustwide/rustup-home" "-w" "/opt/rustwide/workdir" "-m" "1610612736" "--user" "0:0" "--network" "none" "ghcr.io/rust-lang/crates-build-env/linux@sha256:a429bb59b7a3b4e7270a4b4c243bb115fc561d8f62ec34ef63a0a36cabf65dfd" "/opt/rustwide/cargo-home/bin/cargo" "+beta-2021-11-30" "metadata" "--no-deps" "--format-version=1", kill_on_drop: false }`
[INFO] [stdout] 069397f00bd6925bb73f072188488c4f1fc4349de96542034d9003c30375bbb7
[INFO] running `Command { std: "docker" "start" "-a" "069397f00bd6925bb73f072188488c4f1fc4349de96542034d9003c30375bbb7", kill_on_drop: false }`
[INFO] running `Command { std: "docker" "inspect" "069397f00bd6925bb73f072188488c4f1fc4349de96542034d9003c30375bbb7", kill_on_drop: false }`
[INFO] running `Command { std: "docker" "rm" "-f" "069397f00bd6925bb73f072188488c4f1fc4349de96542034d9003c30375bbb7", kill_on_drop: false }`
[INFO] [stdout] 069397f00bd6925bb73f072188488c4f1fc4349de96542034d9003c30375bbb7
[INFO] running `Command { std: "docker" "create" "-v" "/var/lib/crater-agent-workspace/builds/worker-38/target:/opt/rustwide/target:rw,Z" "-v" "/var/lib/crater-agent-workspace/builds/worker-38/source:/opt/rustwide/workdir:ro,Z" "-v" "/var/lib/crater-agent-workspace/cargo-home:/opt/rustwide/cargo-home:ro,Z" "-v" "/var/lib/crater-agent-workspace/rustup-home:/opt/rustwide/rustup-home:ro,Z" "-e" "SOURCE_DIR=/opt/rustwide/workdir" "-e" "CARGO_TARGET_DIR=/opt/rustwide/target" "-e" "CARGO_INCREMENTAL=0" "-e" "RUST_BACKTRACE=full" "-e" "RUSTFLAGS=--cap-lints=warn" "-e" "CARGO_HOME=/opt/rustwide/cargo-home" "-e" "RUSTUP_HOME=/opt/rustwide/rustup-home" "-w" "/opt/rustwide/workdir" "-m" "1610612736" "--user" "0:0" "--network" "none" "ghcr.io/rust-lang/crates-build-env/linux@sha256:a429bb59b7a3b4e7270a4b4c243bb115fc561d8f62ec34ef63a0a36cabf65dfd" "/opt/rustwide/cargo-home/bin/cargo" "+beta-2021-11-30" "build" "--frozen" "--message-format=json", kill_on_drop: false }`
[INFO] [stdout] 09a617f6a409b4919c6893e6f597251188858e9b03464172a79d223989bfb986
[INFO] running `Command { std: "docker" "start" "-a" "09a617f6a409b4919c6893e6f597251188858e9b03464172a79d223989bfb986", kill_on_drop: false }`
[INFO] [stderr]     Blocking waiting for file lock on package cache
[INFO] [stderr]    Compiling libc v0.2.89
[INFO] [stderr]    Compiling proc-macro2 v1.0.24
[INFO] [stderr]    Compiling memchr v2.3.4
[INFO] [stderr]    Compiling unicode-xid v0.2.1
[INFO] [stderr]    Compiling getrandom v0.2.2
[INFO] [stderr]    Compiling syn v1.0.64
[INFO] [stderr]    Compiling serde_derive v1.0.124
[INFO] [stderr]    Compiling pkg-config v0.3.19
[INFO] [stderr]    Compiling log v0.4.14
[INFO] [stderr]    Compiling ryu v1.0.5
[INFO] [stderr]    Compiling ahash v0.4.7
[INFO] [stderr]    Compiling zstd-safe v3.0.0+zstd.1.4.8 (https://github.com/phiresky/zstd-rs?branch=master#ccd88a99)
[INFO] [stderr]    Compiling serde v1.0.124
[INFO] [stderr]    Compiling regex-syntax v0.6.23
[INFO] [stderr]    Compiling anyhow v1.0.38
[INFO] [stderr]    Compiling serde_json v1.0.64
[INFO] [stderr]    Compiling termcolor v1.1.2
[INFO] [stderr]    Compiling fallible-streaming-iterator v0.1.9
[INFO] [stderr]    Compiling stable_deref_trait v1.2.0
[INFO] [stderr]    Compiling humantime v2.1.0
[INFO] [stderr]    Compiling fallible-iterator v0.2.0
[INFO] [stderr]    Compiling smallvec v1.6.1
[INFO] [stderr]    Compiling itoa v0.4.7
[INFO] [stderr]    Compiling lru_time_cache v0.11.10
[INFO] [stderr]    Compiling bitflags v1.2.1
[INFO] [stderr]    Compiling owning_ref v0.4.1
[INFO] [stderr]    Compiling hashbrown v0.9.1
[INFO] [stderr]    Compiling jobserver v0.1.21
[INFO] [stderr]    Compiling atty v0.2.14
[INFO] [stderr]    Compiling aho-corasick v0.7.15
[INFO] [stderr]    Compiling hashlink v0.6.0
[INFO] [stderr]    Compiling quote v1.0.9
[INFO] [stderr]    Compiling cc v1.0.67
[INFO] [stderr]    Compiling rand_core v0.6.2
[INFO] [stderr]    Compiling regex v1.4.5
[INFO] [stderr]    Compiling rand_chacha v0.3.0
[INFO] [stderr]    Compiling rand v0.8.3
[INFO] [stderr]    Compiling zstd-sys v1.4.19+zstd.1.4.8 (https://github.com/phiresky/zstd-rs?branch=master#ccd88a99)
[INFO] [stderr]    Compiling libsqlite3-sys-le v0.21.0
[INFO] [stderr]    Compiling env_logger v0.8.3
[INFO] [stderr]    Compiling rusqlite-le v0.24.2
[INFO] [stderr]    Compiling zstd v0.6.0+zstd.1.4.8 (https://github.com/phiresky/zstd-rs?branch=master#ccd88a99)
[INFO] [stderr]    Compiling mi v0.1.2-alpha.0 (/opt/rustwide/workdir)
[INFO] [stderr]     Finished dev [unoptimized + debuginfo] target(s) in 3m 01s
[INFO] running `Command { std: "docker" "inspect" "09a617f6a409b4919c6893e6f597251188858e9b03464172a79d223989bfb986", kill_on_drop: false }`
[INFO] running `Command { std: "docker" "rm" "-f" "09a617f6a409b4919c6893e6f597251188858e9b03464172a79d223989bfb986", kill_on_drop: false }`
[INFO] [stdout] 09a617f6a409b4919c6893e6f597251188858e9b03464172a79d223989bfb986
[INFO] running `Command { std: "docker" "create" "-v" "/var/lib/crater-agent-workspace/builds/worker-38/target:/opt/rustwide/target:rw,Z" "-v" "/var/lib/crater-agent-workspace/builds/worker-38/source:/opt/rustwide/workdir:ro,Z" "-v" "/var/lib/crater-agent-workspace/cargo-home:/opt/rustwide/cargo-home:ro,Z" "-v" "/var/lib/crater-agent-workspace/rustup-home:/opt/rustwide/rustup-home:ro,Z" "-e" "SOURCE_DIR=/opt/rustwide/workdir" "-e" "CARGO_TARGET_DIR=/opt/rustwide/target" "-e" "CARGO_INCREMENTAL=0" "-e" "RUST_BACKTRACE=full" "-e" "RUSTFLAGS=--cap-lints=warn" "-e" "CARGO_HOME=/opt/rustwide/cargo-home" "-e" "RUSTUP_HOME=/opt/rustwide/rustup-home" "-w" "/opt/rustwide/workdir" "-m" "1610612736" "--user" "0:0" "--network" "none" "ghcr.io/rust-lang/crates-build-env/linux@sha256:a429bb59b7a3b4e7270a4b4c243bb115fc561d8f62ec34ef63a0a36cabf65dfd" "/opt/rustwide/cargo-home/bin/cargo" "+beta-2021-11-30" "test" "--frozen" "--no-run" "--message-format=json", kill_on_drop: false }`
[INFO] [stdout] 280f665138b456ad6fbe9c1b3c1654ddef099c7ae1aa5009a1be3d9ec4a783db
[INFO] running `Command { std: "docker" "start" "-a" "280f665138b456ad6fbe9c1b3c1654ddef099c7ae1aa5009a1be3d9ec4a783db", kill_on_drop: false }`
[INFO] [stderr]    Compiling names v0.11.0
[INFO] [stderr]    Compiling num-traits v0.2.14
[INFO] [stderr]    Compiling num-integer v0.1.44
[INFO] [stderr]    Compiling pretty_assertions v0.6.1
[INFO] [stderr]    Compiling rand v0.4.6
[INFO] [stderr]    Compiling time v0.1.44
[INFO] [stderr]    Compiling rand v0.3.23
[INFO] [stderr]    Compiling chrono v0.4.19
[INFO] [stderr]    Compiling mi v0.1.2-alpha.0 (/opt/rustwide/workdir)
[INFO] [stdout] warning: unused import: `rand::thread_rng`
[INFO] [stdout]   --> src/add_functions.rs:63:9
[INFO] [stdout]    |
[INFO] [stdout] 63 |     use rand::thread_rng;
[INFO] [stdout]    |         ^^^^^^^^^^^^^^^^
[INFO] [stdout]    |
[INFO] [stdout]    = note: `#[warn(unused_imports)]` on by default
[INFO] [stdout] 
[INFO] [stdout] 
[INFO] [stdout] warning: unused variable: `id`
[INFO] [stdout]    --> src/transparent.rs:836:32
[INFO] [stdout]     |
[INFO] [stdout] 836 |     fn insert(db: &Connection, id: i64, id2: i64) -> anyhow::Result<()> {
[INFO] [stdout]     |                                ^^ help: if this is intentional, prefix it with an underscore: `_id`
[INFO] [stdout]     |
[INFO] [stdout]     = note: `#[warn(unused_variables)]` on by default
[INFO] [stdout] 
[INFO] [stdout] 
[INFO] [stdout] warning: unused variable: `id2`
[INFO] [stdout]    --> src/transparent.rs:836:41
[INFO] [stdout]     |
[INFO] [stdout] 836 |     fn insert(db: &Connection, id: i64, id2: i64) -> anyhow::Result<()> {
[INFO] [stdout]     |                                         ^^^ help: if this is intentional, prefix it with an underscore: `_id2`
[INFO] [stdout] 
[INFO] [stdout] 
[INFO] [stdout] warning: unused variable: `updc`
[INFO] [stdout]    --> src/transparent.rs:845:13
[INFO] [stdout]     |
[INFO] [stdout] 845 | ...   let updc = db.execute("update events set data='fooooooooooooooooooooooooooooooooooooooooooooobar' where id = ?", params![id]).conte...
[INFO] [stdout]     |           ^^^^ help: if this is intentional, prefix it with an underscore: `_updc`
[INFO] [stdout] 
[INFO] [stdout] 
[INFO] [stdout] warning: unused variable: `id2`
[INFO] [stdout]    --> src/transparent.rs:844:50
[INFO] [stdout]     |
[INFO] [stdout] 844 |     fn update_comp_col(db: &Connection, id: i64, id2: i64) -> anyhow::Result<()> {
[INFO] [stdout]     |                                                  ^^^ help: if this is intentional, prefix it with an underscore: `_id2`
[INFO] [stdout] 
[INFO] [stdout] 
[INFO] [stdout] warning: unused variable: `updc`
[INFO] [stdout]    --> src/transparent.rs:852:13
[INFO] [stdout]     |
[INFO] [stdout] 852 |         let updc = db
[INFO] [stdout]     |             ^^^^ help: if this is intentional, prefix it with an underscore: `_updc`
[INFO] [stdout] 
[INFO] [stdout] 
[INFO] [stdout] warning: unused variable: `id2`
[INFO] [stdout]    --> src/transparent.rs:851:51
[INFO] [stdout]     |
[INFO] [stdout] 851 |     fn update_other_col(db: &Connection, id: i64, id2: i64) -> anyhow::Result<()> {
[INFO] [stdout]     |                                                   ^^^ help: if this is intentional, prefix it with an underscore: `_id2`
[INFO] [stdout] 
[INFO] [stdout] 
[INFO] [stdout] warning: unused variable: `updc`
[INFO] [stdout]    --> src/transparent.rs:865:13
[INFO] [stdout]     |
[INFO] [stdout] 865 |         let updc = db
[INFO] [stdout]     |             ^^^^ help: if this is intentional, prefix it with an underscore: `_updc`
[INFO] [stdout] 
[INFO] [stdout] 
[INFO] [stdout] warning: unused variable: `updc`
[INFO] [stdout]    --> src/transparent.rs:878:13
[INFO] [stdout]     |
[INFO] [stdout] 878 | ...   let updc = db.execute("update events set timestamp = '2020-02-01', id=?, data='fooooooooooooooooooooooooooooooooooooooooooooobar' w...
[INFO] [stdout]     |           ^^^^ help: if this is intentional, prefix it with an underscore: `_updc`
[INFO] [stdout] 
[INFO] [stdout] 
[INFO] [stdout] warning: unused variable: `updc`
[INFO] [stdout]    --> src/transparent.rs:885:13
[INFO] [stdout]     |
[INFO] [stdout] 885 | ...   let updc = db.execute("update events set timestamp = '2020-02-01', data='fooooooooooooooooooooooooooooooooooooooooooooobar' where i...
[INFO] [stdout]     |           ^^^^ help: if this is intentional, prefix it with an underscore: `_updc`
[INFO] [stdout] 
[INFO] [stdout] 
[INFO] [stdout] warning: unused variable: `updc`
[INFO] [stdout]    --> src/transparent.rs:892:13
[INFO] [stdout]     |
[INFO] [stdout] 892 |         let updc = db
[INFO] [stdout]     |             ^^^^ help: if this is intentional, prefix it with an underscore: `_updc`
[INFO] [stdout] 
[INFO] [stdout] 
[INFO] [stdout] warning: unused variable: `updc`
[INFO] [stdout]    --> src/transparent.rs:900:13
[INFO] [stdout]     |
[INFO] [stdout] 900 |         let updc = db
[INFO] [stdout]     |             ^^^^ help: if this is intentional, prefix it with an underscore: `_updc`
[INFO] [stdout] 
[INFO] [stdout] 
[INFO] [stdout] warning: unused variable: `updc`
[INFO] [stdout]    --> src/transparent.rs:911:13
[INFO] [stdout]     |
[INFO] [stdout] 911 |         let updc = db
[INFO] [stdout]     |             ^^^^ help: if this is intentional, prefix it with an underscore: `_updc`
[INFO] [stdout] 
[INFO] [stdout] 
[INFO] [stdout] warning: unused variable: `id2`
[INFO] [stdout]    --> src/transparent.rs:910:45
[INFO] [stdout]     |
[INFO] [stdout] 910 |     fn delete_one(db: &Connection, id: i64, id2: i64) -> anyhow::Result<()> {
[INFO] [stdout]     |                                             ^^^ help: if this is intentional, prefix it with an underscore: `_id2`
[INFO] [stdout] 
[INFO] [stdout] 
[INFO] [stdout] warning: unused variable: `updc`
[INFO] [stdout]    --> src/transparent.rs:924:13
[INFO] [stdout]     |
[INFO] [stdout] 924 |         let updc = db
[INFO] [stdout]     |             ^^^^ help: if this is intentional, prefix it with an underscore: `_updc`
[INFO] [stdout] 
[INFO] [stdout] 
[INFO] [stdout] warning: unused variable: `id2`
[INFO] [stdout]    --> src/transparent.rs:918:53
[INFO] [stdout]     |
[INFO] [stdout] 918 |     fn delete_where_other(db: &Connection, id: i64, id2: i64) -> anyhow::Result<()> {
[INFO] [stdout]     |                                                     ^^^ help: if this is intentional, prefix it with an underscore: `_id2`
[INFO] [stdout] 
[INFO] [stdout] 
[INFO] [stdout] warning: unused variable: `i`
[INFO] [stdout]    --> src/transparent.rs:946:13
[INFO] [stdout]     |
[INFO] [stdout] 946 |         for i in 0..100 {
[INFO] [stdout]     |             ^ help: if this is intentional, prefix it with an underscore: `_i`
[INFO] [stdout] 
[INFO] [stdout] 
[INFO] [stdout] warning: static variable `app_names` should have an upper case name
[INFO] [stdout]   --> src/add_functions.rs:88:24
[INFO] [stdout]    |
[INFO] [stdout] 88 |             static ref app_names: Vec<String> = names::Generator::with_naming(names::Name::Plain)
[INFO] [stdout]    |                        ^^^^^^^^^ help: convert the identifier to upper case: `APP_NAMES`
[INFO] [stdout]    |
[INFO] [stdout]    = note: `#[warn(non_upper_case_globals)]` on by default
[INFO] [stdout] 
[INFO] [stdout] 
[INFO] [stdout] warning: static variable `app_types` should have an upper case name
[INFO] [stdout]   --> src/add_functions.rs:92:24
[INFO] [stdout]    |
[INFO] [stdout] 92 |             static ref app_types: Vec<String> = names::Generator::with_naming(names::Name::Plain)
[INFO] [stdout]    |                        ^^^^^^^^^ help: convert the identifier to upper case: `APP_TYPES`
[INFO] [stdout] 
[INFO] [stdout] 
[INFO] [stdout] warning: 19 warnings emitted
[INFO] [stdout] 
[INFO] [stdout] 
[INFO] [stderr]     Finished test [unoptimized + debuginfo] target(s) in 1m 23s
[INFO] running `Command { std: "docker" "inspect" "280f665138b456ad6fbe9c1b3c1654ddef099c7ae1aa5009a1be3d9ec4a783db", kill_on_drop: false }`
[INFO] running `Command { std: "docker" "rm" "-f" "280f665138b456ad6fbe9c1b3c1654ddef099c7ae1aa5009a1be3d9ec4a783db", kill_on_drop: false }`
[INFO] [stdout] 280f665138b456ad6fbe9c1b3c1654ddef099c7ae1aa5009a1be3d9ec4a783db
[INFO] running `Command { std: "docker" "create" "-v" "/var/lib/crater-agent-workspace/builds/worker-38/target:/opt/rustwide/target:rw,Z" "-v" "/var/lib/crater-agent-workspace/builds/worker-38/source:/opt/rustwide/workdir:ro,Z" "-v" "/var/lib/crater-agent-workspace/cargo-home:/opt/rustwide/cargo-home:ro,Z" "-v" "/var/lib/crater-agent-workspace/rustup-home:/opt/rustwide/rustup-home:ro,Z" "-e" "SOURCE_DIR=/opt/rustwide/workdir" "-e" "CARGO_TARGET_DIR=/opt/rustwide/target" "-e" "CARGO_INCREMENTAL=0" "-e" "RUST_BACKTRACE=full" "-e" "RUSTFLAGS=--cap-lints=warn" "-e" "CARGO_HOME=/opt/rustwide/cargo-home" "-e" "RUSTUP_HOME=/opt/rustwide/rustup-home" "-w" "/opt/rustwide/workdir" "-m" "1610612736" "--user" "0:0" "--network" "none" "ghcr.io/rust-lang/crates-build-env/linux@sha256:a429bb59b7a3b4e7270a4b4c243bb115fc561d8f62ec34ef63a0a36cabf65dfd" "/opt/rustwide/cargo-home/bin/cargo" "+beta-2021-11-30" "test" "--frozen", kill_on_drop: false }`
[INFO] [stdout] 205d93d11c7de24d9d2b21659cfa84e2ce2367a5741b232d2c63d13411db5721
[INFO] running `Command { std: "docker" "start" "-a" "205d93d11c7de24d9d2b21659cfa84e2ce2367a5741b232d2c63d13411db5721", kill_on_drop: false }`
[INFO] [stderr]     Blocking waiting for file lock on package cache
[INFO] [stderr] warning: unused import: `rand::thread_rng`
[INFO] [stderr]   --> src/add_functions.rs:63:9
[INFO] [stderr]    |
[INFO] [stderr] 63 |     use rand::thread_rng;
[INFO] [stderr]    |         ^^^^^^^^^^^^^^^^
[INFO] [stderr]    |
[INFO] [stderr]    = note: `#[warn(unused_imports)]` on by default
[INFO] [stderr] 
[INFO] [stderr] warning: unused variable: `id`
[INFO] [stderr]    --> src/transparent.rs:836:32
[INFO] [stderr]     |
[INFO] [stderr] 836 |     fn insert(db: &Connection, id: i64, id2: i64) -> anyhow::Result<()> {
[INFO] [stderr]     |                                ^^ help: if this is intentional, prefix it with an underscore: `_id`
[INFO] [stderr]     |
[INFO] [stderr]     = note: `#[warn(unused_variables)]` on by default
[INFO] [stderr] 
[INFO] [stderr] warning: unused variable: `id2`
[INFO] [stderr]    --> src/transparent.rs:836:41
[INFO] [stderr]     |
[INFO] [stderr] 836 |     fn insert(db: &Connection, id: i64, id2: i64) -> anyhow::Result<()> {
[INFO] [stderr]     |                                         ^^^ help: if this is intentional, prefix it with an underscore: `_id2`
[INFO] [stderr] 
[INFO] [stderr] warning: unused variable: `updc`
[INFO] [stderr]    --> src/transparent.rs:845:13
[INFO] [stderr]     |
[INFO] [stderr] 845 | ...   let updc = db.execute("update events set data='fooooooooooooooooooooooooooooooooooooooooooooobar' where id = ?", params![id]).conte...
[INFO] [stderr]     |           ^^^^ help: if this is intentional, prefix it with an underscore: `_updc`
[INFO] [stderr] 
[INFO] [stderr] warning: unused variable: `id2`
[INFO] [stderr]    --> src/transparent.rs:844:50
[INFO] [stderr]     |
[INFO] [stderr] 844 |     fn update_comp_col(db: &Connection, id: i64, id2: i64) -> anyhow::Result<()> {
[INFO] [stderr]     |                                                  ^^^ help: if this is intentional, prefix it with an underscore: `_id2`
[INFO] [stderr] 
[INFO] [stderr] warning: unused variable: `updc`
[INFO] [stderr]    --> src/transparent.rs:852:13
[INFO] [stderr]     |
[INFO] [stderr] 852 |         let updc = db
[INFO] [stderr]     |             ^^^^ help: if this is intentional, prefix it with an underscore: `_updc`
[INFO] [stderr] 
[INFO] [stderr] warning: unused variable: `id2`
[INFO] [stderr]    --> src/transparent.rs:851:51
[INFO] [stderr]     |
[INFO] [stderr] 851 |     fn update_other_col(db: &Connection, id: i64, id2: i64) -> anyhow::Result<()> {
[INFO] [stderr]     |                                                   ^^^ help: if this is intentional, prefix it with an underscore: `_id2`
[INFO] [stderr] 
[INFO] [stderr] warning: unused variable: `updc`
[INFO] [stderr]    --> src/transparent.rs:865:13
[INFO] [stderr]     |
[INFO] [stderr] 865 |         let updc = db
[INFO] [stderr]     |             ^^^^ help: if this is intentional, prefix it with an underscore: `_updc`
[INFO] [stderr] 
[INFO] [stderr] warning: unused variable: `updc`
[INFO] [stderr]    --> src/transparent.rs:878:13
[INFO] [stderr]     |
[INFO] [stderr] 878 | ...   let updc = db.execute("update events set timestamp = '2020-02-01', id=?, data='fooooooooooooooooooooooooooooooooooooooooooooobar' w...
[INFO] [stderr]     |           ^^^^ help: if this is intentional, prefix it with an underscore: `_updc`
[INFO] [stderr] 
[INFO] [stderr] warning: unused variable: `updc`
[INFO] [stderr]    --> src/transparent.rs:885:13
[INFO] [stderr]     |
[INFO] [stderr] 885 | ...   let updc = db.execute("update events set timestamp = '2020-02-01', data='fooooooooooooooooooooooooooooooooooooooooooooobar' where i...
[INFO] [stderr]     |           ^^^^ help: if this is intentional, prefix it with an underscore: `_updc`
[INFO] [stderr] 
[INFO] [stderr] warning: unused variable: `updc`
[INFO] [stderr]    --> src/transparent.rs:892:13
[INFO] [stderr]     |
[INFO] [stderr] 892 |         let updc = db
[INFO] [stderr]     |             ^^^^ help: if this is intentional, prefix it with an underscore: `_updc`
[INFO] [stderr] 
[INFO] [stderr] warning: unused variable: `updc`
[INFO] [stderr]    --> src/transparent.rs:900:13
[INFO] [stderr]     |
[INFO] [stderr] 900 |         let updc = db
[INFO] [stderr]     |             ^^^^ help: if this is intentional, prefix it with an underscore: `_updc`
[INFO] [stderr] 
[INFO] [stderr] warning: unused variable: `updc`
[INFO] [stderr]    --> src/transparent.rs:911:13
[INFO] [stderr]     |
[INFO] [stderr] 911 |         let updc = db
[INFO] [stderr]     |             ^^^^ help: if this is intentional, prefix it with an underscore: `_updc`
[INFO] [stderr] 
[INFO] [stderr] warning: unused variable: `id2`
[INFO] [stderr]    --> src/transparent.rs:910:45
[INFO] [stderr]     |
[INFO] [stderr] 910 |     fn delete_one(db: &Connection, id: i64, id2: i64) -> anyhow::Result<()> {
[INFO] [stderr]     |                                             ^^^ help: if this is intentional, prefix it with an underscore: `_id2`
[INFO] [stderr] 
[INFO] [stderr] warning: unused variable: `updc`
[INFO] [stderr]    --> src/transparent.rs:924:13
[INFO] [stderr]     |
[INFO] [stderr] 924 |         let updc = db
[INFO] [stderr]     |             ^^^^ help: if this is intentional, prefix it with an underscore: `_updc`
[INFO] [stderr] 
[INFO] [stderr] warning: unused variable: `id2`
[INFO] [stderr]    --> src/transparent.rs:918:53
[INFO] [stderr]     |
[INFO] [stderr] 918 |     fn delete_where_other(db: &Connection, id: i64, id2: i64) -> anyhow::Result<()> {
[INFO] [stderr]     |                                                     ^^^ help: if this is intentional, prefix it with an underscore: `_id2`
[INFO] [stderr] 
[INFO] [stderr] warning: unused variable: `i`
[INFO] [stderr]    --> src/transparent.rs:946:13
[INFO] [stderr]     |
[INFO] [stderr] 946 |         for i in 0..100 {
[INFO] [stderr]     |             ^ help: if this is intentional, prefix it with an underscore: `_i`
[INFO] [stderr] 
[INFO] [stderr] warning: static variable `app_names` should have an upper case name
[INFO] [stderr]   --> src/add_functions.rs:88:24
[INFO] [stderr]    |
[INFO] [stderr] 88 |             static ref app_names: Vec<String> = names::Generator::with_naming(names::Name::Plain)
[INFO] [stderr]    |                        ^^^^^^^^^ help: convert the identifier to upper case: `APP_NAMES`
[INFO] [stderr]    |
[INFO] [stderr]    = note: `#[warn(non_upper_case_globals)]` on by default
[INFO] [stderr] 
[INFO] [stderr] warning: static variable `app_types` should have an upper case name
[INFO] [stderr]   --> src/add_functions.rs:92:24
[INFO] [stderr]    |
[INFO] [stderr] 92 |             static ref app_types: Vec<String> = names::Generator::with_naming(names::Name::Plain)
[INFO] [stderr]    |                        ^^^^^^^^^ help: convert the identifier to upper case: `APP_TYPES`
[INFO] [stderr] 
[INFO] [stderr] warning: `mi` (lib test) generated 19 warnings
[INFO] [stderr]     Finished test [unoptimized + debuginfo] target(s) in 5.47s
[INFO] [stderr]      Running unittests (/opt/rustwide/target/debug/deps/mi-4dcc1728ab746ca3)
[INFO] [stdout] 
[INFO] [stdout] running 10 tests
[INFO] [stdout] test add_functions::tests::sanity ... ok
[INFO] [stdout] test add_functions::tests::compress_decompress_roundtrip ... ok
[INFO] [stdout] test add_functions::tests::decompress_type ... ok
[INFO] [stdout] test add_functions::tests::compress_is_deterministic ... ok
[INFO] [stdout] test add_functions::tests::compress_with_dict_smaller ... ok
[INFO] [stdout] test add_functions::tests::dict_saving_works ... ok
[INFO] [stdout] test transparent::tests::sanity ... ok
[INFO] [stderr] [2021-12-12T04:49:20Z WARN  mi::transparent] Warning: It is recommended to set `pragma journal_mode=WAL;`
[INFO] [stderr] [2021-12-12T04:49:20Z WARN  mi::transparent] Warning: It is recommended to set `pragma auto_vacuum=full;`
[INFO] [stderr] [2021-12-12T04:49:20Z WARN  mi::transparent] Warning: It is recommended to set `pragma journal_mode=WAL;`
[INFO] [stderr] [2021-12-12T04:49:20Z WARN  mi::transparent] Warning: It is recommended to set `pragma auto_vacuum=full;`
[INFO] [stderr] [2021-12-12T04:49:20Z INFO  mi::transparent] events.data: Total 2000 rows (905.44kB) to potentially compress.
[INFO] [stderr] [2021-12-12T04:49:20Z WARN  mi::transparent] Warning: It is recommended to set `pragma journal_mode=WAL;`
[INFO] [stderr] [2021-12-12T04:49:20Z WARN  mi::transparent] Warning: It is recommended to set `pragma auto_vacuum=full;`
[INFO] [stdout] test transparent::tests::enable_transparent ... ok
[INFO] [stderr] [2021-12-12T04:49:20Z INFO  mi::transparent] Compressed 2000 rows with dict_choice=1 (dict_id=1). Total size of entries before: 905.44kB, afterwards: 53.84kB, (average: before=452B, after=26B)
[INFO] [stderr] [2021-12-12T04:49:20Z INFO  mi::transparent] Handled 2000 / 2000 rows  (905.44kB / 905.44kB)
[INFO] [stderr] [2021-12-12T04:49:20Z INFO  mi::transparent] All maintenance work completed!
[INFO] [stdout] test transparent::tests::test_many ... FAILED
[INFO] [stdout] test add_functions::tests::levels ... ok
[INFO] [stdout] 
[INFO] [stdout] failures:
[INFO] [stdout] 
[INFO] [stdout] ---- transparent::tests::test_many stdout ----
[INFO] [stdout] Error: Could not run operation on compressed db
[INFO] [stdout] 
[INFO] [stdout] Caused by:
[INFO] [stdout]     0: updating other column
[INFO] [stdout]     1: decoding
[INFO] [stdout]        
[INFO] [stdout]        Caused by:
[INFO] [stdout]            Corrupted block detected
[INFO] [stdout]     2: Error code 1: SQL error or missing database
[INFO] [stdout] thread 'transparent::tests::test_many' panicked at 'assertion failed: `(left == right)`
[INFO] [stdout]   left: `1`,
[INFO] [stdout]  right: `0`: the test returned a termination value with a non-zero status code (1) which indicates a failure', /rustc/426b94d7df183ac00ed4492541d92855181e9c4e/library/test/src/lib.rs:195:5
[INFO] [stdout] stack backtrace:
[INFO] [stdout]    0:     0x55c7534e6dac - std::backtrace_rs::backtrace::libunwind::trace::hc534939746d0ae42
[INFO] [stdout]                                at /rustc/426b94d7df183ac00ed4492541d92855181e9c4e/library/std/src/../../backtrace/src/backtrace/libunwind.rs:93:5
[INFO] [stdout]    1:     0x55c7534e6dac - std::backtrace_rs::backtrace::trace_unsynchronized::h6b8f882146644430
[INFO] [stdout]                                at /rustc/426b94d7df183ac00ed4492541d92855181e9c4e/library/std/src/../../backtrace/src/backtrace/mod.rs:66:5
[INFO] [stdout]    2:     0x55c7534e6dac - std::sys_common::backtrace::_print_fmt::h178c3a343658778c
[INFO] [stdout]                                at /rustc/426b94d7df183ac00ed4492541d92855181e9c4e/library/std/src/sys_common/backtrace.rs:67:5
[INFO] [stdout]    3:     0x55c7534e6dac - <std::sys_common::backtrace::_print::DisplayBacktrace as core::fmt::Display>::fmt::h5321e7c94e7f76d6
[INFO] [stdout]                                at /rustc/426b94d7df183ac00ed4492541d92855181e9c4e/library/std/src/sys_common/backtrace.rs:46:22
[INFO] [stdout]    4:     0x55c75350a66c - core::fmt::write::h4177df205e3207df
[INFO] [stdout]                                at /rustc/426b94d7df183ac00ed4492541d92855181e9c4e/library/core/src/fmt/mod.rs:1149:17
[INFO] [stdout]    5:     0x55c7534e2c75 - std::io::Write::write_fmt::h0f55d8f487d17094
[INFO] [stdout]                                at /rustc/426b94d7df183ac00ed4492541d92855181e9c4e/library/std/src/io/mod.rs:1697:15
[INFO] [stdout]    6:     0x55c7534e8850 - std::sys_common::backtrace::_print::he542ad00850be793
[INFO] [stdout]                                at /rustc/426b94d7df183ac00ed4492541d92855181e9c4e/library/std/src/sys_common/backtrace.rs:49:5
[INFO] [stdout]    7:     0x55c7534e8850 - std::sys_common::backtrace::print::h8eef2bd9b56f47f2
[INFO] [stdout]                                at /rustc/426b94d7df183ac00ed4492541d92855181e9c4e/library/std/src/sys_common/backtrace.rs:36:9
[INFO] [stdout]    8:     0x55c7534e8850 - std::panicking::default_hook::{{closure}}::h8fb907b12ce9712e
[INFO] [stdout]                                at /rustc/426b94d7df183ac00ed4492541d92855181e9c4e/library/std/src/panicking.rs:211:50
[INFO] [stdout]    9:     0x55c7534e8436 - std::panicking::default_hook::ha5602a345e8a4e41
[INFO] [stdout]                                at /rustc/426b94d7df183ac00ed4492541d92855181e9c4e/library/std/src/panicking.rs:225:9
[INFO] [stdout]   10:     0x55c7534e8f04 - std::panicking::rust_panic_with_hook::hf32fdbf39ade091f
[INFO] [stdout]                                at /rustc/426b94d7df183ac00ed4492541d92855181e9c4e/library/std/src/panicking.rs:606:17
[INFO] [stdout]   11:     0x55c7534e89e0 - std::panicking::begin_panic_handler::{{closure}}::h8b40c093e364b9b7
[INFO] [stdout]                                at /rustc/426b94d7df183ac00ed4492541d92855181e9c4e/library/std/src/panicking.rs:502:13
[INFO] [stdout]   12:     0x55c7534e7254 - std::sys_common::backtrace::__rust_end_short_backtrace::h3ff630d901329a35
[INFO] [stdout]                                at /rustc/426b94d7df183ac00ed4492541d92855181e9c4e/library/std/src/sys_common/backtrace.rs:139:18
[INFO] [stdout]   13:     0x55c7534e8949 - rust_begin_unwind
[INFO] [stdout]                                at /rustc/426b94d7df183ac00ed4492541d92855181e9c4e/library/std/src/panicking.rs:498:5
[INFO] [stdout]   14:     0x55c752f5e071 - core::panicking::panic_fmt::h74f9fec01e0efc2d
[INFO] [stdout]                                at /rustc/426b94d7df183ac00ed4492541d92855181e9c4e/library/core/src/panicking.rs:107:14
[INFO] [stdout]   15:     0x55c753508a5e - core::panicking::assert_failed_inner::h0cfe95c797b6712e
[INFO] [stdout]   16:     0x55c753346eba - core::panicking::assert_failed::hc4165038a4165b65
[INFO] [stdout]                                at /rustc/426b94d7df183ac00ed4492541d92855181e9c4e/library/core/src/panicking.rs:145:5
[INFO] [stdout]   17:     0x55c7530256c1 - test::assert_test_result::h5fecec30a47824ab
[INFO] [stdout]                                at /rustc/426b94d7df183ac00ed4492541d92855181e9c4e/library/test/src/lib.rs:195:5
[INFO] [stdout]   18:     0x55c752f91e6d - mi::transparent::tests::test_many::{{closure}}::h25d3395136031125
[INFO] [stdout]                                at /opt/rustwide/workdir/src/transparent.rs:932:5
[INFO] [stdout]   19:     0x55c7530332ee - core::ops::function::FnOnce::call_once::hbea21294a2c7eb63
[INFO] [stdout]                                at /rustc/426b94d7df183ac00ed4492541d92855181e9c4e/library/core/src/ops/function.rs:227:5
[INFO] [stdout]   20:     0x55c75323c113 - core::ops::function::FnOnce::call_once::h1efdf8831cbe553f
[INFO] [stdout]                                at /rustc/426b94d7df183ac00ed4492541d92855181e9c4e/library/core/src/ops/function.rs:227:5
[INFO] [stdout]   21:     0x55c75323c113 - test::__rust_begin_short_backtrace::h0b35e710c36cd9a0
[INFO] [stdout]                                at /rustc/426b94d7df183ac00ed4492541d92855181e9c4e/library/test/src/lib.rs:585:5
[INFO] [stdout]   22:     0x55c75323ad27 - <alloc::boxed::Box<F,A> as core::ops::function::FnOnce<Args>>::call_once::he15cbd6a049610ef
[INFO] [stdout]                                at /rustc/426b94d7df183ac00ed4492541d92855181e9c4e/library/alloc/src/boxed.rs:1694:9
[INFO] [stdout]   23:     0x55c75323ad27 - <core::panic::unwind_safe::AssertUnwindSafe<F> as core::ops::function::FnOnce<()>>::call_once::h46f4118d12807366
[INFO] [stdout]                                at /rustc/426b94d7df183ac00ed4492541d92855181e9c4e/library/core/src/panic/unwind_safe.rs:271:9
[INFO] [stdout]   24:     0x55c75323ad27 - std::panicking::try::do_call::he72099bfb52eb35b
[INFO] [stdout]                                at /rustc/426b94d7df183ac00ed4492541d92855181e9c4e/library/std/src/panicking.rs:406:40
[INFO] [stdout]   25:     0x55c75323ad27 - std::panicking::try::h941266232d2749ab
[INFO] [stdout]                                at /rustc/426b94d7df183ac00ed4492541d92855181e9c4e/library/std/src/panicking.rs:370:19
[INFO] [stdout]   26:     0x55c75323ad27 - std::panic::catch_unwind::he5606b2d8a805991
[INFO] [stdout]                                at /rustc/426b94d7df183ac00ed4492541d92855181e9c4e/library/std/src/panic.rs:133:14
[INFO] [stdout]   27:     0x55c75323ad27 - test::run_test_in_process::h8c906b4487d1b96d
[INFO] [stdout]                                at /rustc/426b94d7df183ac00ed4492541d92855181e9c4e/library/test/src/lib.rs:608:18
[INFO] [stdout]   28:     0x55c75323ad27 - test::run_test::run_test_inner::{{closure}}::h37ad38432d9d5cfc
[INFO] [stdout]                                at /rustc/426b94d7df183ac00ed4492541d92855181e9c4e/library/test/src/lib.rs:500:39
[INFO] [stdout]   29:     0x55c7532081ee - test::run_test::run_test_inner::{{closure}}::h75c29073a41e7ab8
[INFO] [stdout]                                at /rustc/426b94d7df183ac00ed4492541d92855181e9c4e/library/test/src/lib.rs:527:37
[INFO] [stdout]   30:     0x55c7532081ee - std::sys_common::backtrace::__rust_begin_short_backtrace::hafbfa87e07910bba
[INFO] [stdout]                                at /rustc/426b94d7df183ac00ed4492541d92855181e9c4e/library/std/src/sys_common/backtrace.rs:123:18
[INFO] [stdout]   31:     0x55c75320cf28 - std::thread::Builder::spawn_unchecked::{{closure}}::{{closure}}::h6a40b1642f9329e8
[INFO] [stdout]                                at /rustc/426b94d7df183ac00ed4492541d92855181e9c4e/library/std/src/thread/mod.rs:484:17
[INFO] [stdout]   32:     0x55c75320cf28 - <core::panic::unwind_safe::AssertUnwindSafe<F> as core::ops::function::FnOnce<()>>::call_once::h570e68232d947237
[INFO] [stdout]                                at /rustc/426b94d7df183ac00ed4492541d92855181e9c4e/library/core/src/panic/unwind_safe.rs:271:9
[INFO] [stdout]   33:     0x55c75320cf28 - std::panicking::try::do_call::hdaece62c2ee09687
[INFO] [stdout]                                at /rustc/426b94d7df183ac00ed4492541d92855181e9c4e/library/std/src/panicking.rs:406:40
[INFO] [stdout]   34:     0x55c75320cf28 - std::panicking::try::h7d3a7a09dc9de3fa
[INFO] [stdout]                                at /rustc/426b94d7df183ac00ed4492541d92855181e9c4e/library/std/src/panicking.rs:370:19
[INFO] [stdout]   35:     0x55c75320cf28 - std::panic::catch_unwind::h02b55809c8e4572f
[INFO] [stdout]                                at /rustc/426b94d7df183ac00ed4492541d92855181e9c4e/library/std/src/panic.rs:133:14
[INFO] [stdout]   36:     0x55c75320cf28 - std::thread::Builder::spawn_unchecked::{{closure}}::h8a3286a479dd422d
[INFO] [stdout]                                at /rustc/426b94d7df183ac00ed4492541d92855181e9c4e/library/std/src/thread/mod.rs:483:30
[INFO] [stdout]   37:     0x55c75320cf28 - core::ops::function::FnOnce::call_once{{vtable.shim}}::h2636c127e92e3a74
[INFO] [stdout]                                at /rustc/426b94d7df183ac00ed4492541d92855181e9c4e/library/core/src/ops/function.rs:227:5
[INFO] [stdout]   38:     0x55c7534ed983 - <alloc::boxed::Box<F,A> as core::ops::function::FnOnce<Args>>::call_once::h992aa775811728ca
[INFO] [stdout]                                at /rustc/426b94d7df183ac00ed4492541d92855181e9c4e/library/alloc/src/boxed.rs:1694:9
[INFO] [stdout]   39:     0x55c7534ed983 - <alloc::boxed::Box<F,A> as core::ops::function::FnOnce<Args>>::call_once::h15f4030f59f40e4c
[INFO] [stdout]                                at /rustc/426b94d7df183ac00ed4492541d92855181e9c4e/library/alloc/src/boxed.rs:1694:9
[INFO] [stdout]   40:     0x55c7534ed983 - std::sys::unix::thread::Thread::new::thread_start::hd83e13d4fcd38086
[INFO] [stdout]                                at /rustc/426b94d7df183ac00ed4492541d92855181e9c4e/library/std/src/sys/unix/thread.rs:106:17
[INFO] [stdout]   41:     0x7f4d9a2fb609 - start_thread
[INFO] [stdout]   42:     0x7f4d9a0cd293 - clone
[INFO] [stdout]   43:                0x0 - <unknown>
[INFO] [stdout] 
[INFO] [stdout] 
[INFO] [stdout] failures:
[INFO] [stdout]     transparent::tests::test_many
[INFO] [stdout] 
[INFO] [stdout] test result: FAILED. 9 passed; 1 failed; 0 ignored; 0 measured; 0 filtered out; finished in 10.37s
[INFO] [stdout] 
[INFO] [stderr] error: test failed, to rerun pass '--lib'
[INFO] running `Command { std: "docker" "inspect" "205d93d11c7de24d9d2b21659cfa84e2ce2367a5741b232d2c63d13411db5721", kill_on_drop: false }`
[INFO] running `Command { std: "docker" "rm" "-f" "205d93d11c7de24d9d2b21659cfa84e2ce2367a5741b232d2c63d13411db5721", kill_on_drop: false }`
[INFO] [stdout] 205d93d11c7de24d9d2b21659cfa84e2ce2367a5741b232d2c63d13411db5721