[INFO] cloning repository https://github.com/junikimm717/gradecalc
[INFO] running `Command { std: "git" "-c" "credential.helper=" "-c" "credential.helper=/workspace/cargo-home/bin/git-credential-null" "clone" "--bare" "https://github.com/junikimm717/gradecalc" "/workspace/cache/git-repos/https%3A%2F%2Fgithub.com%2Fjunikimm717%2Fgradecalc", kill_on_drop: false }`
[INFO] [stderr] Cloning into bare repository '/workspace/cache/git-repos/https%3A%2F%2Fgithub.com%2Fjunikimm717%2Fgradecalc'...
[INFO] running `Command { std: "git" "rev-parse" "HEAD", kill_on_drop: false }`
[INFO] [stdout] b6dd994d600694e98e32b85da1c3dcf723849213
[INFO] testing junikimm717/gradecalc against beta-2021-11-30 for beta-1.58-1
[INFO] running `Command { std: "git" "clone" "/workspace/cache/git-repos/https%3A%2F%2Fgithub.com%2Fjunikimm717%2Fgradecalc" "/workspace/builds/worker-1/source", kill_on_drop: false }`
[INFO] [stderr] Cloning into '/workspace/builds/worker-1/source'...
[INFO] [stderr] done.
[INFO] validating manifest of git repo https://github.com/junikimm717/gradecalc on toolchain beta-2021-11-30
[INFO] running `Command { std: "/workspace/cargo-home/bin/cargo" "+beta-2021-11-30" "metadata" "--manifest-path" "Cargo.toml" "--no-deps", kill_on_drop: false }`
[INFO] started tweaking git repo https://github.com/junikimm717/gradecalc
[INFO] finished tweaking git repo https://github.com/junikimm717/gradecalc
[INFO] tweaked toml for git repo https://github.com/junikimm717/gradecalc written to /workspace/builds/worker-1/source/Cargo.toml
[INFO] crate git repo https://github.com/junikimm717/gradecalc already has a lockfile, it will not be regenerated
[INFO] running `Command { std: "/workspace/cargo-home/bin/cargo" "+beta-2021-11-30" "fetch" "--manifest-path" "Cargo.toml", kill_on_drop: false }`
[INFO] [stderr]     Blocking waiting for file lock on package cache
[INFO] [stderr]     Blocking waiting for file lock on package cache
[INFO] running `Command { std: "docker" "create" "-v" "/var/lib/crater-agent-workspace/builds/worker-1/target:/opt/rustwide/target:rw,Z" "-v" "/var/lib/crater-agent-workspace/builds/worker-1/source:/opt/rustwide/workdir:ro,Z" "-v" "/var/lib/crater-agent-workspace/cargo-home:/opt/rustwide/cargo-home:ro,Z" "-v" "/var/lib/crater-agent-workspace/rustup-home:/opt/rustwide/rustup-home:ro,Z" "-e" "SOURCE_DIR=/opt/rustwide/workdir" "-e" "CARGO_TARGET_DIR=/opt/rustwide/target" "-e" "CARGO_HOME=/opt/rustwide/cargo-home" "-e" "RUSTUP_HOME=/opt/rustwide/rustup-home" "-w" "/opt/rustwide/workdir" "-m" "1610612736" "--user" "0:0" "--network" "none" "ghcr.io/rust-lang/crates-build-env/linux@sha256:5736fa189c1c60b01babf4b8b698fe57b6ecc41933a7ff2e0b8d7a221459412b" "/opt/rustwide/cargo-home/bin/cargo" "+beta-2021-11-30" "metadata" "--no-deps" "--format-version=1", kill_on_drop: false }`
[INFO] [stdout] 93f271fca5135be0b5978538abe02d87bce7e2b439b3ee4db806a598bbb6da33
[INFO] [stderr] WARNING: Your kernel does not support swap limit capabilities or the cgroup is not mounted. Memory limited without swap.
[INFO] running `Command { std: "docker" "start" "-a" "93f271fca5135be0b5978538abe02d87bce7e2b439b3ee4db806a598bbb6da33", kill_on_drop: false }`
[INFO] running `Command { std: "docker" "inspect" "93f271fca5135be0b5978538abe02d87bce7e2b439b3ee4db806a598bbb6da33", kill_on_drop: false }`
[INFO] running `Command { std: "docker" "rm" "-f" "93f271fca5135be0b5978538abe02d87bce7e2b439b3ee4db806a598bbb6da33", kill_on_drop: false }`
[INFO] [stdout] 93f271fca5135be0b5978538abe02d87bce7e2b439b3ee4db806a598bbb6da33
[INFO] running `Command { std: "docker" "create" "-v" "/var/lib/crater-agent-workspace/builds/worker-1/target:/opt/rustwide/target:rw,Z" "-v" "/var/lib/crater-agent-workspace/builds/worker-1/source:/opt/rustwide/workdir:ro,Z" "-v" "/var/lib/crater-agent-workspace/cargo-home:/opt/rustwide/cargo-home:ro,Z" "-v" "/var/lib/crater-agent-workspace/rustup-home:/opt/rustwide/rustup-home:ro,Z" "-e" "SOURCE_DIR=/opt/rustwide/workdir" "-e" "CARGO_TARGET_DIR=/opt/rustwide/target" "-e" "CARGO_INCREMENTAL=0" "-e" "RUST_BACKTRACE=full" "-e" "RUSTFLAGS=--cap-lints=warn" "-e" "CARGO_HOME=/opt/rustwide/cargo-home" "-e" "RUSTUP_HOME=/opt/rustwide/rustup-home" "-w" "/opt/rustwide/workdir" "-m" "1610612736" "--user" "0:0" "--network" "none" "ghcr.io/rust-lang/crates-build-env/linux@sha256:5736fa189c1c60b01babf4b8b698fe57b6ecc41933a7ff2e0b8d7a221459412b" "/opt/rustwide/cargo-home/bin/cargo" "+beta-2021-11-30" "build" "--frozen" "--message-format=json", kill_on_drop: false }`
[INFO] [stdout] 159fafc706449a8ec6729a6c0c0050c8b55111664774ddfb5ebaa63ffcc773ca
[INFO] [stderr] WARNING: Your kernel does not support swap limit capabilities or the cgroup is not mounted. Memory limited without swap.
[INFO] running `Command { std: "docker" "start" "-a" "159fafc706449a8ec6729a6c0c0050c8b55111664774ddfb5ebaa63ffcc773ca", kill_on_drop: false }`
[INFO] [stderr]     Blocking waiting for file lock on package cache
[INFO] [stderr]    Compiling gradecalc v0.1.0 (/opt/rustwide/workdir)
[INFO] [stderr]     Finished dev [unoptimized + debuginfo] target(s) in 4m 58s
[INFO] running `Command { std: "docker" "inspect" "159fafc706449a8ec6729a6c0c0050c8b55111664774ddfb5ebaa63ffcc773ca", kill_on_drop: false }`
[INFO] running `Command { std: "docker" "rm" "-f" "159fafc706449a8ec6729a6c0c0050c8b55111664774ddfb5ebaa63ffcc773ca", kill_on_drop: false }`
[INFO] [stdout] 159fafc706449a8ec6729a6c0c0050c8b55111664774ddfb5ebaa63ffcc773ca
[INFO] running `Command { std: "docker" "create" "-v" "/var/lib/crater-agent-workspace/builds/worker-1/target:/opt/rustwide/target:rw,Z" "-v" "/var/lib/crater-agent-workspace/builds/worker-1/source:/opt/rustwide/workdir:ro,Z" "-v" "/var/lib/crater-agent-workspace/cargo-home:/opt/rustwide/cargo-home:ro,Z" "-v" "/var/lib/crater-agent-workspace/rustup-home:/opt/rustwide/rustup-home:ro,Z" "-e" "SOURCE_DIR=/opt/rustwide/workdir" "-e" "CARGO_TARGET_DIR=/opt/rustwide/target" "-e" "CARGO_INCREMENTAL=0" "-e" "RUST_BACKTRACE=full" "-e" "RUSTFLAGS=--cap-lints=warn" "-e" "CARGO_HOME=/opt/rustwide/cargo-home" "-e" "RUSTUP_HOME=/opt/rustwide/rustup-home" "-w" "/opt/rustwide/workdir" "-m" "1610612736" "--user" "0:0" "--network" "none" "ghcr.io/rust-lang/crates-build-env/linux@sha256:5736fa189c1c60b01babf4b8b698fe57b6ecc41933a7ff2e0b8d7a221459412b" "/opt/rustwide/cargo-home/bin/cargo" "+beta-2021-11-30" "test" "--frozen" "--no-run" "--message-format=json", kill_on_drop: false }`
[INFO] [stderr] WARNING: Your kernel does not support swap limit capabilities or the cgroup is not mounted. Memory limited without swap.
[INFO] [stdout] 0de3650c174e502a6638ec638626ea66eff48445ad32adf486f8320d73790e5a
[INFO] running `Command { std: "docker" "start" "-a" "0de3650c174e502a6638ec638626ea66eff48445ad32adf486f8320d73790e5a", kill_on_drop: false }`
[INFO] [stderr]     Blocking waiting for file lock on package cache
[INFO] [stderr]    Compiling gradecalc v0.1.0 (/opt/rustwide/workdir)
[INFO] [stderr]     Finished test [unoptimized + debuginfo] target(s) in 4m 58s
[INFO] running `Command { std: "docker" "inspect" "0de3650c174e502a6638ec638626ea66eff48445ad32adf486f8320d73790e5a", kill_on_drop: false }`
[INFO] running `Command { std: "docker" "rm" "-f" "0de3650c174e502a6638ec638626ea66eff48445ad32adf486f8320d73790e5a", kill_on_drop: false }`
[INFO] [stdout] 0de3650c174e502a6638ec638626ea66eff48445ad32adf486f8320d73790e5a
[INFO] running `Command { std: "docker" "create" "-v" "/var/lib/crater-agent-workspace/builds/worker-1/target:/opt/rustwide/target:rw,Z" "-v" "/var/lib/crater-agent-workspace/builds/worker-1/source:/opt/rustwide/workdir:ro,Z" "-v" "/var/lib/crater-agent-workspace/cargo-home:/opt/rustwide/cargo-home:ro,Z" "-v" "/var/lib/crater-agent-workspace/rustup-home:/opt/rustwide/rustup-home:ro,Z" "-e" "SOURCE_DIR=/opt/rustwide/workdir" "-e" "CARGO_TARGET_DIR=/opt/rustwide/target" "-e" "CARGO_INCREMENTAL=0" "-e" "RUST_BACKTRACE=full" "-e" "RUSTFLAGS=--cap-lints=warn" "-e" "CARGO_HOME=/opt/rustwide/cargo-home" "-e" "RUSTUP_HOME=/opt/rustwide/rustup-home" "-w" "/opt/rustwide/workdir" "-m" "1610612736" "--user" "0:0" "--network" "none" "ghcr.io/rust-lang/crates-build-env/linux@sha256:5736fa189c1c60b01babf4b8b698fe57b6ecc41933a7ff2e0b8d7a221459412b" "/opt/rustwide/cargo-home/bin/cargo" "+beta-2021-11-30" "test" "--frozen", kill_on_drop: false }`
[INFO] [stdout] 6ec462e989042a3ef831a122cb317b28ac7b192fddb1b9d83ff54d200bad0f23
[INFO] [stderr] WARNING: Your kernel does not support swap limit capabilities or the cgroup is not mounted. Memory limited without swap.
[INFO] running `Command { std: "docker" "start" "-a" "6ec462e989042a3ef831a122cb317b28ac7b192fddb1b9d83ff54d200bad0f23", kill_on_drop: false }`
[INFO] [stderr]     Blocking waiting for file lock on package cache
[INFO] [stderr]     Finished test [unoptimized + debuginfo] target(s) in 0.22s
[INFO] [stderr]      Running unittests (/opt/rustwide/target/debug/deps/gradecalc-f25aece37888ae47)
[INFO] [stdout] 
[INFO] [stdout] running 1 test
[INFO] [stdout] test categories::test_1 ... FAILED
[INFO] [stderr] error: test failed, to rerun pass '--bin gradecalc'
[INFO] [stdout] 
[INFO] [stdout] failures:
[INFO] [stdout] 
[INFO] [stdout] ---- categories::test_1 stdout ----
[INFO] [stdout] thread 'categories::test_1' panicked at 'assertion failed: `(left == right)`
[INFO] [stdout]   left: `0.991`,
[INFO] [stdout]  right: `99.1`', src/categories.rs:114:18
[INFO] [stdout] stack backtrace:
[INFO] [stdout]    0:     0x558962174efc - std::backtrace_rs::backtrace::libunwind::trace::hc534939746d0ae42
[INFO] [stdout]                                at /rustc/426b94d7df183ac00ed4492541d92855181e9c4e/library/std/src/../../backtrace/src/backtrace/libunwind.rs:93:5
[INFO] [stdout]    1:     0x558962174efc - std::backtrace_rs::backtrace::trace_unsynchronized::h6b8f882146644430
[INFO] [stdout]                                at /rustc/426b94d7df183ac00ed4492541d92855181e9c4e/library/std/src/../../backtrace/src/backtrace/mod.rs:66:5
[INFO] [stdout]    2:     0x558962174efc - std::sys_common::backtrace::_print_fmt::h178c3a343658778c
[INFO] [stdout]                                at /rustc/426b94d7df183ac00ed4492541d92855181e9c4e/library/std/src/sys_common/backtrace.rs:67:5
[INFO] [stdout]    3:     0x558962174efc - <std::sys_common::backtrace::_print::DisplayBacktrace as core::fmt::Display>::fmt::h5321e7c94e7f76d6
[INFO] [stdout]                                at /rustc/426b94d7df183ac00ed4492541d92855181e9c4e/library/std/src/sys_common/backtrace.rs:46:22
[INFO] [stdout]    4:     0x558962197e7c - core::fmt::write::h4177df205e3207df
[INFO] [stdout]                                at /rustc/426b94d7df183ac00ed4492541d92855181e9c4e/library/core/src/fmt/mod.rs:1149:17
[INFO] [stdout]    5:     0x558962170e35 - std::io::Write::write_fmt::h0f55d8f487d17094
[INFO] [stdout]                                at /rustc/426b94d7df183ac00ed4492541d92855181e9c4e/library/std/src/io/mod.rs:1697:15
[INFO] [stdout]    6:     0x558962176950 - std::sys_common::backtrace::_print::he542ad00850be793
[INFO] [stdout]                                at /rustc/426b94d7df183ac00ed4492541d92855181e9c4e/library/std/src/sys_common/backtrace.rs:49:5
[INFO] [stdout]    7:     0x558962176950 - std::sys_common::backtrace::print::h8eef2bd9b56f47f2
[INFO] [stdout]                                at /rustc/426b94d7df183ac00ed4492541d92855181e9c4e/library/std/src/sys_common/backtrace.rs:36:9
[INFO] [stdout]    8:     0x558962176950 - std::panicking::default_hook::{{closure}}::h8fb907b12ce9712e
[INFO] [stdout]                                at /rustc/426b94d7df183ac00ed4492541d92855181e9c4e/library/std/src/panicking.rs:211:50
[INFO] [stdout]    9:     0x558962176536 - std::panicking::default_hook::ha5602a345e8a4e41
[INFO] [stdout]                                at /rustc/426b94d7df183ac00ed4492541d92855181e9c4e/library/std/src/panicking.rs:225:9
[INFO] [stdout]   10:     0x558962177004 - std::panicking::rust_panic_with_hook::hf32fdbf39ade091f
[INFO] [stdout]                                at /rustc/426b94d7df183ac00ed4492541d92855181e9c4e/library/std/src/panicking.rs:606:17
[INFO] [stdout]   11:     0x558962176ae0 - std::panicking::begin_panic_handler::{{closure}}::h8b40c093e364b9b7
[INFO] [stdout]                                at /rustc/426b94d7df183ac00ed4492541d92855181e9c4e/library/std/src/panicking.rs:502:13
[INFO] [stdout]   12:     0x5589621753a4 - std::sys_common::backtrace::__rust_end_short_backtrace::h3ff630d901329a35
[INFO] [stdout]                                at /rustc/426b94d7df183ac00ed4492541d92855181e9c4e/library/std/src/sys_common/backtrace.rs:139:18
[INFO] [stdout]   13:     0x558962176a49 - rust_begin_unwind
[INFO] [stdout]                                at /rustc/426b94d7df183ac00ed4492541d92855181e9c4e/library/std/src/panicking.rs:498:5
[INFO] [stdout]   14:     0x558962119861 - core::panicking::panic_fmt::h74f9fec01e0efc2d
[INFO] [stdout]                                at /rustc/426b94d7df183ac00ed4492541d92855181e9c4e/library/core/src/panicking.rs:107:14
[INFO] [stdout]   15:     0x558962196788 - core::panicking::assert_failed_inner::h0cfe95c797b6712e
[INFO] [stdout]   16:     0x55896211b0aa - core::panicking::assert_failed::heba3623f69406222
[INFO] [stdout]                                at /rustc/426b94d7df183ac00ed4492541d92855181e9c4e/library/core/src/panicking.rs:145:5
[INFO] [stdout]   17:     0x55896211cfc4 - gradecalc::categories::test_1::he23c668a3538f96b
[INFO] [stdout]                                at /opt/rustwide/workdir/src/categories.rs:114:18
[INFO] [stdout]   18:     0x55896211cd7a - gradecalc::categories::test_1::{{closure}}::hce87fbdc951c4cdd
[INFO] [stdout]                                at /opt/rustwide/workdir/src/categories.rs:107:1
[INFO] [stdout]   19:     0x55896211d05e - core::ops::function::FnOnce::call_once::hf11680b7d2217daa
[INFO] [stdout]                                at /rustc/426b94d7df183ac00ed4492541d92855181e9c4e/library/core/src/ops/function.rs:227:5
[INFO] [stdout]   20:     0x5589621529c3 - core::ops::function::FnOnce::call_once::h1efdf8831cbe553f
[INFO] [stdout]                                at /rustc/426b94d7df183ac00ed4492541d92855181e9c4e/library/core/src/ops/function.rs:227:5
[INFO] [stdout]   21:     0x5589621529c3 - test::__rust_begin_short_backtrace::h0b35e710c36cd9a0
[INFO] [stdout]                                at /rustc/426b94d7df183ac00ed4492541d92855181e9c4e/library/test/src/lib.rs:585:5
[INFO] [stdout]   22:     0x5589621515d7 - <alloc::boxed::Box<F,A> as core::ops::function::FnOnce<Args>>::call_once::he15cbd6a049610ef
[INFO] [stdout]                                at /rustc/426b94d7df183ac00ed4492541d92855181e9c4e/library/alloc/src/boxed.rs:1694:9
[INFO] [stdout]   23:     0x5589621515d7 - <core::panic::unwind_safe::AssertUnwindSafe<F> as core::ops::function::FnOnce<()>>::call_once::h46f4118d12807366
[INFO] [stdout]                                at /rustc/426b94d7df183ac00ed4492541d92855181e9c4e/library/core/src/panic/unwind_safe.rs:271:9
[INFO] [stdout]   24:     0x5589621515d7 - std::panicking::try::do_call::he72099bfb52eb35b
[INFO] [stdout]                                at /rustc/426b94d7df183ac00ed4492541d92855181e9c4e/library/std/src/panicking.rs:406:40
[INFO] [stdout]   25:     0x5589621515d7 - std::panicking::try::h941266232d2749ab
[INFO] [stdout]                                at /rustc/426b94d7df183ac00ed4492541d92855181e9c4e/library/std/src/panicking.rs:370:19
[INFO] [stdout]   26:     0x5589621515d7 - std::panic::catch_unwind::he5606b2d8a805991
[INFO] [stdout]                                at /rustc/426b94d7df183ac00ed4492541d92855181e9c4e/library/std/src/panic.rs:133:14
[INFO] [stdout]   27:     0x5589621515d7 - test::run_test_in_process::h8c906b4487d1b96d
[INFO] [stdout]                                at /rustc/426b94d7df183ac00ed4492541d92855181e9c4e/library/test/src/lib.rs:608:18
[INFO] [stdout]   28:     0x5589621515d7 - test::run_test::run_test_inner::{{closure}}::h37ad38432d9d5cfc
[INFO] [stdout]                                at /rustc/426b94d7df183ac00ed4492541d92855181e9c4e/library/test/src/lib.rs:500:39
[INFO] [stdout]   29:     0x55896211ea9e - test::run_test::run_test_inner::{{closure}}::h75c29073a41e7ab8
[INFO] [stdout]                                at /rustc/426b94d7df183ac00ed4492541d92855181e9c4e/library/test/src/lib.rs:527:37
[INFO] [stdout]   30:     0x55896211ea9e - std::sys_common::backtrace::__rust_begin_short_backtrace::hafbfa87e07910bba
[INFO] [stdout]                                at /rustc/426b94d7df183ac00ed4492541d92855181e9c4e/library/std/src/sys_common/backtrace.rs:123:18
[INFO] [stdout]   31:     0x5589621237d8 - std::thread::Builder::spawn_unchecked::{{closure}}::{{closure}}::h6a40b1642f9329e8
[INFO] [stdout]                                at /rustc/426b94d7df183ac00ed4492541d92855181e9c4e/library/std/src/thread/mod.rs:484:17
[INFO] [stdout]   32:     0x5589621237d8 - <core::panic::unwind_safe::AssertUnwindSafe<F> as core::ops::function::FnOnce<()>>::call_once::h570e68232d947237
[INFO] [stdout]                                at /rustc/426b94d7df183ac00ed4492541d92855181e9c4e/library/core/src/panic/unwind_safe.rs:271:9
[INFO] [stdout]   33:     0x5589621237d8 - std::panicking::try::do_call::hdaece62c2ee09687
[INFO] [stdout]                                at /rustc/426b94d7df183ac00ed4492541d92855181e9c4e/library/std/src/panicking.rs:406:40
[INFO] [stdout]   34:     0x5589621237d8 - std::panicking::try::h7d3a7a09dc9de3fa
[INFO] [stdout]                                at /rustc/426b94d7df183ac00ed4492541d92855181e9c4e/library/std/src/panicking.rs:370:19
[INFO] [stdout]   35:     0x5589621237d8 - std::panic::catch_unwind::h02b55809c8e4572f
[INFO] [stdout]                                at /rustc/426b94d7df183ac00ed4492541d92855181e9c4e/library/std/src/panic.rs:133:14
[INFO] [stdout]   36:     0x5589621237d8 - std::thread::Builder::spawn_unchecked::{{closure}}::h8a3286a479dd422d
[INFO] [stdout]                                at /rustc/426b94d7df183ac00ed4492541d92855181e9c4e/library/std/src/thread/mod.rs:483:30
[INFO] [stdout]   37:     0x5589621237d8 - core::ops::function::FnOnce::call_once{{vtable.shim}}::h2636c127e92e3a74
[INFO] [stdout]                                at /rustc/426b94d7df183ac00ed4492541d92855181e9c4e/library/core/src/ops/function.rs:227:5
[INFO] [stdout]   38:     0x55896217ba53 - <alloc::boxed::Box<F,A> as core::ops::function::FnOnce<Args>>::call_once::h992aa775811728ca
[INFO] [stdout]                                at /rustc/426b94d7df183ac00ed4492541d92855181e9c4e/library/alloc/src/boxed.rs:1694:9
[INFO] [stdout]   39:     0x55896217ba53 - <alloc::boxed::Box<F,A> as core::ops::function::FnOnce<Args>>::call_once::h15f4030f59f40e4c
[INFO] [stdout]                                at /rustc/426b94d7df183ac00ed4492541d92855181e9c4e/library/alloc/src/boxed.rs:1694:9
[INFO] [stdout]   40:     0x55896217ba53 - std::sys::unix::thread::Thread::new::thread_start::hd83e13d4fcd38086
[INFO] [stdout]                                at /rustc/426b94d7df183ac00ed4492541d92855181e9c4e/library/std/src/sys/unix/thread.rs:106:17
[INFO] [stdout]   41:     0x7f3a29cee609 - start_thread
[INFO] [stdout]   42:     0x7f3a29ac0293 - clone
[INFO] [stdout]   43:                0x0 - <unknown>
[INFO] [stdout] 
[INFO] [stdout] 
[INFO] [stdout] failures:
[INFO] [stdout]     categories::test_1
[INFO] [stdout] 
[INFO] [stdout] test result: FAILED. 0 passed; 1 failed; 0 ignored; 0 measured; 0 filtered out; finished in 0.02s
[INFO] [stdout] 
[INFO] running `Command { std: "docker" "inspect" "6ec462e989042a3ef831a122cb317b28ac7b192fddb1b9d83ff54d200bad0f23", kill_on_drop: false }`
[INFO] running `Command { std: "docker" "rm" "-f" "6ec462e989042a3ef831a122cb317b28ac7b192fddb1b9d83ff54d200bad0f23", kill_on_drop: false }`
[INFO] [stdout] 6ec462e989042a3ef831a122cb317b28ac7b192fddb1b9d83ff54d200bad0f23