[INFO] fetching crate fluvio-storage 0.3.0...
[INFO] testing fluvio-storage-0.3.0 against 1.57.0 for beta-1.58-1
[INFO] extracting crate fluvio-storage 0.3.0 into /workspace/builds/worker-7/source
[INFO] validating manifest of crates.io crate fluvio-storage 0.3.0 on toolchain 1.57.0
[INFO] running `Command { std: "/workspace/cargo-home/bin/cargo" "+1.57.0" "metadata" "--manifest-path" "Cargo.toml" "--no-deps", kill_on_drop: false }`
[INFO] started tweaking crates.io crate fluvio-storage 0.3.0
[INFO] finished tweaking crates.io crate fluvio-storage 0.3.0
[INFO] tweaked toml for crates.io crate fluvio-storage 0.3.0 written to /workspace/builds/worker-7/source/Cargo.toml
[INFO] crate crates.io crate fluvio-storage 0.3.0 already has a lockfile, it will not be regenerated
[INFO] running `Command { std: "/workspace/cargo-home/bin/cargo" "+1.57.0" "fetch" "--manifest-path" "Cargo.toml", kill_on_drop: false }`
[INFO] running `Command { std: "docker" "create" "-v" "/var/lib/crater-agent-workspace/builds/worker-7/target:/opt/rustwide/target:rw,Z" "-v" "/var/lib/crater-agent-workspace/builds/worker-7/source:/opt/rustwide/workdir:ro,Z" "-v" "/var/lib/crater-agent-workspace/cargo-home:/opt/rustwide/cargo-home:ro,Z" "-v" "/var/lib/crater-agent-workspace/rustup-home:/opt/rustwide/rustup-home:ro,Z" "-e" "SOURCE_DIR=/opt/rustwide/workdir" "-e" "CARGO_TARGET_DIR=/opt/rustwide/target" "-e" "CARGO_HOME=/opt/rustwide/cargo-home" "-e" "RUSTUP_HOME=/opt/rustwide/rustup-home" "-w" "/opt/rustwide/workdir" "-m" "1610612736" "--user" "0:0" "--network" "none" "ghcr.io/rust-lang/crates-build-env/linux@sha256:5736fa189c1c60b01babf4b8b698fe57b6ecc41933a7ff2e0b8d7a221459412b" "/opt/rustwide/cargo-home/bin/cargo" "+1.57.0" "metadata" "--no-deps" "--format-version=1", kill_on_drop: false }`
[INFO] [stdout] 1774d08f88015675925681da2236ca6a8b7b40da496b70abf24a300671878695
[INFO] [stderr] WARNING: Your kernel does not support swap limit capabilities or the cgroup is not mounted. Memory limited without swap.
[INFO] running `Command { std: "docker" "start" "-a" "1774d08f88015675925681da2236ca6a8b7b40da496b70abf24a300671878695", kill_on_drop: false }`
[INFO] running `Command { std: "docker" "inspect" "1774d08f88015675925681da2236ca6a8b7b40da496b70abf24a300671878695", kill_on_drop: false }`
[INFO] running `Command { std: "docker" "rm" "-f" "1774d08f88015675925681da2236ca6a8b7b40da496b70abf24a300671878695", kill_on_drop: false }`
[INFO] [stdout] 1774d08f88015675925681da2236ca6a8b7b40da496b70abf24a300671878695
[INFO] running `Command { std: "docker" "create" "-v" "/var/lib/crater-agent-workspace/builds/worker-7/target:/opt/rustwide/target:rw,Z" "-v" "/var/lib/crater-agent-workspace/builds/worker-7/source:/opt/rustwide/workdir:ro,Z" "-v" "/var/lib/crater-agent-workspace/cargo-home:/opt/rustwide/cargo-home:ro,Z" "-v" "/var/lib/crater-agent-workspace/rustup-home:/opt/rustwide/rustup-home:ro,Z" "-e" "SOURCE_DIR=/opt/rustwide/workdir" "-e" "CARGO_TARGET_DIR=/opt/rustwide/target" "-e" "CARGO_INCREMENTAL=0" "-e" "RUST_BACKTRACE=full" "-e" "RUSTFLAGS=--cap-lints=warn" "-e" "CARGO_HOME=/opt/rustwide/cargo-home" "-e" "RUSTUP_HOME=/opt/rustwide/rustup-home" "-w" "/opt/rustwide/workdir" "-m" "1610612736" "--user" "0:0" "--network" "none" "ghcr.io/rust-lang/crates-build-env/linux@sha256:5736fa189c1c60b01babf4b8b698fe57b6ecc41933a7ff2e0b8d7a221459412b" "/opt/rustwide/cargo-home/bin/cargo" "+1.57.0" "build" "--frozen" "--message-format=json", kill_on_drop: false }`
[INFO] [stdout] 5b83dce478c1796f1c52b7ca58abab29c7016a22c0b4d74c0d6af5ff30a302e8
[INFO] [stderr] WARNING: Your kernel does not support swap limit capabilities or the cgroup is not mounted. Memory limited without swap.
[INFO] running `Command { std: "docker" "start" "-a" "5b83dce478c1796f1c52b7ca58abab29c7016a22c0b4d74c0d6af5ff30a302e8", kill_on_drop: false }`
[INFO] [stderr]    Compiling syn v1.0.60
[INFO] [stderr]    Compiling value-bag v1.0.0-alpha.6
[INFO] [stderr]    Compiling libc v0.2.86
[INFO] [stderr]    Compiling log v0.4.14
[INFO] [stderr]    Compiling pin-project-lite v0.2.4
[INFO] [stderr]    Compiling futures-core v0.3.12
[INFO] [stderr]    Compiling memchr v2.3.4
[INFO] [stderr]    Compiling futures-io v0.3.12
[INFO] [stderr]    Compiling once_cell v1.5.2
[INFO] [stderr]    Compiling fastrand v1.4.0
[INFO] [stderr]    Compiling vec-arena v1.0.0
[INFO] [stderr]    Compiling serde_derive v1.0.123
[INFO] [stderr]    Compiling serde v1.0.123
[INFO] [stderr]    Compiling regex-syntax v0.6.22
[INFO] [stderr]    Compiling signal-hook v0.3.4
[INFO] [stderr]    Compiling byteorder v1.4.2
[INFO] [stderr]    Compiling serde_json v1.0.62
[INFO] [stderr]    Compiling pin-project-lite v0.1.11
[INFO] [stderr]    Compiling strsim v0.9.3
[INFO] [stderr]    Compiling futures-sink v0.3.12
[INFO] [stderr]    Compiling smallvec v1.6.1
[INFO] [stderr]    Compiling crc32c v0.5.0
[INFO] [stderr]    Compiling derive_builder v0.9.0
[INFO] [stderr]    Compiling tracing-core v0.1.17
[INFO] [stderr]    Compiling async-lock v2.3.0
[INFO] [stderr]    Compiling sharded-slab v0.1.1
[INFO] [stderr]    Compiling thread_local v1.1.3
[INFO] [stderr]    Compiling futures-task v0.3.12
[INFO] [stderr]    Compiling async-channel v1.6.1
[INFO] [stderr]    Compiling quote v1.0.9
[INFO] [stderr]    Compiling futures-lite v1.11.3
[INFO] [stderr]    Compiling content_inspector v0.2.4
[INFO] [stderr]    Compiling blocking v1.0.2
[INFO] [stderr]    Compiling async-executor v1.4.0
[INFO] [stderr]    Compiling socket2 v0.3.19
[INFO] [stderr]    Compiling signal-hook-registry v1.3.0
[INFO] [stderr]    Compiling num_cpus v1.13.0
[INFO] [stderr]    Compiling chrono v0.4.19
[INFO] [stderr]    Compiling memmap v0.7.0
[INFO] [stderr]    Compiling nix v0.17.0
[INFO] [stderr]    Compiling async-fs v1.5.0
[INFO] [stderr]    Compiling regex-automata v0.1.9
[INFO] [stderr]    Compiling regex v1.4.3
[INFO] [stderr]    Compiling nb-connect v1.0.3
[INFO] [stderr]    Compiling matchers v0.0.1
[INFO] [stderr]    Compiling darling_core v0.10.2
[INFO] [stderr]    Compiling ctor v0.1.19
[INFO] [stderr]    Compiling tracing-attributes v0.1.13
[INFO] [stderr]    Compiling tokio-macros v0.2.6
[INFO] [stderr]    Compiling thiserror-impl v1.0.24
[INFO] [stderr]    Compiling pin-project-internal v1.0.5
[INFO] [stderr]    Compiling async-trait v0.1.42
[INFO] [stderr]    Compiling fluvio-test-derive v0.1.0
[INFO] [stderr]    Compiling futures-macro v0.3.12
[INFO] [stderr]    Compiling darling_macro v0.10.2
[INFO] [stderr]    Compiling tokio v0.2.25
[INFO] [stderr]    Compiling darling v0.10.2
[INFO] [stderr]    Compiling futures-util v0.3.12
[INFO] [stderr]    Compiling derive_builder_core v0.9.0
[INFO] [stderr]    Compiling tracing v0.1.24
[INFO] [stderr]    Compiling polling v2.0.2
[INFO] [stderr]    Compiling kv-log-macro v1.0.7
[INFO] [stderr]    Compiling fluvio-protocol-core v0.2.2
[INFO] [stderr]    Compiling tracing-log v0.1.2
[INFO] [stderr]    Compiling tokio-util v0.3.1
[INFO] [stderr]    Compiling pin-project v1.0.5
[INFO] [stderr]    Compiling fluvio-protocol-derive v0.2.0
[INFO] [stderr]    Compiling thiserror v1.0.24
[INFO] [stderr]    Compiling flv-util v0.5.2
[INFO] [stderr]    Compiling fluvio-types v0.2.2
[INFO] [stderr]    Compiling async-io v1.3.1
[INFO] [stderr]    Compiling fluvio-protocol-codec v0.2.0
[INFO] [stderr]    Compiling async-process v1.0.2
[INFO] [stderr]    Compiling async-global-executor v2.0.2
[INFO] [stderr]    Compiling async-net v1.5.0
[INFO] [stderr]    Compiling async-std v1.9.0
[INFO] [stderr]    Compiling fluvio-protocol-api v0.2.0
[INFO] [stderr]    Compiling tracing-serde v0.1.2
[INFO] [stderr]    Compiling tracing-subscriber v0.2.16
[INFO] [stderr]    Compiling fluvio-future v0.1.15
[INFO] [stderr]    Compiling fluvio-protocol v0.3.0
[INFO] [stderr]    Compiling fluvio-dataplane-protocol v0.3.0
[INFO] [stderr]    Compiling fluvio-storage v0.3.0 (/opt/rustwide/workdir)
[INFO] [stderr]     Finished dev [unoptimized + debuginfo] target(s) in 2m 02s
[INFO] running `Command { std: "docker" "inspect" "5b83dce478c1796f1c52b7ca58abab29c7016a22c0b4d74c0d6af5ff30a302e8", kill_on_drop: false }`
[INFO] running `Command { std: "docker" "rm" "-f" "5b83dce478c1796f1c52b7ca58abab29c7016a22c0b4d74c0d6af5ff30a302e8", kill_on_drop: false }`
[INFO] [stdout] 5b83dce478c1796f1c52b7ca58abab29c7016a22c0b4d74c0d6af5ff30a302e8
[INFO] running `Command { std: "docker" "create" "-v" "/var/lib/crater-agent-workspace/builds/worker-7/target:/opt/rustwide/target:rw,Z" "-v" "/var/lib/crater-agent-workspace/builds/worker-7/source:/opt/rustwide/workdir:ro,Z" "-v" "/var/lib/crater-agent-workspace/cargo-home:/opt/rustwide/cargo-home:ro,Z" "-v" "/var/lib/crater-agent-workspace/rustup-home:/opt/rustwide/rustup-home:ro,Z" "-e" "SOURCE_DIR=/opt/rustwide/workdir" "-e" "CARGO_TARGET_DIR=/opt/rustwide/target" "-e" "CARGO_INCREMENTAL=0" "-e" "RUST_BACKTRACE=full" "-e" "RUSTFLAGS=--cap-lints=warn" "-e" "CARGO_HOME=/opt/rustwide/cargo-home" "-e" "RUSTUP_HOME=/opt/rustwide/rustup-home" "-w" "/opt/rustwide/workdir" "-m" "1610612736" "--user" "0:0" "--network" "none" "ghcr.io/rust-lang/crates-build-env/linux@sha256:5736fa189c1c60b01babf4b8b698fe57b6ecc41933a7ff2e0b8d7a221459412b" "/opt/rustwide/cargo-home/bin/cargo" "+1.57.0" "test" "--frozen" "--no-run" "--message-format=json", kill_on_drop: false }`
[INFO] [stderr] WARNING: Your kernel does not support swap limit capabilities or the cgroup is not mounted. Memory limited without swap.
[INFO] [stdout] ef9f1b08921cd278c2b7d7cbde26e9657b125b3f688c4a93f2f45f08edd87229
[INFO] running `Command { std: "docker" "start" "-a" "ef9f1b08921cd278c2b7d7cbde26e9657b125b3f688c4a93f2f45f08edd87229", kill_on_drop: false }`
[INFO] [stderr]    Compiling owning_ref v0.3.3
[INFO] [stderr]    Compiling rand v0.4.6
[INFO] [stderr]    Compiling parking_lot_core v0.2.14
[INFO] [stderr]    Compiling parking_lot v0.4.8
[INFO] [stderr]    Compiling chashmap v2.2.2
[INFO] [stderr]    Compiling fluvio-socket v0.6.0
[INFO] [stderr]    Compiling fluvio-storage v0.3.0 (/opt/rustwide/workdir)
[INFO] [stderr]     Finished test [unoptimized + debuginfo] target(s) in 30.71s
[INFO] running `Command { std: "docker" "inspect" "ef9f1b08921cd278c2b7d7cbde26e9657b125b3f688c4a93f2f45f08edd87229", kill_on_drop: false }`
[INFO] running `Command { std: "docker" "rm" "-f" "ef9f1b08921cd278c2b7d7cbde26e9657b125b3f688c4a93f2f45f08edd87229", kill_on_drop: false }`
[INFO] [stdout] ef9f1b08921cd278c2b7d7cbde26e9657b125b3f688c4a93f2f45f08edd87229
[INFO] running `Command { std: "docker" "create" "-v" "/var/lib/crater-agent-workspace/builds/worker-7/target:/opt/rustwide/target:rw,Z" "-v" "/var/lib/crater-agent-workspace/builds/worker-7/source:/opt/rustwide/workdir:ro,Z" "-v" "/var/lib/crater-agent-workspace/cargo-home:/opt/rustwide/cargo-home:ro,Z" "-v" "/var/lib/crater-agent-workspace/rustup-home:/opt/rustwide/rustup-home:ro,Z" "-e" "SOURCE_DIR=/opt/rustwide/workdir" "-e" "CARGO_TARGET_DIR=/opt/rustwide/target" "-e" "CARGO_INCREMENTAL=0" "-e" "RUST_BACKTRACE=full" "-e" "RUSTFLAGS=--cap-lints=warn" "-e" "CARGO_HOME=/opt/rustwide/cargo-home" "-e" "RUSTUP_HOME=/opt/rustwide/rustup-home" "-w" "/opt/rustwide/workdir" "-m" "1610612736" "--user" "0:0" "--network" "none" "ghcr.io/rust-lang/crates-build-env/linux@sha256:5736fa189c1c60b01babf4b8b698fe57b6ecc41933a7ff2e0b8d7a221459412b" "/opt/rustwide/cargo-home/bin/cargo" "+1.57.0" "test" "--frozen", kill_on_drop: false }`
[INFO] [stderr] WARNING: Your kernel does not support swap limit capabilities or the cgroup is not mounted. Memory limited without swap.
[INFO] [stdout] 22ca3cb6764d2fbabc4a373bd2e56fb13058d3043b6e88b6bdacb6441a3dcee9
[INFO] running `Command { std: "docker" "start" "-a" "22ca3cb6764d2fbabc4a373bd2e56fb13058d3043b6e88b6bdacb6441a3dcee9", kill_on_drop: false }`
[INFO] [stderr]     Finished test [unoptimized + debuginfo] target(s) in 0.14s
[INFO] [stderr]      Running unittests (/opt/rustwide/target/debug/deps/fluvio_storage-a4cf314fd416294b)
[INFO] [stdout] 
[INFO] [stdout] running 32 tests
[INFO] [stdout] test fixture::pin_tests::test_read_pin ... ok
[INFO] [stdout] test fixture::pin_tests::test_write_pin ... ok
[INFO] [stdout] test index::tests::test_index_search ... ok
[INFO] [stdout] test replica::tests::test_replica_delete_sync ... ok
[INFO] [stdout] test mut_records::tests::test_write_records_every_sync ... ok
[INFO] [stdout] test checkpoint::tests::checkpoint_test_sync ... ok
[INFO] [stdout] test mut_records::tests::test_write_records_count_sync ... ok
[INFO] [stdout] test range_map::tests::test_segment_read_empty_sync ... ok
[INFO] [stdout] test mut_index::tests::test_index_write_sync ... ok
[INFO] [stdout] test mut_index::tests::test_index_shrink_sync ... ok
[INFO] [stdout] test batch::tests::test_batch_stream_single_sync ... ok
[INFO] [stdout] test replica::tests::test_committed_fetch_sync ... ok
[INFO] [stdout] test util::tests::test_file_generation ... ok
[INFO] [stdout] test util::tests::test_log_path ... ok
[INFO] [stdout] test mut_index::tests::test_mut_index_findoffset_sync ... ok
[INFO] [stdout] test replica::tests::test_replica_commit_sync ... ok
[INFO] [stdout] test batch::tests::test_batch_stream_multiple_sync ... ok
[INFO] [stdout] test validator::tests::test_validate_empty_sync ... ok
[INFO] [stdout] test replica::tests::test_replica_simple_sync ... ok
[INFO] [stdout] test replica::tests::test_rep_log_roll_over_sync ... ok
[INFO] [stdout] test segment::tests::test_segment_multiple_record_sync ... ok
[INFO] [stdout] test replica::tests::test_replica_limit_batch_sync ... ok
[INFO] [stdout] test validator::tests::test_validate_offset_sync ... ok
[INFO] [stdout] test segment::tests::test_segment_single_record_sync ... ok
[INFO] [stdout] test replica::tests::test_uncommitted_fetch_sync ... ok
[INFO] [stdout] test validator::tests::test_validate_invalid_contents_sync ... ok
[INFO] [stdout] test range_map::tests::test_find_segment_sync ... ok
[INFO] [stdout] test range_map::tests::test_segment_read_many_sync ... ok
[INFO] [stdout] test replica::tests::test_replica_end_offset_sync ... ok
[INFO] [stdout] test validator::tests::test_validate_success_sync ... ok
[INFO] [stdout] test segment::tests::test_segment_multiple_batch_sync ... ok
[INFO] [stderr] error: test failed, to rerun pass '--lib'
[INFO] [stdout] test mut_records::tests::test_write_records_idle_delay_sync ... FAILED
[INFO] [stdout] 
[INFO] [stdout] failures:
[INFO] [stdout] 
[INFO] [stdout] ---- mut_records::tests::test_write_records_idle_delay_sync stdout ----
[INFO] [stdout] thread 'mut_records::tests::test_write_records_idle_delay_sync' panicked at 'assertion failed: `(left == right)`
[INFO] [stdout]   left: `2`,
[INFO] [stdout]  right: `3`', src/mut_records.rs:557:9
[INFO] [stdout] stack backtrace:
[INFO] [stdout]    0:     0x557e98919ffc - std::backtrace_rs::backtrace::libunwind::trace::hf6a6dfd7da937cb0
[INFO] [stdout]                                at /rustc/f1edd0429582dd29cccacaf50fd134b05593bd9c/library/std/src/../../backtrace/src/backtrace/libunwind.rs:90:5
[INFO] [stdout]    1:     0x557e98919ffc - std::backtrace_rs::backtrace::trace_unsynchronized::hc596a19e4891f7f3
[INFO] [stdout]                                at /rustc/f1edd0429582dd29cccacaf50fd134b05593bd9c/library/std/src/../../backtrace/src/backtrace/mod.rs:66:5
[INFO] [stdout]    2:     0x557e98919ffc - std::sys_common::backtrace::_print_fmt::hb16700db31584325
[INFO] [stdout]                                at /rustc/f1edd0429582dd29cccacaf50fd134b05593bd9c/library/std/src/sys_common/backtrace.rs:67:5
[INFO] [stdout]    3:     0x557e98919ffc - <std::sys_common::backtrace::_print::DisplayBacktrace as core::fmt::Display>::fmt::h231c4190cfa75162
[INFO] [stdout]                                at /rustc/f1edd0429582dd29cccacaf50fd134b05593bd9c/library/std/src/sys_common/backtrace.rs:46:22
[INFO] [stdout]    4:     0x557e9893e9ec - core::fmt::write::h2a1462b5f8eea807
[INFO] [stdout]                                at /rustc/f1edd0429582dd29cccacaf50fd134b05593bd9c/library/core/src/fmt/mod.rs:1163:17
[INFO] [stdout]    5:     0x557e989157c5 - std::io::Write::write_fmt::h54b98b921313820f
[INFO] [stdout]                                at /rustc/f1edd0429582dd29cccacaf50fd134b05593bd9c/library/std/src/io/mod.rs:1696:15
[INFO] [stdout]    6:     0x557e9891c180 - std::sys_common::backtrace::_print::hcc197d4bebf2b369
[INFO] [stdout]                                at /rustc/f1edd0429582dd29cccacaf50fd134b05593bd9c/library/std/src/sys_common/backtrace.rs:49:5
[INFO] [stdout]    7:     0x557e9891c180 - std::sys_common::backtrace::print::h335a66af06738c7c
[INFO] [stdout]                                at /rustc/f1edd0429582dd29cccacaf50fd134b05593bd9c/library/std/src/sys_common/backtrace.rs:36:9
[INFO] [stdout]    8:     0x557e9891c180 - std::panicking::default_hook::{{closure}}::h6fac9ac9c8b79e52
[INFO] [stdout]                                at /rustc/f1edd0429582dd29cccacaf50fd134b05593bd9c/library/std/src/panicking.rs:210:50
[INFO] [stdout]    9:     0x557e9891bd70 - std::panicking::default_hook::h341c1030c6a1161b
[INFO] [stdout]                                at /rustc/f1edd0429582dd29cccacaf50fd134b05593bd9c/library/std/src/panicking.rs:224:9
[INFO] [stdout]   10:     0x557e9891c834 - std::panicking::rust_panic_with_hook::h50680ff4b44510c6
[INFO] [stdout]                                at /rustc/f1edd0429582dd29cccacaf50fd134b05593bd9c/library/std/src/panicking.rs:624:17
[INFO] [stdout]   11:     0x557e9891c310 - std::panicking::begin_panic_handler::{{closure}}::h9371c0fbb1e8465a
[INFO] [stdout]                                at /rustc/f1edd0429582dd29cccacaf50fd134b05593bd9c/library/std/src/panicking.rs:521:13
[INFO] [stdout]   12:     0x557e9891a4a4 - std::sys_common::backtrace::__rust_end_short_backtrace::h9b3efa22a5768c0f
[INFO] [stdout]                                at /rustc/f1edd0429582dd29cccacaf50fd134b05593bd9c/library/std/src/sys_common/backtrace.rs:139:18
[INFO] [stdout]   13:     0x557e9891c279 - rust_begin_unwind
[INFO] [stdout]                                at /rustc/f1edd0429582dd29cccacaf50fd134b05593bd9c/library/std/src/panicking.rs:517:5
[INFO] [stdout]   14:     0x557e983dea01 - core::panicking::panic_fmt::h23b9203e89cc61cf
[INFO] [stdout]                                at /rustc/f1edd0429582dd29cccacaf50fd134b05593bd9c/library/core/src/panicking.rs:100:14
[INFO] [stdout]   15:     0x557e9893d558 - core::panicking::assert_failed_inner::h267919ed503c570e
[INFO] [stdout]   16:     0x557e98577bea - core::panicking::assert_failed::hd18d0becd081f322
[INFO] [stdout]                                at /rustc/f1edd0429582dd29cccacaf50fd134b05593bd9c/library/core/src/panicking.rs:138:5
[INFO] [stdout]   17:     0x557e98585681 - fluvio_storage::mut_records::tests::test_write_records_idle_delay_sync::test_write_records_idle_delay::{{closure}}::h10dae57fdf8631e8
[INFO] [stdout]                                at /opt/rustwide/workdir/src/mut_records.rs:557:9
[INFO] [stdout]   18:     0x557e98594437 - <core::future::from_generator::GenFuture<T> as core::future::future::Future>::poll::h9e4f5fe78e405424
[INFO] [stdout]                                at /rustc/f1edd0429582dd29cccacaf50fd134b05593bd9c/library/core/src/future/mod.rs:80:19
[INFO] [stdout]   19:     0x557e9858237c - fluvio_storage::mut_records::tests::test_write_records_idle_delay_sync::{{closure}}::h1db225d1b86272e4
[INFO] [stdout]                                at /opt/rustwide/workdir/src/mut_records.rs:506:5
[INFO] [stdout]   20:     0x557e985925e7 - <core::future::from_generator::GenFuture<T> as core::future::future::Future>::poll::h86fd462c8500ab38
[INFO] [stdout]                                at /rustc/f1edd0429582dd29cccacaf50fd134b05593bd9c/library/core/src/future/mod.rs:80:19
[INFO] [stdout]   21:     0x557e9846d9d3 - <async_std::task::builder::SupportTaskLocals<F> as core::future::future::Future>::poll::{{closure}}::h7bc6eefba0bbb712
[INFO] [stdout]                                at /opt/rustwide/cargo-home/registry/src/github.com-1ecc6299db9ec823/async-std-1.9.0/src/task/builder.rs:199:17
[INFO] [stdout]   22:     0x557e9853f79d - async_std::task::task_locals_wrapper::TaskLocalsWrapper::set_current::{{closure}}::h874fc74ba534c93b
[INFO] [stdout]                                at /opt/rustwide/cargo-home/registry/src/github.com-1ecc6299db9ec823/async-std-1.9.0/src/task/task_locals_wrapper.rs:60:13
[INFO] [stdout]   23:     0x557e98425058 - std::thread::local::LocalKey<T>::try_with::h206ad627813f07fa
[INFO] [stdout]                                at /rustc/f1edd0429582dd29cccacaf50fd134b05593bd9c/library/std/src/thread/local.rs:399:16
[INFO] [stdout]   24:     0x557e984227d8 - std::thread::local::LocalKey<T>::with::hff2efcf4fbc4c8e5
[INFO] [stdout]                                at /rustc/f1edd0429582dd29cccacaf50fd134b05593bd9c/library/std/src/thread/local.rs:375:9
[INFO] [stdout]   25:     0x557e9853cb7f - async_std::task::task_locals_wrapper::TaskLocalsWrapper::set_current::h4260d0b5a70da505
[INFO] [stdout]                                at /opt/rustwide/cargo-home/registry/src/github.com-1ecc6299db9ec823/async-std-1.9.0/src/task/task_locals_wrapper.rs:55:9
[INFO] [stdout]   26:     0x557e9846c7b2 - <async_std::task::builder::SupportTaskLocals<F> as core::future::future::Future>::poll::h06f68ebec248f0af
[INFO] [stdout]                                at /opt/rustwide/cargo-home/registry/src/github.com-1ecc6299db9ec823/async-std-1.9.0/src/task/builder.rs:197:13
[INFO] [stdout]   27:     0x557e985c3b66 - <futures_lite::future::Or<F1,F2> as core::future::future::Future>::poll::h4b15ba83d2871811
[INFO] [stdout]                                at /opt/rustwide/cargo-home/registry/src/github.com-1ecc6299db9ec823/futures-lite-1.11.3/src/future.rs:526:33
[INFO] [stdout]   28:     0x557e9845518c - async_executor::Executor::run::{{closure}}::h29c90dab7a0901a6
[INFO] [stdout]                                at /opt/rustwide/cargo-home/registry/src/github.com-1ecc6299db9ec823/async-executor-1.4.0/src/lib.rs:236:9
[INFO] [stdout]   29:     0x557e9858f277 - <core::future::from_generator::GenFuture<T> as core::future::future::Future>::poll::h4d7345c0e4d35f78
[INFO] [stdout]                                at /rustc/f1edd0429582dd29cccacaf50fd134b05593bd9c/library/core/src/future/mod.rs:80:19
[INFO] [stdout]   30:     0x557e984525f0 - async_executor::LocalExecutor::run::{{closure}}::hd61830b363990b7b
[INFO] [stdout]                                at /opt/rustwide/cargo-home/registry/src/github.com-1ecc6299db9ec823/async-executor-1.4.0/src/lib.rs:437:9
[INFO] [stdout]   31:     0x557e98593407 - <core::future::from_generator::GenFuture<T> as core::future::future::Future>::poll::h8f77a02961448214
[INFO] [stdout]                                at /rustc/f1edd0429582dd29cccacaf50fd134b05593bd9c/library/core/src/future/mod.rs:80:19
[INFO] [stdout]   32:     0x557e98565732 - async_io::driver::block_on::hf09595db192c0fe4
[INFO] [stdout]                                at /opt/rustwide/cargo-home/registry/src/github.com-1ecc6299db9ec823/async-io-1.3.1/src/driver.rs:142:33
[INFO] [stdout]   33:     0x557e9857386e - async_global_executor::reactor::block_on::{{closure}}::ha90190233308c6fc
[INFO] [stdout]                                at /opt/rustwide/cargo-home/registry/src/github.com-1ecc6299db9ec823/async-global-executor-2.0.2/src/reactor.rs:3:18
[INFO] [stdout]   34:     0x557e98572f4f - async_global_executor::reactor::block_on::h8e740513dd7cf58c
[INFO] [stdout]                                at /opt/rustwide/cargo-home/registry/src/github.com-1ecc6299db9ec823/async-global-executor-2.0.2/src/reactor.rs:12:5
[INFO] [stdout]   35:     0x557e984e7a0c - async_global_executor::executor::block_on::{{closure}}::h515e54da0b7b0cca
[INFO] [stdout]                                at /opt/rustwide/cargo-home/registry/src/github.com-1ecc6299db9ec823/async-global-executor-2.0.2/src/executor.rs:26:36
[INFO] [stdout]   36:     0x557e984240b3 - std::thread::local::LocalKey<T>::try_with::h13baf134f60cbe13
[INFO] [stdout]                                at /rustc/f1edd0429582dd29cccacaf50fd134b05593bd9c/library/std/src/thread/local.rs:399:16
[INFO] [stdout]   37:     0x557e9841f3b4 - std::thread::local::LocalKey<T>::with::h75d7fd9613943e78
[INFO] [stdout]                                at /rustc/f1edd0429582dd29cccacaf50fd134b05593bd9c/library/std/src/thread/local.rs:375:9
[INFO] [stdout]   38:     0x557e984e6d25 - async_global_executor::executor::block_on::h360484178f7850ab
[INFO] [stdout]                                at /opt/rustwide/cargo-home/registry/src/github.com-1ecc6299db9ec823/async-global-executor-2.0.2/src/executor.rs:26:5
[INFO] [stdout]   39:     0x557e98486344 - async_std::task::builder::Builder::blocking::{{closure}}::{{closure}}::h9040152bdf89dc69
[INFO] [stdout]                                at /opt/rustwide/cargo-home/registry/src/github.com-1ecc6299db9ec823/async-std-1.9.0/src/task/builder.rs:171:25
[INFO] [stdout]   40:     0x557e9853efc2 - async_std::task::task_locals_wrapper::TaskLocalsWrapper::set_current::{{closure}}::h592d4cfa469ce7e4
[INFO] [stdout]                                at /opt/rustwide/cargo-home/registry/src/github.com-1ecc6299db9ec823/async-std-1.9.0/src/task/task_locals_wrapper.rs:60:13
[INFO] [stdout]   41:     0x557e98423621 - std::thread::local::LocalKey<T>::try_with::h0d44b905e136de41
[INFO] [stdout]                                at /rustc/f1edd0429582dd29cccacaf50fd134b05593bd9c/library/std/src/thread/local.rs:399:16
[INFO] [stdout]   42:     0x557e9841c532 - std::thread::local::LocalKey<T>::with::h09fe430c43c494be
[INFO] [stdout]                                at /rustc/f1edd0429582dd29cccacaf50fd134b05593bd9c/library/std/src/thread/local.rs:375:9
[INFO] [stdout]   43:     0x557e9853d6f6 - async_std::task::task_locals_wrapper::TaskLocalsWrapper::set_current::hadc199a853a0091d
[INFO] [stdout]                                at /opt/rustwide/cargo-home/registry/src/github.com-1ecc6299db9ec823/async-std-1.9.0/src/task/task_locals_wrapper.rs:55:9
[INFO] [stdout]   44:     0x557e98483ffe - async_std::task::builder::Builder::blocking::{{closure}}::h9d685e2eeeb8dda0
[INFO] [stdout]                                at /opt/rustwide/cargo-home/registry/src/github.com-1ecc6299db9ec823/async-std-1.9.0/src/task/builder.rs:168:17
[INFO] [stdout]   45:     0x557e9842bec3 - std::thread::local::LocalKey<T>::try_with::h7d1bc6205b50a614
[INFO] [stdout]                                at /rustc/f1edd0429582dd29cccacaf50fd134b05593bd9c/library/std/src/thread/local.rs:399:16
[INFO] [stdout]   46:     0x557e98421ed4 - std::thread::local::LocalKey<T>::with::hf02b02cb0492e086
[INFO] [stdout]                                at /rustc/f1edd0429582dd29cccacaf50fd134b05593bd9c/library/std/src/thread/local.rs:375:9
[INFO] [stdout]   47:     0x557e9847e5f7 - async_std::task::builder::Builder::blocking::h3e2f6a1d00d37f85
[INFO] [stdout]                                at /opt/rustwide/cargo-home/registry/src/github.com-1ecc6299db9ec823/async-std-1.9.0/src/task/builder.rs:161:9
[INFO] [stdout]   48:     0x557e984d10fb - async_std::task::block_on::block_on::h72ae2ebb4333a49c
[INFO] [stdout]                                at /opt/rustwide/cargo-home/registry/src/github.com-1ecc6299db9ec823/async-std-1.9.0/src/task/block_on.rs:33:5
[INFO] [stdout]   49:     0x557e984e3aef - fluvio_future::task::run_block_on::hae0876543bbc2b81
[INFO] [stdout]                                at /opt/rustwide/cargo-home/registry/src/github.com-1ecc6299db9ec823/fluvio-future-0.1.15/src/task.rs:61:5
[INFO] [stdout]   50:     0x557e9858205b - fluvio_storage::mut_records::tests::test_write_records_idle_delay_sync::h30f07383b0a81d35
[INFO] [stdout]                                at /opt/rustwide/workdir/src/mut_records.rs:506:5
[INFO] [stdout]   51:     0x557e98581fea - fluvio_storage::mut_records::tests::test_write_records_idle_delay_sync::{{closure}}::h3280208aaab1272e
[INFO] [stdout]                                at /opt/rustwide/workdir/src/mut_records.rs:506:5
[INFO] [stdout]   52:     0x557e98514d7e - core::ops::function::FnOnce::call_once::he476be6950abbd68
[INFO] [stdout]                                at /rustc/f1edd0429582dd29cccacaf50fd134b05593bd9c/library/core/src/ops/function.rs:227:5
[INFO] [stdout]   53:     0x557e9860ff43 - core::ops::function::FnOnce::call_once::h83cc023b85256d97
[INFO] [stdout]                                at /rustc/f1edd0429582dd29cccacaf50fd134b05593bd9c/library/core/src/ops/function.rs:227:5
[INFO] [stdout]   54:     0x557e9860ff43 - test::__rust_begin_short_backtrace::h7330e4e8b0549e26
[INFO] [stdout]                                at /rustc/f1edd0429582dd29cccacaf50fd134b05593bd9c/library/test/src/lib.rs:585:5
[INFO] [stdout]   55:     0x557e9860e9c8 - <alloc::boxed::Box<F,A> as core::ops::function::FnOnce<Args>>::call_once::h6b77566b8f386abb
[INFO] [stdout]                                at /rustc/f1edd0429582dd29cccacaf50fd134b05593bd9c/library/alloc/src/boxed.rs:1691:9
[INFO] [stdout]   56:     0x557e9860e9c8 - <core::panic::unwind_safe::AssertUnwindSafe<F> as core::ops::function::FnOnce<()>>::call_once::h2ad5de64df41b71c
[INFO] [stdout]                                at /rustc/f1edd0429582dd29cccacaf50fd134b05593bd9c/library/core/src/panic/unwind_safe.rs:271:9
[INFO] [stdout]   57:     0x557e9860e9c8 - std::panicking::try::do_call::he67b1e56b423a618
[INFO] [stdout]                                at /rustc/f1edd0429582dd29cccacaf50fd134b05593bd9c/library/std/src/panicking.rs:403:40
[INFO] [stdout]   58:     0x557e9860e9c8 - std::panicking::try::ha9224adcdd41a723
[INFO] [stdout]                                at /rustc/f1edd0429582dd29cccacaf50fd134b05593bd9c/library/std/src/panicking.rs:367:19
[INFO] [stdout]   59:     0x557e9860e9c8 - std::panic::catch_unwind::h9111b58ae0b27828
[INFO] [stdout]                                at /rustc/f1edd0429582dd29cccacaf50fd134b05593bd9c/library/std/src/panic.rs:133:14
[INFO] [stdout]   60:     0x557e9860e9c8 - test::run_test_in_process::h15b6b7d5919893aa
[INFO] [stdout]                                at /rustc/f1edd0429582dd29cccacaf50fd134b05593bd9c/library/test/src/lib.rs:608:18
[INFO] [stdout]   61:     0x557e9860e9c8 - test::run_test::run_test_inner::{{closure}}::hf4315a4713f43c7c
[INFO] [stdout]                                at /rustc/f1edd0429582dd29cccacaf50fd134b05593bd9c/library/test/src/lib.rs:500:39
[INFO] [stdout]   62:     0x557e985dabae - test::run_test::run_test_inner::{{closure}}::he5ee4b72e81a03c9
[INFO] [stdout]                                at /rustc/f1edd0429582dd29cccacaf50fd134b05593bd9c/library/test/src/lib.rs:527:37
[INFO] [stdout]   63:     0x557e985dabae - std::sys_common::backtrace::__rust_begin_short_backtrace::h95ee850adb4781e8
[INFO] [stdout]                                at /rustc/f1edd0429582dd29cccacaf50fd134b05593bd9c/library/std/src/sys_common/backtrace.rs:123:18
[INFO] [stdout]   64:     0x557e985df9a8 - std::thread::Builder::spawn_unchecked::{{closure}}::{{closure}}::h021e24a415db235d
[INFO] [stdout]                                at /rustc/f1edd0429582dd29cccacaf50fd134b05593bd9c/library/std/src/thread/mod.rs:483:17
[INFO] [stdout]   65:     0x557e985df9a8 - <core::panic::unwind_safe::AssertUnwindSafe<F> as core::ops::function::FnOnce<()>>::call_once::haeadffca71b0b3db
[INFO] [stdout]                                at /rustc/f1edd0429582dd29cccacaf50fd134b05593bd9c/library/core/src/panic/unwind_safe.rs:271:9
[INFO] [stdout]   66:     0x557e985df9a8 - std::panicking::try::do_call::hccb88781ab950fde
[INFO] [stdout]                                at /rustc/f1edd0429582dd29cccacaf50fd134b05593bd9c/library/std/src/panicking.rs:403:40
[INFO] [stdout]   67:     0x557e985df9a8 - std::panicking::try::h5f12d1df9398dffe
[INFO] [stdout]                                at /rustc/f1edd0429582dd29cccacaf50fd134b05593bd9c/library/std/src/panicking.rs:367:19
[INFO] [stdout]   68:     0x557e985df9a8 - std::panic::catch_unwind::h613f52076bf29f32
[INFO] [stdout]                                at /rustc/f1edd0429582dd29cccacaf50fd134b05593bd9c/library/std/src/panic.rs:133:14
[INFO] [stdout]   69:     0x557e985df9a8 - std::thread::Builder::spawn_unchecked::{{closure}}::h0c75f5a4c2ca7c3c
[INFO] [stdout]                                at /rustc/f1edd0429582dd29cccacaf50fd134b05593bd9c/library/std/src/thread/mod.rs:482:30
[INFO] [stdout]   70:     0x557e985df9a8 - core::ops::function::FnOnce::call_once{{vtable.shim}}::h430a5db0c11b32f8
[INFO] [stdout]                                at /rustc/f1edd0429582dd29cccacaf50fd134b05593bd9c/library/core/src/ops/function.rs:227:5
[INFO] [stdout]   71:     0x557e989222a3 - <alloc::boxed::Box<F,A> as core::ops::function::FnOnce<Args>>::call_once::h7bd677a5dc988be6
[INFO] [stdout]                                at /rustc/f1edd0429582dd29cccacaf50fd134b05593bd9c/library/alloc/src/boxed.rs:1691:9
[INFO] [stdout]   72:     0x557e989222a3 - <alloc::boxed::Box<F,A> as core::ops::function::FnOnce<Args>>::call_once::h7b1c1ba11c4db785
[INFO] [stdout]                                at /rustc/f1edd0429582dd29cccacaf50fd134b05593bd9c/library/alloc/src/boxed.rs:1691:9
[INFO] [stdout]   73:     0x557e989222a3 - std::sys::unix::thread::Thread::new::thread_start::h9c58c0d12d84e854
[INFO] [stdout]                                at /rustc/f1edd0429582dd29cccacaf50fd134b05593bd9c/library/std/src/sys/unix/thread.rs:106:17
[INFO] [stdout]   74:     0x7f5927400609 - start_thread
[INFO] [stdout]   75:     0x7f59271d0293 - clone
[INFO] [stdout]   76:                0x0 - <unknown>
[INFO] [stdout] 
[INFO] [stdout] 
[INFO] [stdout] failures:
[INFO] [stdout]     mut_records::tests::test_write_records_idle_delay_sync
[INFO] [stdout] 
[INFO] [stdout] test result: FAILED. 31 passed; 1 failed; 0 ignored; 0 measured; 0 filtered out; finished in 0.76s
[INFO] [stdout] 
[INFO] running `Command { std: "docker" "inspect" "22ca3cb6764d2fbabc4a373bd2e56fb13058d3043b6e88b6bdacb6441a3dcee9", kill_on_drop: false }`
[INFO] running `Command { std: "docker" "rm" "-f" "22ca3cb6764d2fbabc4a373bd2e56fb13058d3043b6e88b6bdacb6441a3dcee9", kill_on_drop: false }`
[INFO] [stdout] 22ca3cb6764d2fbabc4a373bd2e56fb13058d3043b6e88b6bdacb6441a3dcee9