[INFO] cloning repository https://github.com/vspecky/neat-rs
[INFO] running `Command { std: "git" "-c" "credential.helper=" "-c" "credential.helper=/workspace/cargo-home/bin/git-credential-null" "clone" "--bare" "https://github.com/vspecky/neat-rs" "/workspace/cache/git-repos/https%3A%2F%2Fgithub.com%2Fvspecky%2Fneat-rs", kill_on_drop: false }`
[INFO] [stderr] Cloning into bare repository '/workspace/cache/git-repos/https%3A%2F%2Fgithub.com%2Fvspecky%2Fneat-rs'...
[INFO] running `Command { std: "git" "rev-parse" "HEAD", kill_on_drop: false }`
[INFO] [stdout] 4103fcdd92158232165a67f6401c77afa9930c19
[INFO] testing vspecky/neat-rs against 1.57.0 for beta-1.58-1
[INFO] running `Command { std: "git" "clone" "/workspace/cache/git-repos/https%3A%2F%2Fgithub.com%2Fvspecky%2Fneat-rs" "/workspace/builds/worker-14/source", kill_on_drop: false }`
[INFO] [stderr] Cloning into '/workspace/builds/worker-14/source'...
[INFO] [stderr] done.
[INFO] validating manifest of git repo https://github.com/vspecky/neat-rs on toolchain 1.57.0
[INFO] running `Command { std: "/workspace/cargo-home/bin/cargo" "+1.57.0" "metadata" "--manifest-path" "Cargo.toml" "--no-deps", kill_on_drop: false }`
[INFO] started tweaking git repo https://github.com/vspecky/neat-rs
[INFO] finished tweaking git repo https://github.com/vspecky/neat-rs
[INFO] tweaked toml for git repo https://github.com/vspecky/neat-rs written to /workspace/builds/worker-14/source/Cargo.toml
[INFO] crate git repo https://github.com/vspecky/neat-rs already has a lockfile, it will not be regenerated
[INFO] running `Command { std: "/workspace/cargo-home/bin/cargo" "+1.57.0" "fetch" "--manifest-path" "Cargo.toml", kill_on_drop: false }`
[INFO] [stderr]     Blocking waiting for file lock on package cache
[INFO] running `Command { std: "docker" "create" "-v" "/var/lib/crater-agent-workspace/builds/worker-14/target:/opt/rustwide/target:rw,Z" "-v" "/var/lib/crater-agent-workspace/builds/worker-14/source:/opt/rustwide/workdir:ro,Z" "-v" "/var/lib/crater-agent-workspace/cargo-home:/opt/rustwide/cargo-home:ro,Z" "-v" "/var/lib/crater-agent-workspace/rustup-home:/opt/rustwide/rustup-home:ro,Z" "-e" "SOURCE_DIR=/opt/rustwide/workdir" "-e" "CARGO_TARGET_DIR=/opt/rustwide/target" "-e" "CARGO_HOME=/opt/rustwide/cargo-home" "-e" "RUSTUP_HOME=/opt/rustwide/rustup-home" "-w" "/opt/rustwide/workdir" "-m" "1610612736" "--user" "0:0" "--network" "none" "ghcr.io/rust-lang/crates-build-env/linux@sha256:5736fa189c1c60b01babf4b8b698fe57b6ecc41933a7ff2e0b8d7a221459412b" "/opt/rustwide/cargo-home/bin/cargo" "+1.57.0" "metadata" "--no-deps" "--format-version=1", kill_on_drop: false }`
[INFO] [stdout] 0f38ac4a00c25a54fc7c3830c806ce71fb3133c77d6c730ee634a876cb8132e6
[INFO] [stderr] WARNING: Your kernel does not support swap limit capabilities or the cgroup is not mounted. Memory limited without swap.
[INFO] running `Command { std: "docker" "start" "-a" "0f38ac4a00c25a54fc7c3830c806ce71fb3133c77d6c730ee634a876cb8132e6", kill_on_drop: false }`
[INFO] running `Command { std: "docker" "inspect" "0f38ac4a00c25a54fc7c3830c806ce71fb3133c77d6c730ee634a876cb8132e6", kill_on_drop: false }`
[INFO] running `Command { std: "docker" "rm" "-f" "0f38ac4a00c25a54fc7c3830c806ce71fb3133c77d6c730ee634a876cb8132e6", kill_on_drop: false }`
[INFO] [stdout] 0f38ac4a00c25a54fc7c3830c806ce71fb3133c77d6c730ee634a876cb8132e6
[INFO] running `Command { std: "docker" "create" "-v" "/var/lib/crater-agent-workspace/builds/worker-14/target:/opt/rustwide/target:rw,Z" "-v" "/var/lib/crater-agent-workspace/builds/worker-14/source:/opt/rustwide/workdir:ro,Z" "-v" "/var/lib/crater-agent-workspace/cargo-home:/opt/rustwide/cargo-home:ro,Z" "-v" "/var/lib/crater-agent-workspace/rustup-home:/opt/rustwide/rustup-home:ro,Z" "-e" "SOURCE_DIR=/opt/rustwide/workdir" "-e" "CARGO_TARGET_DIR=/opt/rustwide/target" "-e" "CARGO_INCREMENTAL=0" "-e" "RUST_BACKTRACE=full" "-e" "RUSTFLAGS=--cap-lints=warn" "-e" "CARGO_HOME=/opt/rustwide/cargo-home" "-e" "RUSTUP_HOME=/opt/rustwide/rustup-home" "-w" "/opt/rustwide/workdir" "-m" "1610612736" "--user" "0:0" "--network" "none" "ghcr.io/rust-lang/crates-build-env/linux@sha256:5736fa189c1c60b01babf4b8b698fe57b6ecc41933a7ff2e0b8d7a221459412b" "/opt/rustwide/cargo-home/bin/cargo" "+1.57.0" "build" "--frozen" "--message-format=json", kill_on_drop: false }`
[INFO] [stdout] 5b4211370afd8bfcd3f89e849dfc492f78d9883e4f94abe7d3137f904ca854a2
[INFO] [stderr] WARNING: Your kernel does not support swap limit capabilities or the cgroup is not mounted. Memory limited without swap.
[INFO] running `Command { std: "docker" "start" "-a" "5b4211370afd8bfcd3f89e849dfc492f78d9883e4f94abe7d3137f904ca854a2", kill_on_drop: false }`
[INFO] [stderr]    Compiling libc v0.2.74
[INFO] [stderr]    Compiling getrandom v0.1.14
[INFO] [stderr]    Compiling rand_core v0.5.1
[INFO] [stderr]    Compiling rand_chacha v0.2.2
[INFO] [stderr]    Compiling rand v0.7.3
[INFO] [stderr]    Compiling rand_distr v0.2.2
[INFO] [stderr]    Compiling neat_rs v0.9.0 (/opt/rustwide/workdir)
[INFO] [stderr]     Finished dev [unoptimized + debuginfo] target(s) in 10.00s
[INFO] running `Command { std: "docker" "inspect" "5b4211370afd8bfcd3f89e849dfc492f78d9883e4f94abe7d3137f904ca854a2", kill_on_drop: false }`
[INFO] running `Command { std: "docker" "rm" "-f" "5b4211370afd8bfcd3f89e849dfc492f78d9883e4f94abe7d3137f904ca854a2", kill_on_drop: false }`
[INFO] [stdout] 5b4211370afd8bfcd3f89e849dfc492f78d9883e4f94abe7d3137f904ca854a2
[INFO] running `Command { std: "docker" "create" "-v" "/var/lib/crater-agent-workspace/builds/worker-14/target:/opt/rustwide/target:rw,Z" "-v" "/var/lib/crater-agent-workspace/builds/worker-14/source:/opt/rustwide/workdir:ro,Z" "-v" "/var/lib/crater-agent-workspace/cargo-home:/opt/rustwide/cargo-home:ro,Z" "-v" "/var/lib/crater-agent-workspace/rustup-home:/opt/rustwide/rustup-home:ro,Z" "-e" "SOURCE_DIR=/opt/rustwide/workdir" "-e" "CARGO_TARGET_DIR=/opt/rustwide/target" "-e" "CARGO_INCREMENTAL=0" "-e" "RUST_BACKTRACE=full" "-e" "RUSTFLAGS=--cap-lints=warn" "-e" "CARGO_HOME=/opt/rustwide/cargo-home" "-e" "RUSTUP_HOME=/opt/rustwide/rustup-home" "-w" "/opt/rustwide/workdir" "-m" "1610612736" "--user" "0:0" "--network" "none" "ghcr.io/rust-lang/crates-build-env/linux@sha256:5736fa189c1c60b01babf4b8b698fe57b6ecc41933a7ff2e0b8d7a221459412b" "/opt/rustwide/cargo-home/bin/cargo" "+1.57.0" "test" "--frozen" "--no-run" "--message-format=json", kill_on_drop: false }`
[INFO] [stdout] 989b3279cbc276da85ede01573c402e8a1d7b15b9518524930b449a882bae4e3
[INFO] [stderr] WARNING: Your kernel does not support swap limit capabilities or the cgroup is not mounted. Memory limited without swap.
[INFO] running `Command { std: "docker" "start" "-a" "989b3279cbc276da85ede01573c402e8a1d7b15b9518524930b449a882bae4e3", kill_on_drop: false }`
[INFO] [stderr]    Compiling neat_rs v0.9.0 (/opt/rustwide/workdir)
[INFO] [stderr]     Finished test [unoptimized + debuginfo] target(s) in 2.71s
[INFO] running `Command { std: "docker" "inspect" "989b3279cbc276da85ede01573c402e8a1d7b15b9518524930b449a882bae4e3", kill_on_drop: false }`
[INFO] running `Command { std: "docker" "rm" "-f" "989b3279cbc276da85ede01573c402e8a1d7b15b9518524930b449a882bae4e3", kill_on_drop: false }`
[INFO] [stdout] 989b3279cbc276da85ede01573c402e8a1d7b15b9518524930b449a882bae4e3
[INFO] running `Command { std: "docker" "create" "-v" "/var/lib/crater-agent-workspace/builds/worker-14/target:/opt/rustwide/target:rw,Z" "-v" "/var/lib/crater-agent-workspace/builds/worker-14/source:/opt/rustwide/workdir:ro,Z" "-v" "/var/lib/crater-agent-workspace/cargo-home:/opt/rustwide/cargo-home:ro,Z" "-v" "/var/lib/crater-agent-workspace/rustup-home:/opt/rustwide/rustup-home:ro,Z" "-e" "SOURCE_DIR=/opt/rustwide/workdir" "-e" "CARGO_TARGET_DIR=/opt/rustwide/target" "-e" "CARGO_INCREMENTAL=0" "-e" "RUST_BACKTRACE=full" "-e" "RUSTFLAGS=--cap-lints=warn" "-e" "CARGO_HOME=/opt/rustwide/cargo-home" "-e" "RUSTUP_HOME=/opt/rustwide/rustup-home" "-w" "/opt/rustwide/workdir" "-m" "1610612736" "--user" "0:0" "--network" "none" "ghcr.io/rust-lang/crates-build-env/linux@sha256:5736fa189c1c60b01babf4b8b698fe57b6ecc41933a7ff2e0b8d7a221459412b" "/opt/rustwide/cargo-home/bin/cargo" "+1.57.0" "test" "--frozen", kill_on_drop: false }`
[INFO] [stdout] 12f31469312a263297a84c6e91e030575eb1400a85a61e0193a575eef370fd54
[INFO] [stderr] WARNING: Your kernel does not support swap limit capabilities or the cgroup is not mounted. Memory limited without swap.
[INFO] running `Command { std: "docker" "start" "-a" "12f31469312a263297a84c6e91e030575eb1400a85a61e0193a575eef370fd54", kill_on_drop: false }`
[INFO] [stderr]     Finished test [unoptimized + debuginfo] target(s) in 0.02s
[INFO] [stderr]      Running unittests (/opt/rustwide/target/debug/deps/neat_rs-bb53317e6c6ff9eb)
[INFO] [stdout] 
[INFO] [stdout] running 4 tests
[INFO] [stderr]      Running tests/xor.rs (/opt/rustwide/target/debug/deps/xor-46e8c7c6c6b31cf0)
[INFO] [stdout] test genome::test::conn_mut_fully_connected ... ok
[INFO] [stdout] test genome::test::node_mut ... ok
[INFO] [stdout] test genome::test::conn_mut_new ... ok
[INFO] [stdout] test genome::test::test_genome ... ok
[INFO] [stdout] 
[INFO] [stdout] test result: ok. 4 passed; 0 failed; 0 ignored; 0 measured; 0 filtered out; finished in 0.00s
[INFO] [stdout] 
[INFO] [stdout] 
[INFO] [stdout] running 1 test
[INFO] [stderr] error: test failed, to rerun pass '--test xor'
[INFO] [stdout] test xor ... FAILED
[INFO] [stdout] 
[INFO] [stdout] failures:
[INFO] [stdout] 
[INFO] [stdout] ---- xor stdout ----
[INFO] [stdout] thread 'xor' panicked at 'assertion failed: best_fitness > 3.0', tests/xor.rs:89:5
[INFO] [stdout] stack backtrace:
[INFO] [stdout]    0:     0x55ac3cd2ac8c - std::backtrace_rs::backtrace::libunwind::trace::hf6a6dfd7da937cb0
[INFO] [stdout]                                at /rustc/f1edd0429582dd29cccacaf50fd134b05593bd9c/library/std/src/../../backtrace/src/backtrace/libunwind.rs:90:5
[INFO] [stdout]    1:     0x55ac3cd2ac8c - std::backtrace_rs::backtrace::trace_unsynchronized::hc596a19e4891f7f3
[INFO] [stdout]                                at /rustc/f1edd0429582dd29cccacaf50fd134b05593bd9c/library/std/src/../../backtrace/src/backtrace/mod.rs:66:5
[INFO] [stdout]    2:     0x55ac3cd2ac8c - std::sys_common::backtrace::_print_fmt::hb16700db31584325
[INFO] [stdout]                                at /rustc/f1edd0429582dd29cccacaf50fd134b05593bd9c/library/std/src/sys_common/backtrace.rs:67:5
[INFO] [stdout]    3:     0x55ac3cd2ac8c - <std::sys_common::backtrace::_print::DisplayBacktrace as core::fmt::Display>::fmt::h231c4190cfa75162
[INFO] [stdout]                                at /rustc/f1edd0429582dd29cccacaf50fd134b05593bd9c/library/std/src/sys_common/backtrace.rs:46:22
[INFO] [stdout]    4:     0x55ac3cd4dc9c - core::fmt::write::h2a1462b5f8eea807
[INFO] [stdout]                                at /rustc/f1edd0429582dd29cccacaf50fd134b05593bd9c/library/core/src/fmt/mod.rs:1163:17
[INFO] [stdout]    5:     0x55ac3cd26c75 - std::io::Write::write_fmt::h54b98b921313820f
[INFO] [stdout]                                at /rustc/f1edd0429582dd29cccacaf50fd134b05593bd9c/library/std/src/io/mod.rs:1696:15
[INFO] [stdout]    6:     0x55ac3cd2c950 - std::sys_common::backtrace::_print::hcc197d4bebf2b369
[INFO] [stdout]                                at /rustc/f1edd0429582dd29cccacaf50fd134b05593bd9c/library/std/src/sys_common/backtrace.rs:49:5
[INFO] [stdout]    7:     0x55ac3cd2c950 - std::sys_common::backtrace::print::h335a66af06738c7c
[INFO] [stdout]                                at /rustc/f1edd0429582dd29cccacaf50fd134b05593bd9c/library/std/src/sys_common/backtrace.rs:36:9
[INFO] [stdout]    8:     0x55ac3cd2c950 - std::panicking::default_hook::{{closure}}::h6fac9ac9c8b79e52
[INFO] [stdout]                                at /rustc/f1edd0429582dd29cccacaf50fd134b05593bd9c/library/std/src/panicking.rs:210:50
[INFO] [stdout]    9:     0x55ac3cd2c540 - std::panicking::default_hook::h341c1030c6a1161b
[INFO] [stdout]                                at /rustc/f1edd0429582dd29cccacaf50fd134b05593bd9c/library/std/src/panicking.rs:224:9
[INFO] [stdout]   10:     0x55ac3cd2d004 - std::panicking::rust_panic_with_hook::h50680ff4b44510c6
[INFO] [stdout]                                at /rustc/f1edd0429582dd29cccacaf50fd134b05593bd9c/library/std/src/panicking.rs:624:17
[INFO] [stdout]   11:     0x55ac3cd2cab2 - std::panicking::begin_panic_handler::{{closure}}::h9371c0fbb1e8465a
[INFO] [stdout]                                at /rustc/f1edd0429582dd29cccacaf50fd134b05593bd9c/library/std/src/panicking.rs:519:13
[INFO] [stdout]   12:     0x55ac3cd2b134 - std::sys_common::backtrace::__rust_end_short_backtrace::h9b3efa22a5768c0f
[INFO] [stdout]                                at /rustc/f1edd0429582dd29cccacaf50fd134b05593bd9c/library/std/src/sys_common/backtrace.rs:139:18
[INFO] [stdout]   13:     0x55ac3cd2ca49 - rust_begin_unwind
[INFO] [stdout]                                at /rustc/f1edd0429582dd29cccacaf50fd134b05593bd9c/library/std/src/panicking.rs:517:5
[INFO] [stdout]   14:     0x55ac3cc598f1 - core::panicking::panic_fmt::h23b9203e89cc61cf
[INFO] [stdout]                                at /rustc/f1edd0429582dd29cccacaf50fd134b05593bd9c/library/core/src/panicking.rs:100:14
[INFO] [stdout]   15:     0x55ac3cc5983d - core::panicking::panic::h0ba7146865b2f9d6
[INFO] [stdout]                                at /rustc/f1edd0429582dd29cccacaf50fd134b05593bd9c/library/core/src/panicking.rs:50:5
[INFO] [stdout]   16:     0x55ac3cc5ae0a - xor::xor::h0b362542631c52e4
[INFO] [stdout]                                at /opt/rustwide/workdir/tests/xor.rs:89:5
[INFO] [stdout]   17:     0x55ac3cc5a6aa - xor::xor::{{closure}}::h80705cc7034c8d8c
[INFO] [stdout]                                at /opt/rustwide/workdir/tests/xor.rs:21:1
[INFO] [stdout]   18:     0x55ac3cc5b21e - core::ops::function::FnOnce::call_once::hb21a746db07dcf56
[INFO] [stdout]                                at /rustc/f1edd0429582dd29cccacaf50fd134b05593bd9c/library/core/src/ops/function.rs:227:5
[INFO] [stdout]   19:     0x55ac3cc91403 - core::ops::function::FnOnce::call_once::h83cc023b85256d97
[INFO] [stdout]                                at /rustc/f1edd0429582dd29cccacaf50fd134b05593bd9c/library/core/src/ops/function.rs:227:5
[INFO] [stdout]   20:     0x55ac3cc91403 - test::__rust_begin_short_backtrace::h7330e4e8b0549e26
[INFO] [stdout]                                at /rustc/f1edd0429582dd29cccacaf50fd134b05593bd9c/library/test/src/lib.rs:585:5
[INFO] [stdout]   21:     0x55ac3cc8fe88 - <alloc::boxed::Box<F,A> as core::ops::function::FnOnce<Args>>::call_once::h6b77566b8f386abb
[INFO] [stdout]                                at /rustc/f1edd0429582dd29cccacaf50fd134b05593bd9c/library/alloc/src/boxed.rs:1691:9
[INFO] [stdout]   22:     0x55ac3cc8fe88 - <core::panic::unwind_safe::AssertUnwindSafe<F> as core::ops::function::FnOnce<()>>::call_once::h2ad5de64df41b71c
[INFO] [stdout]                                at /rustc/f1edd0429582dd29cccacaf50fd134b05593bd9c/library/core/src/panic/unwind_safe.rs:271:9
[INFO] [stdout]   23:     0x55ac3cc8fe88 - std::panicking::try::do_call::he67b1e56b423a618
[INFO] [stdout]                                at /rustc/f1edd0429582dd29cccacaf50fd134b05593bd9c/library/std/src/panicking.rs:403:40
[INFO] [stdout]   24:     0x55ac3cc8fe88 - std::panicking::try::ha9224adcdd41a723
[INFO] [stdout]                                at /rustc/f1edd0429582dd29cccacaf50fd134b05593bd9c/library/std/src/panicking.rs:367:19
[INFO] [stdout]   25:     0x55ac3cc8fe88 - std::panic::catch_unwind::h9111b58ae0b27828
[INFO] [stdout]                                at /rustc/f1edd0429582dd29cccacaf50fd134b05593bd9c/library/std/src/panic.rs:133:14
[INFO] [stdout]   26:     0x55ac3cc8fe88 - test::run_test_in_process::h15b6b7d5919893aa
[INFO] [stdout]                                at /rustc/f1edd0429582dd29cccacaf50fd134b05593bd9c/library/test/src/lib.rs:608:18
[INFO] [stdout]   27:     0x55ac3cc8fe88 - test::run_test::run_test_inner::{{closure}}::hf4315a4713f43c7c
[INFO] [stdout]                                at /rustc/f1edd0429582dd29cccacaf50fd134b05593bd9c/library/test/src/lib.rs:500:39
[INFO] [stdout]   28:     0x55ac3cc5c06e - test::run_test::run_test_inner::{{closure}}::he5ee4b72e81a03c9
[INFO] [stdout]                                at /rustc/f1edd0429582dd29cccacaf50fd134b05593bd9c/library/test/src/lib.rs:527:37
[INFO] [stdout]   29:     0x55ac3cc5c06e - std::sys_common::backtrace::__rust_begin_short_backtrace::h95ee850adb4781e8
[INFO] [stdout]                                at /rustc/f1edd0429582dd29cccacaf50fd134b05593bd9c/library/std/src/sys_common/backtrace.rs:123:18
[INFO] [stdout]   30:     0x55ac3cc60e68 - std::thread::Builder::spawn_unchecked::{{closure}}::{{closure}}::h021e24a415db235d
[INFO] [stdout]                                at /rustc/f1edd0429582dd29cccacaf50fd134b05593bd9c/library/std/src/thread/mod.rs:483:17
[INFO] [stdout]   31:     0x55ac3cc60e68 - <core::panic::unwind_safe::AssertUnwindSafe<F> as core::ops::function::FnOnce<()>>::call_once::haeadffca71b0b3db
[INFO] [stdout]                                at /rustc/f1edd0429582dd29cccacaf50fd134b05593bd9c/library/core/src/panic/unwind_safe.rs:271:9
[INFO] [stdout]   32:     0x55ac3cc60e68 - std::panicking::try::do_call::hccb88781ab950fde
[INFO] [stdout]                                at /rustc/f1edd0429582dd29cccacaf50fd134b05593bd9c/library/std/src/panicking.rs:403:40
[INFO] [stdout]   33:     0x55ac3cc60e68 - std::panicking::try::h5f12d1df9398dffe
[INFO] [stdout]                                at /rustc/f1edd0429582dd29cccacaf50fd134b05593bd9c/library/std/src/panicking.rs:367:19
[INFO] [stdout]   34:     0x55ac3cc60e68 - std::panic::catch_unwind::h613f52076bf29f32
[INFO] [stdout]                                at /rustc/f1edd0429582dd29cccacaf50fd134b05593bd9c/library/std/src/panic.rs:133:14
[INFO] [stdout]   35:     0x55ac3cc60e68 - std::thread::Builder::spawn_unchecked::{{closure}}::h0c75f5a4c2ca7c3c
[INFO] [stdout]                                at /rustc/f1edd0429582dd29cccacaf50fd134b05593bd9c/library/std/src/thread/mod.rs:482:30
[INFO] [stdout]   36:     0x55ac3cc60e68 - core::ops::function::FnOnce::call_once{{vtable.shim}}::h430a5db0c11b32f8
[INFO] [stdout]                                at /rustc/f1edd0429582dd29cccacaf50fd134b05593bd9c/library/core/src/ops/function.rs:227:5
[INFO] [stdout]   37:     0x55ac3cd31933 - <alloc::boxed::Box<F,A> as core::ops::function::FnOnce<Args>>::call_once::h7bd677a5dc988be6
[INFO] [stdout]                                at /rustc/f1edd0429582dd29cccacaf50fd134b05593bd9c/library/alloc/src/boxed.rs:1691:9
[INFO] [stdout]   38:     0x55ac3cd31933 - <alloc::boxed::Box<F,A> as core::ops::function::FnOnce<Args>>::call_once::h7b1c1ba11c4db785
[INFO] [stdout]                                at /rustc/f1edd0429582dd29cccacaf50fd134b05593bd9c/library/alloc/src/boxed.rs:1691:9
[INFO] [stdout]   39:     0x55ac3cd31933 - std::sys::unix::thread::Thread::new::thread_start::h9c58c0d12d84e854
[INFO] [stdout]                                at /rustc/f1edd0429582dd29cccacaf50fd134b05593bd9c/library/std/src/sys/unix/thread.rs:106:17
[INFO] [stdout]   40:     0x7fe672af0609 - start_thread
[INFO] [stdout]   41:     0x7fe672d7b293 - clone
[INFO] [stdout]   42:                0x0 - <unknown>
[INFO] [stdout] 
[INFO] [stdout] 
[INFO] [stdout] failures:
[INFO] [stdout]     xor
[INFO] [stdout] 
[INFO] [stdout] test result: FAILED. 0 passed; 1 failed; 0 ignored; 0 measured; 0 filtered out; finished in 6.66s
[INFO] [stdout] 
[INFO] running `Command { std: "docker" "inspect" "12f31469312a263297a84c6e91e030575eb1400a85a61e0193a575eef370fd54", kill_on_drop: false }`
[INFO] running `Command { std: "docker" "rm" "-f" "12f31469312a263297a84c6e91e030575eb1400a85a61e0193a575eef370fd54", kill_on_drop: false }`
[INFO] [stdout] 12f31469312a263297a84c6e91e030575eb1400a85a61e0193a575eef370fd54