[INFO] fetching crate mcpat-sys 0.8.0...
[INFO] checking mcpat-sys-0.8.0 against 1.55.0 for beta-1.56-3
[INFO] extracting crate mcpat-sys 0.8.0 into /workspace/builds/worker-83/source
[INFO] validating manifest of crates.io crate mcpat-sys 0.8.0 on toolchain 1.55.0
[INFO] running `Command { std: "/workspace/cargo-home/bin/cargo" "+1.55.0" "metadata" "--manifest-path" "Cargo.toml" "--no-deps", kill_on_drop: false }`
[INFO] started tweaking crates.io crate mcpat-sys 0.8.0
[INFO] finished tweaking crates.io crate mcpat-sys 0.8.0
[INFO] tweaked toml for crates.io crate mcpat-sys 0.8.0 written to /workspace/builds/worker-83/source/Cargo.toml
[INFO] running `Command { std: "/workspace/cargo-home/bin/cargo" "+1.55.0" "generate-lockfile" "--manifest-path" "Cargo.toml" "-Zno-index-update", kill_on_drop: false }`
[INFO] running `Command { std: "/workspace/cargo-home/bin/cargo" "+1.55.0" "fetch" "--manifest-path" "Cargo.toml", kill_on_drop: false }`
[INFO] [stderr]     Blocking waiting for file lock on package cache
[INFO] running `Command { std: "docker" "create" "-v" "/var/lib/crater-agent-workspace/builds/worker-83/target:/opt/rustwide/target:rw,Z" "-v" "/var/lib/crater-agent-workspace/builds/worker-83/source:/opt/rustwide/workdir:ro,Z" "-v" "/var/lib/crater-agent-workspace/cargo-home:/opt/rustwide/cargo-home:ro,Z" "-v" "/var/lib/crater-agent-workspace/rustup-home:/opt/rustwide/rustup-home:ro,Z" "-e" "SOURCE_DIR=/opt/rustwide/workdir" "-e" "CARGO_TARGET_DIR=/opt/rustwide/target" "-e" "CARGO_HOME=/opt/rustwide/cargo-home" "-e" "RUSTUP_HOME=/opt/rustwide/rustup-home" "-w" "/opt/rustwide/workdir" "-m" "1610612736" "--user" "0:0" "--network" "none" "ghcr.io/rust-lang/crates-build-env/linux@sha256:a89201d6b5b9fd45c15d5952ece0a0129e7e80cb26ec023fd59cf09bc26f1604" "/opt/rustwide/cargo-home/bin/cargo" "+1.55.0" "metadata" "--no-deps" "--format-version=1", kill_on_drop: false }`
[INFO] [stdout] 0d3f9c34ac7cfc3861c842d6961ce55e312ed44ce9bab011ac317416cc64fdbf
[INFO] running `Command { std: "docker" "start" "-a" "0d3f9c34ac7cfc3861c842d6961ce55e312ed44ce9bab011ac317416cc64fdbf", kill_on_drop: false }`
[INFO] running `Command { std: "docker" "inspect" "0d3f9c34ac7cfc3861c842d6961ce55e312ed44ce9bab011ac317416cc64fdbf", kill_on_drop: false }`
[INFO] running `Command { std: "docker" "rm" "-f" "0d3f9c34ac7cfc3861c842d6961ce55e312ed44ce9bab011ac317416cc64fdbf", kill_on_drop: false }`
[INFO] [stdout] 0d3f9c34ac7cfc3861c842d6961ce55e312ed44ce9bab011ac317416cc64fdbf
[INFO] running `Command { std: "docker" "create" "-v" "/var/lib/crater-agent-workspace/builds/worker-83/target:/opt/rustwide/target:rw,Z" "-v" "/var/lib/crater-agent-workspace/builds/worker-83/source:/opt/rustwide/workdir:ro,Z" "-v" "/var/lib/crater-agent-workspace/cargo-home:/opt/rustwide/cargo-home:ro,Z" "-v" "/var/lib/crater-agent-workspace/rustup-home:/opt/rustwide/rustup-home:ro,Z" "-e" "SOURCE_DIR=/opt/rustwide/workdir" "-e" "CARGO_TARGET_DIR=/opt/rustwide/target" "-e" "CARGO_INCREMENTAL=0" "-e" "RUST_BACKTRACE=full" "-e" "RUSTFLAGS=--cap-lints=warn" "-e" "CARGO_HOME=/opt/rustwide/cargo-home" "-e" "RUSTUP_HOME=/opt/rustwide/rustup-home" "-w" "/opt/rustwide/workdir" "-m" "1610612736" "--user" "0:0" "--network" "none" "ghcr.io/rust-lang/crates-build-env/linux@sha256:a89201d6b5b9fd45c15d5952ece0a0129e7e80cb26ec023fd59cf09bc26f1604" "/opt/rustwide/cargo-home/bin/cargo" "+1.55.0" "check" "--frozen" "--all" "--all-targets" "--message-format=json", kill_on_drop: false }`
[INFO] [stdout] ca23c19503e046e612ecb4587341f0f711eb4eaf562497b34d8836603978fc66
[INFO] running `Command { std: "docker" "start" "-a" "ca23c19503e046e612ecb4587341f0f711eb4eaf562497b34d8836603978fc66", kill_on_drop: false }`
[INFO] [stderr]     Blocking waiting for file lock on package cache
[INFO] [stderr]    Compiling mcpat-sys v0.8.0 (/opt/rustwide/workdir)
[INFO] [stderr] error: failed to run custom build command for `mcpat-sys v0.8.0 (/opt/rustwide/workdir)`
[INFO] [stderr] 
[INFO] [stderr] Caused by:
[INFO] [stderr]   process didn't exit successfully: `/opt/rustwide/target/debug/build/mcpat-sys-3eea6a3ce3436a49/build-script-build` (exit status: 101)
[INFO] [stderr]   --- stdout
[INFO] [stderr]   cp -R /opt/rustwide/workdir/build /opt/rustwide/target/debug/build/mcpat-sys-0200592185fbdaf3/out/build
[INFO] [stderr]   make -C /opt/rustwide/target/debug/build/mcpat-sys-0200592185fbdaf3/out/build
[INFO] [stderr]   make[1]: Entering directory '/opt/rustwide/target/debug/build/mcpat-sys-0200592185fbdaf3/out/build'
[INFO] [stderr]   (cd /opt/rustwide/target/debug/build/mcpat-sys-0200592185fbdaf3/out/build/source; cat /opt/rustwide/target/debug/build/mcpat-sys-0200592185fbdaf3/out/build/patches/v1.3-01-clang.patch  | patch -p1)
[INFO] [stderr]   patching file cacti/nuca.cc
[INFO] [stderr]   patching file cacti/nuca.h
[INFO] [stderr]   touch /opt/rustwide/target/debug/build/mcpat-sys-0200592185fbdaf3/out/build/source/.patch
[INFO] [stderr]   g++ -fPIC -O3 -w -msse2 -mfpmath=sse -DNTHREADS=4 -I/opt/rustwide/target/debug/build/mcpat-sys-0200592185fbdaf3/out/build/source -I/opt/rustwide/target/debug/build/mcpat-sys-0200592185fbdaf3/out/build/source/cacti -I/opt/rustwide/target/debug/build/mcpat-sys-0200592185fbdaf3/out/build /opt/rustwide/target/debug/build/mcpat-sys-0200592185fbdaf3/out/build/source/processor.cc -c -o /opt/rustwide/target/debug/build/mcpat-sys-0200592185fbdaf3/out/build/source/processor.o
[INFO] [stderr]   g++ -fPIC -O3 -w -msse2 -mfpmath=sse -DNTHREADS=4 -I/opt/rustwide/target/debug/build/mcpat-sys-0200592185fbdaf3/out/build/source -I/opt/rustwide/target/debug/build/mcpat-sys-0200592185fbdaf3/out/build/source/cacti -I/opt/rustwide/target/debug/build/mcpat-sys-0200592185fbdaf3/out/build /opt/rustwide/target/debug/build/mcpat-sys-0200592185fbdaf3/out/build/source/noc.cc -c -o /opt/rustwide/target/debug/build/mcpat-sys-0200592185fbdaf3/out/build/source/noc.o
[INFO] [stderr]   g++ -fPIC -O3 -w -msse2 -mfpmath=sse -DNTHREADS=4 -I/opt/rustwide/target/debug/build/mcpat-sys-0200592185fbdaf3/out/build/source -I/opt/rustwide/target/debug/build/mcpat-sys-0200592185fbdaf3/out/build/source/cacti -I/opt/rustwide/target/debug/build/mcpat-sys-0200592185fbdaf3/out/build /opt/rustwide/target/debug/build/mcpat-sys-0200592185fbdaf3/out/build/source/XML_Parse.cc -c -o /opt/rustwide/target/debug/build/mcpat-sys-0200592185fbdaf3/out/build/source/XML_Parse.o
[INFO] [stderr]   g++ -fPIC -O3 -w -msse2 -mfpmath=sse -DNTHREADS=4 -I/opt/rustwide/target/debug/build/mcpat-sys-0200592185fbdaf3/out/build/source -I/opt/rustwide/target/debug/build/mcpat-sys-0200592185fbdaf3/out/build/source/cacti -I/opt/rustwide/target/debug/build/mcpat-sys-0200592185fbdaf3/out/build /opt/rustwide/target/debug/build/mcpat-sys-0200592185fbdaf3/out/build/source/xmlParser.cc -c -o /opt/rustwide/target/debug/build/mcpat-sys-0200592185fbdaf3/out/build/source/xmlParser.o
[INFO] [stderr]   g++ -fPIC -O3 -w -msse2 -mfpmath=sse -DNTHREADS=4 -I/opt/rustwide/target/debug/build/mcpat-sys-0200592185fbdaf3/out/build/source -I/opt/rustwide/target/debug/build/mcpat-sys-0200592185fbdaf3/out/build/source/cacti -I/opt/rustwide/target/debug/build/mcpat-sys-0200592185fbdaf3/out/build /opt/rustwide/target/debug/build/mcpat-sys-0200592185fbdaf3/out/build/source/sharedcache.cc -c -o /opt/rustwide/target/debug/build/mcpat-sys-0200592185fbdaf3/out/build/source/sharedcache.o
[INFO] [stderr]   g++ -fPIC -O3 -w -msse2 -mfpmath=sse -DNTHREADS=4 -I/opt/rustwide/target/debug/build/mcpat-sys-0200592185fbdaf3/out/build/source -I/opt/rustwide/target/debug/build/mcpat-sys-0200592185fbdaf3/out/build/source/cacti -I/opt/rustwide/target/debug/build/mcpat-sys-0200592185fbdaf3/out/build /opt/rustwide/target/debug/build/mcpat-sys-0200592185fbdaf3/out/build/source/iocontrollers.cc -c -o /opt/rustwide/target/debug/build/mcpat-sys-0200592185fbdaf3/out/build/source/iocontrollers.o
[INFO] [stderr]   g++ -fPIC -O3 -w -msse2 -mfpmath=sse -DNTHREADS=4 -I/opt/rustwide/target/debug/build/mcpat-sys-0200592185fbdaf3/out/build/source -I/opt/rustwide/target/debug/build/mcpat-sys-0200592185fbdaf3/out/build/source/cacti -I/opt/rustwide/target/debug/build/mcpat-sys-0200592185fbdaf3/out/build /opt/rustwide/target/debug/build/mcpat-sys-0200592185fbdaf3/out/build/source/logic.cc -c -o /opt/rustwide/target/debug/build/mcpat-sys-0200592185fbdaf3/out/build/source/logic.o
[INFO] [stderr]   g++ -fPIC -O3 -w -msse2 -mfpmath=sse -DNTHREADS=4 -I/opt/rustwide/target/debug/build/mcpat-sys-0200592185fbdaf3/out/build/source -I/opt/rustwide/target/debug/build/mcpat-sys-0200592185fbdaf3/out/build/source/cacti -I/opt/rustwide/target/debug/build/mcpat-sys-0200592185fbdaf3/out/build /opt/rustwide/target/debug/build/mcpat-sys-0200592185fbdaf3/out/build/source/basic_components.cc -c -o /opt/rustwide/target/debug/build/mcpat-sys-0200592185fbdaf3/out/build/source/basic_components.o
[INFO] [stderr]   g++ -fPIC -O3 -w -msse2 -mfpmath=sse -DNTHREADS=4 -I/opt/rustwide/target/debug/build/mcpat-sys-0200592185fbdaf3/out/build/source -I/opt/rustwide/target/debug/build/mcpat-sys-0200592185fbdaf3/out/build/source/cacti -I/opt/rustwide/target/debug/build/mcpat-sys-0200592185fbdaf3/out/build /opt/rustwide/target/debug/build/mcpat-sys-0200592185fbdaf3/out/build/source/array.cc -c -o /opt/rustwide/target/debug/build/mcpat-sys-0200592185fbdaf3/out/build/source/array.o
[INFO] [stderr]   g++ -fPIC -O3 -w -msse2 -mfpmath=sse -DNTHREADS=4 -I/opt/rustwide/target/debug/build/mcpat-sys-0200592185fbdaf3/out/build/source -I/opt/rustwide/target/debug/build/mcpat-sys-0200592185fbdaf3/out/build/source/cacti -I/opt/rustwide/target/debug/build/mcpat-sys-0200592185fbdaf3/out/build /opt/rustwide/target/debug/build/mcpat-sys-0200592185fbdaf3/out/build/source/memoryctrl.cc -c -o /opt/rustwide/target/debug/build/mcpat-sys-0200592185fbdaf3/out/build/source/memoryctrl.o
[INFO] [stderr]   g++ -fPIC -O3 -w -msse2 -mfpmath=sse -DNTHREADS=4 -I/opt/rustwide/target/debug/build/mcpat-sys-0200592185fbdaf3/out/build/source -I/opt/rustwide/target/debug/build/mcpat-sys-0200592185fbdaf3/out/build/source/cacti -I/opt/rustwide/target/debug/build/mcpat-sys-0200592185fbdaf3/out/build /opt/rustwide/target/debug/build/mcpat-sys-0200592185fbdaf3/out/build/source/core.cc -c -o /opt/rustwide/target/debug/build/mcpat-sys-0200592185fbdaf3/out/build/source/core.o
[INFO] [stderr]   g++ -fPIC -O3 -w -msse2 -mfpmath=sse -DNTHREADS=4 -I/opt/rustwide/target/debug/build/mcpat-sys-0200592185fbdaf3/out/build/source -I/opt/rustwide/target/debug/build/mcpat-sys-0200592185fbdaf3/out/build/source/cacti -I/opt/rustwide/target/debug/build/mcpat-sys-0200592185fbdaf3/out/build /opt/rustwide/target/debug/build/mcpat-sys-0200592185fbdaf3/out/build/source/interconnect.cc -c -o /opt/rustwide/target/debug/build/mcpat-sys-0200592185fbdaf3/out/build/source/interconnect.o
[INFO] [stderr]   g++ -fPIC -O3 -w -msse2 -mfpmath=sse -DNTHREADS=4 -I/opt/rustwide/target/debug/build/mcpat-sys-0200592185fbdaf3/out/build/source -I/opt/rustwide/target/debug/build/mcpat-sys-0200592185fbdaf3/out/build/source/cacti -I/opt/rustwide/target/debug/build/mcpat-sys-0200592185fbdaf3/out/build /opt/rustwide/target/debug/build/mcpat-sys-0200592185fbdaf3/out/build/source/cacti/area.cc -c -o /opt/rustwide/target/debug/build/mcpat-sys-0200592185fbdaf3/out/build/source/cacti/area.o
[INFO] [stderr]   g++ -fPIC -O3 -w -msse2 -mfpmath=sse -DNTHREADS=4 -I/opt/rustwide/target/debug/build/mcpat-sys-0200592185fbdaf3/out/build/source -I/opt/rustwide/target/debug/build/mcpat-sys-0200592185fbdaf3/out/build/source/cacti -I/opt/rustwide/target/debug/build/mcpat-sys-0200592185fbdaf3/out/build /opt/rustwide/target/debug/build/mcpat-sys-0200592185fbdaf3/out/build/source/cacti/component.cc -c -o /opt/rustwide/target/debug/build/mcpat-sys-0200592185fbdaf3/out/build/source/cacti/component.o
[INFO] [stderr]   g++ -fPIC -O3 -w -msse2 -mfpmath=sse -DNTHREADS=4 -I/opt/rustwide/target/debug/build/mcpat-sys-0200592185fbdaf3/out/build/source -I/opt/rustwide/target/debug/build/mcpat-sys-0200592185fbdaf3/out/build/source/cacti -I/opt/rustwide/target/debug/build/mcpat-sys-0200592185fbdaf3/out/build /opt/rustwide/target/debug/build/mcpat-sys-0200592185fbdaf3/out/build/source/cacti/io.cc -c -o /opt/rustwide/target/debug/build/mcpat-sys-0200592185fbdaf3/out/build/source/cacti/io.o
[INFO] [stderr]   g++ -fPIC -O3 -w -msse2 -mfpmath=sse -DNTHREADS=4 -I/opt/rustwide/target/debug/build/mcpat-sys-0200592185fbdaf3/out/build/source -I/opt/rustwide/target/debug/build/mcpat-sys-0200592185fbdaf3/out/build/source/cacti -I/opt/rustwide/target/debug/build/mcpat-sys-0200592185fbdaf3/out/build /opt/rustwide/target/debug/build/mcpat-sys-0200592185fbdaf3/out/build/source/cacti/Ucache.cc -c -o /opt/rustwide/target/debug/build/mcpat-sys-0200592185fbdaf3/out/build/source/cacti/Ucache.o
[INFO] [stderr]   g++ -fPIC -O3 -w -msse2 -mfpmath=sse -DNTHREADS=4 -I/opt/rustwide/target/debug/build/mcpat-sys-0200592185fbdaf3/out/build/source -I/opt/rustwide/target/debug/build/mcpat-sys-0200592185fbdaf3/out/build/source/cacti -I/opt/rustwide/target/debug/build/mcpat-sys-0200592185fbdaf3/out/build /opt/rustwide/target/debug/build/mcpat-sys-0200592185fbdaf3/out/build/source/cacti/router.cc -c -o /opt/rustwide/target/debug/build/mcpat-sys-0200592185fbdaf3/out/build/source/cacti/router.o
[INFO] [stderr]   g++ -fPIC -O3 -w -msse2 -mfpmath=sse -DNTHREADS=4 -I/opt/rustwide/target/debug/build/mcpat-sys-0200592185fbdaf3/out/build/source -I/opt/rustwide/target/debug/build/mcpat-sys-0200592185fbdaf3/out/build/source/cacti -I/opt/rustwide/target/debug/build/mcpat-sys-0200592185fbdaf3/out/build /opt/rustwide/target/debug/build/mcpat-sys-0200592185fbdaf3/out/build/source/cacti/arbiter.cc -c -o /opt/rustwide/target/debug/build/mcpat-sys-0200592185fbdaf3/out/build/source/cacti/arbiter.o
[INFO] [stderr]   g++ -fPIC -O3 -w -msse2 -mfpmath=sse -DNTHREADS=4 -I/opt/rustwide/target/debug/build/mcpat-sys-0200592185fbdaf3/out/build/source -I/opt/rustwide/target/debug/build/mcpat-sys-0200592185fbdaf3/out/build/source/cacti -I/opt/rustwide/target/debug/build/mcpat-sys-0200592185fbdaf3/out/build /opt/rustwide/target/debug/build/mcpat-sys-0200592185fbdaf3/out/build/source/cacti/uca.cc -c -o /opt/rustwide/target/debug/build/mcpat-sys-0200592185fbdaf3/out/build/source/cacti/uca.o
[INFO] [stderr]   g++ -fPIC -O3 -w -msse2 -mfpmath=sse -DNTHREADS=4 -I/opt/rustwide/target/debug/build/mcpat-sys-0200592185fbdaf3/out/build/source -I/opt/rustwide/target/debug/build/mcpat-sys-0200592185fbdaf3/out/build/source/cacti -I/opt/rustwide/target/debug/build/mcpat-sys-0200592185fbdaf3/out/build /opt/rustwide/target/debug/build/mcpat-sys-0200592185fbdaf3/out/build/source/cacti/mat.cc -c -o /opt/rustwide/target/debug/build/mcpat-sys-0200592185fbdaf3/out/build/source/cacti/mat.o
[INFO] [stderr]   g++ -fPIC -O3 -w -msse2 -mfpmath=sse -DNTHREADS=4 -I/opt/rustwide/target/debug/build/mcpat-sys-0200592185fbdaf3/out/build/source -I/opt/rustwide/target/debug/build/mcpat-sys-0200592185fbdaf3/out/build/source/cacti -I/opt/rustwide/target/debug/build/mcpat-sys-0200592185fbdaf3/out/build /opt/rustwide/target/debug/build/mcpat-sys-0200592185fbdaf3/out/build/source/cacti/wire.cc -c -o /opt/rustwide/target/debug/build/mcpat-sys-0200592185fbdaf3/out/build/source/cacti/wire.o
[INFO] [stderr]   g++ -fPIC -O3 -w -msse2 -mfpmath=sse -DNTHREADS=4 -I/opt/rustwide/target/debug/build/mcpat-sys-0200592185fbdaf3/out/build/source -I/opt/rustwide/target/debug/build/mcpat-sys-0200592185fbdaf3/out/build/source/cacti -I/opt/rustwide/target/debug/build/mcpat-sys-0200592185fbdaf3/out/build /opt/rustwide/target/debug/build/mcpat-sys-0200592185fbdaf3/out/build/source/cacti/bank.cc -c -o /opt/rustwide/target/debug/build/mcpat-sys-0200592185fbdaf3/out/build/source/cacti/bank.o
[INFO] [stderr]   g++ -fPIC -O3 -w -msse2 -mfpmath=sse -DNTHREADS=4 -I/opt/rustwide/target/debug/build/mcpat-sys-0200592185fbdaf3/out/build/source -I/opt/rustwide/target/debug/build/mcpat-sys-0200592185fbdaf3/out/build/source/cacti -I/opt/rustwide/target/debug/build/mcpat-sys-0200592185fbdaf3/out/build /opt/rustwide/target/debug/build/mcpat-sys-0200592185fbdaf3/out/build/source/cacti/powergating.cc -c -o /opt/rustwide/target/debug/build/mcpat-sys-0200592185fbdaf3/out/build/source/cacti/powergating.o
[INFO] [stderr]   g++ -fPIC -O3 -w -msse2 -mfpmath=sse -DNTHREADS=4 -I/opt/rustwide/target/debug/build/mcpat-sys-0200592185fbdaf3/out/build/source -I/opt/rustwide/target/debug/build/mcpat-sys-0200592185fbdaf3/out/build/source/cacti -I/opt/rustwide/target/debug/build/mcpat-sys-0200592185fbdaf3/out/build /opt/rustwide/target/debug/build/mcpat-sys-0200592185fbdaf3/out/build/source/cacti/parameter.cc -c -o /opt/rustwide/target/debug/build/mcpat-sys-0200592185fbdaf3/out/build/source/cacti/parameter.o
[INFO] [stderr]   g++ -fPIC -O3 -w -msse2 -mfpmath=sse -DNTHREADS=4 -I/opt/rustwide/target/debug/build/mcpat-sys-0200592185fbdaf3/out/build/source -I/opt/rustwide/target/debug/build/mcpat-sys-0200592185fbdaf3/out/build/source/cacti -I/opt/rustwide/target/debug/build/mcpat-sys-0200592185fbdaf3/out/build /opt/rustwide/target/debug/build/mcpat-sys-0200592185fbdaf3/out/build/source/cacti/crossbar.cc -c -o /opt/rustwide/target/debug/build/mcpat-sys-0200592185fbdaf3/out/build/source/cacti/crossbar.o
[INFO] [stderr]   g++ -fPIC -O3 -w -msse2 -mfpmath=sse -DNTHREADS=4 -I/opt/rustwide/target/debug/build/mcpat-sys-0200592185fbdaf3/out/build/source -I/opt/rustwide/target/debug/build/mcpat-sys-0200592185fbdaf3/out/build/source/cacti -I/opt/rustwide/target/debug/build/mcpat-sys-0200592185fbdaf3/out/build /opt/rustwide/target/debug/build/mcpat-sys-0200592185fbdaf3/out/build/source/cacti/htree2.cc -c -o /opt/rustwide/target/debug/build/mcpat-sys-0200592185fbdaf3/out/build/source/cacti/htree2.o
[INFO] [stderr]   g++ -fPIC -O3 -w -msse2 -mfpmath=sse -DNTHREADS=4 -I/opt/rustwide/target/debug/build/mcpat-sys-0200592185fbdaf3/out/build/source -I/opt/rustwide/target/debug/build/mcpat-sys-0200592185fbdaf3/out/build/source/cacti -I/opt/rustwide/target/debug/build/mcpat-sys-0200592185fbdaf3/out/build /opt/rustwide/target/debug/build/mcpat-sys-0200592185fbdaf3/out/build/source/cacti/subarray.cc -c -o /opt/rustwide/target/debug/build/mcpat-sys-0200592185fbdaf3/out/build/source/cacti/subarray.o
[INFO] [stderr]   g++ -fPIC -O3 -w -msse2 -mfpmath=sse -DNTHREADS=4 -I/opt/rustwide/target/debug/build/mcpat-sys-0200592185fbdaf3/out/build/source -I/opt/rustwide/target/debug/build/mcpat-sys-0200592185fbdaf3/out/build/source/cacti -I/opt/rustwide/target/debug/build/mcpat-sys-0200592185fbdaf3/out/build /opt/rustwide/target/debug/build/mcpat-sys-0200592185fbdaf3/out/build/source/cacti/basic_circuit.cc -c -o /opt/rustwide/target/debug/build/mcpat-sys-0200592185fbdaf3/out/build/source/cacti/basic_circuit.o
[INFO] [stderr]   g++ -fPIC -O3 -w -msse2 -mfpmath=sse -DNTHREADS=4 -I/opt/rustwide/target/debug/build/mcpat-sys-0200592185fbdaf3/out/build/source -I/opt/rustwide/target/debug/build/mcpat-sys-0200592185fbdaf3/out/build/source/cacti -I/opt/rustwide/target/debug/build/mcpat-sys-0200592185fbdaf3/out/build /opt/rustwide/target/debug/build/mcpat-sys-0200592185fbdaf3/out/build/source/cacti/nuca.cc -c -o /opt/rustwide/target/debug/build/mcpat-sys-0200592185fbdaf3/out/build/source/cacti/nuca.o
[INFO] [stderr]   g++ -fPIC -O3 -w -msse2 -mfpmath=sse -DNTHREADS=4 -I/opt/rustwide/target/debug/build/mcpat-sys-0200592185fbdaf3/out/build/source -I/opt/rustwide/target/debug/build/mcpat-sys-0200592185fbdaf3/out/build/source/cacti -I/opt/rustwide/target/debug/build/mcpat-sys-0200592185fbdaf3/out/build /opt/rustwide/target/debug/build/mcpat-sys-0200592185fbdaf3/out/build/source/cacti/decoder.cc -c -o /opt/rustwide/target/debug/build/mcpat-sys-0200592185fbdaf3/out/build/source/cacti/decoder.o
[INFO] [stderr]   g++ -fPIC -O3 -w -msse2 -mfpmath=sse -DNTHREADS=4 -I/opt/rustwide/target/debug/build/mcpat-sys-0200592185fbdaf3/out/build/source -I/opt/rustwide/target/debug/build/mcpat-sys-0200592185fbdaf3/out/build/source/cacti -I/opt/rustwide/target/debug/build/mcpat-sys-0200592185fbdaf3/out/build /opt/rustwide/target/debug/build/mcpat-sys-0200592185fbdaf3/out/build/source/cacti/technology.cc -c -o /opt/rustwide/target/debug/build/mcpat-sys-0200592185fbdaf3/out/build/source/cacti/technology.o
[INFO] [stderr]   g++ -fPIC -O3 -w -msse2 -mfpmath=sse -DNTHREADS=4 -I/opt/rustwide/target/debug/build/mcpat-sys-0200592185fbdaf3/out/build/source -I/opt/rustwide/target/debug/build/mcpat-sys-0200592185fbdaf3/out/build/source/cacti -I/opt/rustwide/target/debug/build/mcpat-sys-0200592185fbdaf3/out/build /opt/rustwide/target/debug/build/mcpat-sys-0200592185fbdaf3/out/build/source/cacti/cacti_interface.cc -c -o /opt/rustwide/target/debug/build/mcpat-sys-0200592185fbdaf3/out/build/source/cacti/cacti_interface.o
[INFO] [stderr]   g++ -fPIC -O3 -w -msse2 -mfpmath=sse -DNTHREADS=4 -I/opt/rustwide/target/debug/build/mcpat-sys-0200592185fbdaf3/out/build/source -I/opt/rustwide/target/debug/build/mcpat-sys-0200592185fbdaf3/out/build/source/cacti -I/opt/rustwide/target/debug/build/mcpat-sys-0200592185fbdaf3/out/build /opt/rustwide/target/debug/build/mcpat-sys-0200592185fbdaf3/out/build/wrapper/processor.cc -c -o /opt/rustwide/target/debug/build/mcpat-sys-0200592185fbdaf3/out/build/wrapper/processor.o
[INFO] [stderr]   g++ -fPIC -O3 -w -msse2 -mfpmath=sse -DNTHREADS=4 -I/opt/rustwide/target/debug/build/mcpat-sys-0200592185fbdaf3/out/build/source -I/opt/rustwide/target/debug/build/mcpat-sys-0200592185fbdaf3/out/build/source/cacti -I/opt/rustwide/target/debug/build/mcpat-sys-0200592185fbdaf3/out/build /opt/rustwide/target/debug/build/mcpat-sys-0200592185fbdaf3/out/build/wrapper/common.cc -c -o /opt/rustwide/target/debug/build/mcpat-sys-0200592185fbdaf3/out/build/wrapper/common.o
[INFO] [stderr]   g++ -fPIC -O3 -w -msse2 -mfpmath=sse -DNTHREADS=4 -I/opt/rustwide/target/debug/build/mcpat-sys-0200592185fbdaf3/out/build/source -I/opt/rustwide/target/debug/build/mcpat-sys-0200592185fbdaf3/out/build/source/cacti -I/opt/rustwide/target/debug/build/mcpat-sys-0200592185fbdaf3/out/build /opt/rustwide/target/debug/build/mcpat-sys-0200592185fbdaf3/out/build/wrapper/XML_Parse.cc -c -o /opt/rustwide/target/debug/build/mcpat-sys-0200592185fbdaf3/out/build/wrapper/XML_Parse.o
[INFO] [stderr]   g++ -fPIC -O3 -w -msse2 -mfpmath=sse -DNTHREADS=4 -I/opt/rustwide/target/debug/build/mcpat-sys-0200592185fbdaf3/out/build/source -I/opt/rustwide/target/debug/build/mcpat-sys-0200592185fbdaf3/out/build/source/cacti -I/opt/rustwide/target/debug/build/mcpat-sys-0200592185fbdaf3/out/build /opt/rustwide/target/debug/build/mcpat-sys-0200592185fbdaf3/out/build/wrapper/sharedcache.cc -c -o /opt/rustwide/target/debug/build/mcpat-sys-0200592185fbdaf3/out/build/wrapper/sharedcache.o
[INFO] [stderr]   g++ -fPIC -O3 -w -msse2 -mfpmath=sse -DNTHREADS=4 -I/opt/rustwide/target/debug/build/mcpat-sys-0200592185fbdaf3/out/build/source -I/opt/rustwide/target/debug/build/mcpat-sys-0200592185fbdaf3/out/build/source/cacti -I/opt/rustwide/target/debug/build/mcpat-sys-0200592185fbdaf3/out/build /opt/rustwide/target/debug/build/mcpat-sys-0200592185fbdaf3/out/build/wrapper/basic_components.cc -c -o /opt/rustwide/target/debug/build/mcpat-sys-0200592185fbdaf3/out/build/wrapper/basic_components.o
[INFO] [stderr]   g++ -fPIC -O3 -w -msse2 -mfpmath=sse -DNTHREADS=4 -I/opt/rustwide/target/debug/build/mcpat-sys-0200592185fbdaf3/out/build/source -I/opt/rustwide/target/debug/build/mcpat-sys-0200592185fbdaf3/out/build/source/cacti -I/opt/rustwide/target/debug/build/mcpat-sys-0200592185fbdaf3/out/build /opt/rustwide/target/debug/build/mcpat-sys-0200592185fbdaf3/out/build/wrapper/core.cc -c -o /opt/rustwide/target/debug/build/mcpat-sys-0200592185fbdaf3/out/build/wrapper/core.o
[INFO] [stderr]   g++ -fPIC -O3 -w -msse2 -mfpmath=sse -DNTHREADS=4 -I/opt/rustwide/target/debug/build/mcpat-sys-0200592185fbdaf3/out/build/source -I/opt/rustwide/target/debug/build/mcpat-sys-0200592185fbdaf3/out/build/source/cacti -I/opt/rustwide/target/debug/build/mcpat-sys-0200592185fbdaf3/out/build /opt/rustwide/target/debug/build/mcpat-sys-0200592185fbdaf3/out/build/wrapper/cacti/area.cc -c -o /opt/rustwide/target/debug/build/mcpat-sys-0200592185fbdaf3/out/build/wrapper/cacti/area.o
[INFO] [stderr]   g++ -fPIC -O3 -w -msse2 -mfpmath=sse -DNTHREADS=4 -I/opt/rustwide/target/debug/build/mcpat-sys-0200592185fbdaf3/out/build/source -I/opt/rustwide/target/debug/build/mcpat-sys-0200592185fbdaf3/out/build/source/cacti -I/opt/rustwide/target/debug/build/mcpat-sys-0200592185fbdaf3/out/build /opt/rustwide/target/debug/build/mcpat-sys-0200592185fbdaf3/out/build/wrapper/cacti/component.cc -c -o /opt/rustwide/target/debug/build/mcpat-sys-0200592185fbdaf3/out/build/wrapper/cacti/component.o
[INFO] [stderr]   g++ -fPIC -O3 -w -msse2 -mfpmath=sse -DNTHREADS=4 -I/opt/rustwide/target/debug/build/mcpat-sys-0200592185fbdaf3/out/build/source -I/opt/rustwide/target/debug/build/mcpat-sys-0200592185fbdaf3/out/build/source/cacti -I/opt/rustwide/target/debug/build/mcpat-sys-0200592185fbdaf3/out/build /opt/rustwide/target/debug/build/mcpat-sys-0200592185fbdaf3/out/build/wrapper/cacti/cacti_interface.cc -c -o /opt/rustwide/target/debug/build/mcpat-sys-0200592185fbdaf3/out/build/wrapper/cacti/cacti_interface.o
[INFO] [stderr]   make[1]: Leaving directory '/opt/rustwide/target/debug/build/mcpat-sys-0200592185fbdaf3/out/build'
[INFO] [stderr] 
[INFO] [stderr]   --- stderr
[INFO] [stderr]   g++: fatal error: Killed signal terminated program cc1plus
[INFO] [stderr]   compilation terminated.
[INFO] [stderr]   make[1]: *** [Makefile:42: /opt/rustwide/target/debug/build/mcpat-sys-0200592185fbdaf3/out/build/source/processor.o] Error 1
[INFO] [stderr]   make[1]: *** Waiting for unfinished jobs....
[INFO] [stderr]   g++: fatal error: Killed signal terminated program cc1plus
[INFO] [stderr]   compilation terminated.
[INFO] [stderr]   make[1]: *** [Makefile:42: /opt/rustwide/target/debug/build/mcpat-sys-0200592185fbdaf3/out/build/source/sharedcache.o] Error 1
[INFO] [stderr]   g++: fatal error: Killed signal terminated program cc1plus
[INFO] [stderr]   compilation terminated.
[INFO] [stderr]   make[1]: *** [Makefile:42: /opt/rustwide/target/debug/build/mcpat-sys-0200592185fbdaf3/out/build/source/core.o] Error 1
[INFO] [stderr]   g++: fatal error: Killed signal terminated program cc1plus
[INFO] [stderr]   compilation terminated.
[INFO] [stderr]   make[1]: *** [Makefile:42: /opt/rustwide/target/debug/build/mcpat-sys-0200592185fbdaf3/out/build/source/cacti/Ucache.o] Error 1
[INFO] [stderr]   make: *** [build.mk:8: all] Error 2
[INFO] [stderr]   thread 'main' panicked at 'assertion failed: cmd!(\"make\").arg(\"-f\").arg(\"build.mk\").arg(&format!(\"-j{}\", get!\n                                                    (\"NUM_JOBS\"))).current_dir(&build).stdout(process::Stdio::inherit()).stderr(process::Stdio::inherit()).status().unwrap().success()', build.rs:24:5
[INFO] [stderr]   stack backtrace:
[INFO] [stderr]      0:     0x55da8d9cef50 - std::backtrace_rs::backtrace::libunwind::trace::ha0ad43e8a952bfe7
[INFO] [stderr]                                  at /rustc/c8dfcfe046a7680554bf4eb612bad840e7631c4b/library/std/src/../../backtrace/src/backtrace/libunwind.rs:90:5
[INFO] [stderr]      1:     0x55da8d9cef50 - std::backtrace_rs::backtrace::trace_unsynchronized::h6830419c0c4130dc
[INFO] [stderr]                                  at /rustc/c8dfcfe046a7680554bf4eb612bad840e7631c4b/library/std/src/../../backtrace/src/backtrace/mod.rs:66:5
[INFO] [stderr]      2:     0x55da8d9cef50 - std::sys_common::backtrace::_print_fmt::h8f3516631ffa1ef5
[INFO] [stderr]                                  at /rustc/c8dfcfe046a7680554bf4eb612bad840e7631c4b/library/std/src/sys_common/backtrace.rs:67:5
[INFO] [stderr]      3:     0x55da8d9cef50 - <std::sys_common::backtrace::_print::DisplayBacktrace as core::fmt::Display>::fmt::he1640d5f0d93f618
[INFO] [stderr]                                  at /rustc/c8dfcfe046a7680554bf4eb612bad840e7631c4b/library/std/src/sys_common/backtrace.rs:46:22
[INFO] [stderr]      4:     0x55da8d9ebeec - core::fmt::write::h88012e1f01caeebf
[INFO] [stderr]                                  at /rustc/c8dfcfe046a7680554bf4eb612bad840e7631c4b/library/core/src/fmt/mod.rs:1115:17
[INFO] [stderr]      5:     0x55da8d9cd435 - std::io::Write::write_fmt::h360fa85b30182555
[INFO] [stderr]                                  at /rustc/c8dfcfe046a7680554bf4eb612bad840e7631c4b/library/std/src/io/mod.rs:1665:15
[INFO] [stderr]      6:     0x55da8d9d0bfb - std::sys_common::backtrace::_print::ha1f00492f406a015
[INFO] [stderr]                                  at /rustc/c8dfcfe046a7680554bf4eb612bad840e7631c4b/library/std/src/sys_common/backtrace.rs:49:5
[INFO] [stderr]      7:     0x55da8d9d0bfb - std::sys_common::backtrace::print::hd54561b13feb6af3
[INFO] [stderr]                                  at /rustc/c8dfcfe046a7680554bf4eb612bad840e7631c4b/library/std/src/sys_common/backtrace.rs:36:9
[INFO] [stderr]      8:     0x55da8d9d0bfb - std::panicking::default_hook::{{closure}}::h84fe124cd0864662
[INFO] [stderr]                                  at /rustc/c8dfcfe046a7680554bf4eb612bad840e7631c4b/library/std/src/panicking.rs:208:50
[INFO] [stderr]      9:     0x55da8d9d06d1 - std::panicking::default_hook::h5a8e74a76ce290a7
[INFO] [stderr]                                  at /rustc/c8dfcfe046a7680554bf4eb612bad840e7631c4b/library/std/src/panicking.rs:225:9
[INFO] [stderr]     10:     0x55da8d9d12c4 - std::panicking::rust_panic_with_hook::h67c812a4fe9d4c91
[INFO] [stderr]                                  at /rustc/c8dfcfe046a7680554bf4eb612bad840e7631c4b/library/std/src/panicking.rs:622:17
[INFO] [stderr]     11:     0x55da8d9d0d77 - std::panicking::begin_panic_handler::{{closure}}::h33f9c1b96af300d7
[INFO] [stderr]                                  at /rustc/c8dfcfe046a7680554bf4eb612bad840e7631c4b/library/std/src/panicking.rs:517:13
[INFO] [stderr]     12:     0x55da8d9cf44c - std::sys_common::backtrace::__rust_end_short_backtrace::h51bae64be5921f0e
[INFO] [stderr]                                  at /rustc/c8dfcfe046a7680554bf4eb612bad840e7631c4b/library/std/src/sys_common/backtrace.rs:141:18
[INFO] [stderr]     13:     0x55da8d9d0d09 - rust_begin_unwind
[INFO] [stderr]                                  at /rustc/c8dfcfe046a7680554bf4eb612bad840e7631c4b/library/std/src/panicking.rs:515:5
[INFO] [stderr]     14:     0x55da8d9b61d1 - core::panicking::panic_fmt::h12a3a3c256485fca
[INFO] [stderr]                                  at /rustc/c8dfcfe046a7680554bf4eb612bad840e7631c4b/library/core/src/panicking.rs:92:14
[INFO] [stderr]     15:     0x55da8d9b611d - core::panicking::panic::h344f23ad26057b48
[INFO] [stderr]                                  at /rustc/c8dfcfe046a7680554bf4eb612bad840e7631c4b/library/core/src/panicking.rs:50:5
[INFO] [stderr]     16:     0x55da8d9b9b70 - build_script_build::main::hecef4395286eccbd
[INFO] [stderr]                                  at /opt/rustwide/workdir/build.rs:24:5
[INFO] [stderr]     17:     0x55da8d9ba3eb - core::ops::function::FnOnce::call_once::h63be5c743103c55b
[INFO] [stderr]                                  at /rustc/c8dfcfe046a7680554bf4eb612bad840e7631c4b/library/core/src/ops/function.rs:227:5
[INFO] [stderr]     18:     0x55da8d9bb00e - std::sys_common::backtrace::__rust_begin_short_backtrace::h3ad97f1f3910ca0e
[INFO] [stderr]                                  at /rustc/c8dfcfe046a7680554bf4eb612bad840e7631c4b/library/std/src/sys_common/backtrace.rs:125:18
[INFO] [stderr]     19:     0x55da8d9b91d1 - std::rt::lang_start::{{closure}}::h6c8817401817cb1a
[INFO] [stderr]                                  at /rustc/c8dfcfe046a7680554bf4eb612bad840e7631c4b/library/std/src/rt.rs:63:18
[INFO] [stderr]     20:     0x55da8d9d17ca - core::ops::function::impls::<impl core::ops::function::FnOnce<A> for &F>::call_once::ha9408abe89f69dc4
[INFO] [stderr]                                  at /rustc/c8dfcfe046a7680554bf4eb612bad840e7631c4b/library/core/src/ops/function.rs:259:13
[INFO] [stderr]     21:     0x55da8d9d17ca - std::panicking::try::do_call::h5b0cc9e9102acb65
[INFO] [stderr]                                  at /rustc/c8dfcfe046a7680554bf4eb612bad840e7631c4b/library/std/src/panicking.rs:401:40
[INFO] [stderr]     22:     0x55da8d9d17ca - std::panicking::try::hddc7f8229138b3ba
[INFO] [stderr]                                  at /rustc/c8dfcfe046a7680554bf4eb612bad840e7631c4b/library/std/src/panicking.rs:365:19
[INFO] [stderr]     23:     0x55da8d9d17ca - std::panic::catch_unwind::hfa401ff8bab2986e
[INFO] [stderr]                                  at /rustc/c8dfcfe046a7680554bf4eb612bad840e7631c4b/library/std/src/panic.rs:434:14
[INFO] [stderr]     24:     0x55da8d9d17ca - std::rt::lang_start_internal::{{closure}}::h8163422320d11405
[INFO] [stderr]                                  at /rustc/c8dfcfe046a7680554bf4eb612bad840e7631c4b/library/std/src/rt.rs:45:48
[INFO] [stderr]     25:     0x55da8d9d17ca - std::panicking::try::do_call::hc742cc7bb4f0fb20
[INFO] [stderr]                                  at /rustc/c8dfcfe046a7680554bf4eb612bad840e7631c4b/library/std/src/panicking.rs:401:40
[INFO] [stderr]     26:     0x55da8d9d17ca - std::panicking::try::ha37d8d2dd1acf7d3
[INFO] [stderr]                                  at /rustc/c8dfcfe046a7680554bf4eb612bad840e7631c4b/library/std/src/panicking.rs:365:19
[INFO] [stderr]     27:     0x55da8d9d17ca - std::panic::catch_unwind::h8a5381d5ecf437bc
[INFO] [stderr]                                  at /rustc/c8dfcfe046a7680554bf4eb612bad840e7631c4b/library/std/src/panic.rs:434:14
[INFO] [stderr]     28:     0x55da8d9d17ca - std::rt::lang_start_internal::h7e2cee8c90d4a4d3
[INFO] [stderr]                                  at /rustc/c8dfcfe046a7680554bf4eb612bad840e7631c4b/library/std/src/rt.rs:45:20
[INFO] [stderr]     29:     0x55da8d9b91a0 - std::rt::lang_start::h6398c5ebcd00d2a5
[INFO] [stderr]                                  at /rustc/c8dfcfe046a7680554bf4eb612bad840e7631c4b/library/std/src/rt.rs:62:5
[INFO] [stderr]     30:     0x55da8d9b9cbc - main
[INFO] [stderr]     31:     0x7f0bbf4430b3 - __libc_start_main
[INFO] [stderr]     32:     0x55da8d9b692e - _start
[INFO] [stderr]     33:                0x0 - <unknown>
[INFO] running `Command { std: "docker" "inspect" "ca23c19503e046e612ecb4587341f0f711eb4eaf562497b34d8836603978fc66", kill_on_drop: false }`
[INFO] running `Command { std: "docker" "rm" "-f" "ca23c19503e046e612ecb4587341f0f711eb4eaf562497b34d8836603978fc66", kill_on_drop: false }`
[INFO] [stdout] ca23c19503e046e612ecb4587341f0f711eb4eaf562497b34d8836603978fc66
