[INFO] fetching crate libgled 1.2.0...
[INFO] checking libgled-1.2.0 against 1.55.0 for beta-1.56-3
[INFO] extracting crate libgled 1.2.0 into /workspace/builds/worker-1/source
[INFO] validating manifest of crates.io crate libgled 1.2.0 on toolchain 1.55.0
[INFO] running `Command { std: "/workspace/cargo-home/bin/cargo" "+1.55.0" "metadata" "--manifest-path" "Cargo.toml" "--no-deps", kill_on_drop: false }`
[INFO] started tweaking crates.io crate libgled 1.2.0
[INFO] finished tweaking crates.io crate libgled 1.2.0
[INFO] tweaked toml for crates.io crate libgled 1.2.0 written to /workspace/builds/worker-1/source/Cargo.toml
[INFO] running `Command { std: "/workspace/cargo-home/bin/cargo" "+1.55.0" "generate-lockfile" "--manifest-path" "Cargo.toml" "-Zno-index-update", kill_on_drop: false }`
[INFO] running `Command { std: "/workspace/cargo-home/bin/cargo" "+1.55.0" "fetch" "--manifest-path" "Cargo.toml", kill_on_drop: false }`
[INFO] [stderr]  Downloading crates ...
[INFO] [stderr]   Downloaded svgdom v0.18.0
[INFO] [stderr]   Downloaded artnet_protocol v0.2.0
[INFO] [stderr]   Downloaded elapsed v0.1.2
[INFO] [stderr]   Downloaded delta_e v0.2.1
[INFO] [stderr]   Downloaded kurbo v0.6.3
[INFO] [stderr]   Downloaded fontdb v0.1.0
[INFO] [stderr]   Downloaded usvg v0.11.0
[INFO] [stderr]   Downloaded tiny-skia v0.1.0
[INFO] [stderr]   Downloaded rustybuzz v0.1.1
[INFO] [stderr]   Downloaded floating-duration v0.1.2
[INFO] [stderr]   Downloaded resvg v0.11.0
[INFO] running `Command { std: "docker" "create" "-v" "/var/lib/crater-agent-workspace/builds/worker-1/target:/opt/rustwide/target:rw,Z" "-v" "/var/lib/crater-agent-workspace/builds/worker-1/source:/opt/rustwide/workdir:ro,Z" "-v" "/var/lib/crater-agent-workspace/cargo-home:/opt/rustwide/cargo-home:ro,Z" "-v" "/var/lib/crater-agent-workspace/rustup-home:/opt/rustwide/rustup-home:ro,Z" "-e" "SOURCE_DIR=/opt/rustwide/workdir" "-e" "CARGO_TARGET_DIR=/opt/rustwide/target" "-e" "CARGO_HOME=/opt/rustwide/cargo-home" "-e" "RUSTUP_HOME=/opt/rustwide/rustup-home" "-w" "/opt/rustwide/workdir" "-m" "1610612736" "--user" "0:0" "--network" "none" "ghcr.io/rust-lang/crates-build-env/linux@sha256:a89201d6b5b9fd45c15d5952ece0a0129e7e80cb26ec023fd59cf09bc26f1604" "/opt/rustwide/cargo-home/bin/cargo" "+1.55.0" "metadata" "--no-deps" "--format-version=1", kill_on_drop: false }`
[INFO] [stdout] f820e2a3a4997cece3fa85efd7aa257ee9f5f497a4bb77c6fad0c1ae6e299a04
[INFO] [stderr] WARNING: Your kernel does not support swap limit capabilities or the cgroup is not mounted. Memory limited without swap.
[INFO] running `Command { std: "docker" "start" "-a" "f820e2a3a4997cece3fa85efd7aa257ee9f5f497a4bb77c6fad0c1ae6e299a04", kill_on_drop: false }`
[INFO] running `Command { std: "docker" "inspect" "f820e2a3a4997cece3fa85efd7aa257ee9f5f497a4bb77c6fad0c1ae6e299a04", kill_on_drop: false }`
[INFO] running `Command { std: "docker" "rm" "-f" "f820e2a3a4997cece3fa85efd7aa257ee9f5f497a4bb77c6fad0c1ae6e299a04", kill_on_drop: false }`
[INFO] [stdout] f820e2a3a4997cece3fa85efd7aa257ee9f5f497a4bb77c6fad0c1ae6e299a04
[INFO] running `Command { std: "docker" "create" "-v" "/var/lib/crater-agent-workspace/builds/worker-1/target:/opt/rustwide/target:rw,Z" "-v" "/var/lib/crater-agent-workspace/builds/worker-1/source:/opt/rustwide/workdir:ro,Z" "-v" "/var/lib/crater-agent-workspace/cargo-home:/opt/rustwide/cargo-home:ro,Z" "-v" "/var/lib/crater-agent-workspace/rustup-home:/opt/rustwide/rustup-home:ro,Z" "-e" "SOURCE_DIR=/opt/rustwide/workdir" "-e" "CARGO_TARGET_DIR=/opt/rustwide/target" "-e" "CARGO_INCREMENTAL=0" "-e" "RUST_BACKTRACE=full" "-e" "RUSTFLAGS=--cap-lints=warn" "-e" "CARGO_HOME=/opt/rustwide/cargo-home" "-e" "RUSTUP_HOME=/opt/rustwide/rustup-home" "-w" "/opt/rustwide/workdir" "-m" "1610612736" "--user" "0:0" "--network" "none" "ghcr.io/rust-lang/crates-build-env/linux@sha256:a89201d6b5b9fd45c15d5952ece0a0129e7e80cb26ec023fd59cf09bc26f1604" "/opt/rustwide/cargo-home/bin/cargo" "+1.55.0" "check" "--frozen" "--all" "--all-targets" "--message-format=json", kill_on_drop: false }`
[INFO] [stdout] 3c5b94302b365b80c2346ba0c334896646e034f2143a994e02ab4436cec65660
[INFO] [stderr] WARNING: Your kernel does not support swap limit capabilities or the cgroup is not mounted. Memory limited without swap.
[INFO] running `Command { std: "docker" "start" "-a" "3c5b94302b365b80c2346ba0c334896646e034f2143a994e02ab4436cec65660", kill_on_drop: false }`
[INFO] [stderr]     Blocking waiting for file lock on package cache
[INFO] [stderr]     Blocking waiting for file lock on package cache
[INFO] [stderr]    Compiling serde v1.0.130
[INFO] [stderr]     Checking float-cmp v0.5.3
[INFO] [stderr]     Checking bytemuck v1.7.2
[INFO] [stderr]     Checking xmlwriter v0.1.0
[INFO] [stderr]     Checking xmlparser v0.13.3
[INFO] [stderr]     Checking xmlparser v0.9.0
[INFO] [stderr]    Compiling cairo-rs v0.9.1
[INFO] [stderr]     Checking unicode-script v0.5.4
[INFO] [stderr]     Checking rctree v0.3.3
[INFO] [stderr]     Checking pico-args v0.3.4
[INFO] [stderr]     Checking unicode-vo v0.1.0
[INFO] [stderr]     Checking lab v0.7.2
[INFO] [stderr]     Checking jpeg-decoder v0.1.22
[INFO] [stderr]     Checking elapsed v0.1.2
[INFO] [stderr]     Checking floating-duration v0.1.2
[INFO] [stderr]     Checking artnet_protocol v0.2.0
[INFO] [stderr]     Checking data-url v0.1.0
[INFO] [stderr]     Checking kurbo v0.6.3
[INFO] [stderr]     Checking memmap2 v0.1.0
[INFO] [stderr]     Checking png v0.16.8
[INFO] [stderr]     Checking simplecss v0.2.1
[INFO] [stderr]     Checking uuid v0.8.2
[INFO] [stderr]     Checking svgtypes v0.5.0
[INFO] [stderr]    Compiling futures-macro v0.3.17
[INFO] [stderr]    Compiling proc-macro-error v1.0.4
[INFO] [stderr]     Checking rgb v0.8.27
[INFO] [stderr]    Compiling rustybuzz v0.1.1
[INFO] [stderr]    Compiling tiny-skia v0.1.0
[INFO] [stderr]     Checking delta_e v0.2.1
[INFO] [stderr]    Compiling thiserror v1.0.30
[INFO] [stderr]     Checking roxmltree v0.6.1
[INFO] [stderr]     Checking roxmltree v0.13.1
[INFO] [stderr]     Checking fontdb v0.1.0
[INFO] [stderr]     Checking svgfilters v0.2.0
[INFO] [stderr]     Checking svgdom v0.18.0
[INFO] [stderr]     Checking futures-util v0.3.17
[INFO] [stderr]     Checking serde_json v1.0.68
[INFO] [stderr]    Compiling toml v0.5.8
[INFO] [stderr]     Checking futures-executor v0.3.17
[INFO] [stderr]    Compiling system-deps v1.3.2
[INFO] [stderr]    Compiling proc-macro-crate v0.1.5
[INFO] [stderr]    Compiling glib-sys v0.10.1
[INFO] [stderr]    Compiling gobject-sys v0.10.0
[INFO] [stderr] The following warnings were emitted during compilation:
[INFO] [stderr] 
[INFO] [stderr] warning: c++: fatal error: Killed signal terminated program cc1plus
[INFO] [stderr] warning: compilation terminated.
[INFO] [stderr] warning: c++: fatal error: Killed signal terminated program cc1plus
[INFO] [stderr] warning: compilation terminated.
[INFO] [stderr] 
[INFO] [stderr] error: failed to run custom build command for `rustybuzz v0.1.1`
[INFO] [stderr] 
[INFO] [stderr] Caused by:
[INFO] [stderr]   process didn't exit successfully: `/opt/rustwide/target/debug/build/rustybuzz-4044f71f98015279/build-script-build` (exit status: 1)
[INFO] [stderr]   --- stdout
[INFO] [stderr]   OPT_LEVEL = Some("0")
[INFO] [stderr]   TARGET = Some("x86_64-unknown-linux-gnu")
[INFO] [stderr]   HOST = Some("x86_64-unknown-linux-gnu")
[INFO] [stderr]   CXX_x86_64-unknown-linux-gnu = None
[INFO] [stderr]   CXX_x86_64_unknown_linux_gnu = None
[INFO] [stderr]   HOST_CXX = None
[INFO] [stderr]   CXX = None
[INFO] [stderr]   CXXFLAGS_x86_64-unknown-linux-gnu = None
[INFO] [stderr]   CXXFLAGS_x86_64_unknown_linux_gnu = None
[INFO] [stderr]   HOST_CXXFLAGS = None
[INFO] [stderr]   CXXFLAGS = None
[INFO] [stderr]   CRATE_CC_NO_DEFAULTS = None
[INFO] [stderr]   DEBUG = Some("true")
[INFO] [stderr]   CARGO_CFG_TARGET_FEATURE = Some("fxsr,sse,sse2")
[INFO] [stderr]   CXX_x86_64-unknown-linux-gnu = None
[INFO] [stderr]   CXX_x86_64_unknown_linux_gnu = None
[INFO] [stderr]   HOST_CXX = None
[INFO] [stderr]   CXX = None
[INFO] [stderr]   CXXFLAGS_x86_64-unknown-linux-gnu = None
[INFO] [stderr]   CXXFLAGS_x86_64_unknown_linux_gnu = None
[INFO] [stderr]   HOST_CXXFLAGS = None
[INFO] [stderr]   CXXFLAGS = None
[INFO] [stderr]   CRATE_CC_NO_DEFAULTS = None
[INFO] [stderr]   CARGO_CFG_TARGET_FEATURE = Some("fxsr,sse,sse2")
[INFO] [stderr]   CXX_x86_64-unknown-linux-gnu = None
[INFO] [stderr]   CXX_x86_64_unknown_linux_gnu = None
[INFO] [stderr]   HOST_CXX = None
[INFO] [stderr]   CXX = None
[INFO] [stderr]   CXXFLAGS_x86_64-unknown-linux-gnu = None
[INFO] [stderr]   CXXFLAGS_x86_64_unknown_linux_gnu = None
[INFO] [stderr]   HOST_CXXFLAGS = None
[INFO] [stderr]   CXXFLAGS = None
[INFO] [stderr]   CRATE_CC_NO_DEFAULTS = None
[INFO] [stderr]   CARGO_CFG_TARGET_FEATURE = Some("fxsr,sse,sse2")
[INFO] [stderr]   CXX_x86_64-unknown-linux-gnu = None
[INFO] [stderr]   CXX_x86_64_unknown_linux_gnu = None
[INFO] [stderr]   HOST_CXX = None
[INFO] [stderr]   CXX = None
[INFO] [stderr]   CXXFLAGS_x86_64-unknown-linux-gnu = None
[INFO] [stderr]   CXXFLAGS_x86_64_unknown_linux_gnu = None
[INFO] [stderr]   HOST_CXXFLAGS = None
[INFO] [stderr]   CXXFLAGS = None
[INFO] [stderr]   CRATE_CC_NO_DEFAULTS = None
[INFO] [stderr]   CARGO_CFG_TARGET_FEATURE = Some("fxsr,sse,sse2")
[INFO] [stderr]   CXX_x86_64-unknown-linux-gnu = None
[INFO] [stderr]   CXX_x86_64_unknown_linux_gnu = None
[INFO] [stderr]   HOST_CXX = None
[INFO] [stderr]   CXX = None
[INFO] [stderr]   CXXFLAGS_x86_64-unknown-linux-gnu = None
[INFO] [stderr]   CXXFLAGS_x86_64_unknown_linux_gnu = None
[INFO] [stderr]   HOST_CXXFLAGS = None
[INFO] [stderr]   CXXFLAGS = None
[INFO] [stderr]   CRATE_CC_NO_DEFAULTS = None
[INFO] [stderr]   CARGO_CFG_TARGET_FEATURE = Some("fxsr,sse,sse2")
[INFO] [stderr]   running: "c++" "-O0" "-ffunction-sections" "-fdata-sections" "-fPIC" "-g" "-fno-omit-frame-pointer" "-m64" "-I" "harfbuzz/src" "-Wall" "-Wextra" "-std=c++11" "-fno-rtti" "-fno-exceptions" "-fno-threadsafe-statics" "-fvisibility-inlines-hidden" "-o" "/opt/rustwide/target/debug/build/rustybuzz-92ad8fde216b06a5/out/harfbuzz/src/hb-face.o" "-c" "harfbuzz/src/hb-face.cc"
[INFO] [stderr]   running: "c++" "-O0" "-ffunction-sections" "-fdata-sections" "-fPIC" "-g" "-fno-omit-frame-pointer" "-m64" "-I" "harfbuzz/src" "-Wall" "-Wextra" "-std=c++11" "-fno-rtti" "-fno-exceptions" "-fno-threadsafe-statics" "-fvisibility-inlines-hidden" "-o" "/opt/rustwide/target/debug/build/rustybuzz-92ad8fde216b06a5/out/harfbuzz/src/hb-aat-map.o" "-c" "harfbuzz/src/hb-aat-map.cc"
[INFO] [stderr]   running: "c++" "-O0" "-ffunction-sections" "-fdata-sections" "-fPIC" "-g" "-fno-omit-frame-pointer" "-m64" "-I" "harfbuzz/src" "-Wall" "-Wextra" "-std=c++11" "-fno-rtti" "-fno-exceptions" "-fno-threadsafe-statics" "-fvisibility-inlines-hidden" "-o" "/opt/rustwide/target/debug/build/rustybuzz-92ad8fde216b06a5/out/harfbuzz/src/hb-blob.o" "-c" "harfbuzz/src/hb-blob.cc"
[INFO] [stderr]   running: "c++" "-O0" "-ffunction-sections" "-fdata-sections" "-fPIC" "-g" "-fno-omit-frame-pointer" "-m64" "-I" "harfbuzz/src" "-Wall" "-Wextra" "-std=c++11" "-fno-rtti" "-fno-exceptions" "-fno-threadsafe-statics" "-fvisibility-inlines-hidden" "-o" "/opt/rustwide/target/debug/build/rustybuzz-92ad8fde216b06a5/out/harfbuzz/src/hb-fallback-shape.o" "-c" "harfbuzz/src/hb-fallback-shape.cc"
[INFO] [stderr]   running: "c++" "-O0" "-ffunction-sections" "-fdata-sections" "-fPIC" "-g" "-fno-omit-frame-pointer" "-m64" "-I" "harfbuzz/src" "-Wall" "-Wextra" "-std=c++11" "-fno-rtti" "-fno-exceptions" "-fno-threadsafe-statics" "-fvisibility-inlines-hidden" "-o" "/opt/rustwide/target/debug/build/rustybuzz-92ad8fde216b06a5/out/harfbuzz/src/hb-font.o" "-c" "harfbuzz/src/hb-font.cc"
[INFO] [stderr]   running: "c++" "-O0" "-ffunction-sections" "-fdata-sections" "-fPIC" "-g" "-fno-omit-frame-pointer" "-m64" "-I" "harfbuzz/src" "-Wall" "-Wextra" "-std=c++11" "-fno-rtti" "-fno-exceptions" "-fno-threadsafe-statics" "-fvisibility-inlines-hidden" "-o" "/opt/rustwide/target/debug/build/rustybuzz-92ad8fde216b06a5/out/harfbuzz/src/hb-buffer-serialize.o" "-c" "harfbuzz/src/hb-buffer-serialize.cc"
[INFO] [stderr]   running: "c++" "-O0" "-ffunction-sections" "-fdata-sections" "-fPIC" "-g" "-fno-omit-frame-pointer" "-m64" "-I" "harfbuzz/src" "-Wall" "-Wextra" "-std=c++11" "-fno-rtti" "-fno-exceptions" "-fno-threadsafe-statics" "-fvisibility-inlines-hidden" "-o" "/opt/rustwide/target/debug/build/rustybuzz-92ad8fde216b06a5/out/harfbuzz/src/hb-aat-layout.o" "-c" "harfbuzz/src/hb-aat-layout.cc"
[INFO] [stderr]   running: "c++" "-O0" "-ffunction-sections" "-fdata-sections" "-fPIC" "-g" "-fno-omit-frame-pointer" "-m64" "-I" "harfbuzz/src" "-Wall" "-Wextra" "-std=c++11" "-fno-rtti" "-fno-exceptions" "-fno-threadsafe-statics" "-fvisibility-inlines-hidden" "-o" "/opt/rustwide/target/debug/build/rustybuzz-92ad8fde216b06a5/out/harfbuzz/src/hb-buffer.o" "-c" "harfbuzz/src/hb-buffer.cc"
[INFO] [stderr]   running: "c++" "-O0" "-ffunction-sections" "-fdata-sections" "-fPIC" "-g" "-fno-omit-frame-pointer" "-m64" "-I" "harfbuzz/src" "-Wall" "-Wextra" "-std=c++11" "-fno-rtti" "-fno-exceptions" "-fno-threadsafe-statics" "-fvisibility-inlines-hidden" "-o" "/opt/rustwide/target/debug/build/rustybuzz-92ad8fde216b06a5/out/harfbuzz/src/hb-common.o" "-c" "harfbuzz/src/hb-common.cc"
[INFO] [stderr]   running: "c++" "-O0" "-ffunction-sections" "-fdata-sections" "-fPIC" "-g" "-fno-omit-frame-pointer" "-m64" "-I" "harfbuzz/src" "-Wall" "-Wextra" "-std=c++11" "-fno-rtti" "-fno-exceptions" "-fno-threadsafe-statics" "-fvisibility-inlines-hidden" "-o" "/opt/rustwide/target/debug/build/rustybuzz-92ad8fde216b06a5/out/harfbuzz/src/hb-map.o" "-c" "harfbuzz/src/hb-map.cc"
[INFO] [stderr]   exit status: 0
[INFO] [stderr]   exit status: 0
[INFO] [stderr]   exit status: 0
[INFO] [stderr]   running: "c++" "-O0" "-ffunction-sections" "-fdata-sections" "-fPIC" "-g" "-fno-omit-frame-pointer" "-m64" "-I" "harfbuzz/src" "-Wall" "-Wextra" "-std=c++11" "-fno-rtti" "-fno-exceptions" "-fno-threadsafe-statics" "-fvisibility-inlines-hidden" "-o" "/opt/rustwide/target/debug/build/rustybuzz-92ad8fde216b06a5/out/harfbuzz/src/hb-number.o" "-c" "harfbuzz/src/hb-number.cc"
[INFO] [stderr]   exit status: 0
[INFO] [stderr]   running: "c++" "-O0" "-ffunction-sections" "-fdata-sections" "-fPIC" "-g" "-fno-omit-frame-pointer" "-m64" "-I" "harfbuzz/src" "-Wall" "-Wextra" "-std=c++11" "-fno-rtti" "-fno-exceptions" "-fno-threadsafe-statics" "-fvisibility-inlines-hidden" "-o" "/opt/rustwide/target/debug/build/rustybuzz-92ad8fde216b06a5/out/harfbuzz/src/hb-ot-cff1-table.o" "-c" "harfbuzz/src/hb-ot-cff1-table.cc"
[INFO] [stderr]   exit status: 0
[INFO] [stderr]   exit status: 0
[INFO] [stderr]   running: "c++" "-O0" "-ffunction-sections" "-fdata-sections" "-fPIC" "-g" "-fno-omit-frame-pointer" "-m64" "-I" "harfbuzz/src" "-Wall" "-Wextra" "-std=c++11" "-fno-rtti" "-fno-exceptions" "-fno-threadsafe-statics" "-fvisibility-inlines-hidden" "-o" "/opt/rustwide/target/debug/build/rustybuzz-92ad8fde216b06a5/out/harfbuzz/src/hb-ot-cff2-table.o" "-c" "harfbuzz/src/hb-ot-cff2-table.cc"
[INFO] [stderr]   exit status: 0
[INFO] [stderr]   exit status: 0
[INFO] [stderr]   running: "c++" "-O0" "-ffunction-sections" "-fdata-sections" "-fPIC" "-g" "-fno-omit-frame-pointer" "-m64" "-I" "harfbuzz/src" "-Wall" "-Wextra" "-std=c++11" "-fno-rtti" "-fno-exceptions" "-fno-threadsafe-statics" "-fvisibility-inlines-hidden" "-o" "/opt/rustwide/target/debug/build/rustybuzz-92ad8fde216b06a5/out/harfbuzz/src/hb-ot-face.o" "-c" "harfbuzz/src/hb-ot-face.cc"
[INFO] [stderr]   exit status: 0
[INFO] [stderr]   running: "c++" "-O0" "-ffunction-sections" "-fdata-sections" "-fPIC" "-g" "-fno-omit-frame-pointer" "-m64" "-I" "harfbuzz/src" "-Wall" "-Wextra" "-std=c++11" "-fno-rtti" "-fno-exceptions" "-fno-threadsafe-statics" "-fvisibility-inlines-hidden" "-o" "/opt/rustwide/target/debug/build/rustybuzz-92ad8fde216b06a5/out/harfbuzz/src/hb-ot-font.o" "-c" "harfbuzz/src/hb-ot-font.cc"
[INFO] [stderr]   running: "c++" "-O0" "-ffunction-sections" "-fdata-sections" "-fPIC" "-g" "-fno-omit-frame-pointer" "-m64" "-I" "harfbuzz/src" "-Wall" "-Wextra" "-std=c++11" "-fno-rtti" "-fno-exceptions" "-fno-threadsafe-statics" "-fvisibility-inlines-hidden" "-o" "/opt/rustwide/target/debug/build/rustybuzz-92ad8fde216b06a5/out/harfbuzz/src/hb-ot-layout.o" "-c" "harfbuzz/src/hb-ot-layout.cc"
[INFO] [stderr]   running: "c++" "-O0" "-ffunction-sections" "-fdata-sections" "-fPIC" "-g" "-fno-omit-frame-pointer" "-m64" "-I" "harfbuzz/src" "-Wall" "-Wextra" "-std=c++11" "-fno-rtti" "-fno-exceptions" "-fno-threadsafe-statics" "-fvisibility-inlines-hidden" "-o" "/opt/rustwide/target/debug/build/rustybuzz-92ad8fde216b06a5/out/harfbuzz/src/hb-ot-metrics.o" "-c" "harfbuzz/src/hb-ot-metrics.cc"
[INFO] [stderr]   running: "c++" "-O0" "-ffunction-sections" "-fdata-sections" "-fPIC" "-g" "-fno-omit-frame-pointer" "-m64" "-I" "harfbuzz/src" "-Wall" "-Wextra" "-std=c++11" "-fno-rtti" "-fno-exceptions" "-fno-threadsafe-statics" "-fvisibility-inlines-hidden" "-o" "/opt/rustwide/target/debug/build/rustybuzz-92ad8fde216b06a5/out/harfbuzz/src/hb-ot-map.o" "-c" "harfbuzz/src/hb-ot-map.cc"
[INFO] [stderr]   exit status: 0
[INFO] [stderr]   running: "c++" "-O0" "-ffunction-sections" "-fdata-sections" "-fPIC" "-g" "-fno-omit-frame-pointer" "-m64" "-I" "harfbuzz/src" "-Wall" "-Wextra" "-std=c++11" "-fno-rtti" "-fno-exceptions" "-fno-threadsafe-statics" "-fvisibility-inlines-hidden" "-o" "/opt/rustwide/target/debug/build/rustybuzz-92ad8fde216b06a5/out/harfbuzz/src/hb-ot-shape.o" "-c" "harfbuzz/src/hb-ot-shape.cc"
[INFO] [stderr]   running: "c++" "-O0" "-ffunction-sections" "-fdata-sections" "-fPIC" "-g" "-fno-omit-frame-pointer" "-m64" "-I" "harfbuzz/src" "-Wall" "-Wextra" "-std=c++11" "-fno-rtti" "-fno-exceptions" "-fno-threadsafe-statics" "-fvisibility-inlines-hidden" "-o" "/opt/rustwide/target/debug/build/rustybuzz-92ad8fde216b06a5/out/harfbuzz/src/hb-ot-shape-complex-arabic.o" "-c" "harfbuzz/src/hb-ot-shape-complex-arabic.cc"
[INFO] [stderr]   exit status: 0
[INFO] [stderr]   running: "c++" "-O0" "-ffunction-sections" "-fdata-sections" "-fPIC" "-g" "-fno-omit-frame-pointer" "-m64" "-I" "harfbuzz/src" "-Wall" "-Wextra" "-std=c++11" "-fno-rtti" "-fno-exceptions" "-fno-threadsafe-statics" "-fvisibility-inlines-hidden" "-o" "/opt/rustwide/target/debug/build/rustybuzz-92ad8fde216b06a5/out/harfbuzz/src/hb-ot-shape-complex-default.o" "-c" "harfbuzz/src/hb-ot-shape-complex-default.cc"
[INFO] [stderr]   exit status: 0
[INFO] [stderr]   exit status: 0
[INFO] [stderr]   running: "c++" "-O0" "-ffunction-sections" "-fdata-sections" "-fPIC" "-g" "-fno-omit-frame-pointer" "-m64" "-I" "harfbuzz/src" "-Wall" "-Wextra" "-std=c++11" "-fno-rtti" "-fno-exceptions" "-fno-threadsafe-statics" "-fvisibility-inlines-hidden" "-o" "/opt/rustwide/target/debug/build/rustybuzz-92ad8fde216b06a5/out/harfbuzz/src/hb-ot-shape-complex-hangul.o" "-c" "harfbuzz/src/hb-ot-shape-complex-hangul.cc"
[INFO] [stderr]   exit status: 0
[INFO] [stderr]   exit status: 0
[INFO] [stderr]   running: "c++" "-O0" "-ffunction-sections" "-fdata-sections" "-fPIC" "-g" "-fno-omit-frame-pointer" "-m64" "-I" "harfbuzz/src" "-Wall" "-Wextra" "-std=c++11" "-fno-rtti" "-fno-exceptions" "-fno-threadsafe-statics" "-fvisibility-inlines-hidden" "-o" "/opt/rustwide/target/debug/build/rustybuzz-92ad8fde216b06a5/out/harfbuzz/src/hb-ot-shape-complex-hebrew.o" "-c" "harfbuzz/src/hb-ot-shape-complex-hebrew.cc"
[INFO] [stderr]   exit status: 0
[INFO] [stderr]   running: "c++" "-O0" "-ffunction-sections" "-fdata-sections" "-fPIC" "-g" "-fno-omit-frame-pointer" "-m64" "-I" "harfbuzz/src" "-Wall" "-Wextra" "-std=c++11" "-fno-rtti" "-fno-exceptions" "-fno-threadsafe-statics" "-fvisibility-inlines-hidden" "-o" "/opt/rustwide/target/debug/build/rustybuzz-92ad8fde216b06a5/out/harfbuzz/src/hb-ot-shape-complex-indic.o" "-c" "harfbuzz/src/hb-ot-shape-complex-indic.cc"
[INFO] [stderr]   exit status: 0
[INFO] [stderr]   running: "c++" "-O0" "-ffunction-sections" "-fdata-sections" "-fPIC" "-g" "-fno-omit-frame-pointer" "-m64" "-I" "harfbuzz/src" "-Wall" "-Wextra" "-std=c++11" "-fno-rtti" "-fno-exceptions" "-fno-threadsafe-statics" "-fvisibility-inlines-hidden" "-o" "/opt/rustwide/target/debug/build/rustybuzz-92ad8fde216b06a5/out/harfbuzz/src/hb-ot-shape-complex-indic-table.o" "-c" "harfbuzz/src/hb-ot-shape-complex-indic-table.cc"
[INFO] [stderr]   exit status: 0
[INFO] [stderr]   running: "c++" "-O0" "-ffunction-sections" "-fdata-sections" "-fPIC" "-g" "-fno-omit-frame-pointer" "-m64" "-I" "harfbuzz/src" "-Wall" "-Wextra" "-std=c++11" "-fno-rtti" "-fno-exceptions" "-fno-threadsafe-statics" "-fvisibility-inlines-hidden" "-o" "/opt/rustwide/target/debug/build/rustybuzz-92ad8fde216b06a5/out/harfbuzz/src/hb-ot-shape-complex-khmer.o" "-c" "harfbuzz/src/hb-ot-shape-complex-khmer.cc"
[INFO] [stderr]   running: "c++" "-O0" "-ffunction-sections" "-fdata-sections" "-fPIC" "-g" "-fno-omit-frame-pointer" "-m64" "-I" "harfbuzz/src" "-Wall" "-Wextra" "-std=c++11" "-fno-rtti" "-fno-exceptions" "-fno-threadsafe-statics" "-fvisibility-inlines-hidden" "-o" "/opt/rustwide/target/debug/build/rustybuzz-92ad8fde216b06a5/out/harfbuzz/src/hb-ot-shape-complex-myanmar.o" "-c" "harfbuzz/src/hb-ot-shape-complex-myanmar.cc"
[INFO] [stderr]   running: "c++" "-O0" "-ffunction-sections" "-fdata-sections" "-fPIC" "-g" "-fno-omit-frame-pointer" "-m64" "-I" "harfbuzz/src" "-Wall" "-Wextra" "-std=c++11" "-fno-rtti" "-fno-exceptions" "-fno-threadsafe-statics" "-fvisibility-inlines-hidden" "-o" "/opt/rustwide/target/debug/build/rustybuzz-92ad8fde216b06a5/out/harfbuzz/src/hb-ot-shape-complex-thai.o" "-c" "harfbuzz/src/hb-ot-shape-complex-thai.cc"
[INFO] [stderr]   exit status: 0
[INFO] [stderr]   exit status: 0
[INFO] [stderr]   running: "c++" "-O0" "-ffunction-sections" "-fdata-sections" "-fPIC" "-g" "-fno-omit-frame-pointer" "-m64" "-I" "harfbuzz/src" "-Wall" "-Wextra" "-std=c++11" "-fno-rtti" "-fno-exceptions" "-fno-threadsafe-statics" "-fvisibility-inlines-hidden" "-o" "/opt/rustwide/target/debug/build/rustybuzz-92ad8fde216b06a5/out/harfbuzz/src/hb-ot-shape-complex-use.o" "-c" "harfbuzz/src/hb-ot-shape-complex-use.cc"
[INFO] [stderr]   exit status: 0
[INFO] [stderr]   running: "c++" "-O0" "-ffunction-sections" "-fdata-sections" "-fPIC" "-g" "-fno-omit-frame-pointer" "-m64" "-I" "harfbuzz/src" "-Wall" "-Wextra" "-std=c++11" "-fno-rtti" "-fno-exceptions" "-fno-threadsafe-statics" "-fvisibility-inlines-hidden" "-o" "/opt/rustwide/target/debug/build/rustybuzz-92ad8fde216b06a5/out/harfbuzz/src/hb-ot-shape-complex-use-table.o" "-c" "harfbuzz/src/hb-ot-shape-complex-use-table.cc"
[INFO] [stderr]   exit status: 0
[INFO] [stderr]   exit status: 0
[INFO] [stderr]   cargo:warning=c++: fatal error: Killed signal terminated program cc1plus
[INFO] [stderr]   cargo:warning=compilation terminated.
[INFO] [stderr]   exit status: 1
[INFO] [stderr]   running: "c++" "-O0" "-ffunction-sections" "-fdata-sections" "-fPIC" "-g" "-fno-omit-frame-pointer" "-m64" "-I" "harfbuzz/src" "-Wall" "-Wextra" "-std=c++11" "-fno-rtti" "-fno-exceptions" "-fno-threadsafe-statics" "-fvisibility-inlines-hidden" "-o" "/opt/rustwide/target/debug/build/rustybuzz-92ad8fde216b06a5/out/harfbuzz/src/hb-ot-shape-complex-vowel-constraints.o" "-c" "harfbuzz/src/hb-ot-shape-complex-vowel-constraints.cc"
[INFO] [stderr]   cargo:warning=c++: fatal error: Killed signal terminated program cc1plus
[INFO] [stderr]   cargo:warning=compilation terminated.
[INFO] [stderr]   exit status: 1
[INFO] [stderr]   exit status: 0
[INFO] [stderr]   exit status: 0
[INFO] [stderr]   exit status: 0
[INFO] [stderr]   exit status: 0
[INFO] [stderr]   exit status: 0
[INFO] [stderr]   exit status: 0
[INFO] [stderr] 
[INFO] [stderr]   --- stderr
[INFO] [stderr] 
[INFO] [stderr] 
[INFO] [stderr]   error occurred: Command "c++" "-O0" "-ffunction-sections" "-fdata-sections" "-fPIC" "-g" "-fno-omit-frame-pointer" "-m64" "-I" "harfbuzz/src" "-Wall" "-Wextra" "-std=c++11" "-fno-rtti" "-fno-exceptions" "-fno-threadsafe-statics" "-fvisibility-inlines-hidden" "-o" "/opt/rustwide/target/debug/build/rustybuzz-92ad8fde216b06a5/out/harfbuzz/src/hb-aat-layout.o" "-c" "harfbuzz/src/hb-aat-layout.cc" with args "c++" did not execute successfully (status code exit status: 1).
[INFO] [stderr] 
[INFO] [stderr] 
[INFO] [stderr] warning: build failed, waiting for other jobs to finish...
[INFO] [stderr] error: build failed
[INFO] running `Command { std: "docker" "inspect" "3c5b94302b365b80c2346ba0c334896646e034f2143a994e02ab4436cec65660", kill_on_drop: false }`
[INFO] running `Command { std: "docker" "rm" "-f" "3c5b94302b365b80c2346ba0c334896646e034f2143a994e02ab4436cec65660", kill_on_drop: false }`
[INFO] [stdout] 3c5b94302b365b80c2346ba0c334896646e034f2143a994e02ab4436cec65660
