[INFO] cloning repository https://github.com/Darazaki/keep-keeping
[INFO] running `Command { std: "git" "-c" "credential.helper=" "-c" "credential.helper=/workspace/cargo-home/bin/git-credential-null" "clone" "--bare" "https://github.com/Darazaki/keep-keeping" "/workspace/cache/git-repos/https%3A%2F%2Fgithub.com%2FDarazaki%2Fkeep-keeping", kill_on_drop: false }`
[INFO] [stderr] Cloning into bare repository '/workspace/cache/git-repos/https%3A%2F%2Fgithub.com%2FDarazaki%2Fkeep-keeping'...
[INFO] running `Command { std: "git" "rev-parse" "HEAD", kill_on_drop: false }`
[INFO] [stdout] d580b8b1ee107f72ea5b84c8fe7bfff991564425
[INFO] checking Darazaki/keep-keeping against 1.55.0 for beta-1.56-3
[INFO] running `Command { std: "git" "clone" "/workspace/cache/git-repos/https%3A%2F%2Fgithub.com%2FDarazaki%2Fkeep-keeping" "/workspace/builds/worker-17/source", kill_on_drop: false }`
[INFO] [stderr] Cloning into '/workspace/builds/worker-17/source'...
[INFO] [stderr] done.
[INFO] validating manifest of git repo https://github.com/Darazaki/keep-keeping on toolchain 1.55.0
[INFO] running `Command { std: "/workspace/cargo-home/bin/cargo" "+1.55.0" "metadata" "--manifest-path" "Cargo.toml" "--no-deps", kill_on_drop: false }`
[INFO] started tweaking git repo https://github.com/Darazaki/keep-keeping
[INFO] finished tweaking git repo https://github.com/Darazaki/keep-keeping
[INFO] tweaked toml for git repo https://github.com/Darazaki/keep-keeping written to /workspace/builds/worker-17/source/Cargo.toml
[INFO] crate git repo https://github.com/Darazaki/keep-keeping already has a lockfile, it will not be regenerated
[INFO] running `Command { std: "/workspace/cargo-home/bin/cargo" "+1.55.0" "fetch" "--manifest-path" "Cargo.toml", kill_on_drop: false }`
[INFO] [stderr]     Blocking waiting for file lock on package cache
[INFO] [stderr]     Blocking waiting for file lock on package cache
[INFO] [stderr]  Downloading crates ...
[INFO] [stderr]   Downloaded bindgen v0.31.3
[INFO] running `Command { std: "docker" "create" "-v" "/var/lib/crater-agent-workspace/builds/worker-17/target:/opt/rustwide/target:rw,Z" "-v" "/var/lib/crater-agent-workspace/builds/worker-17/source:/opt/rustwide/workdir:ro,Z" "-v" "/var/lib/crater-agent-workspace/cargo-home:/opt/rustwide/cargo-home:ro,Z" "-v" "/var/lib/crater-agent-workspace/rustup-home:/opt/rustwide/rustup-home:ro,Z" "-e" "SOURCE_DIR=/opt/rustwide/workdir" "-e" "CARGO_TARGET_DIR=/opt/rustwide/target" "-e" "CARGO_HOME=/opt/rustwide/cargo-home" "-e" "RUSTUP_HOME=/opt/rustwide/rustup-home" "-w" "/opt/rustwide/workdir" "-m" "1610612736" "--user" "0:0" "--network" "none" "ghcr.io/rust-lang/crates-build-env/linux@sha256:a89201d6b5b9fd45c15d5952ece0a0129e7e80cb26ec023fd59cf09bc26f1604" "/opt/rustwide/cargo-home/bin/cargo" "+1.55.0" "metadata" "--no-deps" "--format-version=1", kill_on_drop: false }`
[INFO] [stdout] 082e29fea320e0cd95158e44ffd12084bd0cf245ec58189ada1b9227cabe3a34
[INFO] running `Command { std: "docker" "start" "-a" "082e29fea320e0cd95158e44ffd12084bd0cf245ec58189ada1b9227cabe3a34", kill_on_drop: false }`
[INFO] running `Command { std: "docker" "inspect" "082e29fea320e0cd95158e44ffd12084bd0cf245ec58189ada1b9227cabe3a34", kill_on_drop: false }`
[INFO] running `Command { std: "docker" "rm" "-f" "082e29fea320e0cd95158e44ffd12084bd0cf245ec58189ada1b9227cabe3a34", kill_on_drop: false }`
[INFO] [stdout] 082e29fea320e0cd95158e44ffd12084bd0cf245ec58189ada1b9227cabe3a34
[INFO] running `Command { std: "docker" "create" "-v" "/var/lib/crater-agent-workspace/builds/worker-17/target:/opt/rustwide/target:rw,Z" "-v" "/var/lib/crater-agent-workspace/builds/worker-17/source:/opt/rustwide/workdir:ro,Z" "-v" "/var/lib/crater-agent-workspace/cargo-home:/opt/rustwide/cargo-home:ro,Z" "-v" "/var/lib/crater-agent-workspace/rustup-home:/opt/rustwide/rustup-home:ro,Z" "-e" "SOURCE_DIR=/opt/rustwide/workdir" "-e" "CARGO_TARGET_DIR=/opt/rustwide/target" "-e" "CARGO_INCREMENTAL=0" "-e" "RUST_BACKTRACE=full" "-e" "RUSTFLAGS=--cap-lints=warn" "-e" "CARGO_HOME=/opt/rustwide/cargo-home" "-e" "RUSTUP_HOME=/opt/rustwide/rustup-home" "-w" "/opt/rustwide/workdir" "-m" "1610612736" "--user" "0:0" "--network" "none" "ghcr.io/rust-lang/crates-build-env/linux@sha256:a89201d6b5b9fd45c15d5952ece0a0129e7e80cb26ec023fd59cf09bc26f1604" "/opt/rustwide/cargo-home/bin/cargo" "+1.55.0" "check" "--frozen" "--all" "--all-targets" "--message-format=json", kill_on_drop: false }`
[INFO] [stdout] 01981a714d5f85e0de151c9a6041aa445b9dd05648df0a608e08a959ed9bb607
[INFO] running `Command { std: "docker" "start" "-a" "01981a714d5f85e0de151c9a6041aa445b9dd05648df0a608e08a959ed9bb607", kill_on_drop: false }`
[INFO] [stderr]     Blocking waiting for file lock on package cache
[INFO] [stderr]    Compiling libc v0.2.65
[INFO] [stderr]    Compiling lazy_static v1.4.0
[INFO] [stderr]    Compiling memchr v2.2.1
[INFO] [stderr]    Compiling cc v1.0.46
[INFO] [stderr]    Compiling glob v0.2.11
[INFO] [stderr]    Compiling regex v0.2.11
[INFO] [stderr]    Compiling proc-macro2 v1.0.6
[INFO] [stderr]    Compiling cfg-if v0.1.10
[INFO] [stderr]    Compiling ucd-util v0.1.5
[INFO] [stderr]    Compiling libloading v0.4.3
[INFO] [stderr]    Compiling utf8-ranges v1.0.4
[INFO] [stderr]    Compiling unicode-width v0.1.6
[INFO] [stderr]    Compiling vec_map v0.8.1
[INFO] [stderr]    Compiling syn v1.0.7
[INFO] [stderr]    Compiling ansi_term v0.11.0
[INFO] [stderr]    Compiling bindgen v0.31.3
[INFO] [stderr]    Compiling strsim v0.8.0
[INFO] [stderr]    Compiling lazy_static v0.2.11
[INFO] [stderr]     Checking same-file v1.0.5
[INFO] [stderr]    Compiling peeking_take_while v0.1.2
[INFO] [stderr]    Compiling failure_derive v0.1.6
[INFO] [stderr]    Compiling gcc v0.3.55
[INFO] [stderr]    Compiling bitflags v1.2.1
[INFO] [stderr]    Compiling log v0.4.8
[INFO] [stderr]    Compiling thread_local v0.3.6
[INFO] [stderr]    Compiling regex-syntax v0.5.6
[INFO] [stderr]     Checking walkdir v2.2.9
[INFO] [stderr]     Checking textwrap v0.11.0
[INFO] [stderr]    Compiling clang-sys v0.21.2
[INFO] [stderr]    Compiling cmake v0.1.42
[INFO] [stderr]    Compiling backtrace-sys v0.1.32
[INFO] [stderr]    Compiling log v0.3.9
[INFO] [stderr]    Compiling aho-corasick v0.6.10
[INFO] [stderr]    Compiling memchr v1.0.2
[INFO] [stderr]    Compiling atty v0.2.13
[INFO] [stderr]    Compiling which v1.0.5
[INFO] [stderr]     Checking filetime v0.2.7
[INFO] [stderr]    Compiling nfd v0.0.4
[INFO] [stderr]    Compiling quote v1.0.2
[INFO] [stderr]    Compiling nom v3.2.1
[INFO] [stderr]     Checking clap v2.33.0
[INFO] [stderr]     Checking keep-keeping-lib v0.1.0 (/opt/rustwide/workdir)
[INFO] [stderr]     Checking backtrace v0.3.40
[INFO] [stderr]    Compiling cexpr v0.2.3
[INFO] [stderr]    Compiling env_logger v0.4.3
[INFO] [stderr]     Checking keep-keeping v0.1.0 (/opt/rustwide/workdir/cli)
[INFO] [stderr]    Compiling synstructure v0.12.1
[INFO] [stderr]     Checking failure v0.1.6
[INFO] [stderr]    Compiling ui-sys v0.2.1 (https://github.com/rust-native-ui/libui-rs.git#61e06cab)
[INFO] [stderr] error: failed to run custom build command for `ui-sys v0.2.1 (https://github.com/rust-native-ui/libui-rs.git#61e06cab)`
[INFO] [stderr] 
[INFO] [stderr] Caused by:
[INFO] [stderr]   process didn't exit successfully: `/opt/rustwide/target/debug/build/ui-sys-638fe57e1f10ee3d/build-script-build` (exit status: 101)
[INFO] [stderr]   --- stdout
[INFO] [stderr]   running: "cmake" "/opt/rustwide/cargo-home/git/checkouts/libui-rs-e12bbe2e66777697/61e06ca/ui-sys/libui" "-DCMAKE_INSTALL_PREFIX=/opt/rustwide/target/debug/build/ui-sys-ed654ca410bdfd23/out" "-DCMAKE_C_FLAGS= -ffunction-sections -fdata-sections -fPIC -m64" "-DCMAKE_C_COMPILER=/usr/bin/cc" "-DCMAKE_CXX_FLAGS= -ffunction-sections -fdata-sections -fPIC -m64" "-DCMAKE_CXX_COMPILER=/usr/bin/c++" "-DCMAKE_BUILD_TYPE=release"
[INFO] [stderr]   -- The C compiler identification is GNU 9.3.0
[INFO] [stderr]   -- The CXX compiler identification is GNU 9.3.0
[INFO] [stderr]   -- Check for working C compiler: /usr/bin/cc
[INFO] [stderr]   -- Check for working C compiler: /usr/bin/cc -- works
[INFO] [stderr]   -- Detecting C compiler ABI info
[INFO] [stderr]   -- Detecting C compiler ABI info - done
[INFO] [stderr]   -- Detecting C compile features
[INFO] [stderr]   -- Detecting C compile features - done
[INFO] [stderr]   -- Check for working CXX compiler: /usr/bin/c++
[INFO] [stderr]   -- Check for working CXX compiler: /usr/bin/c++ -- works
[INFO] [stderr]   -- Detecting CXX compiler ABI info
[INFO] [stderr]   -- Detecting CXX compiler ABI info - done
[INFO] [stderr]   -- Detecting CXX compile features
[INFO] [stderr]   -- Detecting CXX compile features - done
[INFO] [stderr]   -- Found PkgConfig: /usr/bin/pkg-config (found version "0.29.1") 
[INFO] [stderr]   -- Checking for module 'gtk+-3.0'
[INFO] [stderr]   --   Found gtk+-3.0, version 3.24.20
[INFO] [stderr]   -- Configuring done
[INFO] [stderr]   -- Generating done
[INFO] [stderr]   -- Build files have been written to: /opt/rustwide/target/debug/build/ui-sys-ed654ca410bdfd23/out/build
[INFO] [stderr]   running: "cmake" "--build" "." "--target" "" "--config" "release" "--"
[INFO] [stderr]   Scanning dependencies of target libui
[INFO] [stderr]   [  1%] Building C object CMakeFiles/libui.dir/common/attribute.c.o
[INFO] [stderr]   [  6%] Building C object CMakeFiles/libui.dir/common/debug.c.o
[INFO] [stderr]   [  6%] Building C object CMakeFiles/libui.dir/common/attrlist.c.o
[INFO] [stderr]   [  6%] Building C object CMakeFiles/libui.dir/common/areaevents.c.o
[INFO] [stderr]   [ 10%] Building C object CMakeFiles/libui.dir/common/matrix.c.o
[INFO] [stderr]   [ 10%] Building C object CMakeFiles/libui.dir/common/control.c.o
[INFO] [stderr]   [ 12%] Building C object CMakeFiles/libui.dir/common/tablemodel.c.o
[INFO] [stderr]   [ 13%] Building C object CMakeFiles/libui.dir/common/opentype.c.o
[INFO] [stderr]   [ 15%] Building C object CMakeFiles/libui.dir/common/userbugs.c.o
[INFO] [stderr]   [ 17%] Building C object CMakeFiles/libui.dir/common/shouldquit.c.o
[INFO] [stderr]   [ 25%] Building C object CMakeFiles/libui.dir/unix/alloc.c.o
[INFO] [stderr]   [ 25%] Building C object CMakeFiles/libui.dir/unix/attrstr.c.o
[INFO] [stderr]   [ 37%] Building C object CMakeFiles/libui.dir/unix/child.c.o
[INFO] [stderr]   [ 41%] Building C object CMakeFiles/libui.dir/unix/area.c.o
[INFO] [stderr]   [ 43%] Building C object CMakeFiles/libui.dir/unix/combobox.c.o
[INFO] [stderr]   [ 51%] Building C object CMakeFiles/libui.dir/unix/entry.c.o
[INFO] [stderr]   [ 53%] Building C object CMakeFiles/libui.dir/unix/draw.c.o
[INFO] [stderr]   [ 56%] Building C object CMakeFiles/libui.dir/unix/datetimepicker.c.o
[INFO] [stderr]   [ 68%] Building C object CMakeFiles/libui.dir/unix/grid.c.o
[INFO] [stderr]   [ 70%] Building C object CMakeFiles/libui.dir/unix/main.c.o
[INFO] [stderr]   [ 72%] Building C object CMakeFiles/libui.dir/unix/group.c.o
[INFO] [stderr]   [ 74%] Building C object CMakeFiles/libui.dir/unix/label.c.o
[INFO] [stderr]   [ 75%] Building C object CMakeFiles/libui.dir/unix/graphemes.c.o
[INFO] [stderr]   [ 77%] Building C object CMakeFiles/libui.dir/unix/multilineentry.c.o
[INFO] [stderr]   [ 84%] Building C object CMakeFiles/libui.dir/unix/spinbox.c.o
[INFO] [stderr]   [ 84%] Building C object CMakeFiles/libui.dir/unix/slider.c.o
[INFO] [stderr]   [ 87%] Building C object CMakeFiles/libui.dir/unix/util.c.o
[INFO] [stderr]   [ 87%] Building C object CMakeFiles/libui.dir/unix/stddialogs.c.o
[INFO] [stderr]   [ 91%] Building C object CMakeFiles/libui.dir/unix/tablemodel.c.o
[INFO] [stderr]   [ 91%] Building C object CMakeFiles/libui.dir/unix/table.c.o
[INFO] [stderr]   [ 94%] Building C object CMakeFiles/libui.dir/unix/separator.c.o
[INFO] [stderr]   [ 96%] Building C object CMakeFiles/libui.dir/unix/text.c.o
[INFO] [stderr]   [ 98%] Building C object CMakeFiles/libui.dir/unix/checkbox.c.o
[INFO] [stderr]   [ 98%] Building C object CMakeFiles/libui.dir/unix/form.c.o
[INFO] [stderr]   [ 98%] Building C object CMakeFiles/libui.dir/unix/opentype.c.o
[INFO] [stderr]   [ 98%] Building C object CMakeFiles/libui.dir/unix/drawpath.c.o
[INFO] [stderr]   [ 98%] Building C object CMakeFiles/libui.dir/unix/future.c.o
[INFO] [stderr]   [ 98%] Building C object CMakeFiles/libui.dir/unix/button.c.o
[INFO] [stderr]   [ 98%] Building C object CMakeFiles/libui.dir/unix/editablecombo.c.o
[INFO] [stderr]   [ 98%] Building C object CMakeFiles/libui.dir/unix/fontmatch.c.o
[INFO] [stderr]   [ 98%] Building C object CMakeFiles/libui.dir/common/tablevalue.c.o
[INFO] [stderr]   [ 98%] Building C object CMakeFiles/libui.dir/unix/debug.c.o
[INFO] [stderr]   [ 98%] Building C object CMakeFiles/libui.dir/unix/fontbutton.c.o
[INFO] [stderr]   [ 98%] Building C object CMakeFiles/libui.dir/unix/control.c.o
[INFO] [stderr]   [ 98%] Building C object CMakeFiles/libui.dir/unix/cellrendererbutton.c.o
[INFO] [stderr]   [ 98%] Building C object CMakeFiles/libui.dir/unix/image.c.o
[INFO] [stderr]   [ 98%] Building C object CMakeFiles/libui.dir/unix/drawmatrix.c.o
[INFO] [stderr]   [ 98%] Building C object CMakeFiles/libui.dir/unix/tab.c.o
[INFO] [stderr]   [ 55%] Building C object CMakeFiles/libui.dir/unix/drawtext.c.o
[INFO] [stderr]   [ 86%] Building C object CMakeFiles/libui.dir/unix/radiobuttons.c.o
[INFO] [stderr]   [ 98%] Building C object CMakeFiles/libui.dir/common/utf.c.o
[INFO] [stderr]   [ 31%] Building C object CMakeFiles/libui.dir/unix/box.c.o
[INFO] [stderr]   [ 98%] Building C object CMakeFiles/libui.dir/unix/colorbutton.c.o
[INFO] [stderr]   [ 98%] Building C object CMakeFiles/libui.dir/unix/progressbar.c.o
[INFO] [stderr]   [ 98%] Building C object CMakeFiles/libui.dir/unix/menu.c.o
[INFO] [stderr]   [ 98%] Building C object CMakeFiles/libui.dir/common/attrstr.c.o
[INFO] [stderr]   [ 98%] Building C object CMakeFiles/libui.dir/unix/window.c.o
[INFO] [stderr] 
[INFO] [stderr]   --- stderr
[INFO] [stderr]   error: toolchain 'nightly-x86_64-unknown-linux-gnu' is not installed
[INFO] [stderr]   Custom { kind: Other, error: "Internal rustfmt error" }
[INFO] [stderr]   Warning: Argument number 4 after --target option is empty.
[INFO] [stderr]   /opt/rustwide/cargo-home/git/checkouts/libui-rs-e12bbe2e66777697/61e06ca/ui-sys/libui/common/attribute.c: In function 'uiprivAttributeRelease':
[INFO] [stderr]   /opt/rustwide/cargo-home/git/checkouts/libui-rs-e12bbe2e66777697/61e06ca/ui-sys/libui/common/attribute.c:65:76: warning: suggest braces around empty body in an 'if' statement [-Wempty-body]
[INFO] [stderr]      65 |   /* TODO implementation bug: we can't release an attribute we don't own */;
[INFO] [stderr]         |                                                                            ^
[INFO] [stderr]   /opt/rustwide/cargo-home/git/checkouts/libui-rs-e12bbe2e66777697/61e06ca/ui-sys/libui/common/attribute.c: In function 'uiFreeAttribute':
[INFO] [stderr]   /opt/rustwide/cargo-home/git/checkouts/libui-rs-e12bbe2e66777697/61e06ca/ui-sys/libui/common/attribute.c:74:65: warning: suggest braces around empty body in an 'if' statement [-Wempty-body]
[INFO] [stderr]      74 |   /* TODO user bug: you can't free an attribute you don't own */;
[INFO] [stderr]         |                                                                 ^
[INFO] [stderr]   /opt/rustwide/cargo-home/git/checkouts/libui-rs-e12bbe2e66777697/61e06ca/ui-sys/libui/common/attrlist.c: In function 'uiprivAttrListRemoveAttribute':
[INFO] [stderr]   /opt/rustwide/cargo-home/git/checkouts/libui-rs-e12bbe2e66777697/61e06ca/ui-sys/libui/common/attrlist.c:505:15: warning: variable 'tailsAt' set but not used [-Wunused-but-set-variable]
[INFO] [stderr]     505 |  struct attr *tailsAt = NULL;
[INFO] [stderr]         |               ^~~~~~~
[INFO] [stderr]   /opt/rustwide/cargo-home/git/checkouts/libui-rs-e12bbe2e66777697/61e06ca/ui-sys/libui/common/attrlist.c: In function 'uiprivAttrListRemoveAttributes':
[INFO] [stderr]   /opt/rustwide/cargo-home/git/checkouts/libui-rs-e12bbe2e66777697/61e06ca/ui-sys/libui/common/attrlist.c:552:15: warning: variable 'tailsAt' set but not used [-Wunused-but-set-variable]
[INFO] [stderr]     552 |  struct attr *tailsAt = NULL;
[INFO] [stderr]         |               ^~~~~~~
[INFO] [stderr]   /opt/rustwide/cargo-home/git/checkouts/libui-rs-e12bbe2e66777697/61e06ca/ui-sys/libui/unix/attrstr.c: In function 'processAttribute':
[INFO] [stderr]   /opt/rustwide/cargo-home/git/checkouts/libui-rs-e12bbe2e66777697/61e06ca/ui-sys/libui/unix/attrstr.c:90:3: warning: 'underline' may be used uninitialized in this function [-Wmaybe-uninitialized]
[INFO] [stderr]      90 |   addattr(p, start, end,
[INFO] [stderr]         |   ^~~~~~~~~~~~~~~~~~~~~~
[INFO] [stderr]      91 |    pango_attr_underline_new(underline));
[INFO] [stderr]         |    ~~~~~~~~~~~~~~~~~~~~~~~~~~~~~~~~~~~~
[INFO] [stderr]   cc: fatal error: Killed signal terminated program cc1
[INFO] [stderr]   compilation terminated.
[INFO] [stderr]   cc: fatal error: Killed signal terminated program cc1
[INFO] [stderr]   compilation terminated.
[INFO] [stderr]   make[2]: *** [CMakeFiles/libui.dir/build.make:466: CMakeFiles/libui.dir/unix/entry.c.o] Error 1
[INFO] [stderr]   cc: fatal error: Killed signal terminated program cc1
[INFO] [stderr]   make[2]: *** Waiting for unfinished jobs....
[INFO] [stderr]   compilation terminated.
[INFO] [stderr]   make[2]: *** [CMakeFiles/libui.dir/build.make:258: CMakeFiles/libui.dir/unix/attrstr.c.o] Error 1
[INFO] [stderr]   make[2]: *** [CMakeFiles/libui.dir/build.make:349: CMakeFiles/libui.dir/unix/combobox.c.o] Error 1
[INFO] [stderr]   cc: fatal error: Killed signal terminated program cc1
[INFO] [stderr]   compilation terminated.
[INFO] [stderr]   make[2]: *** [CMakeFiles/libui.dir/build.make:531: CMakeFiles/libui.dir/unix/graphemes.c.o] Error 1
[INFO] [stderr]   cc: fatal error: Killed signal terminated program cc1
[INFO] [stderr]   compilation terminated.
[INFO] [stderr]   make[2]: *** [CMakeFiles/libui.dir/build.make:232: CMakeFiles/libui.dir/unix/alloc.c.o] Error 1
[INFO] [stderr]   cc: fatal error: Killed signal terminated program cc1
[INFO] [stderr]   compilation terminated.
[INFO] [stderr]   make[2]: *** [CMakeFiles/libui.dir/build.make:674: CMakeFiles/libui.dir/unix/separator.c.o] Error 1
[INFO] [stderr]   cc: fatal error: Killed signal terminated program cc1
[INFO] [stderr]   compilation terminated.
[INFO] [stderr]   make[2]: *** [CMakeFiles/libui.dir/build.make:375: CMakeFiles/libui.dir/unix/datetimepicker.c.o] Error 1
[INFO] [stderr]   cc: fatal error: Killed signal terminated program cc1
[INFO] [stderr]   compilation terminated.
[INFO] [stderr]   /opt/rustwide/cargo-home/git/checkouts/libui-rs-e12bbe2e66777697/61e06ca/ui-sys/libui/unix/image.c: In function 'uiImageAppend':
[INFO] [stderr]   /opt/rustwide/cargo-home/git/checkouts/libui-rs-e12bbe2e66777697/61e06ca/ui-sys/libui/unix/image.c:45:13: warning: suggest braces around empty body in an 'if' statement [-Wempty-body]
[INFO] [stderr]      45 |   /* TODO */;
[INFO] [stderr]         |             ^
[INFO] [stderr]   make[2]: *** [CMakeFiles/libui.dir/build.make:557: CMakeFiles/libui.dir/unix/group.c.o] Error 1
[INFO] [stderr]   /opt/rustwide/cargo-home/git/checkouts/libui-rs-e12bbe2e66777697/61e06ca/ui-sys/libui/unix/table.c:27:13: warning: 'setImageSize' defined but not used [-Wunused-function]
[INFO] [stderr]      27 | static void setImageSize(GtkCellRenderer *r)
[INFO] [stderr]         |             ^~~~~~~~~~~~
[INFO] [stderr]   cc: fatal error: Killed signal terminated program cc1
[INFO] [stderr]   compilation terminated.
[INFO] [stderr]   make[2]: *** [CMakeFiles/libui.dir/build.make:518: CMakeFiles/libui.dir/unix/future.c.o] Error 1
[INFO] [stderr]   /opt/rustwide/cargo-home/git/checkouts/libui-rs-e12bbe2e66777697/61e06ca/ui-sys/libui/unix/cellrendererbutton.c: In function 'cellRendererButton_render':
[INFO] [stderr]   /opt/rustwide/cargo-home/git/checkouts/libui-rs-e12bbe2e66777697/61e06ca/ui-sys/libui/unix/cellrendererbutton.c:226:15: warning: unused variable 'alignedArea' [-Wunused-variable]
[INFO] [stderr]     226 |  GdkRectangle alignedArea;
[INFO] [stderr]         |               ^~~~~~~~~~~
[INFO] [stderr]   /opt/rustwide/cargo-home/git/checkouts/libui-rs-e12bbe2e66777697/61e06ca/ui-sys/libui/unix/text.c: In function 'uiprivStricmp':
[INFO] [stderr]   /opt/rustwide/cargo-home/git/checkouts/libui-rs-e12bbe2e66777697/61e06ca/ui-sys/libui/unix/text.c:16:9: warning: implicit declaration of function 'strcasecmp'; did you mean 'g_strcasecmp'? [-Wimplicit-function-declaration]
[INFO] [stderr]      16 |  return strcasecmp(a, b);
[INFO] [stderr]         |         ^~~~~~~~~~
[INFO] [stderr]         |         g_strcasecmp
[INFO] [stderr]   In file included from /opt/rustwide/cargo-home/git/checkouts/libui-rs-e12bbe2e66777697/61e06ca/ui-sys/libui/unix/uipriv_unix.h:15,
[INFO] [stderr]                    from /opt/rustwide/cargo-home/git/checkouts/libui-rs-e12bbe2e66777697/61e06ca/ui-sys/libui/unix/draw.c:2:
[INFO] [stderr]   /opt/rustwide/cargo-home/git/checkouts/libui-rs-e12bbe2e66777697/61e06ca/ui-sys/libui/unix/draw.c: In function 'mkbrush':
[INFO] [stderr]   /opt/rustwide/cargo-home/git/checkouts/libui-rs-e12bbe2e66777697/61e06ca/ui-sys/libui/unix/../common/uipriv.h:33:28: warning: 'pat' may be used uninitialized in this function [-Wmaybe-uninitialized]
[INFO] [stderr]      33 | #define uiprivImplBug(...) uiprivDoImplBug(__FILE__, uiprivMacro_ns(__LINE__), uiprivMacro__func__, __VA_ARGS__)
[INFO] [stderr]         |                            ^~~~~~~~~~~~~~~
[INFO] [stderr]   /opt/rustwide/cargo-home/git/checkouts/libui-rs-e12bbe2e66777697/61e06ca/ui-sys/libui/unix/draw.c:23:19: note: 'pat' was declared here
[INFO] [stderr]      23 |  cairo_pattern_t *pat;
[INFO] [stderr]         |                   ^~~
[INFO] [stderr]   /opt/rustwide/cargo-home/git/checkouts/libui-rs-e12bbe2e66777697/61e06ca/ui-sys/libui/unix/menu.c: In function 'uiprivMakeMenubar':
[INFO] [stderr]   /opt/rustwide/cargo-home/git/checkouts/libui-rs-e12bbe2e66777697/61e06ca/ui-sys/libui/unix/menu.c:265:13: warning: 'signal' may be used uninitialized in this function [-Wmaybe-uninitialized]
[INFO] [stderr]     265 |  ww->signal = signal;
[INFO] [stderr]         |  ~~~~~~~~~~~^~~~~~~~
[INFO] [stderr]   /opt/rustwide/cargo-home/git/checkouts/libui-rs-e12bbe2e66777697/61e06ca/ui-sys/libui/unix/menu.c:250:9: note: 'signal' was declared here
[INFO] [stderr]     250 |  gulong signal;
[INFO] [stderr]         |         ^~~~~~
[INFO] [stderr]   make[1]: *** [CMakeFiles/Makefile2:165: CMakeFiles/libui.dir/all] Error 2
[INFO] [stderr]   make: *** [Makefile:84: all] Error 2
[INFO] [stderr]   thread 'main' panicked at '
[INFO] [stderr]   command did not execute successfully, got: exit status: 2
[INFO] [stderr] 
[INFO] [stderr]   build script failed, must exit now', /opt/rustwide/cargo-home/registry/src/github.com-1ecc6299db9ec823/cmake-0.1.42/src/lib.rs:861:5
[INFO] [stderr]   stack backtrace:
[INFO] [stderr]      0:     0x55f18fe31ed0 - std::backtrace_rs::backtrace::libunwind::trace::ha0ad43e8a952bfe7
[INFO] [stderr]                                  at /rustc/c8dfcfe046a7680554bf4eb612bad840e7631c4b/library/std/src/../../backtrace/src/backtrace/libunwind.rs:90:5
[INFO] [stderr]      1:     0x55f18fe31ed0 - std::backtrace_rs::backtrace::trace_unsynchronized::h6830419c0c4130dc
[INFO] [stderr]                                  at /rustc/c8dfcfe046a7680554bf4eb612bad840e7631c4b/library/std/src/../../backtrace/src/backtrace/mod.rs:66:5
[INFO] [stderr]      2:     0x55f18fe31ed0 - std::sys_common::backtrace::_print_fmt::h8f3516631ffa1ef5
[INFO] [stderr]                                  at /rustc/c8dfcfe046a7680554bf4eb612bad840e7631c4b/library/std/src/sys_common/backtrace.rs:67:5
[INFO] [stderr]      3:     0x55f18fe31ed0 - <std::sys_common::backtrace::_print::DisplayBacktrace as core::fmt::Display>::fmt::he1640d5f0d93f618
[INFO] [stderr]                                  at /rustc/c8dfcfe046a7680554bf4eb612bad840e7631c4b/library/std/src/sys_common/backtrace.rs:46:22
[INFO] [stderr]      4:     0x55f18fe5774c - core::fmt::write::h88012e1f01caeebf
[INFO] [stderr]                                  at /rustc/c8dfcfe046a7680554bf4eb612bad840e7631c4b/library/core/src/fmt/mod.rs:1115:17
[INFO] [stderr]      5:     0x55f18fe2e925 - std::io::Write::write_fmt::h360fa85b30182555
[INFO] [stderr]                                  at /rustc/c8dfcfe046a7680554bf4eb612bad840e7631c4b/library/std/src/io/mod.rs:1665:15
[INFO] [stderr]      6:     0x55f18fe3461b - std::sys_common::backtrace::_print::ha1f00492f406a015
[INFO] [stderr]                                  at /rustc/c8dfcfe046a7680554bf4eb612bad840e7631c4b/library/std/src/sys_common/backtrace.rs:49:5
[INFO] [stderr]      7:     0x55f18fe3461b - std::sys_common::backtrace::print::hd54561b13feb6af3
[INFO] [stderr]                                  at /rustc/c8dfcfe046a7680554bf4eb612bad840e7631c4b/library/std/src/sys_common/backtrace.rs:36:9
[INFO] [stderr]      8:     0x55f18fe3461b - std::panicking::default_hook::{{closure}}::h84fe124cd0864662
[INFO] [stderr]                                  at /rustc/c8dfcfe046a7680554bf4eb612bad840e7631c4b/library/std/src/panicking.rs:208:50
[INFO] [stderr]      9:     0x55f18fe340f1 - std::panicking::default_hook::h5a8e74a76ce290a7
[INFO] [stderr]                                  at /rustc/c8dfcfe046a7680554bf4eb612bad840e7631c4b/library/std/src/panicking.rs:225:9
[INFO] [stderr]     10:     0x55f18fe34ce4 - std::panicking::rust_panic_with_hook::h67c812a4fe9d4c91
[INFO] [stderr]                                  at /rustc/c8dfcfe046a7680554bf4eb612bad840e7631c4b/library/std/src/panicking.rs:622:17
[INFO] [stderr]     11:     0x55f18fe347c7 - std::panicking::begin_panic_handler::{{closure}}::h33f9c1b96af300d7
[INFO] [stderr]                                  at /rustc/c8dfcfe046a7680554bf4eb612bad840e7631c4b/library/std/src/panicking.rs:519:13
[INFO] [stderr]     12:     0x55f18fe323cc - std::sys_common::backtrace::__rust_end_short_backtrace::h51bae64be5921f0e
[INFO] [stderr]                                  at /rustc/c8dfcfe046a7680554bf4eb612bad840e7631c4b/library/std/src/sys_common/backtrace.rs:141:18
[INFO] [stderr]     13:     0x55f18fe34729 - rust_begin_unwind
[INFO] [stderr]                                  at /rustc/c8dfcfe046a7680554bf4eb612bad840e7631c4b/library/std/src/panicking.rs:515:5
[INFO] [stderr]     14:     0x55f18f98dbbb - std::panicking::begin_panic_fmt::h7ab3d84aa4ae32a2
[INFO] [stderr]                                  at /rustc/c8dfcfe046a7680554bf4eb612bad840e7631c4b/library/std/src/panicking.rs:457:5
[INFO] [stderr]     15:     0x55f18fdcee93 - cmake::fail::h007ec18c4a2c6703
[INFO] [stderr]                                  at /opt/rustwide/cargo-home/registry/src/github.com-1ecc6299db9ec823/cmake-0.1.42/src/lib.rs:861:5
[INFO] [stderr]     16:     0x55f18fdce8a1 - cmake::run::h265ec4720eac753a
[INFO] [stderr]                                  at /opt/rustwide/cargo-home/registry/src/github.com-1ecc6299db9ec823/cmake-0.1.42/src/lib.rs:839:9
[INFO] [stderr]     17:     0x55f18fdcba76 - cmake::Config::build::ha55309e6a48c5528
[INFO] [stderr]                                  at /opt/rustwide/cargo-home/registry/src/github.com-1ecc6299db9ec823/cmake-0.1.42/src/lib.rs:745:9
[INFO] [stderr]     18:     0x55f18f98f7f3 - build_script_build::main::hb12229510f71ff0a
[INFO] [stderr]                                  at /opt/rustwide/cargo-home/git/checkouts/libui-rs-e12bbe2e66777697/61e06ca/ui-sys/build.rs:58:15
[INFO] [stderr]     19:     0x55f18f99043b - core::ops::function::FnOnce::call_once::h23272984726c0e37
[INFO] [stderr]                                  at /rustc/c8dfcfe046a7680554bf4eb612bad840e7631c4b/library/core/src/ops/function.rs:227:5
[INFO] [stderr]     20:     0x55f18f98ff6e - std::sys_common::backtrace::__rust_begin_short_backtrace::h82d1a01c49ea30ad
[INFO] [stderr]                                  at /rustc/c8dfcfe046a7680554bf4eb612bad840e7631c4b/library/std/src/sys_common/backtrace.rs:125:18
[INFO] [stderr]     21:     0x55f18f990851 - std::rt::lang_start::{{closure}}::h8cab91481ed8d4c6
[INFO] [stderr]                                  at /rustc/c8dfcfe046a7680554bf4eb612bad840e7631c4b/library/std/src/rt.rs:63:18
[INFO] [stderr]     22:     0x55f18fe351ea - core::ops::function::impls::<impl core::ops::function::FnOnce<A> for &F>::call_once::ha9408abe89f69dc4
[INFO] [stderr]                                  at /rustc/c8dfcfe046a7680554bf4eb612bad840e7631c4b/library/core/src/ops/function.rs:259:13
[INFO] [stderr]     23:     0x55f18fe351ea - std::panicking::try::do_call::h5b0cc9e9102acb65
[INFO] [stderr]                                  at /rustc/c8dfcfe046a7680554bf4eb612bad840e7631c4b/library/std/src/panicking.rs:401:40
[INFO] [stderr]     24:     0x55f18fe351ea - std::panicking::try::hddc7f8229138b3ba
[INFO] [stderr]                                  at /rustc/c8dfcfe046a7680554bf4eb612bad840e7631c4b/library/std/src/panicking.rs:365:19
[INFO] [stderr]     25:     0x55f18fe351ea - std::panic::catch_unwind::hfa401ff8bab2986e
[INFO] [stderr]                                  at /rustc/c8dfcfe046a7680554bf4eb612bad840e7631c4b/library/std/src/panic.rs:434:14
[INFO] [stderr]     26:     0x55f18fe351ea - std::rt::lang_start_internal::{{closure}}::h8163422320d11405
[INFO] [stderr]                                  at /rustc/c8dfcfe046a7680554bf4eb612bad840e7631c4b/library/std/src/rt.rs:45:48
[INFO] [stderr]     27:     0x55f18fe351ea - std::panicking::try::do_call::hc742cc7bb4f0fb20
[INFO] [stderr]                                  at /rustc/c8dfcfe046a7680554bf4eb612bad840e7631c4b/library/std/src/panicking.rs:401:40
[INFO] [stderr]     28:     0x55f18fe351ea - std::panicking::try::ha37d8d2dd1acf7d3
[INFO] [stderr]                                  at /rustc/c8dfcfe046a7680554bf4eb612bad840e7631c4b/library/std/src/panicking.rs:365:19
[INFO] [stderr]     29:     0x55f18fe351ea - std::panic::catch_unwind::h8a5381d5ecf437bc
[INFO] [stderr]                                  at /rustc/c8dfcfe046a7680554bf4eb612bad840e7631c4b/library/std/src/panic.rs:434:14
[INFO] [stderr]     30:     0x55f18fe351ea - std::rt::lang_start_internal::h7e2cee8c90d4a4d3
[INFO] [stderr]                                  at /rustc/c8dfcfe046a7680554bf4eb612bad840e7631c4b/library/std/src/rt.rs:45:20
[INFO] [stderr]     31:     0x55f18f990820 - std::rt::lang_start::h3a9388e3bcbbeaea
[INFO] [stderr]                                  at /rustc/c8dfcfe046a7680554bf4eb612bad840e7631c4b/library/std/src/rt.rs:62:5
[INFO] [stderr]     32:     0x55f18f98fccc - main
[INFO] [stderr]     33:     0x7fc9ff7690b3 - __libc_start_main
[INFO] [stderr]     34:     0x55f18f98f06e - _start
[INFO] [stderr]     35:                0x0 - <unknown>
[INFO] running `Command { std: "docker" "inspect" "01981a714d5f85e0de151c9a6041aa445b9dd05648df0a608e08a959ed9bb607", kill_on_drop: false }`
[INFO] running `Command { std: "docker" "rm" "-f" "01981a714d5f85e0de151c9a6041aa445b9dd05648df0a608e08a959ed9bb607", kill_on_drop: false }`
[INFO] [stdout] 01981a714d5f85e0de151c9a6041aa445b9dd05648df0a608e08a959ed9bb607
